[INFO] cloning repository https://github.com/CATboardBETA/ai-phi-ei
[INFO] running `Command { std: "git" "-c" "credential.helper=" "-c" "credential.helper=/workspace/cargo-home/bin/git-credential-null" "clone" "--bare" "https://github.com/CATboardBETA/ai-phi-ei" "/workspace/cache/git-repos/https%3A%2F%2Fgithub.com%2FCATboardBETA%2Fai-phi-ei", kill_on_drop: false }`
[INFO] [stderr] Cloning into bare repository '/workspace/cache/git-repos/https%3A%2F%2Fgithub.com%2FCATboardBETA%2Fai-phi-ei'...
[INFO] running `Command { std: "git" "rev-parse" "HEAD", kill_on_drop: false }`
[INFO] [stdout] 16cc41bb9d1dee92f24ae70857efd8c051993065
[INFO] testing CATboardBETA/ai-phi-ei against 1.75.0 for beta-1.76-1
[INFO] running `Command { std: "git" "clone" "/workspace/cache/git-repos/https%3A%2F%2Fgithub.com%2FCATboardBETA%2Fai-phi-ei" "/workspace/builds/worker-7-tc1/source", kill_on_drop: false }`
[INFO] [stderr] Cloning into '/workspace/builds/worker-7-tc1/source'...
[INFO] [stderr] done.
[INFO] validating manifest of git repo https://github.com/CATboardBETA/ai-phi-ei on toolchain 1.75.0
[INFO] running `Command { std: CARGO_HOME="/workspace/cargo-home" RUSTUP_HOME="/workspace/rustup-home" "/workspace/cargo-home/bin/cargo" "+1.75.0" "metadata" "--manifest-path" "Cargo.toml" "--no-deps", kill_on_drop: false }`
[INFO] started tweaking git repo https://github.com/CATboardBETA/ai-phi-ei
[INFO] finished tweaking git repo https://github.com/CATboardBETA/ai-phi-ei
[INFO] tweaked toml for git repo https://github.com/CATboardBETA/ai-phi-ei written to /workspace/builds/worker-7-tc1/source/Cargo.toml
[INFO] crate git repo https://github.com/CATboardBETA/ai-phi-ei already has a lockfile, it will not be regenerated
[INFO] running `Command { std: CARGO_HOME="/workspace/cargo-home" RUSTUP_HOME="/workspace/rustup-home" "/workspace/cargo-home/bin/cargo" "+1.75.0" "fetch" "--manifest-path" "Cargo.toml", kill_on_drop: false }`
[INFO] running `Command { std: "docker" "create" "-v" "/var/lib/crater-agent-workspace/builds/worker-7-tc1/target:/opt/rustwide/target:rw,Z" "-v" "/var/lib/crater-agent-workspace/builds/worker-7-tc1/source:/opt/rustwide/workdir:ro,Z" "-v" "/var/lib/crater-agent-workspace/cargo-home:/opt/rustwide/cargo-home:ro,Z" "-v" "/var/lib/crater-agent-workspace/rustup-home:/opt/rustwide/rustup-home:ro,Z" "-e" "SOURCE_DIR=/opt/rustwide/workdir" "-e" "CARGO_TARGET_DIR=/opt/rustwide/target" "-e" "CARGO_HOME=/opt/rustwide/cargo-home" "-e" "RUSTUP_HOME=/opt/rustwide/rustup-home" "-w" "/opt/rustwide/workdir" "-m" "1610612736" "--user" "0:0" "--network" "none" "ghcr.io/rust-lang/crates-build-env/linux@sha256:2788e3201cd34a07e3172128adcd8b3090168a8e3bcc40d7c032b9dda1df7d1c" "/opt/rustwide/cargo-home/bin/cargo" "+1.75.0" "metadata" "--no-deps" "--format-version=1", kill_on_drop: false }`
[INFO] [stdout] f467b676a0692bbf3632931ff2480b375d2a302f9c3e661983b4bc992e52c3f1
[INFO] running `Command { std: "docker" "start" "-a" "f467b676a0692bbf3632931ff2480b375d2a302f9c3e661983b4bc992e52c3f1", kill_on_drop: false }`
[INFO] running `Command { std: "docker" "inspect" "f467b676a0692bbf3632931ff2480b375d2a302f9c3e661983b4bc992e52c3f1", kill_on_drop: false }`
[INFO] running `Command { std: "docker" "rm" "-f" "f467b676a0692bbf3632931ff2480b375d2a302f9c3e661983b4bc992e52c3f1", kill_on_drop: false }`
[INFO] [stdout] f467b676a0692bbf3632931ff2480b375d2a302f9c3e661983b4bc992e52c3f1
[INFO] running `Command { std: "docker" "create" "-v" "/var/lib/crater-agent-workspace/builds/worker-7-tc1/target:/opt/rustwide/target:rw,Z" "-v" "/var/lib/crater-agent-workspace/builds/worker-7-tc1/source:/opt/rustwide/workdir:ro,Z" "-v" "/var/lib/crater-agent-workspace/cargo-home:/opt/rustwide/cargo-home:ro,Z" "-v" "/var/lib/crater-agent-workspace/rustup-home:/opt/rustwide/rustup-home:ro,Z" "-e" "SOURCE_DIR=/opt/rustwide/workdir" "-e" "CARGO_TARGET_DIR=/opt/rustwide/target" "-e" "CARGO_INCREMENTAL=0" "-e" "RUST_BACKTRACE=full" "-e" "RUSTFLAGS=--cap-lints=warn" "-e" "RUSTDOCFLAGS=--cap-lints=warn" "-e" "CARGO_HOME=/opt/rustwide/cargo-home" "-e" "RUSTUP_HOME=/opt/rustwide/rustup-home" "-w" "/opt/rustwide/workdir" "-m" "1610612736" "--user" "0:0" "--network" "none" "ghcr.io/rust-lang/crates-build-env/linux@sha256:2788e3201cd34a07e3172128adcd8b3090168a8e3bcc40d7c032b9dda1df7d1c" "/opt/rustwide/cargo-home/bin/cargo" "+1.75.0" "build" "--frozen" "--message-format=json", kill_on_drop: false }`
[INFO] [stdout] 865c55e654dd3983a65777e315fb432ae1350995e972236441c72f982456e183
[INFO] running `Command { std: "docker" "start" "-a" "865c55e654dd3983a65777e315fb432ae1350995e972236441c72f982456e183", kill_on_drop: false }`
[INFO] [stderr]    Compiling libc v0.2.137
[INFO] [stderr]    Compiling os_str_bytes v6.3.1
[INFO] [stderr]    Compiling termcolor v1.1.3
[INFO] [stderr]    Compiling clap_lex v0.3.0
[INFO] [stderr]    Compiling atty v0.2.14
[INFO] [stderr]    Compiling clap v4.0.18
[INFO] [stderr]    Compiling ai-phi-ei v0.1.0 (/opt/rustwide/workdir)
[INFO] [stdout] warning: unused import: `arg`
[INFO] [stdout]  --> src/main.rs:9:12
[INFO] [stdout]   |
[INFO] [stdout] 9 | use clap::{arg, value_parser, Arg, Command};
[INFO] [stdout]   |            ^^^
[INFO] [stdout]   |
[INFO] [stdout]   = note: `#[warn(unused_imports)]` on by default
[INFO] [stdout] 
[INFO] [stdout] 
[INFO] [stdout] warning: unused import: `std::intrinsics::unreachable`
[INFO] [stdout]   --> src/main.rs:10:5
[INFO] [stdout]    |
[INFO] [stdout] 10 | use std::intrinsics::unreachable;
[INFO] [stdout]    |     ^^^^^^^^^^^^^^^^^^^^^^^^^^^^
[INFO] [stdout] 
[INFO] [stdout] 
[INFO] [stdout] warning: unused import: `Path`
[INFO] [stdout]   --> src/main.rs:11:17
[INFO] [stdout]    |
[INFO] [stdout] 11 | use std::path::{Path, PathBuf};
[INFO] [stdout]    |                 ^^^^
[INFO] [stdout] 
[INFO] [stdout] 
[INFO] [stdout] error[E0658]: use of unstable library feature 'core_intrinsics': intrinsics are unlikely to ever be stabilized, instead they should be used through stabilized interfaces in the rest of the standard library
[INFO] [stdout]   --> src/main.rs:10:5
[INFO] [stdout]    |
[INFO] [stdout] 10 | use std::intrinsics::unreachable;
[INFO] [stdout]    |     ^^^^^^^^^^^^^^^^^^^^^^^^^^^^
[INFO] [stdout] 
[INFO] [stdout] 
[INFO] [stdout] error[E0599]: no function or associated item named `with_name` found for struct `Arg` in the current scope
[INFO] [stdout]    --> src/main.rs:27:18
[INFO] [stdout]     |
[INFO] [stdout] 27  |             Arg::with_name("input")
[INFO] [stdout]     |                  ^^^^^^^^^ function or associated item not found in `Arg`
[INFO] [stdout]     |
[INFO] [stdout] note: if you're trying to build a new `Arg`, consider using `Arg::new` which returns `Arg`
[INFO] [stdout]    --> /opt/rustwide/cargo-home/registry/src/index.crates.io-6f17d22bba15001f/clap-4.0.18/src/builder/arg.rs:107:5
[INFO] [stdout]     |
[INFO] [stdout] 107 |     pub fn new(id: impl Into<Id>) -> Self {
[INFO] [stdout]     |     ^^^^^^^^^^^^^^^^^^^^^^^^^^^^^^^^^^^^^
[INFO] [stdout] 
[INFO] [stdout] 
[INFO] [stdout] error[E0599]: no function or associated item named `with_name` found for struct `Arg` in the current scope
[INFO] [stdout]    --> src/main.rs:34:18
[INFO] [stdout]     |
[INFO] [stdout] 34  |             Arg::with_name("verbose")
[INFO] [stdout]     |                  ^^^^^^^^^ function or associated item not found in `Arg`
[INFO] [stdout]     |
[INFO] [stdout] note: if you're trying to build a new `Arg`, consider using `Arg::new` which returns `Arg`
[INFO] [stdout]    --> /opt/rustwide/cargo-home/registry/src/index.crates.io-6f17d22bba15001f/clap-4.0.18/src/builder/arg.rs:107:5
[INFO] [stdout]     |
[INFO] [stdout] 107 |     pub fn new(id: impl Into<Id>) -> Self {
[INFO] [stdout]     |     ^^^^^^^^^^^^^^^^^^^^^^^^^^^^^^^^^^^^^
[INFO] [stdout] 
[INFO] [stdout] 
[INFO] [stdout] error[E0599]: no function or associated item named `with_name` found for struct `Arg` in the current scope
[INFO] [stdout]    --> src/main.rs:45:18
[INFO] [stdout]     |
[INFO] [stdout] 45  |             Arg::with_name("quiet")
[INFO] [stdout]     |                  ^^^^^^^^^ function or associated item not found in `Arg`
[INFO] [stdout]     |
[INFO] [stdout] note: if you're trying to build a new `Arg`, consider using `Arg::new` which returns `Arg`
[INFO] [stdout]    --> /opt/rustwide/cargo-home/registry/src/index.crates.io-6f17d22bba15001f/clap-4.0.18/src/builder/arg.rs:107:5
[INFO] [stdout]     |
[INFO] [stdout] 107 |     pub fn new(id: impl Into<Id>) -> Self {
[INFO] [stdout]     |     ^^^^^^^^^^^^^^^^^^^^^^^^^^^^^^^^^^^^^
[INFO] [stdout] 
[INFO] [stdout] 
[INFO] [stdout] error[E0599]: no function or associated item named `with_name` found for struct `Arg` in the current scope
[INFO] [stdout]    --> src/main.rs:55:18
[INFO] [stdout]     |
[INFO] [stdout] 55  |             Arg::with_name("debug")
[INFO] [stdout]     |                  ^^^^^^^^^ function or associated item not found in `Arg`
[INFO] [stdout]     |
[INFO] [stdout] note: if you're trying to build a new `Arg`, consider using `Arg::new` which returns `Arg`
[INFO] [stdout]    --> /opt/rustwide/cargo-home/registry/src/index.crates.io-6f17d22bba15001f/clap-4.0.18/src/builder/arg.rs:107:5
[INFO] [stdout]     |
[INFO] [stdout] 107 |     pub fn new(id: impl Into<Id>) -> Self {
[INFO] [stdout]     |     ^^^^^^^^^^^^^^^^^^^^^^^^^^^^^^^^^^^^^
[INFO] [stdout] 
[INFO] [stdout] 
[INFO] [stdout] error[E0599]: no method named `take_mut` found for reference `&PathBuf` in the current scope
[INFO] [stdout]   --> src/main.rs:70:14
[INFO] [stdout]    |
[INFO] [stdout] 67 |           file: arg_matches
[INFO] [stdout]    |  _______________-
[INFO] [stdout] 68 | |             .get_one::<PathBuf>("input")
[INFO] [stdout] 69 | |             .expect("file is required")
[INFO] [stdout] 70 | |             .take_mut(),
[INFO] [stdout]    | |             -^^^^^^^^ method not found in `&PathBuf`
[INFO] [stdout]    | |_____________|
[INFO] [stdout]    | 
[INFO] [stdout] 
[INFO] [stdout] 
[INFO] [stdout] error[E0308]: mismatched types
[INFO] [stdout]    --> src/main.rs:104:28
[INFO] [stdout]     |
[INFO] [stdout] 104 |                     if let Some(x) = cursor.get_next() {
[INFO] [stdout]     |                            ^^^^^^^   ----------------- this expression has type `char`
[INFO] [stdout]     |                            |
[INFO] [stdout]     |                            expected `char`, found `Option<_>`
[INFO] [stdout]     |
[INFO] [stdout]     = note: expected type `char`
[INFO] [stdout]                found enum `Option<_>`
[INFO] [stdout] 
[INFO] [stdout] 
[INFO] [stdout] error[E0308]: mismatched types
[INFO] [stdout]    --> src/main.rs:106:39
[INFO] [stdout]     |
[INFO] [stdout] 106 | ...                   while let Some(x) = cursor.get_next() {
[INFO] [stdout]     |                                 ^^^^^^^   ----------------- this expression has type `char`
[INFO] [stdout]     |                                 |
[INFO] [stdout]     |                                 expected `char`, found `Option<_>`
[INFO] [stdout]     |
[INFO] [stdout]     = note: expected type `char`
[INFO] [stdout]                found enum `Option<_>`
[INFO] [stdout] 
[INFO] [stdout] 
[INFO] [stdout] error[E0308]: mismatched types
[INFO] [stdout]    --> src/main.rs:116:39
[INFO] [stdout]     |
[INFO] [stdout] 116 | ...                   while let Some(x) = cursor.get_next() {
[INFO] [stdout]     |                                 ^^^^^^^   ----------------- this expression has type `char`
[INFO] [stdout]     |                                 |
[INFO] [stdout]     |                                 expected `char`, found `Option<_>`
[INFO] [stdout]     |
[INFO] [stdout]     = note: expected type `char`
[INFO] [stdout]                found enum `Option<_>`
[INFO] [stdout] 
[INFO] [stdout] 
[INFO] [stdout] error[E0277]: can't compare `str` with `&str`
[INFO] [stdout]    --> src/main.rs:117:38
[INFO] [stdout]     |
[INFO] [stdout] 117 | ...                   if x == ";" {
[INFO] [stdout]     |                            ^^ no implementation for `str == &str`
[INFO] [stdout]     |
[INFO] [stdout]     = help: the trait `PartialEq<&str>` is not implemented for `str`
[INFO] [stdout]     = help: the following other types implement trait `PartialEq<Rhs>`:
[INFO] [stdout]               <str as PartialEq<os_str_bytes::raw_str::RawOsStr>>
[INFO] [stdout]               <str as PartialEq<os_str_bytes::raw_str::RawOsString>>
[INFO] [stdout]               <str as PartialEq<Cow<'a, str>>>
[INFO] [stdout]               <str as PartialEq<OsString>>
[INFO] [stdout]               <str as PartialEq<std::ffi::OsStr>>
[INFO] [stdout]               <str as PartialEq<clap::builder::OsStr>>
[INFO] [stdout]               <str as PartialEq<Str>>
[INFO] [stdout]               <str as PartialEq<Id>>
[INFO] [stdout]             and 9 others
[INFO] [stdout] 
[INFO] [stdout] 
[INFO] [stdout] error[E0277]: the size for values of type `str` cannot be known at compilation time
[INFO] [stdout]    --> src/main.rs:116:44
[INFO] [stdout]     |
[INFO] [stdout] 116 | ...                   while let Some(x) = cursor.get_next() {
[INFO] [stdout]     |                                      ^ doesn't have a size known at compile-time
[INFO] [stdout]     |
[INFO] [stdout]     = help: the trait `Sized` is not implemented for `str`
[INFO] [stdout]     = note: all local variables must have a statically known size
[INFO] [stdout]     = help: unsized locals are gated as an unstable feature
[INFO] [stdout] 
[INFO] [stdout] 
[INFO] [stdout] error[E0277]: the size for values of type `str` cannot be known at compilation time
[INFO] [stdout]    --> src/main.rs:116:39
[INFO] [stdout]     |
[INFO] [stdout] 116 | ...                   while let Some(x) = cursor.get_next() {
[INFO] [stdout]     |                                 ^^^^^^^ doesn't have a size known at compile-time
[INFO] [stdout]     |
[INFO] [stdout]     = help: the trait `Sized` is not implemented for `str`
[INFO] [stdout] note: required by a bound in `Some`
[INFO] [stdout]    --> /rustc/82e1608dfa6e0b5569232559e3d385fea5a93112/library/core/src/option.rs:577:5
[INFO] [stdout] 
[INFO] [stdout] 
[INFO] [stdout] error: aborting due to 12 previous errors; 3 warnings emitted
[INFO] [stdout] 
[INFO] [stdout] 
[INFO] [stdout] Some errors have detailed explanations: E0277, E0308, E0599, E0658.
[INFO] [stdout] 
[INFO] [stdout] For more information about an error, try `rustc --explain E0277`.
[INFO] [stdout] 
[INFO] [stderr] error: could not compile `ai-phi-ei` (bin "ai-phi-ei") due to 13 previous errors; 3 warnings emitted
[INFO] running `Command { std: "docker" "inspect" "865c55e654dd3983a65777e315fb432ae1350995e972236441c72f982456e183", kill_on_drop: false }`
[INFO] running `Command { std: "docker" "rm" "-f" "865c55e654dd3983a65777e315fb432ae1350995e972236441c72f982456e183", kill_on_drop: false }`
[INFO] [stdout] 865c55e654dd3983a65777e315fb432ae1350995e972236441c72f982456e183
[INFO] testing CATboardBETA/ai-phi-ei against beta-2023-12-22 for beta-1.76-1
[INFO] running `Command { std: "git" "clone" "/workspace/cache/git-repos/https%3A%2F%2Fgithub.com%2FCATboardBETA%2Fai-phi-ei" "/workspace/builds/worker-7-tc2/source", kill_on_drop: false }`
[INFO] [stderr] Cloning into '/workspace/builds/worker-7-tc2/source'...
[INFO] [stderr] done.
[INFO] validating manifest of git repo https://github.com/CATboardBETA/ai-phi-ei on toolchain beta-2023-12-22
[INFO] running `Command { std: CARGO_HOME="/workspace/cargo-home" RUSTUP_HOME="/workspace/rustup-home" "/workspace/cargo-home/bin/cargo" "+beta-2023-12-22" "metadata" "--manifest-path" "Cargo.toml" "--no-deps", kill_on_drop: false }`
[INFO] started tweaking git repo https://github.com/CATboardBETA/ai-phi-ei
[INFO] finished tweaking git repo https://github.com/CATboardBETA/ai-phi-ei
[INFO] tweaked toml for git repo https://github.com/CATboardBETA/ai-phi-ei written to /workspace/builds/worker-7-tc2/source/Cargo.toml
[INFO] crate git repo https://github.com/CATboardBETA/ai-phi-ei already has a lockfile, it will not be regenerated
[INFO] running `Command { std: CARGO_HOME="/workspace/cargo-home" RUSTUP_HOME="/workspace/rustup-home" "/workspace/cargo-home/bin/cargo" "+beta-2023-12-22" "fetch" "--manifest-path" "Cargo.toml", kill_on_drop: false }`
[INFO] running `Command { std: "docker" "create" "-v" "/var/lib/crater-agent-workspace/builds/worker-7-tc2/target:/opt/rustwide/target:rw,Z" "-v" "/var/lib/crater-agent-workspace/builds/worker-7-tc2/source:/opt/rustwide/workdir:ro,Z" "-v" "/var/lib/crater-agent-workspace/cargo-home:/opt/rustwide/cargo-home:ro,Z" "-v" "/var/lib/crater-agent-workspace/rustup-home:/opt/rustwide/rustup-home:ro,Z" "-e" "SOURCE_DIR=/opt/rustwide/workdir" "-e" "CARGO_TARGET_DIR=/opt/rustwide/target" "-e" "CARGO_HOME=/opt/rustwide/cargo-home" "-e" "RUSTUP_HOME=/opt/rustwide/rustup-home" "-w" "/opt/rustwide/workdir" "-m" "1610612736" "--user" "0:0" "--network" "none" "ghcr.io/rust-lang/crates-build-env/linux@sha256:2788e3201cd34a07e3172128adcd8b3090168a8e3bcc40d7c032b9dda1df7d1c" "/opt/rustwide/cargo-home/bin/cargo" "+beta-2023-12-22" "metadata" "--no-deps" "--format-version=1", kill_on_drop: false }`
[INFO] [stdout] cb47f32a6643799426af6a9460ae8578059ee9705c6b1800fd73bbdd81734b45
[INFO] running `Command { std: "docker" "start" "-a" "cb47f32a6643799426af6a9460ae8578059ee9705c6b1800fd73bbdd81734b45", kill_on_drop: false }`
[INFO] running `Command { std: "docker" "inspect" "cb47f32a6643799426af6a9460ae8578059ee9705c6b1800fd73bbdd81734b45", kill_on_drop: false }`
[INFO] running `Command { std: "docker" "rm" "-f" "cb47f32a6643799426af6a9460ae8578059ee9705c6b1800fd73bbdd81734b45", kill_on_drop: false }`
[INFO] [stdout] cb47f32a6643799426af6a9460ae8578059ee9705c6b1800fd73bbdd81734b45
[INFO] running `Command { std: "docker" "create" "-v" "/var/lib/crater-agent-workspace/builds/worker-7-tc2/target:/opt/rustwide/target:rw,Z" "-v" "/var/lib/crater-agent-workspace/builds/worker-7-tc2/source:/opt/rustwide/workdir:ro,Z" "-v" "/var/lib/crater-agent-workspace/cargo-home:/opt/rustwide/cargo-home:ro,Z" "-v" "/var/lib/crater-agent-workspace/rustup-home:/opt/rustwide/rustup-home:ro,Z" "-e" "SOURCE_DIR=/opt/rustwide/workdir" "-e" "CARGO_TARGET_DIR=/opt/rustwide/target" "-e" "CARGO_INCREMENTAL=0" "-e" "RUST_BACKTRACE=full" "-e" "RUSTFLAGS=--cap-lints=warn" "-e" "RUSTDOCFLAGS=--cap-lints=warn" "-e" "CARGO_HOME=/opt/rustwide/cargo-home" "-e" "RUSTUP_HOME=/opt/rustwide/rustup-home" "-w" "/opt/rustwide/workdir" "-m" "1610612736" "--user" "0:0" "--network" "none" "ghcr.io/rust-lang/crates-build-env/linux@sha256:2788e3201cd34a07e3172128adcd8b3090168a8e3bcc40d7c032b9dda1df7d1c" "/opt/rustwide/cargo-home/bin/cargo" "+beta-2023-12-22" "build" "--frozen" "--message-format=json", kill_on_drop: false }`
[INFO] [stdout] fdeec3f4f80573e678f20b4937ea7b4c940c0bd4cb61a582ff68313dc61b6ae2
[INFO] running `Command { std: "docker" "start" "-a" "fdeec3f4f80573e678f20b4937ea7b4c940c0bd4cb61a582ff68313dc61b6ae2", kill_on_drop: false }`
[INFO] [stderr]    Compiling libc v0.2.137
[INFO] [stderr]    Compiling os_str_bytes v6.3.1
[INFO] [stderr]    Compiling termcolor v1.1.3
[INFO] [stderr]    Compiling clap_lex v0.3.0
[INFO] [stderr]    Compiling atty v0.2.14
[INFO] [stderr]    Compiling clap v4.0.18
[INFO] [stderr]    Compiling ai-phi-ei v0.1.0 (/opt/rustwide/workdir)
[INFO] [stdout] warning: unused import: `arg`
[INFO] [stdout]  --> src/main.rs:9:12
[INFO] [stdout]   |
[INFO] [stdout] 9 | use clap::{arg, value_parser, Arg, Command};
[INFO] [stdout]   |            ^^^
[INFO] [stdout]   |
[INFO] [stdout]   = note: `#[warn(unused_imports)]` on by default
[INFO] [stdout] 
[INFO] [stdout] 
[INFO] [stdout] warning: unused import: `std::intrinsics::unreachable`
[INFO] [stdout]   --> src/main.rs:10:5
[INFO] [stdout]    |
[INFO] [stdout] 10 | use std::intrinsics::unreachable;
[INFO] [stdout]    |     ^^^^^^^^^^^^^^^^^^^^^^^^^^^^
[INFO] [stdout] 
[INFO] [stdout] 
[INFO] [stdout] warning: unused import: `Path`
[INFO] [stdout]   --> src/main.rs:11:17
[INFO] [stdout]    |
[INFO] [stdout] 11 | use std::path::{Path, PathBuf};
[INFO] [stdout]    |                 ^^^^
[INFO] [stdout] 
[INFO] [stdout] 
[INFO] [stdout] error[E0658]: use of unstable library feature 'core_intrinsics': intrinsics are unlikely to ever be stabilized, instead they should be used through stabilized interfaces in the rest of the standard library
[INFO] [stdout]   --> src/main.rs:10:5
[INFO] [stdout]    |
[INFO] [stdout] 10 | use std::intrinsics::unreachable;
[INFO] [stdout]    |     ^^^^^^^^^^^^^^^^^^^^^^^^^^^^
[INFO] [stdout] 
[INFO] [stdout] 
[INFO] [stdout] error[E0599]: no function or associated item named `with_name` found for struct `Arg` in the current scope
[INFO] [stdout]    --> src/main.rs:27:18
[INFO] [stdout]     |
[INFO] [stdout] 27  |             Arg::with_name("input")
[INFO] [stdout]     |                  ^^^^^^^^^ function or associated item not found in `Arg`
[INFO] [stdout]     |
[INFO] [stdout] note: if you're trying to build a new `Arg`, consider using `Arg::new` which returns `Arg`
[INFO] [stdout]    --> /opt/rustwide/cargo-home/registry/src/index.crates.io-6f17d22bba15001f/clap-4.0.18/src/builder/arg.rs:107:5
[INFO] [stdout]     |
[INFO] [stdout] 107 |     pub fn new(id: impl Into<Id>) -> Self {
[INFO] [stdout]     |     ^^^^^^^^^^^^^^^^^^^^^^^^^^^^^^^^^^^^^
[INFO] [stdout] 
[INFO] [stdout] 
[INFO] [stdout] error[E0599]: no function or associated item named `with_name` found for struct `Arg` in the current scope
[INFO] [stdout]    --> src/main.rs:34:18
[INFO] [stdout]     |
[INFO] [stdout] 34  |             Arg::with_name("verbose")
[INFO] [stdout]     |                  ^^^^^^^^^ function or associated item not found in `Arg`
[INFO] [stdout]     |
[INFO] [stdout] note: if you're trying to build a new `Arg`, consider using `Arg::new` which returns `Arg`
[INFO] [stdout]    --> /opt/rustwide/cargo-home/registry/src/index.crates.io-6f17d22bba15001f/clap-4.0.18/src/builder/arg.rs:107:5
[INFO] [stdout]     |
[INFO] [stdout] 107 |     pub fn new(id: impl Into<Id>) -> Self {
[INFO] [stdout]     |     ^^^^^^^^^^^^^^^^^^^^^^^^^^^^^^^^^^^^^
[INFO] [stdout] 
[INFO] [stdout] 
[INFO] [stdout] error[E0599]: no function or associated item named `with_name` found for struct `Arg` in the current scope
[INFO] [stdout]    --> src/main.rs:45:18
[INFO] [stdout]     |
[INFO] [stdout] 45  |             Arg::with_name("quiet")
[INFO] [stdout]     |                  ^^^^^^^^^ function or associated item not found in `Arg`
[INFO] [stdout]     |
[INFO] [stdout] note: if you're trying to build a new `Arg`, consider using `Arg::new` which returns `Arg`
[INFO] [stdout]    --> /opt/rustwide/cargo-home/registry/src/index.crates.io-6f17d22bba15001f/clap-4.0.18/src/builder/arg.rs:107:5
[INFO] [stdout]     |
[INFO] [stdout] 107 |     pub fn new(id: impl Into<Id>) -> Self {
[INFO] [stdout]     |     ^^^^^^^^^^^^^^^^^^^^^^^^^^^^^^^^^^^^^
[INFO] [stdout] 
[INFO] [stdout] 
[INFO] [stdout] error[E0599]: no function or associated item named `with_name` found for struct `Arg` in the current scope
[INFO] [stdout]    --> src/main.rs:55:18
[INFO] [stdout]     |
[INFO] [stdout] 55  |             Arg::with_name("debug")
[INFO] [stdout]     |                  ^^^^^^^^^ function or associated item not found in `Arg`
[INFO] [stdout]     |
[INFO] [stdout] note: if you're trying to build a new `Arg`, consider using `Arg::new` which returns `Arg`
[INFO] [stdout]    --> /opt/rustwide/cargo-home/registry/src/index.crates.io-6f17d22bba15001f/clap-4.0.18/src/builder/arg.rs:107:5
[INFO] [stdout]     |
[INFO] [stdout] 107 |     pub fn new(id: impl Into<Id>) -> Self {
[INFO] [stdout]     |     ^^^^^^^^^^^^^^^^^^^^^^^^^^^^^^^^^^^^^
[INFO] [stdout] 
[INFO] [stdout] 
[INFO] [stdout] error[E0599]: no method named `take_mut` found for reference `&PathBuf` in the current scope
[INFO] [stdout]   --> src/main.rs:70:14
[INFO] [stdout]    |
[INFO] [stdout] 67 |           file: arg_matches
[INFO] [stdout]    |  _______________-
[INFO] [stdout] 68 | |             .get_one::<PathBuf>("input")
[INFO] [stdout] 69 | |             .expect("file is required")
[INFO] [stdout] 70 | |             .take_mut(),
[INFO] [stdout]    | |             -^^^^^^^^ method not found in `&PathBuf`
[INFO] [stdout]    | |_____________|
[INFO] [stdout]    | 
[INFO] [stdout] 
[INFO] [stdout] 
[INFO] [stdout] error[E0308]: mismatched types
[INFO] [stdout]    --> src/main.rs:104:28
[INFO] [stdout]     |
[INFO] [stdout] 104 |                     if let Some(x) = cursor.get_next() {
[INFO] [stdout]     |                            ^^^^^^^   ----------------- this expression has type `char`
[INFO] [stdout]     |                            |
[INFO] [stdout]     |                            expected `char`, found `Option<_>`
[INFO] [stdout]     |
[INFO] [stdout]     = note: expected type `char`
[INFO] [stdout]                found enum `Option<_>`
[INFO] [stdout] 
[INFO] [stdout] 
[INFO] [stdout] error[E0308]: mismatched types
[INFO] [stdout]    --> src/main.rs:106:39
[INFO] [stdout]     |
[INFO] [stdout] 106 | ...                   while let Some(x) = cursor.get_next() {
[INFO] [stdout]     |                                 ^^^^^^^   ----------------- this expression has type `char`
[INFO] [stdout]     |                                 |
[INFO] [stdout]     |                                 expected `char`, found `Option<_>`
[INFO] [stdout]     |
[INFO] [stdout]     = note: expected type `char`
[INFO] [stdout]                found enum `Option<_>`
[INFO] [stdout] 
[INFO] [stdout] 
[INFO] [stdout] error[E0308]: mismatched types
[INFO] [stdout]    --> src/main.rs:116:39
[INFO] [stdout]     |
[INFO] [stdout] 116 | ...                   while let Some(x) = cursor.get_next() {
[INFO] [stdout]     |                                 ^^^^^^^   ----------------- this expression has type `char`
[INFO] [stdout]     |                                 |
[INFO] [stdout]     |                                 expected `char`, found `Option<_>`
[INFO] [stdout]     |
[INFO] [stdout]     = note: expected type `char`
[INFO] [stdout]                found enum `Option<_>`
[INFO] [stdout] 
[INFO] [stdout] 
[INFO] [stdout] error[E0277]: can't compare `str` with `&str`
[INFO] [stdout]    --> src/main.rs:117:38
[INFO] [stdout]     |
[INFO] [stdout] 117 | ...                   if x == ";" {
[INFO] [stdout]     |                            ^^ no implementation for `str == &str`
[INFO] [stdout]     |
[INFO] [stdout]     = help: the trait `PartialEq<&str>` is not implemented for `str`
[INFO] [stdout]     = help: the following other types implement trait `PartialEq<Rhs>`:
[INFO] [stdout]               <str as PartialEq<os_str_bytes::raw_str::RawOsStr>>
[INFO] [stdout]               <str as PartialEq<os_str_bytes::raw_str::RawOsString>>
[INFO] [stdout]               <str as PartialEq<Cow<'a, str>>>
[INFO] [stdout]               <str as PartialEq<OsString>>
[INFO] [stdout]               <str as PartialEq<std::ffi::OsStr>>
[INFO] [stdout]               <str as PartialEq<clap::builder::OsStr>>
[INFO] [stdout]               <str as PartialEq<Str>>
[INFO] [stdout]               <str as PartialEq<Id>>
[INFO] [stdout]             and 9 others
[INFO] [stdout] 
[INFO] [stdout] 
[INFO] [stdout] error[E0277]: the size for values of type `str` cannot be known at compilation time
[INFO] [stdout]    --> src/main.rs:116:44
[INFO] [stdout]     |
[INFO] [stdout] 116 | ...                   while let Some(x) = cursor.get_next() {
[INFO] [stdout]     |                                      ^ doesn't have a size known at compile-time
[INFO] [stdout]     |
[INFO] [stdout]     = help: the trait `Sized` is not implemented for `str`
[INFO] [stdout]     = note: all local variables must have a statically known size
[INFO] [stdout]     = help: unsized locals are gated as an unstable feature
[INFO] [stdout] 
[INFO] [stdout] 
[INFO] [stdout] error[E0277]: the size for values of type `str` cannot be known at compilation time
[INFO] [stdout]    --> src/main.rs:116:39
[INFO] [stdout]     |
[INFO] [stdout] 116 | ...                   while let Some(x) = cursor.get_next() {
[INFO] [stdout]     |                                 ^^^^^^^ doesn't have a size known at compile-time
[INFO] [stdout]     |
[INFO] [stdout]     = help: the trait `Sized` is not implemented for `str`
[INFO] [stdout] note: required by a bound in `Some`
[INFO] [stdout]    --> /rustc/0e09125c6c3c2fd70d7de961bcf0e51575235fad/library/core/src/option.rs:578:5
[INFO] [stdout] 
[INFO] [stdout] 
[INFO] [stdout] error: aborting due to 12 previous errors; 3 warnings emitted
[INFO] [stdout] 
[INFO] [stdout] 
[INFO] [stdout] Some errors have detailed explanations: E0277, E0308, E0599, E0658.
[INFO] [stdout] 
[INFO] [stdout] For more information about an error, try `rustc --explain E0277`.
[INFO] [stdout] 
[INFO] [stderr] error: could not compile `ai-phi-ei` (bin "ai-phi-ei") due to 13 previous errors; 3 warnings emitted
[INFO] running `Command { std: "docker" "inspect" "fdeec3f4f80573e678f20b4937ea7b4c940c0bd4cb61a582ff68313dc61b6ae2", kill_on_drop: false }`
[INFO] running `Command { std: "docker" "rm" "-f" "fdeec3f4f80573e678f20b4937ea7b4c940c0bd4cb61a582ff68313dc61b6ae2", kill_on_drop: false }`
[INFO] [stdout] fdeec3f4f80573e678f20b4937ea7b4c940c0bd4cb61a582ff68313dc61b6ae2
