[INFO] cloning repository https://github.com/Bytekeeper/ogtlib
[INFO] running `Command { std: "git" "-c" "credential.helper=" "-c" "credential.helper=/workspace/cargo-home/bin/git-credential-null" "clone" "--bare" "https://github.com/Bytekeeper/ogtlib" "/workspace/cache/git-repos/https%3A%2F%2Fgithub.com%2FBytekeeper%2Fogtlib", kill_on_drop: false }`
[INFO] [stderr] Cloning into bare repository '/workspace/cache/git-repos/https%3A%2F%2Fgithub.com%2FBytekeeper%2Fogtlib'...
[INFO] running `Command { std: "git" "rev-parse" "HEAD", kill_on_drop: false }`
[INFO] [stdout] 398f03a2a3d90f27240569b8a4cf0f9600338972
[INFO] testing Bytekeeper/ogtlib against 1.75.0 for beta-1.76-1
[INFO] running `Command { std: "git" "clone" "/workspace/cache/git-repos/https%3A%2F%2Fgithub.com%2FBytekeeper%2Fogtlib" "/workspace/builds/worker-4-tc1/source", kill_on_drop: false }`
[INFO] [stderr] Cloning into '/workspace/builds/worker-4-tc1/source'...
[INFO] [stderr] done.
[INFO] validating manifest of git repo https://github.com/Bytekeeper/ogtlib on toolchain 1.75.0
[INFO] running `Command { std: CARGO_HOME="/workspace/cargo-home" RUSTUP_HOME="/workspace/rustup-home" "/workspace/cargo-home/bin/cargo" "+1.75.0" "metadata" "--manifest-path" "Cargo.toml" "--no-deps", kill_on_drop: false }`
[INFO] started tweaking git repo https://github.com/Bytekeeper/ogtlib
[INFO] finished tweaking git repo https://github.com/Bytekeeper/ogtlib
[INFO] tweaked toml for git repo https://github.com/Bytekeeper/ogtlib written to /workspace/builds/worker-4-tc1/source/Cargo.toml
[INFO] crate git repo https://github.com/Bytekeeper/ogtlib already has a lockfile, it will not be regenerated
[INFO] running `Command { std: CARGO_HOME="/workspace/cargo-home" RUSTUP_HOME="/workspace/rustup-home" "/workspace/cargo-home/bin/cargo" "+1.75.0" "fetch" "--manifest-path" "Cargo.toml", kill_on_drop: false }`
[INFO] [stderr]     Updating crates.io index
[INFO] [stderr]  Downloading crates ...
[INFO] [stderr]   Downloaded sapp-wasm v0.1.26
[INFO] [stderr]   Downloaded sapp-windows v0.2.19
[INFO] [stderr]   Downloaded sapp-ios v0.1.2
[INFO] [stderr]   Downloaded sapp-android v0.1.10
[INFO] [stderr]   Downloaded sapp-dummy v0.1.5
[INFO] [stderr]   Downloaded fontdue v0.6.2
[INFO] [stderr]   Downloaded sapp-darwin v0.1.7
[INFO] [stderr]   Downloaded imageproc v0.22.0
[INFO] [stderr]   Downloaded glam v0.20.0
[INFO] [stderr]   Downloaded miniquad v0.3.0-alpha.43
[INFO] [stderr]   Downloaded sapp-linux v0.1.13
[INFO] running `Command { std: "docker" "create" "-v" "/var/lib/crater-agent-workspace/builds/worker-4-tc1/target:/opt/rustwide/target:rw,Z" "-v" "/var/lib/crater-agent-workspace/builds/worker-4-tc1/source:/opt/rustwide/workdir:ro,Z" "-v" "/var/lib/crater-agent-workspace/cargo-home:/opt/rustwide/cargo-home:ro,Z" "-v" "/var/lib/crater-agent-workspace/rustup-home:/opt/rustwide/rustup-home:ro,Z" "-e" "SOURCE_DIR=/opt/rustwide/workdir" "-e" "CARGO_TARGET_DIR=/opt/rustwide/target" "-e" "CARGO_HOME=/opt/rustwide/cargo-home" "-e" "RUSTUP_HOME=/opt/rustwide/rustup-home" "-w" "/opt/rustwide/workdir" "-m" "1610612736" "--user" "0:0" "--network" "none" "ghcr.io/rust-lang/crates-build-env/linux@sha256:2788e3201cd34a07e3172128adcd8b3090168a8e3bcc40d7c032b9dda1df7d1c" "/opt/rustwide/cargo-home/bin/cargo" "+1.75.0" "metadata" "--no-deps" "--format-version=1", kill_on_drop: false }`
[INFO] [stdout] 13f09d3f5833ea85b5649cea361d096a56ad1a3181d5858490e8277bb208bd0b
[INFO] running `Command { std: "docker" "start" "-a" "13f09d3f5833ea85b5649cea361d096a56ad1a3181d5858490e8277bb208bd0b", kill_on_drop: false }`
[INFO] running `Command { std: "docker" "inspect" "13f09d3f5833ea85b5649cea361d096a56ad1a3181d5858490e8277bb208bd0b", kill_on_drop: false }`
[INFO] running `Command { std: "docker" "rm" "-f" "13f09d3f5833ea85b5649cea361d096a56ad1a3181d5858490e8277bb208bd0b", kill_on_drop: false }`
[INFO] [stdout] 13f09d3f5833ea85b5649cea361d096a56ad1a3181d5858490e8277bb208bd0b
[INFO] running `Command { std: "docker" "create" "-v" "/var/lib/crater-agent-workspace/builds/worker-4-tc1/target:/opt/rustwide/target:rw,Z" "-v" "/var/lib/crater-agent-workspace/builds/worker-4-tc1/source:/opt/rustwide/workdir:ro,Z" "-v" "/var/lib/crater-agent-workspace/cargo-home:/opt/rustwide/cargo-home:ro,Z" "-v" "/var/lib/crater-agent-workspace/rustup-home:/opt/rustwide/rustup-home:ro,Z" "-e" "SOURCE_DIR=/opt/rustwide/workdir" "-e" "CARGO_TARGET_DIR=/opt/rustwide/target" "-e" "CARGO_INCREMENTAL=0" "-e" "RUST_BACKTRACE=full" "-e" "RUSTFLAGS=--cap-lints=warn" "-e" "RUSTDOCFLAGS=--cap-lints=warn" "-e" "CARGO_HOME=/opt/rustwide/cargo-home" "-e" "RUSTUP_HOME=/opt/rustwide/rustup-home" "-w" "/opt/rustwide/workdir" "-m" "1610612736" "--user" "0:0" "--network" "none" "ghcr.io/rust-lang/crates-build-env/linux@sha256:2788e3201cd34a07e3172128adcd8b3090168a8e3bcc40d7c032b9dda1df7d1c" "/opt/rustwide/cargo-home/bin/cargo" "+1.75.0" "build" "--frozen" "--message-format=json", kill_on_drop: false }`
[INFO] [stdout] 08f43ec3b346c5af49935bfe11cc4421db380aeec6af04702103b737e5851ebd
[INFO] running `Command { std: "docker" "start" "-a" "08f43ec3b346c5af49935bfe11cc4421db380aeec6af04702103b737e5851ebd", kill_on_drop: false }`
[INFO] [stderr]    Compiling autocfg v1.0.1
[INFO] [stderr]    Compiling libc v0.2.107
[INFO] [stderr]    Compiling version_check v0.9.3
[INFO] [stderr]    Compiling crc32fast v1.2.1
[INFO] [stderr]    Compiling adler32 v1.2.0
[INFO] [stderr]    Compiling bitflags v1.2.1
[INFO] [stderr]    Compiling byteorder v1.4.3
[INFO] [stderr]    Compiling once_cell v1.8.0
[INFO] [stderr]    Compiling sapp-linux v0.1.13
[INFO] [stderr]    Compiling miniz_oxide v0.3.7
[INFO] [stderr]    Compiling ahash v0.7.6
[INFO] [stderr]    Compiling deflate v0.8.6
[INFO] [stderr]    Compiling num-traits v0.2.14
[INFO] [stderr]    Compiling num-integer v0.1.44
[INFO] [stderr]    Compiling num-iter v0.1.42
[INFO] [stderr]    Compiling num-rational v0.3.2
[INFO] [stderr]    Compiling memoffset v0.6.4
[INFO] [stderr]    Compiling color_quant v1.1.0
[INFO] [stderr]    Compiling jpeg-decoder v0.1.22
[INFO] [stderr]    Compiling bytemuck v1.7.2
[INFO] [stderr]    Compiling png v0.16.8
[INFO] [stderr]    Compiling ttf-parser v0.12.3
[INFO] [stderr]    Compiling glam v0.20.0
[INFO] [stderr]    Compiling quad-rand v0.2.1
[INFO] [stderr]    Compiling getrandom v0.2.3
[INFO] [stderr]    Compiling hashbrown v0.11.2
[INFO] [stderr]    Compiling fontdue v0.6.2
[INFO] [stderr]    Compiling miniquad v0.3.0-alpha.43
[INFO] [stderr]    Compiling image v0.23.14
[INFO] [stderr]    Compiling ogt v0.1.0 (/opt/rustwide/workdir)
[INFO] [stdout] warning: unused import: `miniquad::gl::*`
[INFO] [stdout]  --> src/lib.rs:2:5
[INFO] [stdout]   |
[INFO] [stdout] 2 | use miniquad::gl::*;
[INFO] [stdout]   |     ^^^^^^^^^^^^^^^
[INFO] [stdout]   |
[INFO] [stdout]   = note: `#[warn(unused_imports)]` on by default
[INFO] [stdout] 
[INFO] [stdout] 
[INFO] [stdout] warning: unused import: `quad_rand as rnd`
[INFO] [stdout]  --> src/lib.rs:5:5
[INFO] [stdout]   |
[INFO] [stdout] 5 | use quad_rand as rnd;
[INFO] [stdout]   |     ^^^^^^^^^^^^^^^^
[INFO] [stdout] 
[INFO] [stdout] 
[INFO] [stdout] warning: unused import: `std::ffi::CString`
[INFO] [stdout]   --> src/lib.rs:13:5
[INFO] [stdout]    |
[INFO] [stdout] 13 | use std::ffi::CString;
[INFO] [stdout]    |     ^^^^^^^^^^^^^^^^^
[INFO] [stdout] 
[INFO] [stdout] 
[INFO] [stdout] warning: unused imports: `size_of_val`, `size_of`
[INFO] [stdout]   --> src/lib.rs:14:16
[INFO] [stdout]    |
[INFO] [stdout] 14 | use std::mem::{size_of, size_of_val};
[INFO] [stdout]    |                ^^^^^^^  ^^^^^^^^^^^
[INFO] [stdout] 
[INFO] [stdout] 
[INFO] [stdout] warning: unused import: `ColorType`
[INFO] [stdout]  --> src/font.rs:7:13
[INFO] [stdout]   |
[INFO] [stdout] 7 | use image::{ColorType, Rgba, RgbaImage};
[INFO] [stdout]   |             ^^^^^^^^^
[INFO] [stdout] 
[INFO] [stdout] 
[INFO] [stdout] warning: unused import: `miniquad::error`
[INFO] [stdout]  --> src/shader.rs:2:5
[INFO] [stdout]   |
[INFO] [stdout] 2 | use miniquad::error;
[INFO] [stdout]   |     ^^^^^^^^^^^^^^^
[INFO] [stdout] 
[INFO] [stdout] 
[INFO] [stdout] warning: unused import: `std::ffi::CString`
[INFO] [stdout]  --> src/shader.rs:4:5
[INFO] [stdout]   |
[INFO] [stdout] 4 | use std::ffi::CString;
[INFO] [stdout]   |     ^^^^^^^^^^^^^^^^^
[INFO] [stdout] 
[INFO] [stdout] 
[INFO] [stdout] warning: unused import: `std::rc::Rc`
[INFO] [stdout]  --> src/sprite_batch.rs:9:5
[INFO] [stdout]   |
[INFO] [stdout] 9 | use std::rc::Rc;
[INFO] [stdout]   |     ^^^^^^^^^^^
[INFO] [stdout] 
[INFO] [stdout] 
[INFO] [stdout] warning: unused variable: `i`
[INFO] [stdout]   --> src/rect_pack.rs:67:23
[INFO] [stdout]    |
[INFO] [stdout] 67 |             .filter(|(i, s)| s.width >= update.width && s.height >= update.height)
[INFO] [stdout]    |                       ^ help: if this is intentional, prefix it with an underscore: `_i`
[INFO] [stdout]    |
[INFO] [stdout]    = note: `#[warn(unused_variables)]` on by default
[INFO] [stdout] 
[INFO] [stdout] 
[INFO] [stdout] warning: unused variable: `context`
[INFO] [stdout]  --> src/shader.rs:7:5
[INFO] [stdout]   |
[INFO] [stdout] 7 |     context: &Context,
[INFO] [stdout]   |     ^^^^^^^ help: if this is intentional, prefix it with an underscore: `_context`
[INFO] [stdout] 
[INFO] [stdout] 
[INFO] [stdout] warning: unused variable: `context`
[INFO] [stdout]    --> src/shape_batch.rs:192:28
[INFO] [stdout]     |
[INFO] [stdout] 192 |     pub fn draw(&mut self, context: &Context) {
[INFO] [stdout]     |                            ^^^^^^^ help: if this is intentional, prefix it with an underscore: `_context`
[INFO] [stdout] 
[INFO] [stdout] 
[INFO] [stdout] warning: unused variable: `element_buffer_id`
[INFO] [stdout]    --> src/shape_batch.rs:227:17
[INFO] [stdout]     |
[INFO] [stdout] 227 |         let mut element_buffer_id: GLuint = 0;
[INFO] [stdout]     |                 ^^^^^^^^^^^^^^^^^ help: if this is intentional, prefix it with an underscore: `_element_buffer_id`
[INFO] [stdout] 
[INFO] [stdout] 
[INFO] [stdout] warning: variable does not need to be mutable
[INFO] [stdout]    --> src/shape_batch.rs:227:13
[INFO] [stdout]     |
[INFO] [stdout] 227 |         let mut element_buffer_id: GLuint = 0;
[INFO] [stdout]     |             ----^^^^^^^^^^^^^^^^^
[INFO] [stdout]     |             |
[INFO] [stdout]     |             help: remove this `mut`
[INFO] [stdout]     |
[INFO] [stdout]     = note: `#[warn(unused_mut)]` on by default
[INFO] [stdout] 
[INFO] [stdout] 
[INFO] [stdout] warning: unused variable: `ctx`
[INFO] [stdout]   --> src/texture.rs:28:24
[INFO] [stdout]    |
[INFO] [stdout] 28 |     pub fn bind(&self, ctx: &Context) {
[INFO] [stdout]    |                        ^^^ help: if this is intentional, prefix it with an underscore: `_ctx`
[INFO] [stdout] 
[INFO] [stdout] 
[INFO] [stdout] warning: unused variable: `context`
[INFO] [stdout]   --> src/lib.rs:99:26
[INFO] [stdout]    |
[INFO] [stdout] 99 |     fn render(&mut self, context: &Context, delta: f32) {}
[INFO] [stdout]    |                          ^^^^^^^ help: if this is intentional, prefix it with an underscore: `_context`
[INFO] [stdout] 
[INFO] [stdout] 
[INFO] [stdout] warning: unused variable: `delta`
[INFO] [stdout]   --> src/lib.rs:99:45
[INFO] [stdout]    |
[INFO] [stdout] 99 |     fn render(&mut self, context: &Context, delta: f32) {}
[INFO] [stdout]    |                                             ^^^^^ help: if this is intentional, prefix it with an underscore: `_delta`
[INFO] [stdout] 
[INFO] [stdout] 
[INFO] [stdout] warning: field `line_metrics` is never read
[INFO] [stdout]   --> src/font.rs:15:5
[INFO] [stdout]    |
[INFO] [stdout] 14 | pub struct Font {
[INFO] [stdout]    |            ---- field in this struct
[INFO] [stdout] 15 |     line_metrics: fd::LineMetrics,
[INFO] [stdout]    |     ^^^^^^^^^^^^
[INFO] [stdout]    |
[INFO] [stdout]    = note: `#[warn(dead_code)]` on by default
[INFO] [stdout] 
[INFO] [stdout] 
[INFO] [stdout] warning: call to `.borrow()` on a reference in this situation does nothing
[INFO] [stdout]    --> src/sprite_batch.rs:117:62
[INFO] [stdout]     |
[INFO] [stdout] 117 |                   .expect("Texture must be set on SpriteBatch")
[INFO] [stdout]     |  ______________________________________________________________^
[INFO] [stdout] 118 | |                 .borrow()
[INFO] [stdout]     | |_________________________^ help: remove this redundant call
[INFO] [stdout]     |
[INFO] [stdout]     = note: the type `texture::Texture` does not implement `Borrow`, so calling `borrow` on `&texture::Texture` copies the reference, which does not do anything and can be removed
[INFO] [stdout]     = note: `#[warn(noop_method_call)]` on by default
[INFO] [stdout] 
[INFO] [stdout] 
[INFO] [stdout] warning: call to `.borrow()` on a reference in this situation does nothing
[INFO] [stdout]    --> src/sprite_batch.rs:145:58
[INFO] [stdout]     |
[INFO] [stdout] 145 |               .expect("Texture must be set on SpriteBatch")
[INFO] [stdout]     |  __________________________________________________________^
[INFO] [stdout] 146 | |             .borrow();
[INFO] [stdout]     | |_____________________^ help: remove this redundant call
[INFO] [stdout]     |
[INFO] [stdout]     = note: the type `texture::Texture` does not implement `Borrow`, so calling `borrow` on `&texture::Texture` copies the reference, which does not do anything and can be removed
[INFO] [stdout] 
[INFO] [stdout] 
[INFO] [stdout] warning: 19 warnings emitted
[INFO] [stdout] 
[INFO] [stdout] 
[INFO] [stderr]     Finished dev [unoptimized + debuginfo] target(s) in 9.76s
[INFO] running `Command { std: "docker" "inspect" "08f43ec3b346c5af49935bfe11cc4421db380aeec6af04702103b737e5851ebd", kill_on_drop: false }`
[INFO] running `Command { std: "docker" "rm" "-f" "08f43ec3b346c5af49935bfe11cc4421db380aeec6af04702103b737e5851ebd", kill_on_drop: false }`
[INFO] [stdout] 08f43ec3b346c5af49935bfe11cc4421db380aeec6af04702103b737e5851ebd
[INFO] running `Command { std: "docker" "create" "-v" "/var/lib/crater-agent-workspace/builds/worker-4-tc1/target:/opt/rustwide/target:rw,Z" "-v" "/var/lib/crater-agent-workspace/builds/worker-4-tc1/source:/opt/rustwide/workdir:ro,Z" "-v" "/var/lib/crater-agent-workspace/cargo-home:/opt/rustwide/cargo-home:ro,Z" "-v" "/var/lib/crater-agent-workspace/rustup-home:/opt/rustwide/rustup-home:ro,Z" "-e" "SOURCE_DIR=/opt/rustwide/workdir" "-e" "CARGO_TARGET_DIR=/opt/rustwide/target" "-e" "CARGO_INCREMENTAL=0" "-e" "RUST_BACKTRACE=full" "-e" "RUSTFLAGS=--cap-lints=warn" "-e" "RUSTDOCFLAGS=--cap-lints=warn" "-e" "CARGO_HOME=/opt/rustwide/cargo-home" "-e" "RUSTUP_HOME=/opt/rustwide/rustup-home" "-w" "/opt/rustwide/workdir" "-m" "1610612736" "--user" "0:0" "--network" "none" "ghcr.io/rust-lang/crates-build-env/linux@sha256:2788e3201cd34a07e3172128adcd8b3090168a8e3bcc40d7c032b9dda1df7d1c" "/opt/rustwide/cargo-home/bin/cargo" "+1.75.0" "test" "--frozen" "--no-run" "--message-format=json", kill_on_drop: false }`
[INFO] [stdout] c32b0becb5303bad4e9275aa8c95f2f4008c30df9c9f9e48eb019b5846e537a3
[INFO] running `Command { std: "docker" "start" "-a" "c32b0becb5303bad4e9275aa8c95f2f4008c30df9c9f9e48eb019b5846e537a3", kill_on_drop: false }`
[INFO] [stderr]    Compiling num-integer v0.1.44
[INFO] [stderr]    Compiling num-iter v0.1.42
[INFO] [stderr]    Compiling crossbeam-utils v0.8.5
[INFO] [stderr]    Compiling num-bigint v0.3.3
[INFO] [stderr]    Compiling getrandom v0.1.16
[INFO] [stderr]    Compiling num-rational v0.3.2
[INFO] [stderr]    Compiling crossbeam-epoch v0.9.5
[INFO] [stderr]    Compiling rayon-core v1.9.1
[INFO] [stderr]    Compiling ppv-lite86 v0.2.15
[INFO] [stderr]    Compiling matrixmultiply v0.1.15
[INFO] [stderr]    Compiling num_cpus v1.13.0
[INFO] [stderr]    Compiling rayon v1.5.1
[INFO] [stderr]    Compiling rand_core v0.5.1
[INFO] [stderr]    Compiling rawpointer v0.1.0
[INFO] [stderr]    Compiling either v1.6.1
[INFO] [stderr]    Compiling ttf-parser v0.6.2
[INFO] [stderr]    Compiling num-complex v0.3.1
[INFO] [stderr]    Compiling ab_glyph_rasterizer v0.1.5
[INFO] [stderr]    Compiling rand_chacha v0.2.2
[INFO] [stderr]    Compiling crossbeam-channel v0.5.1
[INFO] [stderr]    Compiling rand v0.7.3
[INFO] [stderr]    Compiling num v0.1.42
[INFO] [stderr]    Compiling custom_derive v0.1.7
[INFO] [stderr]    Compiling conv v0.3.3
[INFO] [stderr]    Compiling crossbeam-deque v0.8.1
[INFO] [stderr]    Compiling rulinalg v0.4.2
[INFO] [stderr]    Compiling itertools v0.9.0
[INFO] [stderr]    Compiling rand_distr v0.2.2
[INFO] [stderr]    Compiling owned_ttf_parser v0.6.0
[INFO] [stderr]    Compiling rusttype v0.9.2
[INFO] [stderr]    Compiling image v0.23.14
[INFO] [stderr]    Compiling num v0.3.1
[INFO] [stderr]    Compiling ogt v0.1.0 (/opt/rustwide/workdir)
[INFO] [stdout] warning: unused import: `miniquad::gl::*`
[INFO] [stdout]  --> src/lib.rs:2:5
[INFO] [stdout]   |
[INFO] [stdout] 2 | use miniquad::gl::*;
[INFO] [stdout]   |     ^^^^^^^^^^^^^^^
[INFO] [stdout]   |
[INFO] [stdout]   = note: `#[warn(unused_imports)]` on by default
[INFO] [stdout] 
[INFO] [stdout] 
[INFO] [stdout] warning: unused import: `quad_rand as rnd`
[INFO] [stdout]  --> src/lib.rs:5:5
[INFO] [stdout]   |
[INFO] [stdout] 5 | use quad_rand as rnd;
[INFO] [stdout]   |     ^^^^^^^^^^^^^^^^
[INFO] [stdout] 
[INFO] [stdout] 
[INFO] [stdout] warning: unused import: `std::ffi::CString`
[INFO] [stdout]   --> src/lib.rs:13:5
[INFO] [stdout]    |
[INFO] [stdout] 13 | use std::ffi::CString;
[INFO] [stdout]    |     ^^^^^^^^^^^^^^^^^
[INFO] [stdout] 
[INFO] [stdout] 
[INFO] [stdout] warning: unused imports: `size_of_val`, `size_of`
[INFO] [stdout]   --> src/lib.rs:14:16
[INFO] [stdout]    |
[INFO] [stdout] 14 | use std::mem::{size_of, size_of_val};
[INFO] [stdout]    |                ^^^^^^^  ^^^^^^^^^^^
[INFO] [stdout] 
[INFO] [stdout] 
[INFO] [stdout] warning: unused import: `ColorType`
[INFO] [stdout]  --> src/font.rs:7:13
[INFO] [stdout]   |
[INFO] [stdout] 7 | use image::{ColorType, Rgba, RgbaImage};
[INFO] [stdout]   |             ^^^^^^^^^
[INFO] [stdout] 
[INFO] [stdout] 
[INFO] [stdout] warning: unused import: `miniquad::error`
[INFO] [stdout]  --> src/shader.rs:2:5
[INFO] [stdout]   |
[INFO] [stdout] 2 | use miniquad::error;
[INFO] [stdout]   |     ^^^^^^^^^^^^^^^
[INFO] [stdout] 
[INFO] [stdout] 
[INFO] [stdout] warning: unused import: `std::ffi::CString`
[INFO] [stdout]  --> src/shader.rs:4:5
[INFO] [stdout]   |
[INFO] [stdout] 4 | use std::ffi::CString;
[INFO] [stdout]   |     ^^^^^^^^^^^^^^^^^
[INFO] [stdout] 
[INFO] [stdout] 
[INFO] [stdout] warning: unused import: `std::rc::Rc`
[INFO] [stdout]  --> src/sprite_batch.rs:9:5
[INFO] [stdout]   |
[INFO] [stdout] 9 | use std::rc::Rc;
[INFO] [stdout]   |     ^^^^^^^^^^^
[INFO] [stdout] 
[INFO] [stdout] 
[INFO] [stdout] warning: unused variable: `i`
[INFO] [stdout]   --> src/rect_pack.rs:67:23
[INFO] [stdout]    |
[INFO] [stdout] 67 |             .filter(|(i, s)| s.width >= update.width && s.height >= update.height)
[INFO] [stdout]    |                       ^ help: if this is intentional, prefix it with an underscore: `_i`
[INFO] [stdout]    |
[INFO] [stdout]    = note: `#[warn(unused_variables)]` on by default
[INFO] [stdout] 
[INFO] [stdout] 
[INFO] [stdout] warning: unused variable: `context`
[INFO] [stdout]  --> src/shader.rs:7:5
[INFO] [stdout]   |
[INFO] [stdout] 7 |     context: &Context,
[INFO] [stdout]   |     ^^^^^^^ help: if this is intentional, prefix it with an underscore: `_context`
[INFO] [stdout] 
[INFO] [stdout] 
[INFO] [stdout] warning: unused variable: `context`
[INFO] [stdout]    --> src/shape_batch.rs:192:28
[INFO] [stdout]     |
[INFO] [stdout] 192 |     pub fn draw(&mut self, context: &Context) {
[INFO] [stdout]     |                            ^^^^^^^ help: if this is intentional, prefix it with an underscore: `_context`
[INFO] [stdout] 
[INFO] [stdout] 
[INFO] [stdout] warning: unused variable: `element_buffer_id`
[INFO] [stdout]    --> src/shape_batch.rs:227:17
[INFO] [stdout]     |
[INFO] [stdout] 227 |         let mut element_buffer_id: GLuint = 0;
[INFO] [stdout]     |                 ^^^^^^^^^^^^^^^^^ help: if this is intentional, prefix it with an underscore: `_element_buffer_id`
[INFO] [stdout] 
[INFO] [stdout] 
[INFO] [stdout] warning: variable does not need to be mutable
[INFO] [stdout]    --> src/shape_batch.rs:227:13
[INFO] [stdout]     |
[INFO] [stdout] 227 |         let mut element_buffer_id: GLuint = 0;
[INFO] [stdout]     |             ----^^^^^^^^^^^^^^^^^
[INFO] [stdout]     |             |
[INFO] [stdout]     |             help: remove this `mut`
[INFO] [stdout]     |
[INFO] [stdout]     = note: `#[warn(unused_mut)]` on by default
[INFO] [stdout] 
[INFO] [stdout] 
[INFO] [stdout] warning: unused variable: `ctx`
[INFO] [stdout]   --> src/texture.rs:28:24
[INFO] [stdout]    |
[INFO] [stdout] 28 |     pub fn bind(&self, ctx: &Context) {
[INFO] [stdout]    |                        ^^^ help: if this is intentional, prefix it with an underscore: `_ctx`
[INFO] [stdout] 
[INFO] [stdout] 
[INFO] [stdout] warning: unused variable: `context`
[INFO] [stdout]   --> src/lib.rs:99:26
[INFO] [stdout]    |
[INFO] [stdout] 99 |     fn render(&mut self, context: &Context, delta: f32) {}
[INFO] [stdout]    |                          ^^^^^^^ help: if this is intentional, prefix it with an underscore: `_context`
[INFO] [stdout] 
[INFO] [stdout] 
[INFO] [stdout] warning: unused variable: `delta`
[INFO] [stdout]   --> src/lib.rs:99:45
[INFO] [stdout]    |
[INFO] [stdout] 99 |     fn render(&mut self, context: &Context, delta: f32) {}
[INFO] [stdout]    |                                             ^^^^^ help: if this is intentional, prefix it with an underscore: `_delta`
[INFO] [stdout] 
[INFO] [stdout] 
[INFO] [stdout] warning: field `line_metrics` is never read
[INFO] [stdout]   --> src/font.rs:15:5
[INFO] [stdout]    |
[INFO] [stdout] 14 | pub struct Font {
[INFO] [stdout]    |            ---- field in this struct
[INFO] [stdout] 15 |     line_metrics: fd::LineMetrics,
[INFO] [stdout]    |     ^^^^^^^^^^^^
[INFO] [stdout]    |
[INFO] [stdout]    = note: `#[warn(dead_code)]` on by default
[INFO] [stdout] 
[INFO] [stdout] 
[INFO] [stderr]    Compiling imageproc v0.22.0
[INFO] [stdout] warning: call to `.borrow()` on a reference in this situation does nothing
[INFO] [stdout]    --> src/sprite_batch.rs:117:62
[INFO] [stdout]     |
[INFO] [stdout] 117 |                   .expect("Texture must be set on SpriteBatch")
[INFO] [stdout]     |  ______________________________________________________________^
[INFO] [stdout] 118 | |                 .borrow()
[INFO] [stdout]     | |_________________________^ help: remove this redundant call
[INFO] [stdout]     |
[INFO] [stdout]     = note: the type `texture::Texture` does not implement `Borrow`, so calling `borrow` on `&texture::Texture` copies the reference, which does not do anything and can be removed
[INFO] [stdout]     = note: `#[warn(noop_method_call)]` on by default
[INFO] [stdout] 
[INFO] [stdout] 
[INFO] [stdout] warning: call to `.borrow()` on a reference in this situation does nothing
[INFO] [stdout]    --> src/sprite_batch.rs:145:58
[INFO] [stdout]     |
[INFO] [stdout] 145 |               .expect("Texture must be set on SpriteBatch")
[INFO] [stdout]     |  __________________________________________________________^
[INFO] [stdout] 146 | |             .borrow();
[INFO] [stdout]     | |_____________________^ help: remove this redundant call
[INFO] [stdout]     |
[INFO] [stdout]     = note: the type `texture::Texture` does not implement `Borrow`, so calling `borrow` on `&texture::Texture` copies the reference, which does not do anything and can be removed
[INFO] [stdout] 
[INFO] [stdout] 
[INFO] [stdout] warning: 19 warnings emitted
[INFO] [stdout] 
[INFO] [stdout] 
[INFO] [stdout] warning: unused imports: `conf`, `start`
[INFO] [stdout]  --> examples/bunnymark.rs:3:16
[INFO] [stdout]   |
[INFO] [stdout] 3 | use miniquad::{conf, date, start, EventHandler};
[INFO] [stdout]   |                ^^^^        ^^^^^
[INFO] [stdout]   |
[INFO] [stdout]   = note: `#[warn(unused_imports)]` on by default
[INFO] [stdout] 
[INFO] [stdout] 
[INFO] [stdout] warning: unused import: `std::rc::Rc`
[INFO] [stdout]  --> examples/bunnymark.rs:6:5
[INFO] [stdout]   |
[INFO] [stdout] 6 | use std::rc::Rc;
[INFO] [stdout]   |     ^^^^^^^^^^^
[INFO] [stdout] 
[INFO] [stdout] 
[INFO] [stdout] error[E0050]: method `render` has 2 parameters but the declaration in trait `render` has 3
[INFO] [stdout]   --> examples/bunnymark.rs:18:15
[INFO] [stdout]    |
[INFO] [stdout] 18 |     fn render(&mut self, ctx: &Context) {
[INFO] [stdout]    |               ^^^^^^^^^^^^^^^^^^^^^^^^ expected 3 parameters, found 2
[INFO] [stdout]    |
[INFO] [stdout]    = note: `render` from trait: `fn(&mut Self, &ogt::Context, f32)`
[INFO] [stdout] 
[INFO] [stdout] 
[INFO] [stdout] error[E0061]: this method takes 5 arguments but 4 arguments were supplied
[INFO] [stdout]   --> examples/bunnymark.rs:81:19
[INFO] [stdout]    |
[INFO] [stdout] 81 |           self.font.draw_text(
[INFO] [stdout]    |  ___________________^^^^^^^^^-
[INFO] [stdout] 82 | |             ctx,
[INFO] [stdout] 83 | |             &mut self.sprite_batch,
[INFO] [stdout] 84 | |             &format!("FPS: {:.2}, #b: {}", 1.0 / delta, self.bunnies.len()),
[INFO] [stdout] 85 | |             vec2(20.0, 20.0),
[INFO] [stdout] 86 | |         );
[INFO] [stdout]    | |_________- an argument of type `ogt::Color` is missing
[INFO] [stdout]    |
[INFO] [stdout] note: method defined here
[INFO] [stdout]   --> /opt/rustwide/workdir/src/font.rs:61:12
[INFO] [stdout]    |
[INFO] [stdout] 61 |     pub fn draw_text(
[INFO] [stdout]    |            ^^^^^^^^^
[INFO] [stdout] help: provide the argument
[INFO] [stdout]    |
[INFO] [stdout] 81 |         self.font.draw_text(ctx, &mut self.sprite_batch, &format!("FPS: {:.2}, #b: {}", 1.0 / delta, self.bunnies.len()), vec2(20.0, 20.0), /* ogt::Color */);
[INFO] [stdout]    |                            ~~~~~~~~~~~~~~~~~~~~~~~~~~~~~~~~~~~~~~~~~~~~~~~~~~~~~~~~~~~~~~~~~~~~~~~~~~~~~~~~~~~~~~~~~~~~~~~~~~~~~~~~~~~~~~~~~~~~~~~~~~~~~~~~~~
[INFO] [stdout] 
[INFO] [stdout] 
[INFO] [stdout] error: couldn't read src/../Hack-Regular.ttf: No such file or directory (os error 2)
[INFO] [stdout]    --> src/font.rs:110:13
[INFO] [stdout]     |
[INFO] [stdout] 110 |             include_bytes!("../Hack-Regular.ttf"),
[INFO] [stdout]     |             ^^^^^^^^^^^^^^^^^^^^^^^^^^^^^^^^^^^^^
[INFO] [stdout]     |
[INFO] [stdout]     = note: this error originates in the macro `include_bytes` (in Nightly builds, run with -Z macro-backtrace for more info)
[INFO] [stdout] 
[INFO] [stdout] 
[INFO] [stdout] warning: unused import: `miniquad::gl::*`
[INFO] [stdout]  --> src/lib.rs:2:5
[INFO] [stdout]   |
[INFO] [stdout] 2 | use miniquad::gl::*;
[INFO] [stdout]   |     ^^^^^^^^^^^^^^^
[INFO] [stdout]   |
[INFO] [stdout]   = note: `#[warn(unused_imports)]` on by default
[INFO] [stdout] 
[INFO] [stdout] 
[INFO] [stdout] warning: unused import: `quad_rand as rnd`
[INFO] [stdout]  --> src/lib.rs:5:5
[INFO] [stdout]   |
[INFO] [stdout] 5 | use quad_rand as rnd;
[INFO] [stdout]   |     ^^^^^^^^^^^^^^^^
[INFO] [stdout] 
[INFO] [stdout] 
[INFO] [stdout] warning: unused import: `std::ffi::CString`
[INFO] [stdout]   --> src/lib.rs:13:5
[INFO] [stdout]    |
[INFO] [stdout] 13 | use std::ffi::CString;
[INFO] [stdout]    |     ^^^^^^^^^^^^^^^^^
[INFO] [stdout] 
[INFO] [stdout] 
[INFO] [stdout] warning: unused imports: `size_of_val`, `size_of`
[INFO] [stdout]   --> src/lib.rs:14:16
[INFO] [stdout]    |
[INFO] [stdout] 14 | use std::mem::{size_of, size_of_val};
[INFO] [stdout]    |                ^^^^^^^  ^^^^^^^^^^^
[INFO] [stdout] 
[INFO] [stdout] 
[INFO] [stdout] warning: unused import: `ColorType`
[INFO] [stdout]  --> src/font.rs:7:13
[INFO] [stdout]   |
[INFO] [stdout] 7 | use image::{ColorType, Rgba, RgbaImage};
[INFO] [stdout]   |             ^^^^^^^^^
[INFO] [stdout] 
[INFO] [stdout] 
[INFO] [stdout] warning: unused import: `imageproc::rect::Rect as r`
[INFO] [stdout]    --> src/rect_pack.rs:127:9
[INFO] [stdout]     |
[INFO] [stdout] 127 |     use imageproc::rect::Rect as r;
[INFO] [stdout]     |         ^^^^^^^^^^^^^^^^^^^^^^^^^^
[INFO] [stdout] 
[INFO] [stdout] 
[INFO] [stdout] warning: unused import: `miniquad::error`
[INFO] [stdout]  --> src/shader.rs:2:5
[INFO] [stdout]   |
[INFO] [stdout] 2 | use miniquad::error;
[INFO] [stdout]   |     ^^^^^^^^^^^^^^^
[INFO] [stdout] 
[INFO] [stdout] 
[INFO] [stdout] warning: unused import: `std::ffi::CString`
[INFO] [stdout]  --> src/shader.rs:4:5
[INFO] [stdout]   |
[INFO] [stdout] 4 | use std::ffi::CString;
[INFO] [stdout]   |     ^^^^^^^^^^^^^^^^^
[INFO] [stdout] 
[INFO] [stdout] 
[INFO] [stdout] warning: unused import: `std::rc::Rc`
[INFO] [stdout]  --> src/sprite_batch.rs:9:5
[INFO] [stdout]   |
[INFO] [stdout] 9 | use std::rc::Rc;
[INFO] [stdout]   |     ^^^^^^^^^^^
[INFO] [stdout] 
[INFO] [stdout] 
[INFO] [stdout] error[E0599]: no method named `add_circle_filled` found for struct `ogt::ShapeBatch` in the current scope
[INFO] [stdout]    --> examples/bunnymark.rs:111:26
[INFO] [stdout]     |
[INFO] [stdout] 111 |         self.shape_batch.add_circle_filled(
[INFO] [stdout]     |         -----------------^^^^^^^^^^^^^^^^^ help: there is a method with a similar name: `add_circle`
[INFO] [stdout] 
[INFO] [stdout] 
[INFO] [stdout] warning: unused import: `EventHandler`
[INFO] [stdout]  --> examples/bunnymark.rs:3:35
[INFO] [stdout]   |
[INFO] [stdout] 3 | use miniquad::{conf, date, start, EventHandler};
[INFO] [stdout]   |                                   ^^^^^^^^^^^^
[INFO] [stdout] 
[INFO] [stdout] 
[INFO] [stdout] error: aborting due to 3 previous errors; 3 warnings emitted
[INFO] [stdout] 
[INFO] [stdout] 
[INFO] [stdout] Some errors have detailed explanations: E0050, E0061, E0599.
[INFO] [stdout] 
[INFO] [stdout] For more information about an error, try `rustc --explain E0050`.
[INFO] [stdout] 
[INFO] [stderr] error: could not compile `ogt` (example "bunnymark") due to 4 previous errors; 3 warnings emitted
[INFO] [stderr] warning: build failed, waiting for other jobs to finish...
[INFO] [stdout] error[E0063]: missing fields `left`, `middle`, `mouse_position` and 1 other field in initializer of `Context`
[INFO] [stdout]    --> src/font.rs:107:14
[INFO] [stdout]     |
[INFO] [stdout] 107 |             &Context {
[INFO] [stdout]     |              ^^^^^^^ missing `left`, `middle`, `mouse_position` and 1 other field
[INFO] [stdout] 
[INFO] [stdout] 
[INFO] [stdout] warning: unused import: `image`
[INFO] [stdout]    --> src/rect_pack.rs:125:9
[INFO] [stdout]     |
[INFO] [stdout] 125 |     use image::*;
[INFO] [stdout]     |         ^^^^^
[INFO] [stdout] 
[INFO] [stdout] 
[INFO] [stdout] warning: unused import: `imageproc::drawing`
[INFO] [stdout]    --> src/rect_pack.rs:126:9
[INFO] [stdout]     |
[INFO] [stdout] 126 |     use imageproc::drawing::*;
[INFO] [stdout]     |         ^^^^^^^^^^^^^^^^^^
[INFO] [stdout] 
[INFO] [stdout] 
[INFO] [stdout] error[E0308]: mismatched types
[INFO] [stdout]    --> src/font.rs:108:30
[INFO] [stdout]     |
[INFO] [stdout] 108 |                 screen_size: (10, 10),
[INFO] [stdout]     |                              ^^^^^^^^ expected `UVec2`, found `({integer}, {integer})`
[INFO] [stdout]     |
[INFO] [stdout]     = note: expected struct `glam::UVec2`
[INFO] [stdout]                 found tuple `({integer}, {integer})`
[INFO] [stdout] help: call `Into::into` on this expression to convert `({integer}, {integer})` into `glam::UVec2`
[INFO] [stdout]     |
[INFO] [stdout] 108 |                 screen_size: (10, 10).into(),
[INFO] [stdout]     |                                      +++++++
[INFO] [stdout] 
[INFO] [stdout] 
[INFO] [stdout] error: aborting due to 3 previous errors; 11 warnings emitted
[INFO] [stdout] 
[INFO] [stdout] 
[INFO] [stdout] Some errors have detailed explanations: E0063, E0308.
[INFO] [stdout] 
[INFO] [stdout] For more information about an error, try `rustc --explain E0063`.
[INFO] [stdout] 
[INFO] [stderr] error: could not compile `ogt` (lib test) due to 4 previous errors; 11 warnings emitted
[INFO] running `Command { std: "docker" "inspect" "c32b0becb5303bad4e9275aa8c95f2f4008c30df9c9f9e48eb019b5846e537a3", kill_on_drop: false }`
[INFO] running `Command { std: "docker" "rm" "-f" "c32b0becb5303bad4e9275aa8c95f2f4008c30df9c9f9e48eb019b5846e537a3", kill_on_drop: false }`
[INFO] [stdout] c32b0becb5303bad4e9275aa8c95f2f4008c30df9c9f9e48eb019b5846e537a3
[INFO] testing Bytekeeper/ogtlib against beta-2023-12-22 for beta-1.76-1
[INFO] running `Command { std: "git" "clone" "/workspace/cache/git-repos/https%3A%2F%2Fgithub.com%2FBytekeeper%2Fogtlib" "/workspace/builds/worker-4-tc2/source", kill_on_drop: false }`
[INFO] [stderr] Cloning into '/workspace/builds/worker-4-tc2/source'...
[INFO] [stderr] done.
[INFO] validating manifest of git repo https://github.com/Bytekeeper/ogtlib on toolchain beta-2023-12-22
[INFO] running `Command { std: CARGO_HOME="/workspace/cargo-home" RUSTUP_HOME="/workspace/rustup-home" "/workspace/cargo-home/bin/cargo" "+beta-2023-12-22" "metadata" "--manifest-path" "Cargo.toml" "--no-deps", kill_on_drop: false }`
[INFO] started tweaking git repo https://github.com/Bytekeeper/ogtlib
[INFO] finished tweaking git repo https://github.com/Bytekeeper/ogtlib
[INFO] tweaked toml for git repo https://github.com/Bytekeeper/ogtlib written to /workspace/builds/worker-4-tc2/source/Cargo.toml
[INFO] crate git repo https://github.com/Bytekeeper/ogtlib already has a lockfile, it will not be regenerated
[INFO] running `Command { std: CARGO_HOME="/workspace/cargo-home" RUSTUP_HOME="/workspace/rustup-home" "/workspace/cargo-home/bin/cargo" "+beta-2023-12-22" "fetch" "--manifest-path" "Cargo.toml", kill_on_drop: false }`
[INFO] running `Command { std: "docker" "create" "-v" "/var/lib/crater-agent-workspace/builds/worker-4-tc2/target:/opt/rustwide/target:rw,Z" "-v" "/var/lib/crater-agent-workspace/builds/worker-4-tc2/source:/opt/rustwide/workdir:ro,Z" "-v" "/var/lib/crater-agent-workspace/cargo-home:/opt/rustwide/cargo-home:ro,Z" "-v" "/var/lib/crater-agent-workspace/rustup-home:/opt/rustwide/rustup-home:ro,Z" "-e" "SOURCE_DIR=/opt/rustwide/workdir" "-e" "CARGO_TARGET_DIR=/opt/rustwide/target" "-e" "CARGO_HOME=/opt/rustwide/cargo-home" "-e" "RUSTUP_HOME=/opt/rustwide/rustup-home" "-w" "/opt/rustwide/workdir" "-m" "1610612736" "--user" "0:0" "--network" "none" "ghcr.io/rust-lang/crates-build-env/linux@sha256:2788e3201cd34a07e3172128adcd8b3090168a8e3bcc40d7c032b9dda1df7d1c" "/opt/rustwide/cargo-home/bin/cargo" "+beta-2023-12-22" "metadata" "--no-deps" "--format-version=1", kill_on_drop: false }`
[INFO] [stdout] 9a6141a20d91ab4400b7eed9f360514eb8329ec44e259ea705ccfacd9e104c7b
[INFO] running `Command { std: "docker" "start" "-a" "9a6141a20d91ab4400b7eed9f360514eb8329ec44e259ea705ccfacd9e104c7b", kill_on_drop: false }`
[INFO] running `Command { std: "docker" "inspect" "9a6141a20d91ab4400b7eed9f360514eb8329ec44e259ea705ccfacd9e104c7b", kill_on_drop: false }`
[INFO] running `Command { std: "docker" "rm" "-f" "9a6141a20d91ab4400b7eed9f360514eb8329ec44e259ea705ccfacd9e104c7b", kill_on_drop: false }`
[INFO] [stdout] 9a6141a20d91ab4400b7eed9f360514eb8329ec44e259ea705ccfacd9e104c7b
[INFO] running `Command { std: "docker" "create" "-v" "/var/lib/crater-agent-workspace/builds/worker-4-tc2/target:/opt/rustwide/target:rw,Z" "-v" "/var/lib/crater-agent-workspace/builds/worker-4-tc2/source:/opt/rustwide/workdir:ro,Z" "-v" "/var/lib/crater-agent-workspace/cargo-home:/opt/rustwide/cargo-home:ro,Z" "-v" "/var/lib/crater-agent-workspace/rustup-home:/opt/rustwide/rustup-home:ro,Z" "-e" "SOURCE_DIR=/opt/rustwide/workdir" "-e" "CARGO_TARGET_DIR=/opt/rustwide/target" "-e" "CARGO_INCREMENTAL=0" "-e" "RUST_BACKTRACE=full" "-e" "RUSTFLAGS=--cap-lints=warn" "-e" "RUSTDOCFLAGS=--cap-lints=warn" "-e" "CARGO_HOME=/opt/rustwide/cargo-home" "-e" "RUSTUP_HOME=/opt/rustwide/rustup-home" "-w" "/opt/rustwide/workdir" "-m" "1610612736" "--user" "0:0" "--network" "none" "ghcr.io/rust-lang/crates-build-env/linux@sha256:2788e3201cd34a07e3172128adcd8b3090168a8e3bcc40d7c032b9dda1df7d1c" "/opt/rustwide/cargo-home/bin/cargo" "+beta-2023-12-22" "build" "--frozen" "--message-format=json", kill_on_drop: false }`
[INFO] [stdout] 0fa3e56c9cccdc7ddd4cf2d636565fcb35c4b4f03428a1e21152c4b33ed07e04
[INFO] running `Command { std: "docker" "start" "-a" "0fa3e56c9cccdc7ddd4cf2d636565fcb35c4b4f03428a1e21152c4b33ed07e04", kill_on_drop: false }`
[INFO] [stderr]    Compiling autocfg v1.0.1
[INFO] [stderr]    Compiling libc v0.2.107
[INFO] [stderr]    Compiling version_check v0.9.3
[INFO] [stderr]    Compiling crc32fast v1.2.1
[INFO] [stderr]    Compiling bitflags v1.2.1
[INFO] [stderr]    Compiling adler32 v1.2.0
[INFO] [stderr]    Compiling once_cell v1.8.0
[INFO] [stderr]    Compiling byteorder v1.4.3
[INFO] [stderr]    Compiling sapp-linux v0.1.13
[INFO] [stderr]    Compiling miniz_oxide v0.3.7
[INFO] [stderr]    Compiling deflate v0.8.6
[INFO] [stderr]    Compiling ahash v0.7.6
[INFO] [stderr]    Compiling num-traits v0.2.14
[INFO] [stderr]    Compiling num-integer v0.1.44
[INFO] [stderr]    Compiling num-rational v0.3.2
[INFO] [stderr]    Compiling num-iter v0.1.42
[INFO] [stderr]    Compiling memoffset v0.6.4
[INFO] [stderr]    Compiling png v0.16.8
[INFO] [stderr]    Compiling color_quant v1.1.0
[INFO] [stderr]    Compiling getrandom v0.2.3
[INFO] [stderr]    Compiling ttf-parser v0.12.3
[INFO] [stderr]    Compiling bytemuck v1.7.2
[INFO] [stderr]    Compiling jpeg-decoder v0.1.22
[INFO] [stderr]    Compiling hashbrown v0.11.2
[INFO] [stderr]    Compiling quad-rand v0.2.1
[INFO] [stderr]    Compiling glam v0.20.0
[INFO] [stderr]    Compiling fontdue v0.6.2
[INFO] [stderr]    Compiling miniquad v0.3.0-alpha.43
[INFO] [stderr]    Compiling image v0.23.14
[INFO] [stderr]    Compiling ogt v0.1.0 (/opt/rustwide/workdir)
[INFO] [stdout] warning: unused import: `miniquad::gl::*`
[INFO] [stdout]  --> src/lib.rs:2:5
[INFO] [stdout]   |
[INFO] [stdout] 2 | use miniquad::gl::*;
[INFO] [stdout]   |     ^^^^^^^^^^^^^^^
[INFO] [stdout]   |
[INFO] [stdout]   = note: `#[warn(unused_imports)]` on by default
[INFO] [stdout] 
[INFO] [stdout] 
[INFO] [stdout] warning: unused import: `quad_rand as rnd`
[INFO] [stdout]  --> src/lib.rs:5:5
[INFO] [stdout]   |
[INFO] [stdout] 5 | use quad_rand as rnd;
[INFO] [stdout]   |     ^^^^^^^^^^^^^^^^
[INFO] [stdout] 
[INFO] [stdout] 
[INFO] [stdout] warning: unused import: `std::ffi::CString`
[INFO] [stdout]   --> src/lib.rs:13:5
[INFO] [stdout]    |
[INFO] [stdout] 13 | use std::ffi::CString;
[INFO] [stdout]    |     ^^^^^^^^^^^^^^^^^
[INFO] [stdout] 
[INFO] [stdout] 
[INFO] [stdout] warning: unused imports: `size_of_val`, `size_of`
[INFO] [stdout]   --> src/lib.rs:14:16
[INFO] [stdout]    |
[INFO] [stdout] 14 | use std::mem::{size_of, size_of_val};
[INFO] [stdout]    |                ^^^^^^^  ^^^^^^^^^^^
[INFO] [stdout] 
[INFO] [stdout] 
[INFO] [stdout] warning: unused import: `ColorType`
[INFO] [stdout]  --> src/font.rs:7:13
[INFO] [stdout]   |
[INFO] [stdout] 7 | use image::{ColorType, Rgba, RgbaImage};
[INFO] [stdout]   |             ^^^^^^^^^
[INFO] [stdout] 
[INFO] [stdout] 
[INFO] [stdout] warning: unused import: `miniquad::error`
[INFO] [stdout]  --> src/shader.rs:2:5
[INFO] [stdout]   |
[INFO] [stdout] 2 | use miniquad::error;
[INFO] [stdout]   |     ^^^^^^^^^^^^^^^
[INFO] [stdout] 
[INFO] [stdout] 
[INFO] [stdout] warning: unused import: `std::ffi::CString`
[INFO] [stdout]  --> src/shader.rs:4:5
[INFO] [stdout]   |
[INFO] [stdout] 4 | use std::ffi::CString;
[INFO] [stdout]   |     ^^^^^^^^^^^^^^^^^
[INFO] [stdout] 
[INFO] [stdout] 
[INFO] [stdout] warning: unused import: `std::rc::Rc`
[INFO] [stdout]  --> src/sprite_batch.rs:9:5
[INFO] [stdout]   |
[INFO] [stdout] 9 | use std::rc::Rc;
[INFO] [stdout]   |     ^^^^^^^^^^^
[INFO] [stdout] 
[INFO] [stdout] 
[INFO] [stdout] warning: unused variable: `i`
[INFO] [stdout]   --> src/rect_pack.rs:67:23
[INFO] [stdout]    |
[INFO] [stdout] 67 |             .filter(|(i, s)| s.width >= update.width && s.height >= update.height)
[INFO] [stdout]    |                       ^ help: if this is intentional, prefix it with an underscore: `_i`
[INFO] [stdout]    |
[INFO] [stdout]    = note: `#[warn(unused_variables)]` on by default
[INFO] [stdout] 
[INFO] [stdout] 
[INFO] [stdout] warning: unused variable: `context`
[INFO] [stdout]  --> src/shader.rs:7:5
[INFO] [stdout]   |
[INFO] [stdout] 7 |     context: &Context,
[INFO] [stdout]   |     ^^^^^^^ help: if this is intentional, prefix it with an underscore: `_context`
[INFO] [stdout] 
[INFO] [stdout] 
[INFO] [stdout] warning: unused variable: `context`
[INFO] [stdout]    --> src/shape_batch.rs:192:28
[INFO] [stdout]     |
[INFO] [stdout] 192 |     pub fn draw(&mut self, context: &Context) {
[INFO] [stdout]     |                            ^^^^^^^ help: if this is intentional, prefix it with an underscore: `_context`
[INFO] [stdout] 
[INFO] [stdout] 
[INFO] [stdout] warning: unused variable: `element_buffer_id`
[INFO] [stdout]    --> src/shape_batch.rs:227:17
[INFO] [stdout]     |
[INFO] [stdout] 227 |         let mut element_buffer_id: GLuint = 0;
[INFO] [stdout]     |                 ^^^^^^^^^^^^^^^^^ help: if this is intentional, prefix it with an underscore: `_element_buffer_id`
[INFO] [stdout] 
[INFO] [stdout] 
[INFO] [stdout] warning: variable does not need to be mutable
[INFO] [stdout]    --> src/shape_batch.rs:227:13
[INFO] [stdout]     |
[INFO] [stdout] 227 |         let mut element_buffer_id: GLuint = 0;
[INFO] [stdout]     |             ----^^^^^^^^^^^^^^^^^
[INFO] [stdout]     |             |
[INFO] [stdout]     |             help: remove this `mut`
[INFO] [stdout]     |
[INFO] [stdout]     = note: `#[warn(unused_mut)]` on by default
[INFO] [stdout] 
[INFO] [stdout] 
[INFO] [stdout] warning: unused variable: `ctx`
[INFO] [stdout]   --> src/texture.rs:28:24
[INFO] [stdout]    |
[INFO] [stdout] 28 |     pub fn bind(&self, ctx: &Context) {
[INFO] [stdout]    |                        ^^^ help: if this is intentional, prefix it with an underscore: `_ctx`
[INFO] [stdout] 
[INFO] [stdout] 
[INFO] [stdout] warning: unused variable: `context`
[INFO] [stdout]   --> src/lib.rs:99:26
[INFO] [stdout]    |
[INFO] [stdout] 99 |     fn render(&mut self, context: &Context, delta: f32) {}
[INFO] [stdout]    |                          ^^^^^^^ help: if this is intentional, prefix it with an underscore: `_context`
[INFO] [stdout] 
[INFO] [stdout] 
[INFO] [stdout] warning: unused variable: `delta`
[INFO] [stdout]   --> src/lib.rs:99:45
[INFO] [stdout]    |
[INFO] [stdout] 99 |     fn render(&mut self, context: &Context, delta: f32) {}
[INFO] [stdout]    |                                             ^^^^^ help: if this is intentional, prefix it with an underscore: `_delta`
[INFO] [stdout] 
[INFO] [stdout] 
[INFO] [stdout] warning: field `line_metrics` is never read
[INFO] [stdout]   --> src/font.rs:15:5
[INFO] [stdout]    |
[INFO] [stdout] 14 | pub struct Font {
[INFO] [stdout]    |            ---- field in this struct
[INFO] [stdout] 15 |     line_metrics: fd::LineMetrics,
[INFO] [stdout]    |     ^^^^^^^^^^^^
[INFO] [stdout]    |
[INFO] [stdout]    = note: `#[warn(dead_code)]` on by default
[INFO] [stdout] 
[INFO] [stdout] 
[INFO] [stdout] warning: call to `.borrow()` on a reference in this situation does nothing
[INFO] [stdout]    --> src/sprite_batch.rs:117:62
[INFO] [stdout]     |
[INFO] [stdout] 117 |                   .expect("Texture must be set on SpriteBatch")
[INFO] [stdout]     |  ______________________________________________________________^
[INFO] [stdout] 118 | |                 .borrow()
[INFO] [stdout]     | |_________________________^ help: remove this redundant call
[INFO] [stdout]     |
[INFO] [stdout]     = note: the type `texture::Texture` does not implement `Borrow`, so calling `borrow` on `&texture::Texture` copies the reference, which does not do anything and can be removed
[INFO] [stdout]     = note: `#[warn(noop_method_call)]` on by default
[INFO] [stdout] 
[INFO] [stdout] 
[INFO] [stdout] warning: call to `.borrow()` on a reference in this situation does nothing
[INFO] [stdout]    --> src/sprite_batch.rs:145:58
[INFO] [stdout]     |
[INFO] [stdout] 145 |               .expect("Texture must be set on SpriteBatch")
[INFO] [stdout]     |  __________________________________________________________^
[INFO] [stdout] 146 | |             .borrow();
[INFO] [stdout]     | |_____________________^ help: remove this redundant call
[INFO] [stdout]     |
[INFO] [stdout]     = note: the type `texture::Texture` does not implement `Borrow`, so calling `borrow` on `&texture::Texture` copies the reference, which does not do anything and can be removed
[INFO] [stdout] 
[INFO] [stdout] 
[INFO] [stdout] warning: 19 warnings emitted
[INFO] [stdout] 
[INFO] [stdout] 
[INFO] [stderr]     Finished dev [unoptimized + debuginfo] target(s) in 9.75s
[INFO] running `Command { std: "docker" "inspect" "0fa3e56c9cccdc7ddd4cf2d636565fcb35c4b4f03428a1e21152c4b33ed07e04", kill_on_drop: false }`
[INFO] running `Command { std: "docker" "rm" "-f" "0fa3e56c9cccdc7ddd4cf2d636565fcb35c4b4f03428a1e21152c4b33ed07e04", kill_on_drop: false }`
[INFO] [stdout] 0fa3e56c9cccdc7ddd4cf2d636565fcb35c4b4f03428a1e21152c4b33ed07e04
[INFO] running `Command { std: "docker" "create" "-v" "/var/lib/crater-agent-workspace/builds/worker-4-tc2/target:/opt/rustwide/target:rw,Z" "-v" "/var/lib/crater-agent-workspace/builds/worker-4-tc2/source:/opt/rustwide/workdir:ro,Z" "-v" "/var/lib/crater-agent-workspace/cargo-home:/opt/rustwide/cargo-home:ro,Z" "-v" "/var/lib/crater-agent-workspace/rustup-home:/opt/rustwide/rustup-home:ro,Z" "-e" "SOURCE_DIR=/opt/rustwide/workdir" "-e" "CARGO_TARGET_DIR=/opt/rustwide/target" "-e" "CARGO_INCREMENTAL=0" "-e" "RUST_BACKTRACE=full" "-e" "RUSTFLAGS=--cap-lints=warn" "-e" "RUSTDOCFLAGS=--cap-lints=warn" "-e" "CARGO_HOME=/opt/rustwide/cargo-home" "-e" "RUSTUP_HOME=/opt/rustwide/rustup-home" "-w" "/opt/rustwide/workdir" "-m" "1610612736" "--user" "0:0" "--network" "none" "ghcr.io/rust-lang/crates-build-env/linux@sha256:2788e3201cd34a07e3172128adcd8b3090168a8e3bcc40d7c032b9dda1df7d1c" "/opt/rustwide/cargo-home/bin/cargo" "+beta-2023-12-22" "test" "--frozen" "--no-run" "--message-format=json", kill_on_drop: false }`
[INFO] [stdout] 26696747f9ce39aa29d57d36d261935c7e75c7821835fcc2ad8f9b8df8b3f08d
[INFO] running `Command { std: "docker" "start" "-a" "26696747f9ce39aa29d57d36d261935c7e75c7821835fcc2ad8f9b8df8b3f08d", kill_on_drop: false }`
[INFO] [stderr]    Compiling num-integer v0.1.44
[INFO] [stderr]    Compiling num-iter v0.1.42
[INFO] [stderr]    Compiling crossbeam-utils v0.8.5
[INFO] [stderr]    Compiling num-bigint v0.3.3
[INFO] [stderr]    Compiling getrandom v0.1.16
[INFO] [stderr]    Compiling num-rational v0.3.2
[INFO] [stderr]    Compiling crossbeam-epoch v0.9.5
[INFO] [stderr]    Compiling rayon-core v1.9.1
[INFO] [stderr]    Compiling matrixmultiply v0.1.15
[INFO] [stderr]    Compiling ppv-lite86 v0.2.15
[INFO] [stderr]    Compiling num_cpus v1.13.0
[INFO] [stderr]    Compiling rayon v1.5.1
[INFO] [stderr]    Compiling rand_core v0.5.1
[INFO] [stderr]    Compiling either v1.6.1
[INFO] [stderr]    Compiling rawpointer v0.1.0
[INFO] [stderr]    Compiling ttf-parser v0.6.2
[INFO] [stderr]    Compiling num v0.1.42
[INFO] [stderr]    Compiling crossbeam-channel v0.5.1
[INFO] [stderr]    Compiling rand_chacha v0.2.2
[INFO] [stderr]    Compiling num-complex v0.3.1
[INFO] [stderr]    Compiling custom_derive v0.1.7
[INFO] [stderr]    Compiling ab_glyph_rasterizer v0.1.5
[INFO] [stderr]    Compiling crossbeam-deque v0.8.1
[INFO] [stderr]    Compiling rand v0.7.3
[INFO] [stderr]    Compiling conv v0.3.3
[INFO] [stderr]    Compiling rulinalg v0.4.2
[INFO] [stderr]    Compiling itertools v0.9.0
[INFO] [stderr]    Compiling owned_ttf_parser v0.6.0
[INFO] [stderr]    Compiling rusttype v0.9.2
[INFO] [stderr]    Compiling image v0.23.14
[INFO] [stderr]    Compiling num v0.3.1
[INFO] [stderr]    Compiling rand_distr v0.2.2
[INFO] [stderr]    Compiling ogt v0.1.0 (/opt/rustwide/workdir)
[INFO] [stdout] warning: unused import: `miniquad::gl::*`
[INFO] [stdout]  --> src/lib.rs:2:5
[INFO] [stdout]   |
[INFO] [stdout] 2 | use miniquad::gl::*;
[INFO] [stdout]   |     ^^^^^^^^^^^^^^^
[INFO] [stdout]   |
[INFO] [stdout]   = note: `#[warn(unused_imports)]` on by default
[INFO] [stdout] 
[INFO] [stdout] 
[INFO] [stdout] warning: unused import: `quad_rand as rnd`
[INFO] [stdout]  --> src/lib.rs:5:5
[INFO] [stdout]   |
[INFO] [stdout] 5 | use quad_rand as rnd;
[INFO] [stdout]   |     ^^^^^^^^^^^^^^^^
[INFO] [stdout] 
[INFO] [stdout] 
[INFO] [stdout] warning: unused import: `std::ffi::CString`
[INFO] [stdout]   --> src/lib.rs:13:5
[INFO] [stdout]    |
[INFO] [stdout] 13 | use std::ffi::CString;
[INFO] [stdout]    |     ^^^^^^^^^^^^^^^^^
[INFO] [stdout] 
[INFO] [stdout] 
[INFO] [stdout] warning: unused imports: `size_of_val`, `size_of`
[INFO] [stdout]   --> src/lib.rs:14:16
[INFO] [stdout]    |
[INFO] [stdout] 14 | use std::mem::{size_of, size_of_val};
[INFO] [stdout]    |                ^^^^^^^  ^^^^^^^^^^^
[INFO] [stdout] 
[INFO] [stdout] 
[INFO] [stdout] warning: unused import: `ColorType`
[INFO] [stdout]  --> src/font.rs:7:13
[INFO] [stdout]   |
[INFO] [stdout] 7 | use image::{ColorType, Rgba, RgbaImage};
[INFO] [stdout]   |             ^^^^^^^^^
[INFO] [stdout] 
[INFO] [stdout] 
[INFO] [stdout] warning: unused import: `miniquad::error`
[INFO] [stdout]  --> src/shader.rs:2:5
[INFO] [stdout]   |
[INFO] [stdout] 2 | use miniquad::error;
[INFO] [stdout]   |     ^^^^^^^^^^^^^^^
[INFO] [stdout] 
[INFO] [stdout] 
[INFO] [stdout] warning: unused import: `std::ffi::CString`
[INFO] [stdout]  --> src/shader.rs:4:5
[INFO] [stdout]   |
[INFO] [stdout] 4 | use std::ffi::CString;
[INFO] [stdout]   |     ^^^^^^^^^^^^^^^^^
[INFO] [stdout] 
[INFO] [stdout] 
[INFO] [stdout] warning: unused import: `std::rc::Rc`
[INFO] [stdout]  --> src/sprite_batch.rs:9:5
[INFO] [stdout]   |
[INFO] [stdout] 9 | use std::rc::Rc;
[INFO] [stdout]   |     ^^^^^^^^^^^
[INFO] [stdout] 
[INFO] [stdout] 
[INFO] [stderr]    Compiling imageproc v0.22.0
[INFO] [stdout] warning: unused variable: `i`
[INFO] [stdout]   --> src/rect_pack.rs:67:23
[INFO] [stdout]    |
[INFO] [stdout] 67 |             .filter(|(i, s)| s.width >= update.width && s.height >= update.height)
[INFO] [stdout]    |                       ^ help: if this is intentional, prefix it with an underscore: `_i`
[INFO] [stdout]    |
[INFO] [stdout]    = note: `#[warn(unused_variables)]` on by default
[INFO] [stdout] 
[INFO] [stdout] 
[INFO] [stdout] warning: unused variable: `context`
[INFO] [stdout]  --> src/shader.rs:7:5
[INFO] [stdout]   |
[INFO] [stdout] 7 |     context: &Context,
[INFO] [stdout]   |     ^^^^^^^ help: if this is intentional, prefix it with an underscore: `_context`
[INFO] [stdout] 
[INFO] [stdout] 
[INFO] [stdout] warning: unused variable: `context`
[INFO] [stdout]    --> src/shape_batch.rs:192:28
[INFO] [stdout]     |
[INFO] [stdout] 192 |     pub fn draw(&mut self, context: &Context) {
[INFO] [stdout]     |                            ^^^^^^^ help: if this is intentional, prefix it with an underscore: `_context`
[INFO] [stdout] 
[INFO] [stdout] 
[INFO] [stdout] warning: unused variable: `element_buffer_id`
[INFO] [stdout]    --> src/shape_batch.rs:227:17
[INFO] [stdout]     |
[INFO] [stdout] 227 |         let mut element_buffer_id: GLuint = 0;
[INFO] [stdout]     |                 ^^^^^^^^^^^^^^^^^ help: if this is intentional, prefix it with an underscore: `_element_buffer_id`
[INFO] [stdout] 
[INFO] [stdout] 
[INFO] [stdout] warning: variable does not need to be mutable
[INFO] [stdout]    --> src/shape_batch.rs:227:13
[INFO] [stdout]     |
[INFO] [stdout] 227 |         let mut element_buffer_id: GLuint = 0;
[INFO] [stdout]     |             ----^^^^^^^^^^^^^^^^^
[INFO] [stdout]     |             |
[INFO] [stdout]     |             help: remove this `mut`
[INFO] [stdout]     |
[INFO] [stdout]     = note: `#[warn(unused_mut)]` on by default
[INFO] [stdout] 
[INFO] [stdout] 
[INFO] [stdout] warning: unused variable: `ctx`
[INFO] [stdout]   --> src/texture.rs:28:24
[INFO] [stdout]    |
[INFO] [stdout] 28 |     pub fn bind(&self, ctx: &Context) {
[INFO] [stdout]    |                        ^^^ help: if this is intentional, prefix it with an underscore: `_ctx`
[INFO] [stdout] 
[INFO] [stdout] 
[INFO] [stdout] warning: unused variable: `context`
[INFO] [stdout]   --> src/lib.rs:99:26
[INFO] [stdout]    |
[INFO] [stdout] 99 |     fn render(&mut self, context: &Context, delta: f32) {}
[INFO] [stdout]    |                          ^^^^^^^ help: if this is intentional, prefix it with an underscore: `_context`
[INFO] [stdout] 
[INFO] [stdout] 
[INFO] [stdout] warning: unused variable: `delta`
[INFO] [stdout]   --> src/lib.rs:99:45
[INFO] [stdout]    |
[INFO] [stdout] 99 |     fn render(&mut self, context: &Context, delta: f32) {}
[INFO] [stdout]    |                                             ^^^^^ help: if this is intentional, prefix it with an underscore: `_delta`
[INFO] [stdout] 
[INFO] [stdout] 
[INFO] [stdout] warning: field `line_metrics` is never read
[INFO] [stdout]   --> src/font.rs:15:5
[INFO] [stdout]    |
[INFO] [stdout] 14 | pub struct Font {
[INFO] [stdout]    |            ---- field in this struct
[INFO] [stdout] 15 |     line_metrics: fd::LineMetrics,
[INFO] [stdout]    |     ^^^^^^^^^^^^
[INFO] [stdout]    |
[INFO] [stdout]    = note: `#[warn(dead_code)]` on by default
[INFO] [stdout] 
[INFO] [stdout] 
[INFO] [stdout] warning: call to `.borrow()` on a reference in this situation does nothing
[INFO] [stdout]    --> src/sprite_batch.rs:117:62
[INFO] [stdout]     |
[INFO] [stdout] 117 |                   .expect("Texture must be set on SpriteBatch")
[INFO] [stdout]     |  ______________________________________________________________^
[INFO] [stdout] 118 | |                 .borrow()
[INFO] [stdout]     | |_________________________^ help: remove this redundant call
[INFO] [stdout]     |
[INFO] [stdout]     = note: the type `texture::Texture` does not implement `Borrow`, so calling `borrow` on `&texture::Texture` copies the reference, which does not do anything and can be removed
[INFO] [stdout]     = note: `#[warn(noop_method_call)]` on by default
[INFO] [stdout] 
[INFO] [stdout] 
[INFO] [stdout] warning: call to `.borrow()` on a reference in this situation does nothing
[INFO] [stdout]    --> src/sprite_batch.rs:145:58
[INFO] [stdout]     |
[INFO] [stdout] 145 |               .expect("Texture must be set on SpriteBatch")
[INFO] [stdout]     |  __________________________________________________________^
[INFO] [stdout] 146 | |             .borrow();
[INFO] [stdout]     | |_____________________^ help: remove this redundant call
[INFO] [stdout]     |
[INFO] [stdout]     = note: the type `texture::Texture` does not implement `Borrow`, so calling `borrow` on `&texture::Texture` copies the reference, which does not do anything and can be removed
[INFO] [stdout] 
[INFO] [stdout] 
[INFO] [stdout] warning: 19 warnings emitted
[INFO] [stdout] 
[INFO] [stdout] 
[INFO] [stdout] warning: unused imports: `conf`, `start`
[INFO] [stdout]  --> examples/bunnymark.rs:3:16
[INFO] [stdout]   |
[INFO] [stdout] 3 | use miniquad::{conf, date, start, EventHandler};
[INFO] [stdout]   |                ^^^^        ^^^^^
[INFO] [stdout]   |
[INFO] [stdout]   = note: `#[warn(unused_imports)]` on by default
[INFO] [stdout] 
[INFO] [stdout] 
[INFO] [stdout] warning: unused import: `std::rc::Rc`
[INFO] [stdout]  --> examples/bunnymark.rs:6:5
[INFO] [stdout]   |
[INFO] [stdout] 6 | use std::rc::Rc;
[INFO] [stdout]   |     ^^^^^^^^^^^
[INFO] [stdout] 
[INFO] [stdout] 
[INFO] [stdout] error[E0050]: method `render` has 2 parameters but the declaration in trait `render` has 3
[INFO] [stdout]   --> examples/bunnymark.rs:18:15
[INFO] [stdout]    |
[INFO] [stdout] 18 |     fn render(&mut self, ctx: &Context) {
[INFO] [stdout]    |               ^^^^^^^^^^^^^^^^^^^^^^^^ expected 3 parameters, found 2
[INFO] [stdout]    |
[INFO] [stdout]    = note: `render` from trait: `fn(&mut Self, &ogt::Context, f32)`
[INFO] [stdout] 
[INFO] [stdout] 
[INFO] [stdout] error[E0061]: this method takes 5 arguments but 4 arguments were supplied
[INFO] [stdout]   --> examples/bunnymark.rs:81:19
[INFO] [stdout]    |
[INFO] [stdout] 81 |           self.font.draw_text(
[INFO] [stdout]    |  ___________________^^^^^^^^^-
[INFO] [stdout] 82 | |             ctx,
[INFO] [stdout] 83 | |             &mut self.sprite_batch,
[INFO] [stdout] 84 | |             &format!("FPS: {:.2}, #b: {}", 1.0 / delta, self.bunnies.len()),
[INFO] [stdout] 85 | |             vec2(20.0, 20.0),
[INFO] [stdout] 86 | |         );
[INFO] [stdout]    | |_________- an argument of type `ogt::Color` is missing
[INFO] [stdout]    |
[INFO] [stdout] note: method defined here
[INFO] [stdout]   --> /opt/rustwide/workdir/src/font.rs:61:12
[INFO] [stdout]    |
[INFO] [stdout] 61 |     pub fn draw_text(
[INFO] [stdout]    |            ^^^^^^^^^
[INFO] [stdout] help: provide the argument
[INFO] [stdout]    |
[INFO] [stdout] 81 |         self.font.draw_text(ctx, &mut self.sprite_batch, &format!("FPS: {:.2}, #b: {}", 1.0 / delta, self.bunnies.len()), vec2(20.0, 20.0), /* ogt::Color */);
[INFO] [stdout]    |                            ~~~~~~~~~~~~~~~~~~~~~~~~~~~~~~~~~~~~~~~~~~~~~~~~~~~~~~~~~~~~~~~~~~~~~~~~~~~~~~~~~~~~~~~~~~~~~~~~~~~~~~~~~~~~~~~~~~~~~~~~~~~~~~~~~~
[INFO] [stdout] 
[INFO] [stdout] 
[INFO] [stdout] error: couldn't read src/../Hack-Regular.ttf: No such file or directory (os error 2)
[INFO] [stdout]    --> src/font.rs:110:13
[INFO] [stdout]     |
[INFO] [stdout] 110 |             include_bytes!("../Hack-Regular.ttf"),
[INFO] [stdout]     |             ^^^^^^^^^^^^^^^^^^^^^^^^^^^^^^^^^^^^^
[INFO] [stdout]     |
[INFO] [stdout]     = note: this error originates in the macro `include_bytes` (in Nightly builds, run with -Z macro-backtrace for more info)
[INFO] [stdout] 
[INFO] [stdout] 
[INFO] [stdout] error[E0599]: no method named `add_circle_filled` found for struct `ogt::ShapeBatch` in the current scope
[INFO] [stdout]    --> examples/bunnymark.rs:111:26
[INFO] [stdout]     |
[INFO] [stdout] 111 |         self.shape_batch.add_circle_filled(
[INFO] [stdout]     |         -----------------^^^^^^^^^^^^^^^^^ help: there is a method with a similar name: `add_circle`
[INFO] [stdout] 
[INFO] [stdout] 
[INFO] [stdout] warning: unused import: `EventHandler`
[INFO] [stdout]  --> examples/bunnymark.rs:3:35
[INFO] [stdout]   |
[INFO] [stdout] 3 | use miniquad::{conf, date, start, EventHandler};
[INFO] [stdout]   |                                   ^^^^^^^^^^^^
[INFO] [stdout] 
[INFO] [stdout] 
[INFO] [stdout] warning: unused import: `miniquad::gl::*`
[INFO] [stdout]  --> src/lib.rs:2:5
[INFO] [stdout]   |
[INFO] [stdout] 2 | use miniquad::gl::*;
[INFO] [stdout]   |     ^^^^^^^^^^^^^^^
[INFO] [stdout]   |
[INFO] [stdout]   = note: `#[warn(unused_imports)]` on by default
[INFO] [stdout] 
[INFO] [stdout] 
[INFO] [stdout] warning: unused import: `quad_rand as rnd`
[INFO] [stdout]  --> src/lib.rs:5:5
[INFO] [stdout]   |
[INFO] [stdout] 5 | use quad_rand as rnd;
[INFO] [stdout]   |     ^^^^^^^^^^^^^^^^
[INFO] [stdout] 
[INFO] [stdout] 
[INFO] [stdout] warning: unused import: `std::ffi::CString`
[INFO] [stdout]   --> src/lib.rs:13:5
[INFO] [stdout]    |
[INFO] [stdout] 13 | use std::ffi::CString;
[INFO] [stdout]    |     ^^^^^^^^^^^^^^^^^
[INFO] [stdout] 
[INFO] [stdout] 
[INFO] [stdout] error: aborting due to 3 previous errors; 3 warnings emitted
[INFO] [stdout] 
[INFO] [stdout] 
[INFO] [stdout] warning: unused imports: `size_of_val`, `size_of`
[INFO] [stdout]   --> src/lib.rs:14:16
[INFO] [stdout]    |
[INFO] [stdout] 14 | use std::mem::{size_of, size_of_val};
[INFO] [stdout]    |                ^^^^^^^  ^^^^^^^^^^^
[INFO] [stdout] 
[INFO] [stdout] 
[INFO] [stdout] Some errors have detailed explanations: E0050, E0061, E0599.
[INFO] [stdout] 
[INFO] [stdout] warning: unused import: `ColorType`
[INFO] [stdout]  --> src/font.rs:7:13
[INFO] [stdout]   |
[INFO] [stdout] 7 | use image::{ColorType, Rgba, RgbaImage};
[INFO] [stdout]   |             ^^^^^^^^^
[INFO] [stdout] 
[INFO] [stdout] 
[INFO] [stdout] For more information about an error, try `rustc --explain E0050`.
[INFO] [stdout] 
[INFO] [stdout] warning: unused import: `imageproc::rect::Rect as r`
[INFO] [stdout]    --> src/rect_pack.rs:127:9
[INFO] [stdout]     |
[INFO] [stdout] 127 |     use imageproc::rect::Rect as r;
[INFO] [stdout]     |         ^^^^^^^^^^^^^^^^^^^^^^^^^^
[INFO] [stdout] 
[INFO] [stdout] 
[INFO] [stdout] warning: unused import: `miniquad::error`
[INFO] [stdout]  --> src/shader.rs:2:5
[INFO] [stdout]   |
[INFO] [stdout] 2 | use miniquad::error;
[INFO] [stdout]   |     ^^^^^^^^^^^^^^^
[INFO] [stdout] 
[INFO] [stdout] 
[INFO] [stdout] warning: unused import: `std::ffi::CString`
[INFO] [stdout]  --> src/shader.rs:4:5
[INFO] [stdout]   |
[INFO] [stdout] 4 | use std::ffi::CString;
[INFO] [stdout]   |     ^^^^^^^^^^^^^^^^^
[INFO] [stdout] 
[INFO] [stdout] 
[INFO] [stdout] warning: unused import: `std::rc::Rc`
[INFO] [stdout]  --> src/sprite_batch.rs:9:5
[INFO] [stdout]   |
[INFO] [stdout] 9 | use std::rc::Rc;
[INFO] [stdout]   |     ^^^^^^^^^^^
[INFO] [stdout] 
[INFO] [stdout] 
[INFO] [stderr] error: could not compile `ogt` (example "bunnymark") due to 4 previous errors; 3 warnings emitted
[INFO] [stderr] warning: build failed, waiting for other jobs to finish...
[INFO] [stdout] error[E0063]: missing fields `left`, `middle`, `mouse_position` and 1 other field in initializer of `Context`
[INFO] [stdout]    --> src/font.rs:107:14
[INFO] [stdout]     |
[INFO] [stdout] 107 |             &Context {
[INFO] [stdout]     |              ^^^^^^^ missing `left`, `middle`, `mouse_position` and 1 other field
[INFO] [stdout] 
[INFO] [stdout] 
[INFO] [stdout] warning: unused import: `image`
[INFO] [stdout]    --> src/rect_pack.rs:125:9
[INFO] [stdout]     |
[INFO] [stdout] 125 |     use image::*;
[INFO] [stdout]     |         ^^^^^
[INFO] [stdout] 
[INFO] [stdout] 
[INFO] [stdout] warning: unused import: `imageproc::drawing`
[INFO] [stdout]    --> src/rect_pack.rs:126:9
[INFO] [stdout]     |
[INFO] [stdout] 126 |     use imageproc::drawing::*;
[INFO] [stdout]     |         ^^^^^^^^^^^^^^^^^^
[INFO] [stdout] 
[INFO] [stdout] 
[INFO] [stdout] error[E0308]: mismatched types
[INFO] [stdout]    --> src/font.rs:108:30
[INFO] [stdout]     |
[INFO] [stdout] 108 |                 screen_size: (10, 10),
[INFO] [stdout]     |                              ^^^^^^^^ expected `UVec2`, found `({integer}, {integer})`
[INFO] [stdout]     |
[INFO] [stdout]     = note: expected struct `glam::UVec2`
[INFO] [stdout]                 found tuple `({integer}, {integer})`
[INFO] [stdout] help: call `Into::into` on this expression to convert `({integer}, {integer})` into `glam::UVec2`
[INFO] [stdout]     |
[INFO] [stdout] 108 |                 screen_size: (10, 10).into(),
[INFO] [stdout]     |                                      +++++++
[INFO] [stdout] 
[INFO] [stdout] 
[INFO] [stdout] error: aborting due to 3 previous errors; 11 warnings emitted
[INFO] [stdout] 
[INFO] [stdout] 
[INFO] [stdout] Some errors have detailed explanations: E0063, E0308.
[INFO] [stdout] 
[INFO] [stdout] For more information about an error, try `rustc --explain E0063`.
[INFO] [stdout] 
[INFO] [stderr] error: could not compile `ogt` (lib test) due to 4 previous errors; 11 warnings emitted
[INFO] running `Command { std: "docker" "inspect" "26696747f9ce39aa29d57d36d261935c7e75c7821835fcc2ad8f9b8df8b3f08d", kill_on_drop: false }`
[INFO] running `Command { std: "docker" "rm" "-f" "26696747f9ce39aa29d57d36d261935c7e75c7821835fcc2ad8f9b8df8b3f08d", kill_on_drop: false }`
[INFO] [stdout] 26696747f9ce39aa29d57d36d261935c7e75c7821835fcc2ad8f9b8df8b3f08d
