[INFO] cloning repository https://github.com/Buscame-CL/Buscame-Servidor-API
[INFO] running `Command { std: "git" "-c" "credential.helper=" "-c" "credential.helper=/workspace/cargo-home/bin/git-credential-null" "clone" "--bare" "https://github.com/Buscame-CL/Buscame-Servidor-API" "/workspace/cache/git-repos/https%3A%2F%2Fgithub.com%2FBuscame-CL%2FBuscame-Servidor-API", kill_on_drop: false }`
[INFO] [stderr] Cloning into bare repository '/workspace/cache/git-repos/https%3A%2F%2Fgithub.com%2FBuscame-CL%2FBuscame-Servidor-API'...
[INFO] running `Command { std: "git" "rev-parse" "HEAD", kill_on_drop: false }`
[INFO] [stdout] 6b0b207885791f9b437f13411894c32577b77a95
[INFO] testing Buscame-CL/Buscame-Servidor-API against 1.75.0 for beta-1.76-1
[INFO] running `Command { std: "git" "clone" "/workspace/cache/git-repos/https%3A%2F%2Fgithub.com%2FBuscame-CL%2FBuscame-Servidor-API" "/workspace/builds/worker-6-tc1/source", kill_on_drop: false }`
[INFO] [stderr] Cloning into '/workspace/builds/worker-6-tc1/source'...
[INFO] [stderr] done.
[INFO] validating manifest of git repo https://github.com/Buscame-CL/Buscame-Servidor-API on toolchain 1.75.0
[INFO] running `Command { std: CARGO_HOME="/workspace/cargo-home" RUSTUP_HOME="/workspace/rustup-home" "/workspace/cargo-home/bin/cargo" "+1.75.0" "metadata" "--manifest-path" "Cargo.toml" "--no-deps", kill_on_drop: false }`
[INFO] started tweaking git repo https://github.com/Buscame-CL/Buscame-Servidor-API
[INFO] finished tweaking git repo https://github.com/Buscame-CL/Buscame-Servidor-API
[INFO] tweaked toml for git repo https://github.com/Buscame-CL/Buscame-Servidor-API written to /workspace/builds/worker-6-tc1/source/Cargo.toml
[INFO] crate git repo https://github.com/Buscame-CL/Buscame-Servidor-API already has a lockfile, it will not be regenerated
[INFO] running `Command { std: CARGO_HOME="/workspace/cargo-home" RUSTUP_HOME="/workspace/rustup-home" "/workspace/cargo-home/bin/cargo" "+1.75.0" "fetch" "--manifest-path" "Cargo.toml", kill_on_drop: false }`
[INFO] [stderr]  Downloading crates ...
[INFO] [stderr]   Downloaded ref-cast v1.0.7
[INFO] [stderr]   Downloaded ubyte v0.10.2
[INFO] [stderr]   Downloaded ref-cast-impl v1.0.7
[INFO] [stderr]   Downloaded multer v2.0.2
[INFO] [stderr]   Downloaded async-std-resolver v0.21.2
[INFO] [stderr]   Downloaded once_cell v1.11.0
[INFO] [stderr]   Downloaded rocket_codegen v0.5.0-rc.2
[INFO] [stderr]   Downloaded rocket v0.5.0-rc.2
[INFO] [stderr]   Downloaded mongodb v2.3.0
[INFO] [stderr]   Downloaded bson v2.4.0
[INFO] [stderr]   Downloaded rocket_http v0.5.0-rc.2
[INFO] running `Command { std: "docker" "create" "-v" "/var/lib/crater-agent-workspace/builds/worker-6-tc1/target:/opt/rustwide/target:rw,Z" "-v" "/var/lib/crater-agent-workspace/builds/worker-6-tc1/source:/opt/rustwide/workdir:ro,Z" "-v" "/var/lib/crater-agent-workspace/cargo-home:/opt/rustwide/cargo-home:ro,Z" "-v" "/var/lib/crater-agent-workspace/rustup-home:/opt/rustwide/rustup-home:ro,Z" "-e" "SOURCE_DIR=/opt/rustwide/workdir" "-e" "CARGO_TARGET_DIR=/opt/rustwide/target" "-e" "CARGO_HOME=/opt/rustwide/cargo-home" "-e" "RUSTUP_HOME=/opt/rustwide/rustup-home" "-w" "/opt/rustwide/workdir" "-m" "1610612736" "--user" "0:0" "--network" "none" "ghcr.io/rust-lang/crates-build-env/linux@sha256:2788e3201cd34a07e3172128adcd8b3090168a8e3bcc40d7c032b9dda1df7d1c" "/opt/rustwide/cargo-home/bin/cargo" "+1.75.0" "metadata" "--no-deps" "--format-version=1", kill_on_drop: false }`
[INFO] [stdout] 1f80a322f9f050c77d8d13cf23954bcbba1822e43bcfb438ea79ba8fd12844ce
[INFO] running `Command { std: "docker" "start" "-a" "1f80a322f9f050c77d8d13cf23954bcbba1822e43bcfb438ea79ba8fd12844ce", kill_on_drop: false }`
[INFO] running `Command { std: "docker" "inspect" "1f80a322f9f050c77d8d13cf23954bcbba1822e43bcfb438ea79ba8fd12844ce", kill_on_drop: false }`
[INFO] running `Command { std: "docker" "rm" "-f" "1f80a322f9f050c77d8d13cf23954bcbba1822e43bcfb438ea79ba8fd12844ce", kill_on_drop: false }`
[INFO] [stdout] 1f80a322f9f050c77d8d13cf23954bcbba1822e43bcfb438ea79ba8fd12844ce
[INFO] running `Command { std: "docker" "create" "-v" "/var/lib/crater-agent-workspace/builds/worker-6-tc1/target:/opt/rustwide/target:rw,Z" "-v" "/var/lib/crater-agent-workspace/builds/worker-6-tc1/source:/opt/rustwide/workdir:ro,Z" "-v" "/var/lib/crater-agent-workspace/cargo-home:/opt/rustwide/cargo-home:ro,Z" "-v" "/var/lib/crater-agent-workspace/rustup-home:/opt/rustwide/rustup-home:ro,Z" "-e" "SOURCE_DIR=/opt/rustwide/workdir" "-e" "CARGO_TARGET_DIR=/opt/rustwide/target" "-e" "CARGO_INCREMENTAL=0" "-e" "RUST_BACKTRACE=full" "-e" "RUSTFLAGS=--cap-lints=warn" "-e" "RUSTDOCFLAGS=--cap-lints=warn" "-e" "CARGO_HOME=/opt/rustwide/cargo-home" "-e" "RUSTUP_HOME=/opt/rustwide/rustup-home" "-w" "/opt/rustwide/workdir" "-m" "1610612736" "--user" "0:0" "--network" "none" "ghcr.io/rust-lang/crates-build-env/linux@sha256:2788e3201cd34a07e3172128adcd8b3090168a8e3bcc40d7c032b9dda1df7d1c" "/opt/rustwide/cargo-home/bin/cargo" "+1.75.0" "build" "--frozen" "--message-format=json", kill_on_drop: false }`
[INFO] [stdout] 2d64f9b555983283f6c834043a5b5355bfc230ec475a2b2f3440653f911f1667
[INFO] running `Command { std: "docker" "start" "-a" "2d64f9b555983283f6c834043a5b5355bfc230ec475a2b2f3440653f911f1667", kill_on_drop: false }`
[INFO] [stderr]    Compiling proc-macro2 v1.0.39
[INFO] [stderr]    Compiling unicode-ident v1.0.0
[INFO] [stderr]    Compiling syn v1.0.95
[INFO] [stderr]    Compiling libc v0.2.126
[INFO] [stderr]    Compiling once_cell v1.11.0
[INFO] [stderr]    Compiling value-bag v1.0.0-alpha.9
[INFO] [stderr]    Compiling typenum v1.15.0
[INFO] [stderr]    Compiling futures-core v0.3.21
[INFO] [stderr]    Compiling generic-array v0.14.5
[INFO] [stderr]    Compiling log v0.4.17
[INFO] [stderr]    Compiling futures-io v0.3.21
[INFO] [stderr]    Compiling futures-channel v0.3.21
[INFO] [stderr]    Compiling bytes v1.1.0
[INFO] [stderr]    Compiling serde_derive v1.0.143
[INFO] [stderr]    Compiling subtle v2.4.1
[INFO] [stderr]    Compiling itoa v1.0.2
[INFO] [stderr]    Compiling slab v0.4.6
[INFO] [stderr]    Compiling serde v1.0.143
[INFO] [stderr]    Compiling futures-sink v0.3.21
[INFO] [stderr]    Compiling futures-task v0.3.21
[INFO] [stderr]    Compiling futures-util v0.3.21
[INFO] [stderr]    Compiling cpufeatures v0.2.2
[INFO] [stderr]    Compiling quote v1.0.18
[INFO] [stderr]    Compiling socket2 v0.4.4
[INFO] [stderr]    Compiling getrandom v0.2.6
[INFO] [stderr]    Compiling signal-hook-registry v1.4.0
[INFO] [stderr]    Compiling num_cpus v1.13.1
[INFO] [stderr]    Compiling rand_core v0.6.3
[INFO] [stderr]    Compiling proc-macro2-diagnostics v0.9.1
[INFO] [stderr]    Compiling rand_chacha v0.3.1
[INFO] [stderr]    Compiling tracing-core v0.1.26
[INFO] [stderr]    Compiling hashbrown v0.11.2
[INFO] [stderr]    Compiling fastrand v1.7.0
[INFO] [stderr]    Compiling cache-padded v1.2.0
[INFO] [stderr]    Compiling time-macros v0.2.4
[INFO] [stderr]    Compiling smallvec v1.8.0
[INFO] [stderr]    Compiling num_threads v0.1.6
[INFO] [stderr]    Compiling cc v1.0.73
[INFO] [stderr]    Compiling concurrent-queue v1.2.2
[INFO] [stderr]    Compiling http v0.2.7
[INFO] [stderr]    Compiling indexmap v1.8.1
[INFO] [stderr]    Compiling httparse v1.7.1
[INFO] [stderr]    Compiling parking v2.0.0
[INFO] [stderr]    Compiling block-buffer v0.10.2
[INFO] [stderr]    Compiling crypto-common v0.1.3
[INFO] [stderr]    Compiling cipher v0.3.0
[INFO] [stderr]    Compiling universal-hash v0.4.1
[INFO] [stderr]    Compiling digest v0.10.3
[INFO] [stderr]    Compiling event-listener v2.5.2
[INFO] [stderr]    Compiling base64 v0.13.0
[INFO] [stderr]    Compiling waker-fn v1.1.0
[INFO] [stderr]    Compiling futures-lite v1.12.0
[INFO] [stderr]    Compiling hmac v0.12.1
[INFO] [stderr]    Compiling polyval v0.5.3
[INFO] [stderr]    Compiling rand v0.8.5
[INFO] [stderr]    Compiling try-lock v0.2.3
[INFO] [stderr]    Compiling ghash v0.4.4
[INFO] [stderr]    Compiling ring v0.16.20
[INFO] [stderr]    Compiling unicode-normalization v0.1.19
[INFO] [stderr]    Compiling sha2 v0.10.2
[INFO] [stderr]    Compiling ctr v0.8.0
[INFO] [stderr]    Compiling aes v0.7.5
[INFO] [stderr]    Compiling aead v0.4.3
[INFO] [stderr]    Compiling lock_api v0.4.7
[INFO] [stderr]    Compiling cookie v0.16.0
[INFO] [stderr]    Compiling async-trait v0.1.53
[INFO] [stderr]    Compiling matches v0.1.9
[INFO] [stderr]    Compiling parking_lot_core v0.9.3
[INFO] [stderr]    Compiling aes-gcm v0.9.4
[INFO] [stderr]    Compiling http-body v0.4.5
[INFO] [stderr]    Compiling hkdf v0.12.3
[INFO] [stderr]    Compiling tower-service v0.3.1
[INFO] [stderr]    Compiling ident_case v1.0.1
[INFO] [stderr]    Compiling semver-parser v0.7.0
[INFO] [stderr]    Compiling inlinable_string v0.1.15
[INFO] [stderr]    Compiling signal-hook v0.3.14
[INFO] [stderr]    Compiling async-task v4.2.0
[INFO] [stderr]    Compiling ref-cast v1.0.7
[INFO] [stderr]    Compiling semver v0.9.0
[INFO] [stderr]    Compiling idna v0.2.3
[INFO] [stderr]    Compiling form_urlencoded v1.0.1
[INFO] [stderr]    Compiling time v0.3.9
[INFO] [stderr]    Compiling mio v0.8.3
[INFO] [stderr]    Compiling async-channel v1.6.1
[INFO] [stderr]    Compiling darling_core v0.13.4
[INFO] [stderr]    Compiling num-traits v0.2.15
[INFO] [stderr]    Compiling uncased v0.9.7
[INFO] [stderr]    Compiling heck v0.4.0
[INFO] [stderr]    Compiling serde_json v1.0.81
[INFO] [stderr]    Compiling match_cfg v0.1.0
[INFO] [stderr]    Compiling atomic-waker v1.0.0
[INFO] [stderr]    Compiling crossbeam-utils v0.8.8
[INFO] [stderr]    Compiling blocking v1.2.0
[INFO] [stderr]    Compiling hostname v0.3.1
[INFO] [stderr]    Compiling tokio v1.18.2
[INFO] [stderr]    Compiling devise_core v0.3.1
[INFO] [stderr]    Compiling url v2.2.2
[INFO] [stderr]    Compiling parking_lot v0.12.0
[INFO] [stderr]    Compiling rustc_version v0.2.3
[INFO] [stderr]    Compiling webpki v0.22.0
[INFO] [stderr]    Compiling async-executor v1.4.1
[INFO] [stderr]    Compiling want v0.3.0
[INFO] [stderr]    Compiling async-mutex v1.4.0
[INFO] [stderr]    Compiling tracing v0.1.34
[INFO] [stderr]    Compiling stable-pattern v0.1.0
[INFO] [stderr]    Compiling ryu v1.0.10
[INFO] [stderr]    Compiling ctor v0.1.22
[INFO] [stderr]    Compiling tokio-macros v1.7.0
[INFO] [stderr]    Compiling futures-macro v0.3.21
[INFO] [stderr]    Compiling tracing-attributes v0.1.21
[INFO] [stderr]    Compiling pear_codegen v0.2.3
[INFO] [stderr]    Compiling ref-cast-impl v1.0.7
[INFO] [stderr]    Compiling polling v2.2.0
[INFO] [stderr]    Compiling thiserror-impl v1.0.31
[INFO] [stderr]    Compiling pear v0.2.3
[INFO] [stderr]    Compiling async-io v1.6.0
[INFO] [stderr]    Compiling darling_macro v0.13.4
[INFO] [stderr]    Compiling enum-as-inner v0.4.0
[INFO] [stderr]    Compiling linked-hash-map v0.5.4
[INFO] [stderr]    Compiling state v0.5.3
[INFO] [stderr]    Compiling ipnet v2.5.0
[INFO] [stderr]    Compiling data-encoding v2.3.2
[INFO] [stderr]    Compiling rustls v0.20.6
[INFO] [stderr]    Compiling rustversion v1.0.6
[INFO] [stderr]    Compiling thiserror v1.0.31
[INFO] [stderr]    Compiling darling v0.13.4
[INFO] [stderr]    Compiling futures v0.3.21
[INFO] [stderr]    Compiling resolv-conf v0.7.0
[INFO] [stderr]    Compiling lru-cache v0.1.2
[INFO] [stderr]    Compiling async-process v1.4.0
[INFO] [stderr]    Compiling async-global-executor v2.0.4
[INFO] [stderr]    Compiling kv-log-macro v1.0.7
[INFO] [stderr]    Compiling hyper v0.14.18
[INFO] [stderr]    Compiling devise_codegen v0.3.1
[INFO] [stderr]    Compiling async-attributes v1.1.2
[INFO] [stderr]    Compiling rustc_version_runtime v0.2.1
[INFO] [stderr]    Compiling sct v0.7.0
[INFO] [stderr]    Compiling async-lock v2.5.0
[INFO] [stderr]    Compiling atomic v0.5.1
[INFO] [stderr]    Compiling figment v0.10.6
[INFO] [stderr]    Compiling multer v2.0.2
[INFO] [stderr]    Compiling num-integer v0.1.45
[INFO] [stderr]    Compiling rocket_http v0.5.0-rc.2
[INFO] [stderr]    Compiling async-std v1.11.0
[INFO] [stderr]    Compiling devise v0.3.1
[INFO] [stderr]    Compiling tokio-util v0.7.2
[INFO] [stderr]    Compiling trust-dns-proto v0.21.2
[INFO] [stderr]    Compiling tokio-util v0.6.10
[INFO] [stderr]    Compiling ahash v0.7.6
[INFO] [stderr]    Compiling serde_with_macros v1.5.2
[INFO] [stderr]    Compiling async-stream-impl v0.3.3
[INFO] [stderr]    Compiling toml v0.5.9
[INFO] [stderr]    Compiling uuid v1.1.2
[INFO] [stderr]    Compiling serde_bytes v0.11.6
[INFO] [stderr]    Compiling h2 v0.3.13
[INFO] [stderr]    Compiling trust-dns-resolver v0.21.2
[INFO] [stderr]    Compiling time v0.1.43
[INFO] [stderr]    Compiling rocket v0.5.0-rc.2
[INFO] [stderr]    Compiling spin v0.9.3
[INFO] [stderr]    Compiling glob v0.3.0
[INFO] [stderr]    Compiling unicode-xid v0.2.3
[INFO] [stderr]    Compiling tempfile v3.3.0
[INFO] [stderr]    Compiling bson v2.4.0
[INFO] [stderr]    Compiling rocket_codegen v0.5.0-rc.2
[INFO] [stderr]    Compiling chrono v0.4.19
[INFO] [stderr]    Compiling async-std-resolver v0.21.2
[INFO] [stderr]    Compiling tokio-rustls v0.23.4
[INFO] [stderr]    Compiling async-stream v0.3.3
[INFO] [stderr]    Compiling serde_with v1.13.0
[INFO] [stderr]    Compiling ubyte v0.10.2
[INFO] [stderr]    Compiling tokio-stream v0.1.8
[INFO] [stderr]    Compiling futures-executor v0.3.21
[INFO] [stderr]    Compiling os_info v3.3.0
[INFO] [stderr]    Compiling derivative v2.2.0
[INFO] [stderr]    Compiling typed-builder v0.10.0
[INFO] [stderr]    Compiling webpki-roots v0.22.3
[INFO] [stderr]    Compiling stringprep v0.1.2
[INFO] [stderr]    Compiling rustls-pemfile v0.3.0
[INFO] [stderr]    Compiling sha-1 v0.10.0
[INFO] [stderr]    Compiling pbkdf2 v0.10.1
[INFO] [stderr]    Compiling md-5 v0.10.1
[INFO] [stderr]    Compiling uuid v0.8.2
[INFO] [stderr]    Compiling atty v0.2.14
[INFO] [stderr]    Compiling binascii v0.1.4
[INFO] [stderr]    Compiling take_mut v0.2.2
[INFO] [stderr]    Compiling dotenv v0.15.0
[INFO] [stderr]    Compiling mongodb v2.3.0
[INFO] [stderr]    Compiling buscame-servidor-api v0.1.0 (/opt/rustwide/workdir)
[INFO] [stdout] error[E0761]: file for module `api` found at both "src/api.rs" and "src/api/mod.rs"
[INFO] [stdout]  --> src/lib.rs:4:1
[INFO] [stdout]   |
[INFO] [stdout] 4 | pub mod api;
[INFO] [stdout]   | ^^^^^^^^^^^^
[INFO] [stdout]   |
[INFO] [stdout]   = help: delete or rename one of them to remove the ambiguity
[INFO] [stdout] 
[INFO] [stdout] 
[INFO] [stdout] error[E0432]: unresolved import `anyhow`
[INFO] [stdout]  --> src/aead.rs:1:5
[INFO] [stdout]   |
[INFO] [stdout] 1 | use anyhow::{anyhow, Error};
[INFO] [stdout]   |     ^^^^^^ use of undeclared crate or module `anyhow`
[INFO] [stdout] 
[INFO] [stdout] 
[INFO] [stdout] error[E0432]: unresolved import `ring`
[INFO] [stdout]  --> src/aead.rs:2:5
[INFO] [stdout]   |
[INFO] [stdout] 2 | use ring::aead;
[INFO] [stdout]   |     ^^^^ use of undeclared crate or module `ring`
[INFO] [stdout] 
[INFO] [stdout] 
[INFO] [stdout] error[E0433]: failed to resolve: use of undeclared crate or module `ring`
[INFO] [stdout]  --> src/aead.rs:4:5
[INFO] [stdout]   |
[INFO] [stdout] 4 | use ring::rand::{SecureRandom as _, SystemRandom};
[INFO] [stdout]   |     ^^^^ use of undeclared crate or module `ring`
[INFO] [stdout] 
[INFO] [stdout] 
[INFO] [stdout] error[E0432]: unresolved import `ring`
[INFO] [stdout]  --> src/aead.rs:3:5
[INFO] [stdout]   |
[INFO] [stdout] 3 | use ring::pbkdf2;
[INFO] [stdout]   |     ^^^^ use of undeclared crate or module `ring`
[INFO] [stdout] 
[INFO] [stdout] 
[INFO] [stdout] error[E0432]: unresolved import `oauth2`
[INFO] [stdout]  --> src/oauth2.rs:1:7
[INFO] [stdout]   |
[INFO] [stdout] 1 | use ::oauth2::{
[INFO] [stdout]   |       ^^^^^^ help: a similar path exists: `crate::oauth2`
[INFO] [stdout]   |
[INFO] [stdout]   = note: `use` statements changed in Rust 2018; read more at <https://doc.rust-lang.org/edition-guide/rust-2018/module-system/path-clarity.html>
[INFO] [stdout] 
[INFO] [stdout] 
[INFO] [stdout] error[E0432]: unresolved import `oauth2`
[INFO] [stdout]  --> src/web.rs:6:7
[INFO] [stdout]   |
[INFO] [stdout] 6 | use ::oauth2::State;
[INFO] [stdout]   |       ^^^^^^ help: a similar path exists: `self::oauth2`
[INFO] [stdout] 
[INFO] [stdout] 
[INFO] [stdout] error[E0432]: unresolved import `tokio_stream`
[INFO] [stdout]   --> src/lib.rs:10:16
[INFO] [stdout]    |
[INFO] [stdout] 10 | pub(crate) use tokio_stream as stream;
[INFO] [stdout]    |                ^^^^^^^^^^^^^^^^^^^^^^ no external crate `tokio_stream`
[INFO] [stdout] 
[INFO] [stdout] 
[INFO] [stdout] error[E0432]: unresolved import `anyhow`
[INFO] [stdout]  --> src/oauth2.rs:5:5
[INFO] [stdout]   |
[INFO] [stdout] 5 | use anyhow::{anyhow, bail, Error};
[INFO] [stdout]   |     ^^^^^^ use of undeclared crate or module `anyhow`
[INFO] [stdout] 
[INFO] [stdout] 
[INFO] [stdout] error[E0432]: unresolved import `chrono`
[INFO] [stdout]  --> src/oauth2.rs:6:5
[INFO] [stdout]   |
[INFO] [stdout] 6 | use chrono::{DateTime, Utc};
[INFO] [stdout]   |     ^^^^^^ use of undeclared crate or module `chrono`
[INFO] [stdout] 
[INFO] [stdout] 
[INFO] [stdout] error[E0432]: unresolved import `url`
[INFO] [stdout]   --> src/oauth2.rs:11:5
[INFO] [stdout]    |
[INFO] [stdout] 11 | use url::Url;
[INFO] [stdout]    |     ^^^ use of undeclared crate or module `url`
[INFO] [stdout] 
[INFO] [stdout] 
[INFO] [stdout] error[E0432]: unresolved import `anyhow`
[INFO] [stdout]  --> src/session.rs:3:5
[INFO] [stdout]   |
[INFO] [stdout] 3 | use anyhow::Error;
[INFO] [stdout]   |     ^^^^^^ use of undeclared crate or module `anyhow`
[INFO] [stdout] 
[INFO] [stdout] 
[INFO] [stdout] error[E0432]: unresolved import `cookie`
[INFO] [stdout]  --> src/session.rs:4:5
[INFO] [stdout]   |
[INFO] [stdout] 4 | use cookie::{Cookie, CookieBuilder, CookieJar};
[INFO] [stdout]   |     ^^^^^^ use of undeclared crate or module `cookie`
[INFO] [stdout] 
[INFO] [stdout] 
[INFO] [stdout] error[E0432]: unresolved import `hyper`
[INFO] [stdout]  --> src/session.rs:5:5
[INFO] [stdout]   |
[INFO] [stdout] 5 | use hyper::{header, HeaderMap, Request};
[INFO] [stdout]   |     ^^^^^ use of undeclared crate or module `hyper`
[INFO] [stdout] 
[INFO] [stdout] 
[INFO] [stdout] error[E0432]: unresolved import `anyhow`
[INFO] [stdout]  --> src/db.rs:3:5
[INFO] [stdout]   |
[INFO] [stdout] 3 | use anyhow::Result;
[INFO] [stdout]   |     ^^^^^^ use of undeclared crate or module `anyhow`
[INFO] [stdout] 
[INFO] [stdout] 
[INFO] [stdout] error[E0432]: unresolved import `chrono`
[INFO] [stdout]  --> src/db.rs:4:5
[INFO] [stdout]   |
[INFO] [stdout] 4 | use chrono::{DateTime, Utc};
[INFO] [stdout]   |     ^^^^^^ use of undeclared crate or module `chrono`
[INFO] [stdout] 
[INFO] [stdout] 
[INFO] [stdout] error[E0432]: unresolved import `sled31`
[INFO] [stdout]  --> src/db.rs:6:5
[INFO] [stdout]   |
[INFO] [stdout] 6 | use sled31 as sled;
[INFO] [stdout]   |     ^^^^^^^^^^^^^^ no external crate `sled31`
[INFO] [stdout] 
[INFO] [stdout] 
[INFO] [stdout] error[E0432]: unresolved import `thiserror`
[INFO] [stdout]  --> src/db.rs:8:5
[INFO] [stdout]   |
[INFO] [stdout] 8 | use thiserror::Error;
[INFO] [stdout]   |     ^^^^^^^^^ use of undeclared crate or module `thiserror`
[INFO] [stdout] 
[INFO] [stdout] 
[INFO] [stdout] error[E0432]: unresolved import `anyhow`
[INFO] [stdout]  --> src/web.rs:7:5
[INFO] [stdout]   |
[INFO] [stdout] 7 | use anyhow::anyhow;
[INFO] [stdout]   |     ^^^^^^ use of undeclared crate or module `anyhow`
[INFO] [stdout] 
[INFO] [stdout] 
[INFO] [stdout] error[E0433]: failed to resolve: use of undeclared crate or module `hyper`
[INFO] [stdout]  --> src/web.rs:9:5
[INFO] [stdout]   |
[INFO] [stdout] 9 | use hyper::body::Body;
[INFO] [stdout]   |     ^^^^^ use of undeclared crate or module `hyper`
[INFO] [stdout] 
[INFO] [stdout] 
[INFO] [stdout] error[E0432]: unresolved import `chrono`
[INFO] [stdout]  --> src/web.rs:8:5
[INFO] [stdout]   |
[INFO] [stdout] 8 | use chrono::{DateTime, Utc};
[INFO] [stdout]   |     ^^^^^^ use of undeclared crate or module `chrono`
[INFO] [stdout] 
[INFO] [stdout] 
[INFO] [stdout] error[E0433]: failed to resolve: use of undeclared crate or module `hyper`
[INFO] [stdout]   --> src/web.rs:11:5
[INFO] [stdout]    |
[INFO] [stdout] 11 | use hyper::server::conn::AddrStream;
[INFO] [stdout]    |     ^^^^^ use of undeclared crate or module `hyper`
[INFO] [stdout] 
[INFO] [stdout] 
[INFO] [stdout] error[E0433]: failed to resolve: use of undeclared crate or module `hyper`
[INFO] [stdout]   --> src/web.rs:12:5
[INFO] [stdout]    |
[INFO] [stdout] 12 | use hyper::server::Server;
[INFO] [stdout]    |     ^^^^^ use of undeclared crate or module `hyper`
[INFO] [stdout] 
[INFO] [stdout] 
[INFO] [stdout] error[E0432]: unresolved import `hyper`
[INFO] [stdout]   --> src/web.rs:10:5
[INFO] [stdout]    |
[INFO] [stdout] 10 | use hyper::header;
[INFO] [stdout]    |     ^^^^^ use of undeclared crate or module `hyper`
[INFO] [stdout] 
[INFO] [stdout] 
[INFO] [stdout] error[E0432]: unresolved import `hyper`
[INFO] [stdout]   --> src/web.rs:13:5
[INFO] [stdout]    |
[INFO] [stdout] 13 | use hyper::service;
[INFO] [stdout]    |     ^^^^^ use of undeclared crate or module `hyper`
[INFO] [stdout] 
[INFO] [stdout] 
[INFO] [stdout] error[E0432]: unresolved import `hyper`
[INFO] [stdout]   --> src/web.rs:14:5
[INFO] [stdout]    |
[INFO] [stdout] 14 | use hyper::{Request, Response, StatusCode};
[INFO] [stdout]    |     ^^^^^ use of undeclared crate or module `hyper`
[INFO] [stdout] 
[INFO] [stdout] 
[INFO] [stdout] error[E0432]: unresolved import `parking_lot`
[INFO] [stdout]   --> src/web.rs:15:5
[INFO] [stdout]    |
[INFO] [stdout] 15 | use parking_lot::Mutex;
[INFO] [stdout]    |     ^^^^^^^^^^^ use of undeclared crate or module `parking_lot`
[INFO] [stdout] 
[INFO] [stdout] 
[INFO] [stdout] error[E0432]: unresolved import `relative_path`
[INFO] [stdout]   --> src/web.rs:16:5
[INFO] [stdout]    |
[INFO] [stdout] 16 | use relative_path::RelativePathBuf;
[INFO] [stdout]    |     ^^^^^^^^^^^^^ use of undeclared crate or module `relative_path`
[INFO] [stdout] 
[INFO] [stdout] 
[INFO] [stdout] error[E0432]: unresolved import `smallvec`
[INFO] [stdout]   --> src/web.rs:18:5
[INFO] [stdout]    |
[INFO] [stdout] 18 | use smallvec::SmallVec;
[INFO] [stdout]    |     ^^^^^^^^ use of undeclared crate or module `smallvec`
[INFO] [stdout] 
[INFO] [stdout] 
[INFO] [stdout] error[E0432]: unresolved import `thiserror`
[INFO] [stdout]   --> src/web.rs:27:5
[INFO] [stdout]    |
[INFO] [stdout] 27 | use thiserror::Error;
[INFO] [stdout]    |     ^^^^^^^^^ use of undeclared crate or module `thiserror`
[INFO] [stdout] 
[INFO] [stdout] 
[INFO] [stdout] error[E0433]: failed to resolve: use of undeclared crate or module `hyper`
[INFO] [stdout]    --> src/web.rs:286:13
[INFO] [stdout]     |
[INFO] [stdout] 286 |         use hyper::{body::HttpBody, Method};
[INFO] [stdout]     |             ^^^^^ use of undeclared crate or module `hyper`
[INFO] [stdout] 
[INFO] [stdout] 
[INFO] [stdout] error[E0432]: unresolved import `url`
[INFO] [stdout]   --> src/web.rs:28:5
[INFO] [stdout]    |
[INFO] [stdout] 28 | use url::Url;
[INFO] [stdout]    |     ^^^ use of undeclared crate or module `url`
[INFO] [stdout] 
[INFO] [stdout] 
[INFO] [stdout] error[E0433]: failed to resolve: use of undeclared crate or module `ring`
[INFO] [stdout]    --> src/web.rs:717:13
[INFO] [stdout]     |
[INFO] [stdout] 717 |         use ring::rand::SecureRandom as _;
[INFO] [stdout]     |             ^^^^ use of undeclared crate or module `ring`
[INFO] [stdout] 
[INFO] [stdout] 
[INFO] [stdout] error[E0432]: unresolved import `hyper`
[INFO] [stdout]    --> src/web.rs:286:13
[INFO] [stdout]     |
[INFO] [stdout] 286 |         use hyper::{body::HttpBody, Method};
[INFO] [stdout]     |             ^^^^^ use of undeclared crate or module `hyper`
[INFO] [stdout] 
[INFO] [stdout] 
[INFO] [stdout] error[E0433]: failed to resolve: use of undeclared crate or module `log`
[INFO] [stdout]    --> src/db.rs:421:21
[INFO] [stdout]     |
[INFO] [stdout] 421 |                     log::warn!("failed to deserialize connection: {}", e);
[INFO] [stdout]     |                     ^^^ use of undeclared crate or module `log`
[INFO] [stdout] 
[INFO] [stdout] 
[INFO] [stdout] error[E0433]: failed to resolve: use of undeclared crate or module `log`
[INFO] [stdout]    --> src/db.rs:502:17
[INFO] [stdout]     |
[INFO] [stdout] 502 |                 log::warn!("Ignoring invalid value stored at: {:?}: {}", key, e);
[INFO] [stdout]     |                 ^^^ use of undeclared crate or module `log`
[INFO] [stdout] 
[INFO] [stdout] 
[INFO] [stdout] error[E0433]: failed to resolve: use of undeclared crate or module `rust_embed`
[INFO] [stdout]   --> src/web.rs:56:14
[INFO] [stdout]    |
[INFO] [stdout] 56 |     #[derive(rust_embed::RustEmbed)]
[INFO] [stdout]    |              ^^^^^^^^^^ use of undeclared crate or module `rust_embed`
[INFO] [stdout] 
[INFO] [stdout] 
[INFO] [stdout] error[E0433]: failed to resolve: use of undeclared crate or module `log`
[INFO] [stdout]   --> src/web.rs:75:5
[INFO] [stdout]    |
[INFO] [stdout] 75 |     log::info!("Listening on: http://{}", bind);
[INFO] [stdout]    |     ^^^ use of undeclared crate or module `log`
[INFO] [stdout] 
[INFO] [stdout] 
[INFO] [stdout] error[E0433]: failed to resolve: use of undeclared crate or module `tokio`
[INFO] [stdout]   --> src/web.rs:94:13
[INFO] [stdout]    |
[INFO] [stdout] 94 |             tokio::select! {
[INFO] [stdout]    |             ^^^^^ use of undeclared crate or module `tokio`
[INFO] [stdout] 
[INFO] [stdout] 
[INFO] [stdout] error[E0433]: failed to resolve: use of undeclared crate or module `log`
[INFO] [stdout]    --> src/web.rs:32:9
[INFO] [stdout]     |
[INFO] [stdout] 32  |         log::error!($fmt $(, $($tt)*)*);
[INFO] [stdout]     |         ^^^ use of undeclared crate or module `log`
[INFO] [stdout] ...
[INFO] [stdout] 342 |                         log_error!(e, "internal server error");
[INFO] [stdout]     |                         -------------------------------------- in this macro invocation
[INFO] [stdout]     |
[INFO] [stdout]     = note: this error originates in the macro `log_error` (in Nightly builds, run with -Z macro-backtrace for more info)
[INFO] [stdout] 
[INFO] [stdout] 
[INFO] [stdout] error[E0433]: failed to resolve: use of undeclared crate or module `log`
[INFO] [stdout]    --> src/web.rs:33:9
[INFO] [stdout]     |
[INFO] [stdout] 33  |         log::error!("caused by: {}", $e);
[INFO] [stdout]     |         ^^^ use of undeclared crate or module `log`
[INFO] [stdout] ...
[INFO] [stdout] 342 |                         log_error!(e, "internal server error");
[INFO] [stdout]     |                         -------------------------------------- in this macro invocation
[INFO] [stdout]     |
[INFO] [stdout]     = note: this error originates in the macro `log_error` (in Nightly builds, run with -Z macro-backtrace for more info)
[INFO] [stdout] 
[INFO] [stdout] 
[INFO] [stdout] error[E0433]: failed to resolve: use of undeclared crate or module `log`
[INFO] [stdout]    --> src/web.rs:38:13
[INFO] [stdout]     |
[INFO] [stdout] 38  |             log::error!("caused by: {}", e);
[INFO] [stdout]     |             ^^^ use of undeclared crate or module `log`
[INFO] [stdout] ...
[INFO] [stdout] 342 |                         log_error!(e, "internal server error");
[INFO] [stdout]     |                         -------------------------------------- in this macro invocation
[INFO] [stdout]     |
[INFO] [stdout]     = note: this error originates in the macro `log_error` (in Nightly builds, run with -Z macro-backtrace for more info)
[INFO] [stdout] 
[INFO] [stdout] 
[INFO] [stdout] error[E0433]: failed to resolve: use of undeclared crate or module `log`
[INFO] [stdout]    --> src/web.rs:32:9
[INFO] [stdout]     |
[INFO] [stdout] 32  |         log::error!($fmt $(, $($tt)*)*);
[INFO] [stdout]     |         ^^^ use of undeclared crate or module `log`
[INFO] [stdout] ...
[INFO] [stdout] 350 |                         log_error!(e, "failed to build error response");
[INFO] [stdout]     |                         ----------------------------------------------- in this macro invocation
[INFO] [stdout]     |
[INFO] [stdout]     = note: this error originates in the macro `log_error` (in Nightly builds, run with -Z macro-backtrace for more info)
[INFO] [stdout] 
[INFO] [stdout] 
[INFO] [stdout] error[E0433]: failed to resolve: use of undeclared crate or module `log`
[INFO] [stdout]    --> src/web.rs:33:9
[INFO] [stdout]     |
[INFO] [stdout] 33  |         log::error!("caused by: {}", $e);
[INFO] [stdout]     |         ^^^ use of undeclared crate or module `log`
[INFO] [stdout] ...
[INFO] [stdout] 350 |                         log_error!(e, "failed to build error response");
[INFO] [stdout]     |                         ----------------------------------------------- in this macro invocation
[INFO] [stdout]     |
[INFO] [stdout]     = note: this error originates in the macro `log_error` (in Nightly builds, run with -Z macro-backtrace for more info)
[INFO] [stdout] 
[INFO] [stdout] 
[INFO] [stdout] error[E0433]: failed to resolve: use of undeclared crate or module `log`
[INFO] [stdout]    --> src/web.rs:38:13
[INFO] [stdout]     |
[INFO] [stdout] 38  |             log::error!("caused by: {}", e);
[INFO] [stdout]     |             ^^^ use of undeclared crate or module `log`
[INFO] [stdout] ...
[INFO] [stdout] 350 |                         log_error!(e, "failed to build error response");
[INFO] [stdout]     |                         ----------------------------------------------- in this macro invocation
[INFO] [stdout]     |
[INFO] [stdout]     = note: this error originates in the macro `log_error` (in Nightly builds, run with -Z macro-backtrace for more info)
[INFO] [stdout] 
[INFO] [stdout] 
[INFO] [stdout] error[E0433]: failed to resolve: use of undeclared crate or module `log`
[INFO] [stdout]    --> src/web.rs:356:25
[INFO] [stdout]     |
[INFO] [stdout] 356 |                         log::error!("failed to build response: {}", e);
[INFO] [stdout]     |                         ^^^ use of undeclared crate or module `log`
[INFO] [stdout] 
[INFO] [stdout] 
[INFO] [stdout] error[E0433]: failed to resolve: use of undeclared crate or module `log`
[INFO] [stdout]    --> src/web.rs:393:9
[INFO] [stdout]     |
[INFO] [stdout] 393 |         log::info!(
[INFO] [stdout]     |         ^^^ use of undeclared crate or module `log`
[INFO] [stdout] 
[INFO] [stdout] 
[INFO] [stdout] error[E0433]: failed to resolve: use of undeclared crate or module `log`
[INFO] [stdout]    --> src/web.rs:32:9
[INFO] [stdout]     |
[INFO] [stdout] 32  |         log::error!($fmt $(, $($tt)*)*);
[INFO] [stdout]     |         ^^^ use of undeclared crate or module `log`
[INFO] [stdout] ...
[INFO] [stdout] 555 |                     log_error!(e, "failed to refresh token");
[INFO] [stdout]     |                     ---------------------------------------- in this macro invocation
[INFO] [stdout]     |
[INFO] [stdout]     = note: this error originates in the macro `log_error` (in Nightly builds, run with -Z macro-backtrace for more info)
[INFO] [stdout] 
[INFO] [stdout] 
[INFO] [stdout] error[E0433]: failed to resolve: use of undeclared crate or module `log`
[INFO] [stdout]    --> src/web.rs:33:9
[INFO] [stdout]     |
[INFO] [stdout] 33  |         log::error!("caused by: {}", $e);
[INFO] [stdout]     |         ^^^ use of undeclared crate or module `log`
[INFO] [stdout] ...
[INFO] [stdout] 555 |                     log_error!(e, "failed to refresh token");
[INFO] [stdout]     |                     ---------------------------------------- in this macro invocation
[INFO] [stdout]     |
[INFO] [stdout]     = note: this error originates in the macro `log_error` (in Nightly builds, run with -Z macro-backtrace for more info)
[INFO] [stdout] 
[INFO] [stdout] 
[INFO] [stdout] error[E0433]: failed to resolve: use of undeclared crate or module `log`
[INFO] [stdout]    --> src/web.rs:38:13
[INFO] [stdout]     |
[INFO] [stdout] 38  |             log::error!("caused by: {}", e);
[INFO] [stdout]     |             ^^^ use of undeclared crate or module `log`
[INFO] [stdout] ...
[INFO] [stdout] 555 |                     log_error!(e, "failed to refresh token");
[INFO] [stdout]     |                     ---------------------------------------- in this macro invocation
[INFO] [stdout]     |
[INFO] [stdout]     = note: this error originates in the macro `log_error` (in Nightly builds, run with -Z macro-backtrace for more info)
[INFO] [stdout] 
[INFO] [stdout] 
[INFO] [stdout] error[E0433]: failed to resolve: use of undeclared crate or module `tokio`
[INFO] [stdout]    --> src/web.rs:924:38
[INFO] [stdout]     |
[INFO] [stdout] 924 |                 let (auth, update) = tokio::try_join!(self.auth_Requester_token(&token), update)?;
[INFO] [stdout]     |                                      ^^^^^ use of undeclared crate or module `tokio`
[INFO] [stdout] 
[INFO] [stdout] 
[INFO] [stdout] error: cannot determine resolution for the macro `anyhow`
[INFO] [stdout]   --> src/aead.rs:46:26
[INFO] [stdout]    |
[INFO] [stdout] 46 |             .map_err(|_| anyhow!("failed to fill random key"))?;
[INFO] [stdout]    |                          ^^^^^^
[INFO] [stdout]    |
[INFO] [stdout]    = note: import resolution is stuck, try simplifying macro imports
[INFO] [stdout] 
[INFO] [stdout] 
[INFO] [stdout] error: cannot determine resolution for the macro `anyhow`
[INFO] [stdout]   --> src/aead.rs:57:63
[INFO] [stdout]    |
[INFO] [stdout] 57 |         let key = aead::UnboundKey::new(alg, key).map_err(|_| anyhow!("failed to create key"))?;
[INFO] [stdout]    |                                                               ^^^^^^
[INFO] [stdout]    |
[INFO] [stdout]    = note: import resolution is stuck, try simplifying macro imports
[INFO] [stdout] 
[INFO] [stdout] 
[INFO] [stdout] error: cannot determine resolution for the macro `anyhow`
[INFO] [stdout]   --> src/aead.rs:71:26
[INFO] [stdout]    |
[INFO] [stdout] 71 |             .map_err(|_| anyhow!("failed to fill random nonce"))?;
[INFO] [stdout]    |                          ^^^^^^
[INFO] [stdout]    |
[INFO] [stdout]    = note: import resolution is stuck, try simplifying macro imports
[INFO] [stdout] 
[INFO] [stdout] 
[INFO] [stdout] error: cannot determine resolution for the macro `anyhow`
[INFO] [stdout]   --> src/aead.rs:83:26
[INFO] [stdout]    |
[INFO] [stdout] 83 |             .map_err(|_| anyhow!("failed to seal data"))?;
[INFO] [stdout]    |                          ^^^^^^
[INFO] [stdout]    |
[INFO] [stdout]    = note: import resolution is stuck, try simplifying macro imports
[INFO] [stdout] 
[INFO] [stdout] 
[INFO] [stdout] error: cannot determine resolution for the macro `anyhow`
[INFO] [stdout]   --> src/aead.rs:99:26
[INFO] [stdout]    |
[INFO] [stdout] 99 |             .map_err(|_| anyhow!("failed to extract nonce"))?;
[INFO] [stdout]    |                          ^^^^^^
[INFO] [stdout]    |
[INFO] [stdout]    = note: import resolution is stuck, try simplifying macro imports
[INFO] [stdout] 
[INFO] [stdout] 
[INFO] [stdout] error: cannot determine resolution for the derive macro `Error`
[INFO] [stdout]   --> src/db.rs:10:17
[INFO] [stdout]    |
[INFO] [stdout] 10 | #[derive(Debug, Error)]
[INFO] [stdout]    |                 ^^^^^
[INFO] [stdout]    |
[INFO] [stdout]    = note: import resolution is stuck, try simplifying macro imports
[INFO] [stdout] 
[INFO] [stdout] 
[INFO] [stdout] error: cannot find attribute `error` in this scope
[INFO] [stdout]   --> src/db.rs:11:3
[INFO] [stdout]    |
[INFO] [stdout] 11 | #[error("failed to commit")]
[INFO] [stdout]    |   ^^^^^
[INFO] [stdout] 
[INFO] [stdout] 
[INFO] [stdout] error: cannot determine resolution for the macro `bail`
[INFO] [stdout]    --> src/oauth2.rs:232:13
[INFO] [stdout]     |
[INFO] [stdout] 232 |             bail!("CSRF Token Mismatch");
[INFO] [stdout]     |             ^^^^
[INFO] [stdout]     |
[INFO] [stdout]     = note: import resolution is stuck, try simplifying macro imports
[INFO] [stdout] 
[INFO] [stdout] 
[INFO] [stdout] error: cannot determine resolution for the macro `anyhow`
[INFO] [stdout]    --> src/oauth2.rs:264:21
[INFO] [stdout]     |
[INFO] [stdout] 264 |                     anyhow!(
[INFO] [stdout]     |                     ^^^^^^
[INFO] [stdout]     |
[INFO] [stdout]     = note: import resolution is stuck, try simplifying macro imports
[INFO] [stdout] 
[INFO] [stdout] 
[INFO] [stdout] error: cannot determine resolution for the macro `bail`
[INFO] [stdout]    --> src/oauth2.rs:276:21
[INFO] [stdout]     |
[INFO] [stdout] 276 |             None => bail!("did not receive a refresh token from the service"),
[INFO] [stdout]     |                     ^^^^
[INFO] [stdout]     |
[INFO] [stdout]     = note: import resolution is stuck, try simplifying macro imports
[INFO] [stdout] 
[INFO] [stdout] 
[INFO] [stdout] error: cannot find attribute `folder` in this scope
[INFO] [stdout]   --> src/web.rs:57:7
[INFO] [stdout]    |
[INFO] [stdout] 57 |     #[folder = "$CARGO_MANIFEST_DIR/../web-ui/dist"]
[INFO] [stdout]    |       ^^^^^^
[INFO] [stdout] 
[INFO] [stdout] 
[INFO] [stdout] error: cannot determine resolution for the macro `anyhow`
[INFO] [stdout]   --> src/web.rs:68:56
[INFO] [stdout]    |
[INFO] [stdout] 68 |         assets::Asset::get("index.html").ok_or_else(|| anyhow!("missing index.html in assets"))?;
[INFO] [stdout]    |                                                        ^^^^^^
[INFO] [stdout]    |
[INFO] [stdout]    = note: import resolution is stuck, try simplifying macro imports
[INFO] [stdout] 
[INFO] [stdout] 
[INFO] [stdout] error: cannot determine resolution for the derive macro `Error`
[INFO] [stdout]    --> src/web.rs:124:17
[INFO] [stdout]     |
[INFO] [stdout] 124 | #[derive(Debug, Error)]
[INFO] [stdout]     |                 ^^^^^
[INFO] [stdout]     |
[INFO] [stdout]     = note: import resolution is stuck, try simplifying macro imports
[INFO] [stdout] 
[INFO] [stdout] 
[INFO] [stdout] error: cannot find attribute `error` in this scope
[INFO] [stdout]    --> src/web.rs:127:7
[INFO] [stdout]     |
[INFO] [stdout] 127 |     #[error("bad request")]
[INFO] [stdout]     |       ^^^^^
[INFO] [stdout] 
[INFO] [stdout] 
[INFO] [stdout] error: cannot find attribute `error` in this scope
[INFO] [stdout]    --> src/web.rs:130:7
[INFO] [stdout]     |
[INFO] [stdout] 130 |     #[error("not found")]
[INFO] [stdout]     |       ^^^^^
[INFO] [stdout] 
[INFO] [stdout] 
[INFO] [stdout] error: cannot find attribute `error` in this scope
[INFO] [stdout]    --> src/web.rs:133:7
[INFO] [stdout]     |
[INFO] [stdout] 133 |     #[error("unauthorized")]
[INFO] [stdout]     |       ^^^^^
[INFO] [stdout] 
[INFO] [stdout] 
[INFO] [stdout] error: cannot find attribute `error` in this scope
[INFO] [stdout]    --> src/web.rs:136:7
[INFO] [stdout]     |
[INFO] [stdout] 136 |     #[error("other error")]
[INFO] [stdout]     |       ^^^^^
[INFO] [stdout] 
[INFO] [stdout] 
[INFO] [stdout] error: cannot find attribute `source` in this scope
[INFO] [stdout]    --> src/web.rs:137:13
[INFO] [stdout]     |
[INFO] [stdout] 137 |     Error(#[source] anyhow::Error),
[INFO] [stdout]     |             ^^^^^^
[INFO] [stdout] 
[INFO] [stdout] 
[INFO] [stdout] error: cannot determine resolution for the macro `anyhow`
[INFO] [stdout]    --> src/web.rs:722:26
[INFO] [stdout]     |
[INFO] [stdout] 722 |             .map_err(|_| anyhow!("failed to generate random key"))?;
[INFO] [stdout]     |                          ^^^^^^
[INFO] [stdout]     |
[INFO] [stdout]     = note: import resolution is stuck, try simplifying macro imports
[INFO] [stdout] 
[INFO] [stdout] 
[INFO] [stdout] error[E0433]: failed to resolve: could not find `pdf` in `api`
[INFO] [stdout]    --> src/db.rs:437:33
[INFO] [stdout]     |
[INFO] [stdout] 437 |     ) -> Result<Option<Vec<api::pdf::Release>>> {
[INFO] [stdout]     |                                 ^^^ could not find `pdf` in `api`
[INFO] [stdout] 
[INFO] [stdout] 
[INFO] [stdout] error[E0433]: failed to resolve: could not find `pdf` in `api`
[INFO] [stdout]    --> src/db.rs:451:28
[INFO] [stdout]     |
[INFO] [stdout] 451 |         releases: Vec<api::pdf::Release>,
[INFO] [stdout]     |                            ^^^ could not find `pdf` in `api`
[INFO] [stdout] 
[INFO] [stdout] 
[INFO] [stdout] error[E0433]: failed to resolve: use of undeclared crate or module `ring`
[INFO] [stdout]    --> src/oauth2.rs:107:22
[INFO] [stdout]     |
[INFO] [stdout] 107 |         let digest = ring::digest::digest(&ring::digest::SHA256, &bytes);
[INFO] [stdout]     |                      ^^^^ use of undeclared crate or module `ring`
[INFO] [stdout] 
[INFO] [stdout] 
[INFO] [stdout] error[E0433]: failed to resolve: use of undeclared crate or module `ring`
[INFO] [stdout]    --> src/oauth2.rs:107:44
[INFO] [stdout]     |
[INFO] [stdout] 107 |         let digest = ring::digest::digest(&ring::digest::SHA256, &bytes);
[INFO] [stdout]     |                                            ^^^^ use of undeclared crate or module `ring`
[INFO] [stdout] 
[INFO] [stdout] 
[INFO] [stdout] error[E0433]: failed to resolve: use of undeclared crate or module `ring`
[INFO] [stdout]   --> src/session.rs:29:54
[INFO] [stdout]    |
[INFO] [stdout] 29 |             Some(secret) => AeadSealer::from_secret(&ring::aead::AES_256_GCM, secret.as_bytes())?,
[INFO] [stdout]    |                                                      ^^^^ use of undeclared crate or module `ring`
[INFO] [stdout] 
[INFO] [stdout] 
[INFO] [stdout] error[E0433]: failed to resolve: use of undeclared crate or module `ring`
[INFO] [stdout]   --> src/session.rs:30:41
[INFO] [stdout]    |
[INFO] [stdout] 30 |             None => AeadSealer::random(&ring::aead::AES_256_GCM)?,
[INFO] [stdout]    |                                         ^^^^ use of undeclared crate or module `ring`
[INFO] [stdout] 
[INFO] [stdout] 
[INFO] [stdout] error[E0433]: failed to resolve: use of undeclared crate or module `time`
[INFO] [stdout]   --> src/session.rs:60:26
[INFO] [stdout]    |
[INFO] [stdout] 60 |                 .expires(time::OffsetDateTime::unix_epoch())
[INFO] [stdout]    |                          ^^^^ use of undeclared crate or module `time`
[INFO] [stdout] 
[INFO] [stdout] 
[INFO] [stdout] error[E0433]: failed to resolve: use of undeclared crate or module `tokio`
[INFO] [stdout]   --> src/web.rs:89:28
[INFO] [stdout]    |
[INFO] [stdout] 89 |         let mut interval = tokio::time::interval(time::Duration::from_secs(30));
[INFO] [stdout]    |                            ^^^^^ use of undeclared crate or module `tokio`
[INFO] [stdout] 
[INFO] [stdout] 
[INFO] [stdout] error[E0433]: failed to resolve: use of undeclared crate or module `ring`
[INFO] [stdout]    --> src/web.rs:217:13
[INFO] [stdout]     |
[INFO] [stdout] 217 |     random: ring::rand::SystemRandom,
[INFO] [stdout]     |             ^^^^ use of undeclared crate or module `ring`
[INFO] [stdout] 
[INFO] [stdout] 
[INFO] [stdout] error[E0433]: failed to resolve: could not find `IdRequesterClient` in `api`
[INFO] [stdout]    --> src/web.rs:237:39
[INFO] [stdout]     |
[INFO] [stdout] 237 |             id_Requester_client: api::IdRequesterClient::new()?,
[INFO] [stdout]     |                                       ^^^^^^^^^^^^^^^^^ could not find `IdRequesterClient` in `api`
[INFO] [stdout] 
[INFO] [stdout] 
[INFO] [stdout] error[E0433]: failed to resolve: use of undeclared crate or module `ring`
[INFO] [stdout]    --> src/web.rs:242:21
[INFO] [stdout]     |
[INFO] [stdout] 242 |             random: ring::rand::SystemRandom::new(),
[INFO] [stdout]     |                     ^^^^ use of undeclared crate or module `ring`
[INFO] [stdout] 
[INFO] [stdout] 
[INFO] [stdout] error[E0433]: failed to resolve: use of undeclared crate or module `serde_cbor`
[INFO] [stdout]     --> src/web.rs:1007:20
[INFO] [stdout]      |
[INFO] [stdout] 1007 |                 Ok(serde_cbor::value::to_value(&result)?)
[INFO] [stdout]      |                    ^^^^^^^^^^ use of undeclared crate or module `serde_cbor`
[INFO] [stdout] 
[INFO] [stdout] 
[INFO] [stdout] error[E0433]: failed to resolve: use of undeclared crate or module `serde_cbor`
[INFO] [stdout]     --> src/web.rs:1011:20
[INFO] [stdout]      |
[INFO] [stdout] 1011 |                 Ok(serde_cbor::value::to_value(&result)?)
[INFO] [stdout]      |                    ^^^^^^^^^^ use of undeclared crate or module `serde_cbor`
[INFO] [stdout] 
[INFO] [stdout] 
[INFO] [stdout] error[E0433]: failed to resolve: use of undeclared crate or module `serde_cbor`
[INFO] [stdout]     --> src/web.rs:1013:21
[INFO] [stdout]      |
[INFO] [stdout] 1013 |             _ => Ok(serde_cbor::value::to_value(&Empty {})?),
[INFO] [stdout]      |                     ^^^^^^^^^^ use of undeclared crate or module `serde_cbor`
[INFO] [stdout] 
[INFO] [stdout] 
[INFO] [stdout] error[E0433]: failed to resolve: use of undeclared crate or module `serde_cbor`
[INFO] [stdout]   --> src/db.rs:23:5
[INFO] [stdout]    |
[INFO] [stdout] 23 |     serde_cbor::Value::Null
[INFO] [stdout]    |     ^^^^^^^^^^ use of undeclared crate or module `serde_cbor`
[INFO] [stdout]    |
[INFO] [stdout] help: consider importing this enum
[INFO] [stdout]    |
[INFO] [stdout] 1  + use rocket::serde::json::Value;
[INFO] [stdout]    |
[INFO] [stdout] help: if you import `Value`, refer to it directly
[INFO] [stdout]    |
[INFO] [stdout] 23 -     serde_cbor::Value::Null
[INFO] [stdout] 23 +     Value::Null
[INFO] [stdout]    |
[INFO] [stdout] 
[INFO] [stdout] 
[INFO] [stdout] error[E0433]: failed to resolve: use of undeclared crate or module `serde_cbor`
[INFO] [stdout]   --> src/db.rs:27:15
[INFO] [stdout]    |
[INFO] [stdout] 27 |     *value == serde_cbor::Value::Null
[INFO] [stdout]    |               ^^^^^^^^^^ use of undeclared crate or module `serde_cbor`
[INFO] [stdout]    |
[INFO] [stdout] help: consider importing this enum
[INFO] [stdout]    |
[INFO] [stdout] 1  + use rocket::serde::json::Value;
[INFO] [stdout]    |
[INFO] [stdout] help: if you import `Value`, refer to it directly
[INFO] [stdout]    |
[INFO] [stdout] 27 -     *value == serde_cbor::Value::Null
[INFO] [stdout] 27 +     *value == Value::Null
[INFO] [stdout]    |
[INFO] [stdout] 
[INFO] [stdout] 
[INFO] [stdout] error[E0412]: cannot find type `RequesterItem` in this scope
[INFO] [stdout]   --> src/db.rs:52:25
[INFO] [stdout]    |
[INFO] [stdout] 52 |     pub current: Option<RequesterItem>,
[INFO] [stdout]    |                         ^^^^^^^^^^^^^ not found in this scope
[INFO] [stdout]    |
[INFO] [stdout] help: you might be missing a type parameter
[INFO] [stdout]    |
[INFO] [stdout] 51 | pub struct Requester<RequesterItem> {
[INFO] [stdout]    |                     +++++++++++++++
[INFO] [stdout] 
[INFO] [stdout] 
[INFO] [stdout] error[E0412]: cannot find type `RequesterItem` in this scope
[INFO] [stdout]   --> src/db.rs:53:20
[INFO] [stdout]    |
[INFO] [stdout] 53 |     pub items: Vec<RequesterItem>,
[INFO] [stdout]    |                    ^^^^^^^^^^^^^ not found in this scope
[INFO] [stdout]    |
[INFO] [stdout] help: you might be missing a type parameter
[INFO] [stdout]    |
[INFO] [stdout] 51 | pub struct Requester<RequesterItem> {
[INFO] [stdout]    |                     +++++++++++++++
[INFO] [stdout] 
[INFO] [stdout] 
[INFO] [stdout] error[E0412]: cannot find type `RequesterItem` in this scope
[INFO] [stdout]   --> src/db.rs:52:25
[INFO] [stdout]    |
[INFO] [stdout] 52 |     pub current: Option<RequesterItem>,
[INFO] [stdout]    |                         ^^^^^^^^^^^^^ not found in this scope
[INFO] [stdout] 
[INFO] [stdout] 
[INFO] [stdout] error[E0412]: cannot find type `RequesterItem` in this scope
[INFO] [stdout]   --> src/db.rs:53:20
[INFO] [stdout]    |
[INFO] [stdout] 53 |     pub items: Vec<RequesterItem>,
[INFO] [stdout]    |                    ^^^^^^^^^^^^^ not found in this scope
[INFO] [stdout] 
[INFO] [stdout] 
[INFO] [stdout] error[E0412]: cannot find type `Key` in this scope
[INFO] [stdout]   --> src/db.rs:64:6
[INFO] [stdout]    |
[INFO] [stdout] 64 | impl Key {
[INFO] [stdout]    |      ^^^ not found in this scope
[INFO] [stdout]    |
[INFO] [stdout] help: consider importing one of these items
[INFO] [stdout]    |
[INFO] [stdout] 1  + use rocket::form::prelude::Key;
[INFO] [stdout]    |
[INFO] [stdout] 1  + use std::thread::local_impl::Key;
[INFO] [stdout]    |
[INFO] [stdout] 
[INFO] [stdout] 
[INFO] [stdout] error[E0412]: cannot find type `Key` in this scope
[INFO] [stdout]   --> src/db.rs:71:48
[INFO] [stdout]    |
[INFO] [stdout] 71 |     pub fn deserialize(bytes: &[u8]) -> Result<Key> {
[INFO] [stdout]    |                                                ^^^ not found in this scope
[INFO] [stdout]    |
[INFO] [stdout] help: consider importing one of these items
[INFO] [stdout]    |
[INFO] [stdout] 1  + use rocket::form::prelude::Key;
[INFO] [stdout]    |
[INFO] [stdout] 1  + use std::thread::local_impl::Key;
[INFO] [stdout]    |
[INFO] [stdout] 
[INFO] [stdout] 
[INFO] [stdout] error[E0412]: cannot find type `Key` in this scope
[INFO] [stdout]   --> src/db.rs:76:39
[INFO] [stdout]    |
[INFO] [stdout] 76 | impl<'de> serde::Deserialize<'de> for Key {
[INFO] [stdout]    |                                       ^^^ not found in this scope
[INFO] [stdout]    |
[INFO] [stdout] help: consider importing one of these items
[INFO] [stdout]    |
[INFO] [stdout] 1  + use rocket::form::prelude::Key;
[INFO] [stdout]    |
[INFO] [stdout] 1  + use std::thread::local_impl::Key;
[INFO] [stdout]    |
[INFO] [stdout] 
[INFO] [stdout] 
[INFO] [stdout] error[E0412]: cannot find type `Key` in this scope
[INFO] [stdout]   --> src/db.rs:88:26
[INFO] [stdout]    |
[INFO] [stdout] 88 |             type Value = Key;
[INFO] [stdout]    |                          ^^^ not found in this scope
[INFO] [stdout]    |
[INFO] [stdout] help: consider importing one of these items
[INFO] [stdout]    |
[INFO] [stdout] 1  + use rocket::form::prelude::Key;
[INFO] [stdout]    |
[INFO] [stdout] 1  + use std::thread::local_impl::Key;
[INFO] [stdout]    |
[INFO] [stdout] 
[INFO] [stdout] 
[INFO] [stdout] error[E0433]: failed to resolve: use of undeclared type `Key`
[INFO] [stdout]    --> src/db.rs:108:45
[INFO] [stdout]     |
[INFO] [stdout] 108 |                         Some(user_login) => Key::Requester { user_login },
[INFO] [stdout]     |                                             ^^^ use of undeclared type `Key`
[INFO] [stdout]     |
[INFO] [stdout] help: consider importing one of these items
[INFO] [stdout]     |
[INFO] [stdout] 1   + use rocket::form::prelude::Key;
[INFO] [stdout]     |
[INFO] [stdout] 1   + use std::thread::local_impl::Key;
[INFO] [stdout]     |
[INFO] [stdout] 
[INFO] [stdout] 
[INFO] [stdout] error[E0433]: failed to resolve: use of undeclared type `Key`
[INFO] [stdout]    --> src/db.rs:109:33
[INFO] [stdout]     |
[INFO] [stdout] 109 |                         None => Key::Requesters,
[INFO] [stdout]     |                                 ^^^ use of undeclared type `Key`
[INFO] [stdout]     |
[INFO] [stdout] help: consider importing one of these items
[INFO] [stdout]     |
[INFO] [stdout] 1   + use rocket::form::prelude::Key;
[INFO] [stdout]     |
[INFO] [stdout] 1   + use std::thread::local_impl::Key;
[INFO] [stdout]     |
[INFO] [stdout] 
[INFO] [stdout] 
[INFO] [stdout] error[E0433]: failed to resolve: use of undeclared type `Key`
[INFO] [stdout]    --> src/db.rs:117:41
[INFO] [stdout]     |
[INFO] [stdout] 117 | ...                   Some(id) => Key::Connection { user_id, id },
[INFO] [stdout]     |                                   ^^^ use of undeclared type `Key`
[INFO] [stdout]     |
[INFO] [stdout] help: consider importing one of these items
[INFO] [stdout]     |
[INFO] [stdout] 1   + use rocket::form::prelude::Key;
[INFO] [stdout]     |
[INFO] [stdout] 1   + use std::thread::local_impl::Key;
[INFO] [stdout]     |
[INFO] [stdout] 
[INFO] [stdout] 
[INFO] [stdout] error[E0433]: failed to resolve: use of undeclared type `Key`
[INFO] [stdout]    --> src/db.rs:118:37
[INFO] [stdout]     |
[INFO] [stdout] 118 | ...                   None => Key::ConnectionsByUserId { user_id },
[INFO] [stdout]     |                               ^^^ use of undeclared type `Key`
[INFO] [stdout]     |
[INFO] [stdout] help: consider importing one of these items
[INFO] [stdout]     |
[INFO] [stdout] 1   + use rocket::form::prelude::Key;
[INFO] [stdout]     |
[INFO] [stdout] 1   + use std::thread::local_impl::Key;
[INFO] [stdout]     |
[INFO] [stdout] 
[INFO] [stdout] 
[INFO] [stdout] error[E0433]: failed to resolve: use of undeclared type `Key`
[INFO] [stdout]    --> src/db.rs:126:25
[INFO] [stdout]     |
[INFO] [stdout] 126 |                         Key::KeyToUserId { key }
[INFO] [stdout]     |                         ^^^ use of undeclared type `Key`
[INFO] [stdout]     |
[INFO] [stdout] help: consider importing one of these items
[INFO] [stdout]     |
[INFO] [stdout] 1   + use rocket::form::prelude::Key;
[INFO] [stdout]     |
[INFO] [stdout] 1   + use std::thread::local_impl::Key;
[INFO] [stdout]     |
[INFO] [stdout] 
[INFO] [stdout] 
[INFO] [stdout] error[E0433]: failed to resolve: use of undeclared type `Key`
[INFO] [stdout]    --> src/db.rs:133:25
[INFO] [stdout]     |
[INFO] [stdout] 133 |                         Key::UserIdToKey { user_id }
[INFO] [stdout]     |                         ^^^ use of undeclared type `Key`
[INFO] [stdout]     |
[INFO] [stdout] help: consider importing one of these items
[INFO] [stdout]     |
[INFO] [stdout] 1   + use rocket::form::prelude::Key;
[INFO] [stdout]     |
[INFO] [stdout] 1   + use std::thread::local_impl::Key;
[INFO] [stdout]     |
[INFO] [stdout] 
[INFO] [stdout] 
[INFO] [stdout] error[E0433]: failed to resolve: use of undeclared type `Key`
[INFO] [stdout]    --> src/db.rs:140:25
[INFO] [stdout]     |
[INFO] [stdout] 140 |                         Key::User { user_id }
[INFO] [stdout]     |                         ^^^ use of undeclared type `Key`
[INFO] [stdout]     |
[INFO] [stdout] help: consider importing one of these items
[INFO] [stdout]     |
[INFO] [stdout] 1   + use rocket::form::prelude::Key;
[INFO] [stdout]     |
[INFO] [stdout] 1   + use std::thread::local_impl::Key;
[INFO] [stdout]     |
[INFO] [stdout] 
[INFO] [stdout] 
[INFO] [stdout] error[E0433]: failed to resolve: use of undeclared type `Key`
[INFO] [stdout]    --> src/db.rs:151:25
[INFO] [stdout]     |
[INFO] [stdout] 151 |                         Key::requesterReleases { user, repo }
[INFO] [stdout]     |                         ^^^ use of undeclared type `Key`
[INFO] [stdout]     |
[INFO] [stdout] help: consider importing one of these items
[INFO] [stdout]     |
[INFO] [stdout] 1   + use rocket::form::prelude::Key;
[INFO] [stdout]     |
[INFO] [stdout] 1   + use std::thread::local_impl::Key;
[INFO] [stdout]     |
[INFO] [stdout] 
[INFO] [stdout] 
[INFO] [stdout] error[E0433]: failed to resolve: use of undeclared type `Key`
[INFO] [stdout]    --> src/db.rs:160:25
[INFO] [stdout]     |
[INFO] [stdout] 160 |                         Key::Unsupported(ns, args)
[INFO] [stdout]     |                         ^^^ use of undeclared type `Key`
[INFO] [stdout]     |
[INFO] [stdout] help: consider importing one of these items
[INFO] [stdout]     |
[INFO] [stdout] 1   + use rocket::form::prelude::Key;
[INFO] [stdout]     |
[INFO] [stdout] 1   + use std::thread::local_impl::Key;
[INFO] [stdout]     |
[INFO] [stdout] 
[INFO] [stdout] 
[INFO] [stdout] error[E0412]: cannot find type `Key` in this scope
[INFO] [stdout]    --> src/db.rs:170:27
[INFO] [stdout]     |
[INFO] [stdout] 170 | impl serde::Serialize for Key {
[INFO] [stdout]     |                           ^^^ not found in this scope
[INFO] [stdout]     |
[INFO] [stdout] help: consider importing one of these items
[INFO] [stdout]     |
[INFO] [stdout] 1   + use rocket::form::prelude::Key;
[INFO] [stdout]     |
[INFO] [stdout] 1   + use std::thread::local_impl::Key;
[INFO] [stdout]     |
[INFO] [stdout] 
[INFO] [stdout] 
[INFO] [stdout] error[E0433]: failed to resolve: use of undeclared type `Key`
[INFO] [stdout]    --> src/db.rs:237:19
[INFO] [stdout]     |
[INFO] [stdout] 237 |         let key = Key::Requesters.serialize()?;
[INFO] [stdout]     |                   ^^^ use of undeclared type `Key`
[INFO] [stdout]     |
[INFO] [stdout] help: consider importing one of these items
[INFO] [stdout]     |
[INFO] [stdout] 1   + use rocket::form::prelude::Key;
[INFO] [stdout]     |
[INFO] [stdout] 1   + use std::thread::local_impl::Key;
[INFO] [stdout]     |
[INFO] [stdout] 
[INFO] [stdout] 
[INFO] [stdout] error[E0433]: failed to resolve: use of undeclared type `Key`
[INFO] [stdout]    --> src/db.rs:245:19
[INFO] [stdout]     |
[INFO] [stdout] 245 |             match Key::deserialize(key.as_ref())? {
[INFO] [stdout]     |                   ^^^ use of undeclared type `Key`
[INFO] [stdout]     |
[INFO] [stdout] help: consider importing one of these items
[INFO] [stdout]     |
[INFO] [stdout] 1   + use rocket::form::prelude::Key;
[INFO] [stdout]     |
[INFO] [stdout] 1   + use std::thread::local_impl::Key;
[INFO] [stdout]     |
[INFO] [stdout] 
[INFO] [stdout] 
[INFO] [stdout] error[E0433]: failed to resolve: use of undeclared type `Key`
[INFO] [stdout]    --> src/db.rs:246:17
[INFO] [stdout]     |
[INFO] [stdout] 246 |                 Key::Requester { ref user_login } => {
[INFO] [stdout]     |                 ^^^ use of undeclared type `Key`
[INFO] [stdout]     |
[INFO] [stdout] help: consider importing one of these items
[INFO] [stdout]     |
[INFO] [stdout] 1   + use rocket::form::prelude::Key;
[INFO] [stdout]     |
[INFO] [stdout] 1   + use std::thread::local_impl::Key;
[INFO] [stdout]     |
[INFO] [stdout] 
[INFO] [stdout] 
[INFO] [stdout] error[E0433]: failed to resolve: use of undeclared type `Key`
[INFO] [stdout]    --> src/db.rs:268:19
[INFO] [stdout]     |
[INFO] [stdout] 268 |         let key = Key::Requester {
[INFO] [stdout]     |                   ^^^ use of undeclared type `Key`
[INFO] [stdout]     |
[INFO] [stdout] help: consider importing one of these items
[INFO] [stdout]     |
[INFO] [stdout] 1   + use rocket::form::prelude::Key;
[INFO] [stdout]     |
[INFO] [stdout] 1   + use std::thread::local_impl::Key;
[INFO] [stdout]     |
[INFO] [stdout] 
[INFO] [stdout] 
[INFO] [stdout] error[E0433]: failed to resolve: use of undeclared type `Key`
[INFO] [stdout]    --> src/db.rs:277:19
[INFO] [stdout]     |
[INFO] [stdout] 277 |         let key = Key::Requester {
[INFO] [stdout]     |                   ^^^ use of undeclared type `Key`
[INFO] [stdout]     |
[INFO] [stdout] help: consider importing one of these items
[INFO] [stdout]     |
[INFO] [stdout] 1   + use rocket::form::prelude::Key;
[INFO] [stdout]     |
[INFO] [stdout] 1   + use std::thread::local_impl::Key;
[INFO] [stdout]     |
[INFO] [stdout] 
[INFO] [stdout] 
[INFO] [stdout] error[E0433]: failed to resolve: use of undeclared type `Key`
[INFO] [stdout]    --> src/db.rs:286:19
[INFO] [stdout]     |
[INFO] [stdout] 286 |         let key = Key::User {
[INFO] [stdout]     |                   ^^^ use of undeclared type `Key`
[INFO] [stdout]     |
[INFO] [stdout] help: consider importing one of these items
[INFO] [stdout]     |
[INFO] [stdout] 1   + use rocket::form::prelude::Key;
[INFO] [stdout]     |
[INFO] [stdout] 1   + use std::thread::local_impl::Key;
[INFO] [stdout]     |
[INFO] [stdout] 
[INFO] [stdout] 
[INFO] [stdout] error[E0433]: failed to resolve: use of undeclared type `Key`
[INFO] [stdout]    --> src/db.rs:295:19
[INFO] [stdout]     |
[INFO] [stdout] 295 |         let key = Key::User {
[INFO] [stdout]     |                   ^^^ use of undeclared type `Key`
[INFO] [stdout]     |
[INFO] [stdout] help: consider importing one of these items
[INFO] [stdout]     |
[INFO] [stdout] 1   + use rocket::form::prelude::Key;
[INFO] [stdout]     |
[INFO] [stdout] 1   + use std::thread::local_impl::Key;
[INFO] [stdout]     |
[INFO] [stdout] 
[INFO] [stdout] 
[INFO] [stdout] error[E0433]: failed to resolve: use of undeclared type `Key`
[INFO] [stdout]    --> src/db.rs:304:19
[INFO] [stdout]     |
[INFO] [stdout] 304 |         let key = Key::UserIdToKey {
[INFO] [stdout]     |                   ^^^ use of undeclared type `Key`
[INFO] [stdout]     |
[INFO] [stdout] help: consider importing one of these items
[INFO] [stdout]     |
[INFO] [stdout] 1   + use rocket::form::prelude::Key;
[INFO] [stdout]     |
[INFO] [stdout] 1   + use std::thread::local_impl::Key;
[INFO] [stdout]     |
[INFO] [stdout] 
[INFO] [stdout] 
[INFO] [stdout] error[E0433]: failed to resolve: use of undeclared type `Key`
[INFO] [stdout]    --> src/db.rs:313:19
[INFO] [stdout]     |
[INFO] [stdout] 313 |         let key = Key::KeyToUserId {
[INFO] [stdout]     |                   ^^^ use of undeclared type `Key`
[INFO] [stdout]     |
[INFO] [stdout] help: consider importing one of these items
[INFO] [stdout]     |
[INFO] [stdout] 1   + use rocket::form::prelude::Key;
[INFO] [stdout]     |
[INFO] [stdout] 1   + use std::thread::local_impl::Key;
[INFO] [stdout]     |
[INFO] [stdout] 
[INFO] [stdout] 
[INFO] [stdout] error[E0433]: failed to resolve: use of undeclared type `Key`
[INFO] [stdout]    --> src/db.rs:322:19
[INFO] [stdout]     |
[INFO] [stdout] 322 |         let key = Key::User { user_id };
[INFO] [stdout]     |                   ^^^ use of undeclared type `Key`
[INFO] [stdout]     |
[INFO] [stdout] help: consider importing one of these items
[INFO] [stdout]     |
[INFO] [stdout] 1   + use rocket::form::prelude::Key;
[INFO] [stdout]     |
[INFO] [stdout] 1   + use std::thread::local_impl::Key;
[INFO] [stdout]     |
[INFO] [stdout] 
[INFO] [stdout] 
[INFO] [stdout] error[E0433]: failed to resolve: use of undeclared type `Key`
[INFO] [stdout]    --> src/db.rs:329:27
[INFO] [stdout]     |
[INFO] [stdout] 329 |         let user_to_key = Key::UserIdToKey {
[INFO] [stdout]     |                           ^^^ use of undeclared type `Key`
[INFO] [stdout]     |
[INFO] [stdout] help: consider importing one of these items
[INFO] [stdout]     |
[INFO] [stdout] 1   + use rocket::form::prelude::Key;
[INFO] [stdout]     |
[INFO] [stdout] 1   + use std::thread::local_impl::Key;
[INFO] [stdout]     |
[INFO] [stdout] 
[INFO] [stdout] 
[INFO] [stdout] error[E0433]: failed to resolve: use of undeclared type `Key`
[INFO] [stdout]    --> src/db.rs:333:27
[INFO] [stdout]     |
[INFO] [stdout] 333 |         let key_to_user = Key::KeyToUserId {
[INFO] [stdout]     |                           ^^^ use of undeclared type `Key`
[INFO] [stdout]     |
[INFO] [stdout] help: consider importing one of these items
[INFO] [stdout]     |
[INFO] [stdout] 1   + use rocket::form::prelude::Key;
[INFO] [stdout]     |
[INFO] [stdout] 1   + use std::thread::local_impl::Key;
[INFO] [stdout]     |
[INFO] [stdout] 
[INFO] [stdout] 
[INFO] [stdout] error[E0433]: failed to resolve: use of undeclared type `Key`
[INFO] [stdout]    --> src/db.rs:346:27
[INFO] [stdout]     |
[INFO] [stdout] 346 |         let user_to_key = Key::UserIdToKey {
[INFO] [stdout]     |                           ^^^ use of undeclared type `Key`
[INFO] [stdout]     |
[INFO] [stdout] help: consider importing one of these items
[INFO] [stdout]     |
[INFO] [stdout] 1   + use rocket::form::prelude::Key;
[INFO] [stdout]     |
[INFO] [stdout] 1   + use std::thread::local_impl::Key;
[INFO] [stdout]     |
[INFO] [stdout] 
[INFO] [stdout] 
[INFO] [stdout] error[E0433]: failed to resolve: use of undeclared type `Key`
[INFO] [stdout]    --> src/db.rs:351:31
[INFO] [stdout]     |
[INFO] [stdout] 351 |             let key_to_user = Key::KeyToUserId { key };
[INFO] [stdout]     |                               ^^^ use of undeclared type `Key`
[INFO] [stdout]     |
[INFO] [stdout] help: consider importing one of these items
[INFO] [stdout]     |
[INFO] [stdout] 1   + use rocket::form::prelude::Key;
[INFO] [stdout]     |
[INFO] [stdout] 1   + use std::thread::local_impl::Key;
[INFO] [stdout]     |
[INFO] [stdout] 
[INFO] [stdout] 
[INFO] [stdout] error[E0433]: failed to resolve: use of undeclared type `Key`
[INFO] [stdout]    --> src/db.rs:364:19
[INFO] [stdout]     |
[INFO] [stdout] 364 |         let key = Key::Connection {
[INFO] [stdout]     |                   ^^^ use of undeclared type `Key`
[INFO] [stdout]     |
[INFO] [stdout] help: consider importing one of these items
[INFO] [stdout]     |
[INFO] [stdout] 1   + use rocket::form::prelude::Key;
[INFO] [stdout]     |
[INFO] [stdout] 1   + use std::thread::local_impl::Key;
[INFO] [stdout]     |
[INFO] [stdout] 
[INFO] [stdout] 
[INFO] [stdout] error[E0433]: failed to resolve: use of undeclared type `Key`
[INFO] [stdout]    --> src/db.rs:374:19
[INFO] [stdout]     |
[INFO] [stdout] 374 |         let key = Key::Connection {
[INFO] [stdout]     |                   ^^^ use of undeclared type `Key`
[INFO] [stdout]     |
[INFO] [stdout] help: consider importing one of these items
[INFO] [stdout]     |
[INFO] [stdout] 1   + use rocket::form::prelude::Key;
[INFO] [stdout]     |
[INFO] [stdout] 1   + use std::thread::local_impl::Key;
[INFO] [stdout]     |
[INFO] [stdout] 
[INFO] [stdout] 
[INFO] [stdout] error[E0433]: failed to resolve: use of undeclared type `Key`
[INFO] [stdout]    --> src/db.rs:384:19
[INFO] [stdout]     |
[INFO] [stdout] 384 |         let key = Key::Connection {
[INFO] [stdout]     |                   ^^^ use of undeclared type `Key`
[INFO] [stdout]     |
[INFO] [stdout] help: consider importing one of these items
[INFO] [stdout]     |
[INFO] [stdout] 1   + use rocket::form::prelude::Key;
[INFO] [stdout]     |
[INFO] [stdout] 1   + use std::thread::local_impl::Key;
[INFO] [stdout]     |
[INFO] [stdout] 
[INFO] [stdout] 
[INFO] [stdout] error[E0433]: failed to resolve: use of undeclared type `Key`
[INFO] [stdout]    --> src/db.rs:394:19
[INFO] [stdout]     |
[INFO] [stdout] 394 |         let key = Key::ConnectionsByUserId {
[INFO] [stdout]     |                   ^^^ use of undeclared type `Key`
[INFO] [stdout]     |
[INFO] [stdout] help: consider importing one of these items
[INFO] [stdout]     |
[INFO] [stdout] 1   + use rocket::form::prelude::Key;
[INFO] [stdout]     |
[INFO] [stdout] 1   + use std::thread::local_impl::Key;
[INFO] [stdout]     |
[INFO] [stdout] 
[INFO] [stdout] 
[INFO] [stdout] error[E0433]: failed to resolve: use of undeclared type `Key`
[INFO] [stdout]    --> src/db.rs:407:29
[INFO] [stdout]     |
[INFO] [stdout] 407 |             let _id = match Key::deserialize(key.as_ref())? {
[INFO] [stdout]     |                             ^^^ use of undeclared type `Key`
[INFO] [stdout]     |
[INFO] [stdout] help: consider importing one of these items
[INFO] [stdout]     |
[INFO] [stdout] 1   + use rocket::form::prelude::Key;
[INFO] [stdout]     |
[INFO] [stdout] 1   + use std::thread::local_impl::Key;
[INFO] [stdout]     |
[INFO] [stdout] 
[INFO] [stdout] 
[INFO] [stdout] error[E0433]: failed to resolve: use of undeclared type `Key`
[INFO] [stdout]    --> src/db.rs:408:17
[INFO] [stdout]     |
[INFO] [stdout] 408 |                 Key::Connection {
[INFO] [stdout]     |                 ^^^ use of undeclared type `Key`
[INFO] [stdout]     |
[INFO] [stdout] help: consider importing one of these items
[INFO] [stdout]     |
[INFO] [stdout] 1   + use rocket::form::prelude::Key;
[INFO] [stdout]     |
[INFO] [stdout] 1   + use std::thread::local_impl::Key;
[INFO] [stdout]     |
[INFO] [stdout] 
[INFO] [stdout] 
[INFO] [stdout] error[E0433]: failed to resolve: use of undeclared type `Key`
[INFO] [stdout]    --> src/db.rs:412:17
[INFO] [stdout]     |
[INFO] [stdout] 412 |                 Key::ConnectionsByUserId { ref user_id } if user_id == needle_user_id => {
[INFO] [stdout]     |                 ^^^ use of undeclared type `Key`
[INFO] [stdout]     |
[INFO] [stdout] help: consider importing one of these items
[INFO] [stdout]     |
[INFO] [stdout] 1   + use rocket::form::prelude::Key;
[INFO] [stdout]     |
[INFO] [stdout] 1   + use std::thread::local_impl::Key;
[INFO] [stdout]     |
[INFO] [stdout] 
[INFO] [stdout] 
[INFO] [stdout] error[E0433]: failed to resolve: use of undeclared type `Key`
[INFO] [stdout]    --> src/db.rs:438:19
[INFO] [stdout]     |
[INFO] [stdout] 438 |         let key = Key::requesterReleases {
[INFO] [stdout]     |                   ^^^ use of undeclared type `Key`
[INFO] [stdout]     |
[INFO] [stdout] help: consider importing one of these items
[INFO] [stdout]     |
[INFO] [stdout] 1   + use rocket::form::prelude::Key;
[INFO] [stdout]     |
[INFO] [stdout] 1   + use std::thread::local_impl::Key;
[INFO] [stdout]     |
[INFO] [stdout] 
[INFO] [stdout] 
[INFO] [stdout] error[E0433]: failed to resolve: use of undeclared type `Key`
[INFO] [stdout]    --> src/db.rs:453:19
[INFO] [stdout]     |
[INFO] [stdout] 453 |         let key = Key::requesterReleases {
[INFO] [stdout]     |                   ^^^ use of undeclared type `Key`
[INFO] [stdout]     |
[INFO] [stdout] help: consider importing one of these items
[INFO] [stdout]     |
[INFO] [stdout] 1   + use rocket::form::prelude::Key;
[INFO] [stdout]     |
[INFO] [stdout] 1   + use std::thread::local_impl::Key;
[INFO] [stdout]     |
[INFO] [stdout] 
[INFO] [stdout] 
[INFO] [stdout] error[E0412]: cannot find type `Key` in this scope
[INFO] [stdout]    --> src/db.rs:470:31
[INFO] [stdout]     |
[INFO] [stdout] 470 |     fn insert<T>(&self, key: &Key, value: T) -> Result<()>
[INFO] [stdout]     |                               ^^^ not found in this scope
[INFO] [stdout]     |
[INFO] [stdout] help: consider importing one of these items
[INFO] [stdout]     |
[INFO] [stdout] 1   + use rocket::form::prelude::Key;
[INFO] [stdout]     |
[INFO] [stdout] 1   + use std::thread::local_impl::Key;
[INFO] [stdout]     |
[INFO] [stdout] 
[INFO] [stdout] 
[INFO] [stdout] error[E0412]: cannot find type `Key` in this scope
[INFO] [stdout]    --> src/db.rs:481:28
[INFO] [stdout]     |
[INFO] [stdout] 481 |     fn remove(&self, key: &Key) -> Result<()> {
[INFO] [stdout]     |                            ^^^ not found in this scope
[INFO] [stdout]     |
[INFO] [stdout] help: consider importing one of these items
[INFO] [stdout]     |
[INFO] [stdout] 1   + use rocket::form::prelude::Key;
[INFO] [stdout]     |
[INFO] [stdout] 1   + use std::thread::local_impl::Key;
[INFO] [stdout]     |
[INFO] [stdout] 
[INFO] [stdout] 
[INFO] [stdout] error[E0412]: cannot find type `Key` in this scope
[INFO] [stdout]    --> src/db.rs:488:28
[INFO] [stdout]     |
[INFO] [stdout] 488 |     fn get<T>(&self, key: &Key) -> Result<Option<T>>
[INFO] [stdout]     |                            ^^^ not found in this scope
[INFO] [stdout]     |
[INFO] [stdout] help: consider importing one of these items
[INFO] [stdout]     |
[INFO] [stdout] 1   + use rocket::form::prelude::Key;
[INFO] [stdout]     |
[INFO] [stdout] 1   + use std::thread::local_impl::Key;
[INFO] [stdout]     |
[INFO] [stdout] 
[INFO] [stdout] 
[INFO] [stdout] error[E0412]: cannot find type `Key` in this scope
[INFO] [stdout]    --> src/db.rs:531:39
[INFO] [stdout]     |
[INFO] [stdout] 531 |     pub fn insert<T>(&mut self, key: &Key, value: &T) -> Result<()>
[INFO] [stdout]     |                                       ^^^ not found in this scope
[INFO] [stdout]     |
[INFO] [stdout] help: consider importing one of these items
[INFO] [stdout]     |
[INFO] [stdout] 1   + use rocket::form::prelude::Key;
[INFO] [stdout]     |
[INFO] [stdout] 1   + use std::thread::local_impl::Key;
[INFO] [stdout]     |
[INFO] [stdout] 
[INFO] [stdout] 
[INFO] [stdout] error[E0412]: cannot find type `Key` in this scope
[INFO] [stdout]    --> src/db.rs:542:36
[INFO] [stdout]     |
[INFO] [stdout] 542 |     pub fn remove(&mut self, key: &Key) -> Result<()> {
[INFO] [stdout]     |                                    ^^^ not found in this scope
[INFO] [stdout]     |
[INFO] [stdout] help: consider importing one of these items
[INFO] [stdout]     |
[INFO] [stdout] 1   + use rocket::form::prelude::Key;
[INFO] [stdout]     |
[INFO] [stdout] 1   + use std::thread::local_impl::Key;
[INFO] [stdout]     |
[INFO] [stdout] 
[INFO] [stdout] 
[INFO] [stdout] error[E0433]: failed to resolve: use of undeclared crate or module `reqwest`
[INFO] [stdout]   --> src/oauth2.rs:34:27
[INFO] [stdout]    |
[INFO] [stdout] 34 |         let http_client = reqwest::Client::new();
[INFO] [stdout]    |                           ^^^^^^^ use of undeclared crate or module `reqwest`
[INFO] [stdout]    |
[INFO] [stdout] help: consider importing one of these items
[INFO] [stdout]    |
[INFO] [stdout] 1  + use mongodb::Client;
[INFO] [stdout]    |
[INFO] [stdout] 1  + use mongodb::sync::Client;
[INFO] [stdout]    |
[INFO] [stdout] 1  + use rocket::local::asynchronous::Client;
[INFO] [stdout]    |
[INFO] [stdout] 1  + use rocket::local::blocking::Client;
[INFO] [stdout]    |
[INFO] [stdout] help: if you import `Client`, refer to it directly
[INFO] [stdout]    |
[INFO] [stdout] 34 -         let http_client = reqwest::Client::new();
[INFO] [stdout] 34 +         let http_client = Client::new();
[INFO] [stdout]    |
[INFO] [stdout] 
[INFO] [stdout] 
[INFO] [stdout] error[E0433]: failed to resolve: use of undeclared crate or module `hyper`
[INFO] [stdout]   --> src/web.rs:66:45
[INFO] [stdout]    |
[INFO] [stdout] 66 | ) -> Result<impl Future<Output = Result<(), hyper::Error>>, anyhow::Error> {
[INFO] [stdout]    |                                             ^^^^^ use of undeclared crate or module `hyper`
[INFO] [stdout]    |
[INFO] [stdout] help: consider importing this module
[INFO] [stdout]    |
[INFO] [stdout] 1  + use rocket::http::hyper;
[INFO] [stdout]    |
[INFO] [stdout] 
[INFO] [stdout] 
[INFO] [stdout] error[E0433]: failed to resolve: use of undeclared crate or module `hyper`
[INFO] [stdout]   --> src/web.rs:85:34
[INFO] [stdout]    |
[INFO] [stdout] 85 |             async move { Ok::<_, hyper::Error>(service) }
[INFO] [stdout]    |                                  ^^^^^ use of undeclared crate or module `hyper`
[INFO] [stdout]    |
[INFO] [stdout] help: consider importing this module
[INFO] [stdout]    |
[INFO] [stdout] 1  + use rocket::http::hyper;
[INFO] [stdout]    |
[INFO] [stdout] 
[INFO] [stdout] 
[INFO] [stdout] error[E0433]: failed to resolve: use of undeclared crate or module `chrono`
[INFO] [stdout]   --> src/web.rs:90:23
[INFO] [stdout]    |
[INFO] [stdout] 90 |         let expires = chrono::Duration::minutes(5);
[INFO] [stdout]    |                       ^^^^^^ use of undeclared crate or module `chrono`
[INFO] [stdout]    |
[INFO] [stdout] help: consider importing one of these items
[INFO] [stdout]    |
[INFO] [stdout] 1  + use core::time::Duration;
[INFO] [stdout]    |
[INFO] [stdout] 1  + use crate::web::time::Duration;
[INFO] [stdout]    |
[INFO] [stdout] 1  + use std::time::Duration;
[INFO] [stdout]    |
[INFO] [stdout] help: if you import `Duration`, refer to it directly
[INFO] [stdout]    |
[INFO] [stdout] 90 -         let expires = chrono::Duration::minutes(5);
[INFO] [stdout] 90 +         let expires = Duration::minutes(5);
[INFO] [stdout]    |
[INFO] [stdout] 
[INFO] [stdout] 
[INFO] [stdout] error[E0433]: failed to resolve: use of undeclared crate or module `serde_cbor`
[INFO] [stdout]    --> src/web.rs:147:11
[INFO] [stdout]     |
[INFO] [stdout] 147 | impl From<serde_cbor::error::Error> for Error {
[INFO] [stdout]     |           ^^^^^^^^^^ use of undeclared crate or module `serde_cbor`
[INFO] [stdout]     |
[INFO] [stdout] help: consider importing one of these items
[INFO] [stdout]     |
[INFO] [stdout] 1   + use core::error;
[INFO] [stdout]     |
[INFO] [stdout] 1   + use mongodb::error;
[INFO] [stdout]     |
[INFO] [stdout] 1   + use rocket::error;
[INFO] [stdout]     |
[INFO] [stdout] 1   + use rocket::form::error;
[INFO] [stdout]     |
[INFO] [stdout]       and 2 other candidates
[INFO] [stdout] help: if you import `error`, refer to it directly
[INFO] [stdout]     |
[INFO] [stdout] 147 - impl From<serde_cbor::error::Error> for Error {
[INFO] [stdout] 147 + impl From<error::Error> for Error {
[INFO] [stdout]     |
[INFO] [stdout] 
[INFO] [stdout] 
[INFO] [stdout] error[E0433]: failed to resolve: use of undeclared crate or module `serde_cbor`
[INFO] [stdout]    --> src/web.rs:148:20
[INFO] [stdout]     |
[INFO] [stdout] 148 |     fn from(value: serde_cbor::error::Error) -> Error {
[INFO] [stdout]     |                    ^^^^^^^^^^ use of undeclared crate or module `serde_cbor`
[INFO] [stdout]     |
[INFO] [stdout] help: consider importing one of these items
[INFO] [stdout]     |
[INFO] [stdout] 1   + use core::error;
[INFO] [stdout]     |
[INFO] [stdout] 1   + use mongodb::error;
[INFO] [stdout]     |
[INFO] [stdout] 1   + use rocket::error;
[INFO] [stdout]     |
[INFO] [stdout] 1   + use rocket::form::error;
[INFO] [stdout]     |
[INFO] [stdout]       and 2 other candidates
[INFO] [stdout] help: if you import `error`, refer to it directly
[INFO] [stdout]     |
[INFO] [stdout] 148 -     fn from(value: serde_cbor::error::Error) -> Error {
[INFO] [stdout] 148 +     fn from(value: error::Error) -> Error {
[INFO] [stdout]     |
[INFO] [stdout] 
[INFO] [stdout] 
[INFO] [stdout] error[E0412]: cannot find type `IdRequesterClient` in module `api`
[INFO] [stdout]    --> src/web.rs:212:31
[INFO] [stdout]     |
[INFO] [stdout] 212 |     id_Requester_client: api::IdRequesterClient,
[INFO] [stdout]     |                               ^^^^^^^^^^^^^^^^^ not found in `api`
[INFO] [stdout] 
[INFO] [stdout] 
[INFO] [stdout] error[E0412]: cannot find type `Client` in module `api`
[INFO] [stdout]    --> src/web.rs:213:18
[INFO] [stdout]     |
[INFO] [stdout] 213 |     Client: api::Client,
[INFO] [stdout]     |                  ^^^^^^ not found in `api`
[INFO] [stdout]     |
[INFO] [stdout] help: consider importing one of these items
[INFO] [stdout]     |
[INFO] [stdout] 1   + use mongodb::Client;
[INFO] [stdout]     |
[INFO] [stdout] 1   + use mongodb::sync::Client;
[INFO] [stdout]     |
[INFO] [stdout] 1   + use rocket::local::asynchronous::Client;
[INFO] [stdout]     |
[INFO] [stdout] 1   + use rocket::local::blocking::Client;
[INFO] [stdout]     |
[INFO] [stdout] help: if you import `Client`, refer to it directly
[INFO] [stdout]     |
[INFO] [stdout] 213 -     Client: api::Client,
[INFO] [stdout] 213 +     Client: Client,
[INFO] [stdout]     |
[INFO] [stdout] 
[INFO] [stdout] 
[INFO] [stdout] error[E0433]: failed to resolve: could not find `Client` in `api`
[INFO] [stdout]    --> src/web.rs:238:26
[INFO] [stdout]     |
[INFO] [stdout] 238 |             Client: api::Client::new()?,
[INFO] [stdout]     |                          ^^^^^^ could not find `Client` in `api`
[INFO] [stdout]     |
[INFO] [stdout] help: consider importing one of these items
[INFO] [stdout]     |
[INFO] [stdout] 1   + use mongodb::Client;
[INFO] [stdout]     |
[INFO] [stdout] 1   + use mongodb::sync::Client;
[INFO] [stdout]     |
[INFO] [stdout] 1   + use rocket::local::asynchronous::Client;
[INFO] [stdout]     |
[INFO] [stdout] 1   + use rocket::local::blocking::Client;
[INFO] [stdout]     |
[INFO] [stdout] help: if you import `Client`, refer to it directly
[INFO] [stdout]     |
[INFO] [stdout] 238 -             Client: api::Client::new()?,
[INFO] [stdout] 238 +             Client: Client::new()?,
[INFO] [stdout]     |
[INFO] [stdout] 
[INFO] [stdout] 
[INFO] [stdout] error[E0433]: failed to resolve: use of undeclared crate or module `chrono`
[INFO] [stdout]    --> src/web.rs:243:19
[INFO] [stdout]     |
[INFO] [stdout] 243 |             week: chrono::Duration::days(7),
[INFO] [stdout]     |                   ^^^^^^ use of undeclared crate or module `chrono`
[INFO] [stdout]     |
[INFO] [stdout] help: consider importing one of these items
[INFO] [stdout]     |
[INFO] [stdout] 1   + use core::time::Duration;
[INFO] [stdout]     |
[INFO] [stdout] 1   + use crate::web::time::Duration;
[INFO] [stdout]     |
[INFO] [stdout] 1   + use std::time::Duration;
[INFO] [stdout]     |
[INFO] [stdout] help: if you import `Duration`, refer to it directly
[INFO] [stdout]     |
[INFO] [stdout] 243 -             week: chrono::Duration::days(7),
[INFO] [stdout] 243 +             week: Duration::days(7),
[INFO] [stdout]     |
[INFO] [stdout] 
[INFO] [stdout] 
[INFO] [stdout] error[E0433]: failed to resolve: use of undeclared crate or module `serde_cbor`
[INFO] [stdout]    --> src/web.rs:807:31
[INFO] [stdout]     |
[INFO] [stdout] 807 |                         meta: serde_cbor::Value::Null,
[INFO] [stdout]     |                               ^^^^^^^^^^ use of undeclared crate or module `serde_cbor`
[INFO] [stdout]     |
[INFO] [stdout] help: consider importing this enum
[INFO] [stdout]     |
[INFO] [stdout] 1   + use rocket::serde::json::Value;
[INFO] [stdout]     |
[INFO] [stdout] help: if you import `Value`, refer to it directly
[INFO] [stdout]     |
[INFO] [stdout] 807 -                         meta: serde_cbor::Value::Null,
[INFO] [stdout] 807 +                         meta: Value::Null,
[INFO] [stdout]     |
[INFO] [stdout] 
[INFO] [stdout] 
[INFO] [stdout] error[E0422]: cannot find struct, variant or union type `Player` in module `db`
[INFO] [stdout]    --> src/web.rs:930:30
[INFO] [stdout]     |
[INFO] [stdout] 930 |             let player = db::Player {
[INFO] [stdout]     |                              ^^^^^^ not found in `db`
[INFO] [stdout] 
[INFO] [stdout] 
[INFO] [stdout] error[E0433]: failed to resolve: could not find `Requester` in `api`
[INFO] [stdout]    --> src/web.rs:986:70
[INFO] [stdout]     |
[INFO] [stdout] 986 |     async fn auth_Requester_token(&self, token: &str) -> Result<api::Requester::ValidateToken, Error> {
[INFO] [stdout]     |                                                                      ^^^^^^^^^ could not find `Requester` in `api`
[INFO] [stdout]     |
[INFO] [stdout] help: consider importing this struct
[INFO] [stdout]     |
[INFO] [stdout] 1   + use crate::db::Requester;
[INFO] [stdout]     |
[INFO] [stdout] help: if you import `Requester`, refer to it directly
[INFO] [stdout]     |
[INFO] [stdout] 986 -     async fn auth_Requester_token(&self, token: &str) -> Result<api::Requester::ValidateToken, Error> {
[INFO] [stdout] 986 +     async fn auth_Requester_token(&self, token: &str) -> Result<Requester::ValidateToken, Error> {
[INFO] [stdout]     |
[INFO] [stdout] 
[INFO] [stdout] 
[INFO] [stdout] error[E0412]: cannot find type `PlayerItem` in module `db`
[INFO] [stdout]     --> src/web.rs:1080:42
[INFO] [stdout]      |
[INFO] [stdout] 1080 |     pub fn into_player_item(self) -> db::PlayerItem {
[INFO] [stdout]      |                                          ^^^^^^^^^^ not found in `db`
[INFO] [stdout] 
[INFO] [stdout] 
[INFO] [stdout] error[E0422]: cannot find struct, variant or union type `PlayerItem` in module `db`
[INFO] [stdout]     --> src/web.rs:1083:13
[INFO] [stdout]      |
[INFO] [stdout] 1083 |         db::PlayerItem {
[INFO] [stdout]      |             ^^^^^^^^^^ not found in `db`
[INFO] [stdout] 
[INFO] [stdout] 
[INFO] [stdout] error[E0425]: cannot find value `Client_TRACK_URL` in this scope
[INFO] [stdout]     --> src/web.rs:1088:53
[INFO] [stdout]      |
[INFO] [stdout] 1088 |                 .unwrap_or_else(|| format!("{}/{}", Client_TRACK_URL, track_id)),
[INFO] [stdout]      |                                                     ^^^^^^^^^^^^^^^^ not found in this scope
[INFO] [stdout] 
[INFO] [stdout] 
[INFO] [stdout] error[E0433]: failed to resolve: use of undeclared crate or module `serde_json`
[INFO] [stdout]     --> src/web.rs:1097:16
[INFO] [stdout]      |
[INFO] [stdout] 1097 |     let body = serde_json::to_string(&Error {
[INFO] [stdout]      |                ^^^^^^^^^^ use of undeclared crate or module `serde_json`
[INFO] [stdout]      |
[INFO] [stdout] help: consider importing this crate
[INFO] [stdout]      |
[INFO] [stdout] 1    + use rocket::serde::json::serde_json;
[INFO] [stdout]      |
[INFO] [stdout] 
[INFO] [stdout] 
[INFO] [stdout] error[E0433]: failed to resolve: use of undeclared crate or module `serde_json`
[INFO] [stdout]     --> src/web.rs:1141:11
[INFO] [stdout]      |
[INFO] [stdout] 1141 |     match serde_json::from_slice::<T>(&bytes) {
[INFO] [stdout]      |           ^^^^^^^^^^ use of undeclared crate or module `serde_json`
[INFO] [stdout]      |
[INFO] [stdout] help: consider importing this crate
[INFO] [stdout]      |
[INFO] [stdout] 1    + use rocket::serde::json::serde_json;
[INFO] [stdout]      |
[INFO] [stdout] 
[INFO] [stdout] 
[INFO] [stdout] error[E0433]: failed to resolve: use of undeclared crate or module `serde_json`
[INFO] [stdout]     --> src/web.rs:1163:16
[INFO] [stdout]      |
[INFO] [stdout] 1163 |     let body = serde_json::to_string(&body).map_err(anyhow::Error::from)?;
[INFO] [stdout]      |                ^^^^^^^^^^ use of undeclared crate or module `serde_json`
[INFO] [stdout]      |
[INFO] [stdout] help: consider importing this crate
[INFO] [stdout]      |
[INFO] [stdout] 1    + use rocket::serde::json::serde_json;
[INFO] [stdout]      |
[INFO] [stdout] 
[INFO] [stdout] 
[INFO] [stdout] error[E0433]: failed to resolve: use of undeclared crate or module `serde_cbor`
[INFO] [stdout]   --> src/db.rs:18:15
[INFO] [stdout]    |
[INFO] [stdout] 18 |     pub meta: serde_cbor::Value,
[INFO] [stdout]    |               ^^^^^^^^^^ use of undeclared crate or module `serde_cbor`
[INFO] [stdout] 
[INFO] [stdout] 
[INFO] [stdout] error[E0433]: failed to resolve: use of undeclared crate or module `serde_cbor`
[INFO] [stdout]   --> src/db.rs:22:22
[INFO] [stdout]    |
[INFO] [stdout] 22 | fn meta_default() -> serde_cbor::Value {
[INFO] [stdout]    |                      ^^^^^^^^^^ use of undeclared crate or module `serde_cbor`
[INFO] [stdout] 
[INFO] [stdout] 
[INFO] [stdout] error[E0433]: failed to resolve: use of undeclared crate or module `serde_cbor`
[INFO] [stdout]   --> src/db.rs:26:36
[INFO] [stdout]    |
[INFO] [stdout] 26 | pub(crate) fn meta_is_null(value: &serde_cbor::Value) -> bool {
[INFO] [stdout]    |                                    ^^^^^^^^^^ use of undeclared crate or module `serde_cbor`
[INFO] [stdout] 
[INFO] [stdout] 
[INFO] [stdout] error[E0433]: failed to resolve: use of undeclared crate or module `serde_cbor`
[INFO] [stdout]   --> src/db.rs:67:12
[INFO] [stdout]    |
[INFO] [stdout] 67 |         Ok(serde_cbor::to_vec(self)?)
[INFO] [stdout]    |            ^^^^^^^^^^ use of undeclared crate or module `serde_cbor`
[INFO] [stdout] 
[INFO] [stdout] 
[INFO] [stdout] error[E0433]: failed to resolve: use of undeclared crate or module `serde_cbor`
[INFO] [stdout]   --> src/db.rs:72:12
[INFO] [stdout]    |
[INFO] [stdout] 72 |         Ok(serde_cbor::from_slice(bytes)?)
[INFO] [stdout]    |            ^^^^^^^^^^ use of undeclared crate or module `serde_cbor`
[INFO] [stdout] 
[INFO] [stdout] 
[INFO] [stdout] error[E0433]: failed to resolve: use of undeclared crate or module `serde_cbor`
[INFO] [stdout]    --> src/db.rs:156:72
[INFO] [stdout]     |
[INFO] [stdout] 156 |                         while let Some(value) = visitor.next_element::<serde_cbor::Value>()? {
[INFO] [stdout]     |                                                                        ^^^^^^^^^^ use of undeclared crate or module `serde_cbor`
[INFO] [stdout] 
[INFO] [stdout] 
[INFO] [stdout] error[E0433]: failed to resolve: use of undeclared crate or module `serde_cbor`
[INFO] [stdout]    --> src/db.rs:418:36
[INFO] [stdout]     |
[INFO] [stdout] 418 |             let connection = match serde_cbor::from_slice(value.as_ref()) {
[INFO] [stdout]     |                                    ^^^^^^^^^^ use of undeclared crate or module `serde_cbor`
[INFO] [stdout] 
[INFO] [stdout] 
[INFO] [stdout] error[E0433]: failed to resolve: use of undeclared crate or module `serde_cbor`
[INFO] [stdout]    --> src/db.rs:475:21
[INFO] [stdout]     |
[INFO] [stdout] 475 |         let value = serde_cbor::to_vec(&value)?;
[INFO] [stdout]     |                     ^^^^^^^^^^ use of undeclared crate or module `serde_cbor`
[INFO] [stdout] 
[INFO] [stdout] 
[INFO] [stdout] error[E0433]: failed to resolve: use of undeclared crate or module `serde_cbor`
[INFO] [stdout]    --> src/db.rs:511:46
[INFO] [stdout]     |
[INFO] [stdout] 511 |     fn deserialize<T>(value: &sled::IVec) -> serde_cbor::Result<T>
[INFO] [stdout]     |                                              ^^^^^^^^^^ use of undeclared crate or module `serde_cbor`
[INFO] [stdout] 
[INFO] [stdout] 
[INFO] [stdout] error[E0433]: failed to resolve: use of undeclared crate or module `serde_cbor`
[INFO] [stdout]    --> src/db.rs:515:9
[INFO] [stdout]     |
[INFO] [stdout] 515 |         serde_cbor::from_slice(&*value)
[INFO] [stdout]     |         ^^^^^^^^^^ use of undeclared crate or module `serde_cbor`
[INFO] [stdout] 
[INFO] [stdout] 
[INFO] [stdout] error[E0433]: failed to resolve: use of undeclared crate or module `serde_cbor`
[INFO] [stdout]    --> src/db.rs:536:21
[INFO] [stdout]     |
[INFO] [stdout] 536 |         let value = serde_cbor::to_vec(value)?;
[INFO] [stdout]     |                     ^^^^^^^^^^ use of undeclared crate or module `serde_cbor`
[INFO] [stdout] 
[INFO] [stdout] 
[INFO] [stdout] error[E0433]: failed to resolve: use of undeclared crate or module `serde_cbor`
[INFO] [stdout]    --> src/oauth2.rs:106:21
[INFO] [stdout]     |
[INFO] [stdout] 106 |         let bytes = serde_cbor::to_vec(&[&self.client_id, &*self.access_token])?;
[INFO] [stdout]     |                     ^^^^^^^^^^ use of undeclared crate or module `serde_cbor`
[INFO] [stdout] 
[INFO] [stdout] 
[INFO] [stdout] error[E0433]: failed to resolve: use of undeclared crate or module `base64`
[INFO] [stdout]    --> src/oauth2.rs:108:12
[INFO] [stdout]     |
[INFO] [stdout] 108 |         Ok(base64::encode(digest.as_ref()))
[INFO] [stdout]     |            ^^^^^^ use of undeclared crate or module `base64`
[INFO] [stdout] 
[INFO] [stdout] 
[INFO] [stdout] error[E0433]: failed to resolve: use of undeclared crate or module `reqwest`
[INFO] [stdout]    --> src/oauth2.rs:165:18
[INFO] [stdout]     |
[INFO] [stdout] 165 |     http_client: reqwest::Client,
[INFO] [stdout]     |                  ^^^^^^^ use of undeclared crate or module `reqwest`
[INFO] [stdout] 
[INFO] [stdout] 
[INFO] [stdout] error[E0433]: failed to resolve: use of undeclared crate or module `reqwest`
[INFO] [stdout]    --> src/oauth2.rs:173:29
[INFO] [stdout]     |
[INFO] [stdout] 173 |     pub fn new(http_client: reqwest::Client, client: Client, config: FlowConfig) -> Self {
[INFO] [stdout]     |                             ^^^^^^^ use of undeclared crate or module `reqwest`
[INFO] [stdout] 
[INFO] [stdout] 
[INFO] [stdout] error[E0433]: failed to resolve: use of undeclared crate or module `serde_cbor`
[INFO] [stdout]   --> src/session.rs:41:20
[INFO] [stdout]    |
[INFO] [stdout] 41 |         let data = serde_cbor::to_vec(&value)?;
[INFO] [stdout]    |                    ^^^^^^^^^^ use of undeclared crate or module `serde_cbor`
[INFO] [stdout] 
[INFO] [stdout] 
[INFO] [stdout] error[E0433]: failed to resolve: use of undeclared crate or module `base64`
[INFO] [stdout]   --> src/session.rs:43:20
[INFO] [stdout]    |
[INFO] [stdout] 43 |         let data = base64::encode(&data);
[INFO] [stdout]    |                    ^^^^^^ use of undeclared crate or module `base64`
[INFO] [stdout] 
[INFO] [stdout] 
[INFO] [stdout] error[E0433]: failed to resolve: use of undeclared crate or module `base64`
[INFO] [stdout]    --> src/session.rs:110:20
[INFO] [stdout]     |
[INFO] [stdout] 110 |         let data = base64::decode(cookie.value())?;
[INFO] [stdout]     |                    ^^^^^^ use of undeclared crate or module `base64`
[INFO] [stdout] 
[INFO] [stdout] 
[INFO] [stdout] error[E0433]: failed to resolve: use of undeclared crate or module `serde_cbor`
[INFO] [stdout]    --> src/session.rs:117:23
[INFO] [stdout]     |
[INFO] [stdout] 117 |         let session = serde_cbor::from_slice::<SessionData>(&data)?;
[INFO] [stdout]     |                       ^^^^^^^^^^ use of undeclared crate or module `serde_cbor`
[INFO] [stdout] 
[INFO] [stdout] 
[INFO] [stdout] error[E0433]: failed to resolve: use of undeclared crate or module `chrono`
[INFO] [stdout]    --> src/web.rs:218:11
[INFO] [stdout]     |
[INFO] [stdout] 218 |     week: chrono::Duration,
[INFO] [stdout]     |           ^^^^^^ use of undeclared crate or module `chrono`
[INFO] [stdout] 
[INFO] [stdout] 
[INFO] [stdout] error[E0433]: failed to resolve: use of undeclared crate or module `mime_guess`
[INFO] [stdout]    --> src/web.rs:257:28
[INFO] [stdout]     |
[INFO] [stdout] 257 |                 let mime = mime_guess::from_path(path).first_or_octet_stream();
[INFO] [stdout]     |                            ^^^^^^^^^^ use of undeclared crate or module `mime_guess`
[INFO] [stdout] 
[INFO] [stdout] 
[INFO] [stdout] error[E0433]: failed to resolve: use of undeclared crate or module `mime`
[INFO] [stdout]    --> src/web.rs:269:22
[INFO] [stdout]     |
[INFO] [stdout] 269 |             None => (mime::TEXT_HTML_UTF_8, self.fallback.clone()),
[INFO] [stdout]     |                      ^^^^ use of undeclared crate or module `mime`
[INFO] [stdout] 
[INFO] [stdout] 
[INFO] [stdout] error[E0433]: failed to resolve: use of undeclared crate or module `serde_cbor`
[INFO] [stdout]    --> src/web.rs:455:15
[INFO] [stdout]     |
[INFO] [stdout] 455 |     meta: &'a serde_cbor::Value,
[INFO] [stdout]     |               ^^^^^^^^^^ use of undeclared crate or module `serde_cbor`
[INFO] [stdout] 
[INFO] [stdout] 
[INFO] [stderr] error: could not compile `buscame-servidor-api` (lib) due to 178 previous errors
[INFO] [stdout] error[E0433]: failed to resolve: use of undeclared crate or module `base64`
[INFO] [stdout]    --> src/web.rs:723:19
[INFO] [stdout]     |
[INFO] [stdout] 723 |         let key = base64::encode(&buf);
[INFO] [stdout]     |                   ^^^^^^ use of undeclared crate or module `base64`
[INFO] [stdout] 
[INFO] [stdout] 
[INFO] [stderr] warning: build failed, waiting for other jobs to finish...
[INFO] [stdout] error[E0433]: failed to resolve: use of undeclared crate or module `serde_cbor`
[INFO] [stdout]    --> src/web.rs:999:17
[INFO] [stdout]     |
[INFO] [stdout] 999 |     ) -> Result<serde_cbor::Value, anyhow::Error> {
[INFO] [stdout]     |                 ^^^^^^^^^^ use of undeclared crate or module `serde_cbor`
[INFO] [stdout] 
[INFO] [stdout] 
[INFO] [stdout] error[E0433]: failed to resolve: use of undeclared crate or module `serde_urlencoded`
[INFO] [stdout]     --> src/web.rs:1028:13
[INFO] [stdout]      |
[INFO] [stdout] 1028 |             serde_urlencoded::from_str::<T>(query).map_err(|_| Error::bad_request("bad query"))?;
[INFO] [stdout]      |             ^^^^^^^^^^^^^^^^ use of undeclared crate or module `serde_urlencoded`
[INFO] [stdout] 
[INFO] [stdout] 
[INFO] [stdout] error: aborting due to 177 previous errors
[INFO] [stdout] 
[INFO] [stdout] 
[INFO] [stdout] Some errors have detailed explanations: E0412, E0422, E0425, E0432, E0433, E0761.
[INFO] [stdout] 
[INFO] [stdout] For more information about an error, try `rustc --explain E0412`.
[INFO] [stdout] 
[INFO] running `Command { std: "docker" "inspect" "2d64f9b555983283f6c834043a5b5355bfc230ec475a2b2f3440653f911f1667", kill_on_drop: false }`
[INFO] running `Command { std: "docker" "rm" "-f" "2d64f9b555983283f6c834043a5b5355bfc230ec475a2b2f3440653f911f1667", kill_on_drop: false }`
[INFO] [stdout] 2d64f9b555983283f6c834043a5b5355bfc230ec475a2b2f3440653f911f1667
[INFO] testing Buscame-CL/Buscame-Servidor-API against beta-2023-12-22 for beta-1.76-1
[INFO] running `Command { std: "git" "clone" "/workspace/cache/git-repos/https%3A%2F%2Fgithub.com%2FBuscame-CL%2FBuscame-Servidor-API" "/workspace/builds/worker-6-tc2/source", kill_on_drop: false }`
[INFO] [stderr] Cloning into '/workspace/builds/worker-6-tc2/source'...
[INFO] [stderr] done.
[INFO] validating manifest of git repo https://github.com/Buscame-CL/Buscame-Servidor-API on toolchain beta-2023-12-22
[INFO] running `Command { std: CARGO_HOME="/workspace/cargo-home" RUSTUP_HOME="/workspace/rustup-home" "/workspace/cargo-home/bin/cargo" "+beta-2023-12-22" "metadata" "--manifest-path" "Cargo.toml" "--no-deps", kill_on_drop: false }`
[INFO] started tweaking git repo https://github.com/Buscame-CL/Buscame-Servidor-API
[INFO] finished tweaking git repo https://github.com/Buscame-CL/Buscame-Servidor-API
[INFO] tweaked toml for git repo https://github.com/Buscame-CL/Buscame-Servidor-API written to /workspace/builds/worker-6-tc2/source/Cargo.toml
[INFO] crate git repo https://github.com/Buscame-CL/Buscame-Servidor-API already has a lockfile, it will not be regenerated
[INFO] running `Command { std: CARGO_HOME="/workspace/cargo-home" RUSTUP_HOME="/workspace/rustup-home" "/workspace/cargo-home/bin/cargo" "+beta-2023-12-22" "fetch" "--manifest-path" "Cargo.toml", kill_on_drop: false }`
[INFO] running `Command { std: "docker" "create" "-v" "/var/lib/crater-agent-workspace/builds/worker-6-tc2/target:/opt/rustwide/target:rw,Z" "-v" "/var/lib/crater-agent-workspace/builds/worker-6-tc2/source:/opt/rustwide/workdir:ro,Z" "-v" "/var/lib/crater-agent-workspace/cargo-home:/opt/rustwide/cargo-home:ro,Z" "-v" "/var/lib/crater-agent-workspace/rustup-home:/opt/rustwide/rustup-home:ro,Z" "-e" "SOURCE_DIR=/opt/rustwide/workdir" "-e" "CARGO_TARGET_DIR=/opt/rustwide/target" "-e" "CARGO_HOME=/opt/rustwide/cargo-home" "-e" "RUSTUP_HOME=/opt/rustwide/rustup-home" "-w" "/opt/rustwide/workdir" "-m" "1610612736" "--user" "0:0" "--network" "none" "ghcr.io/rust-lang/crates-build-env/linux@sha256:2788e3201cd34a07e3172128adcd8b3090168a8e3bcc40d7c032b9dda1df7d1c" "/opt/rustwide/cargo-home/bin/cargo" "+beta-2023-12-22" "metadata" "--no-deps" "--format-version=1", kill_on_drop: false }`
[INFO] [stdout] 89efac2a9aec0c351a948de2ede0793b9155fe91cf28d40e2d1b12649c0b41c3
[INFO] running `Command { std: "docker" "start" "-a" "89efac2a9aec0c351a948de2ede0793b9155fe91cf28d40e2d1b12649c0b41c3", kill_on_drop: false }`
[INFO] running `Command { std: "docker" "inspect" "89efac2a9aec0c351a948de2ede0793b9155fe91cf28d40e2d1b12649c0b41c3", kill_on_drop: false }`
[INFO] running `Command { std: "docker" "rm" "-f" "89efac2a9aec0c351a948de2ede0793b9155fe91cf28d40e2d1b12649c0b41c3", kill_on_drop: false }`
[INFO] [stdout] 89efac2a9aec0c351a948de2ede0793b9155fe91cf28d40e2d1b12649c0b41c3
[INFO] running `Command { std: "docker" "create" "-v" "/var/lib/crater-agent-workspace/builds/worker-6-tc2/target:/opt/rustwide/target:rw,Z" "-v" "/var/lib/crater-agent-workspace/builds/worker-6-tc2/source:/opt/rustwide/workdir:ro,Z" "-v" "/var/lib/crater-agent-workspace/cargo-home:/opt/rustwide/cargo-home:ro,Z" "-v" "/var/lib/crater-agent-workspace/rustup-home:/opt/rustwide/rustup-home:ro,Z" "-e" "SOURCE_DIR=/opt/rustwide/workdir" "-e" "CARGO_TARGET_DIR=/opt/rustwide/target" "-e" "CARGO_INCREMENTAL=0" "-e" "RUST_BACKTRACE=full" "-e" "RUSTFLAGS=--cap-lints=warn" "-e" "RUSTDOCFLAGS=--cap-lints=warn" "-e" "CARGO_HOME=/opt/rustwide/cargo-home" "-e" "RUSTUP_HOME=/opt/rustwide/rustup-home" "-w" "/opt/rustwide/workdir" "-m" "1610612736" "--user" "0:0" "--network" "none" "ghcr.io/rust-lang/crates-build-env/linux@sha256:2788e3201cd34a07e3172128adcd8b3090168a8e3bcc40d7c032b9dda1df7d1c" "/opt/rustwide/cargo-home/bin/cargo" "+beta-2023-12-22" "build" "--frozen" "--message-format=json", kill_on_drop: false }`
[INFO] [stdout] 18b25e0d8507069aa4ef137fd809a70a49ac51d3da566fea3404cded581eda8b
[INFO] running `Command { std: "docker" "start" "-a" "18b25e0d8507069aa4ef137fd809a70a49ac51d3da566fea3404cded581eda8b", kill_on_drop: false }`
[INFO] [stderr]    Compiling proc-macro2 v1.0.39
[INFO] [stderr]    Compiling unicode-ident v1.0.0
[INFO] [stderr]    Compiling syn v1.0.95
[INFO] [stderr]    Compiling libc v0.2.126
[INFO] [stderr]    Compiling once_cell v1.11.0
[INFO] [stderr]    Compiling value-bag v1.0.0-alpha.9
[INFO] [stderr]    Compiling futures-core v0.3.21
[INFO] [stderr]    Compiling typenum v1.15.0
[INFO] [stderr]    Compiling generic-array v0.14.5
[INFO] [stderr]    Compiling log v0.4.17
[INFO] [stderr]    Compiling futures-io v0.3.21
[INFO] [stderr]    Compiling bytes v1.1.0
[INFO] [stderr]    Compiling futures-channel v0.3.21
[INFO] [stderr]    Compiling serde_derive v1.0.143
[INFO] [stderr]    Compiling subtle v2.4.1
[INFO] [stderr]    Compiling itoa v1.0.2
[INFO] [stderr]    Compiling serde v1.0.143
[INFO] [stderr]    Compiling slab v0.4.6
[INFO] [stderr]    Compiling futures-sink v0.3.21
[INFO] [stderr]    Compiling futures-task v0.3.21
[INFO] [stderr]    Compiling futures-util v0.3.21
[INFO] [stderr]    Compiling cpufeatures v0.2.2
[INFO] [stderr]    Compiling quote v1.0.18
[INFO] [stderr]    Compiling proc-macro2-diagnostics v0.9.1
[INFO] [stderr]    Compiling socket2 v0.4.4
[INFO] [stderr]    Compiling getrandom v0.2.6
[INFO] [stderr]    Compiling signal-hook-registry v1.4.0
[INFO] [stderr]    Compiling num_cpus v1.13.1
[INFO] [stderr]    Compiling tracing-core v0.1.26
[INFO] [stderr]    Compiling rand_core v0.6.3
[INFO] [stderr]    Compiling fastrand v1.7.0
[INFO] [stderr]    Compiling rand_chacha v0.3.1
[INFO] [stderr]    Compiling hashbrown v0.11.2
[INFO] [stderr]    Compiling cache-padded v1.2.0
[INFO] [stderr]    Compiling smallvec v1.8.0
[INFO] [stderr]    Compiling time-macros v0.2.4
[INFO] [stderr]    Compiling num_threads v0.1.6
[INFO] [stderr]    Compiling cc v1.0.73
[INFO] [stderr]    Compiling concurrent-queue v1.2.2
[INFO] [stderr]    Compiling http v0.2.7
[INFO] [stderr]    Compiling indexmap v1.8.1
[INFO] [stderr]    Compiling parking v2.0.0
[INFO] [stderr]    Compiling block-buffer v0.10.2
[INFO] [stderr]    Compiling crypto-common v0.1.3
[INFO] [stderr]    Compiling cipher v0.3.0
[INFO] [stderr]    Compiling universal-hash v0.4.1
[INFO] [stderr]    Compiling digest v0.10.3
[INFO] [stderr]    Compiling event-listener v2.5.2
[INFO] [stderr]    Compiling httparse v1.7.1
[INFO] [stderr]    Compiling base64 v0.13.0
[INFO] [stderr]    Compiling waker-fn v1.1.0
[INFO] [stderr]    Compiling futures-lite v1.12.0
[INFO] [stderr]    Compiling hmac v0.12.1
[INFO] [stderr]    Compiling polyval v0.5.3
[INFO] [stderr]    Compiling rand v0.8.5
[INFO] [stderr]    Compiling try-lock v0.2.3
[INFO] [stderr]    Compiling unicode-normalization v0.1.19
[INFO] [stderr]    Compiling ring v0.16.20
[INFO] [stderr]    Compiling ghash v0.4.4
[INFO] [stderr]    Compiling sha2 v0.10.2
[INFO] [stderr]    Compiling aes v0.7.5
[INFO] [stderr]    Compiling ctr v0.8.0
[INFO] [stderr]    Compiling aead v0.4.3
[INFO] [stderr]    Compiling lock_api v0.4.7
[INFO] [stderr]    Compiling cookie v0.16.0
[INFO] [stderr]    Compiling matches v0.1.9
[INFO] [stderr]    Compiling parking_lot_core v0.9.3
[INFO] [stderr]    Compiling async-trait v0.1.53
[INFO] [stderr]    Compiling aes-gcm v0.9.4
[INFO] [stderr]    Compiling http-body v0.4.5
[INFO] [stderr]    Compiling hkdf v0.12.3
[INFO] [stderr]    Compiling async-task v4.2.0
[INFO] [stderr]    Compiling ref-cast v1.0.7
[INFO] [stderr]    Compiling signal-hook v0.3.14
[INFO] [stderr]    Compiling ident_case v1.0.1
[INFO] [stderr]    Compiling semver-parser v0.7.0
[INFO] [stderr]    Compiling tower-service v0.3.1
[INFO] [stderr]    Compiling inlinable_string v0.1.15
[INFO] [stderr]    Compiling semver v0.9.0
[INFO] [stderr]    Compiling idna v0.2.3
[INFO] [stderr]    Compiling form_urlencoded v1.0.1
[INFO] [stderr]    Compiling time v0.3.9
[INFO] [stderr]    Compiling mio v0.8.3
[INFO] [stderr]    Compiling async-channel v1.6.1
[INFO] [stderr]    Compiling num-traits v0.2.15
[INFO] [stderr]    Compiling uncased v0.9.7
[INFO] [stderr]    Compiling darling_core v0.13.4
[INFO] [stderr]    Compiling heck v0.4.0
[INFO] [stderr]    Compiling atomic-waker v1.0.0
[INFO] [stderr]    Compiling crossbeam-utils v0.8.8
[INFO] [stderr]    Compiling match_cfg v0.1.0
[INFO] [stderr]    Compiling serde_json v1.0.81
[INFO] [stderr]    Compiling hostname v0.3.1
[INFO] [stderr]    Compiling blocking v1.2.0
[INFO] [stderr]    Compiling devise_core v0.3.1
[INFO] [stderr]    Compiling tokio v1.18.2
[INFO] [stderr]    Compiling url v2.2.2
[INFO] [stderr]    Compiling parking_lot v0.12.0
[INFO] [stderr]    Compiling rustc_version v0.2.3
[INFO] [stderr]    Compiling async-executor v1.4.1
[INFO] [stderr]    Compiling want v0.3.0
[INFO] [stderr]    Compiling webpki v0.22.0
[INFO] [stderr]    Compiling async-mutex v1.4.0
[INFO] [stderr]    Compiling tracing v0.1.34
[INFO] [stderr]    Compiling stable-pattern v0.1.0
[INFO] [stderr]    Compiling data-encoding v2.3.2
[INFO] [stderr]    Compiling linked-hash-map v0.5.4
[INFO] [stderr]    Compiling ipnet v2.5.0
[INFO] [stderr]    Compiling ryu v1.0.10
[INFO] [stderr]    Compiling rustversion v1.0.6
[INFO] [stderr]    Compiling rustls v0.20.6
[INFO] [stderr]    Compiling state v0.5.3
[INFO] [stderr]    Compiling futures v0.3.21
[INFO] [stderr]    Compiling hyper v0.14.18
[INFO] [stderr]    Compiling resolv-conf v0.7.0
[INFO] [stderr]    Compiling ctor v0.1.22
[INFO] [stderr]    Compiling tokio-macros v1.7.0
[INFO] [stderr]    Compiling futures-macro v0.3.21
[INFO] [stderr]    Compiling tracing-attributes v0.1.21
[INFO] [stderr]    Compiling pear_codegen v0.2.3
[INFO] [stderr]    Compiling ref-cast-impl v1.0.7
[INFO] [stderr]    Compiling thiserror-impl v1.0.31
[INFO] [stderr]    Compiling polling v2.2.0
[INFO] [stderr]    Compiling pear v0.2.3
[INFO] [stderr]    Compiling async-io v1.6.0
[INFO] [stderr]    Compiling darling_macro v0.13.4
[INFO] [stderr]    Compiling enum-as-inner v0.4.0
[INFO] [stderr]    Compiling async-process v1.4.0
[INFO] [stderr]    Compiling async-global-executor v2.0.4
[INFO] [stderr]    Compiling thiserror v1.0.31
[INFO] [stderr]    Compiling kv-log-macro v1.0.7
[INFO] [stderr]    Compiling darling v0.13.4
[INFO] [stderr]    Compiling devise_codegen v0.3.1
[INFO] [stderr]    Compiling async-attributes v1.1.2
[INFO] [stderr]    Compiling lru-cache v0.1.2
[INFO] [stderr]    Compiling sct v0.7.0
[INFO] [stderr]    Compiling rustc_version_runtime v0.2.1
[INFO] [stderr]    Compiling async-lock v2.5.0
[INFO] [stderr]    Compiling atomic v0.5.1
[INFO] [stderr]    Compiling multer v2.0.2
[INFO] [stderr]    Compiling figment v0.10.6
[INFO] [stderr]    Compiling async-std v1.11.0
[INFO] [stderr]    Compiling num-integer v0.1.45
[INFO] [stderr]    Compiling rocket_http v0.5.0-rc.2
[INFO] [stderr]    Compiling devise v0.3.1
[INFO] [stderr]    Compiling ahash v0.7.6
[INFO] [stderr]    Compiling serde_with_macros v1.5.2
[INFO] [stderr]    Compiling tokio-util v0.7.2
[INFO] [stderr]    Compiling trust-dns-proto v0.21.2
[INFO] [stderr]    Compiling tokio-util v0.6.10
[INFO] [stderr]    Compiling async-stream-impl v0.3.3
[INFO] [stderr]    Compiling uuid v1.1.2
[INFO] [stderr]    Compiling toml v0.5.9
[INFO] [stderr]    Compiling serde_bytes v0.11.6
[INFO] [stderr]    Compiling h2 v0.3.13
[INFO] [stderr]    Compiling trust-dns-resolver v0.21.2
[INFO] [stderr]    Compiling time v0.1.43
[INFO] [stderr]    Compiling rocket v0.5.0-rc.2
[INFO] [stderr]    Compiling spin v0.9.3
[INFO] [stderr]    Compiling unicode-xid v0.2.3
[INFO] [stderr]    Compiling glob v0.3.0
[INFO] [stderr]    Compiling tempfile v3.3.0
[INFO] [stderr]    Compiling bson v2.4.0
[INFO] [stderr]    Compiling rocket_codegen v0.5.0-rc.2
[INFO] [stderr]    Compiling chrono v0.4.19
[INFO] [stderr]    Compiling async-std-resolver v0.21.2
[INFO] [stderr]    Compiling async-stream v0.3.3
[INFO] [stderr]    Compiling ubyte v0.10.2
[INFO] [stderr]    Compiling serde_with v1.13.0
[INFO] [stderr]    Compiling tokio-rustls v0.23.4
[INFO] [stderr]    Compiling tokio-stream v0.1.8
[INFO] [stderr]    Compiling futures-executor v0.3.21
[INFO] [stderr]    Compiling os_info v3.3.0
[INFO] [stderr]    Compiling derivative v2.2.0
[INFO] [stderr]    Compiling typed-builder v0.10.0
[INFO] [stderr]    Compiling webpki-roots v0.22.3
[INFO] [stderr]    Compiling stringprep v0.1.2
[INFO] [stderr]    Compiling rustls-pemfile v0.3.0
[INFO] [stderr]    Compiling sha-1 v0.10.0
[INFO] [stderr]    Compiling md-5 v0.10.1
[INFO] [stderr]    Compiling pbkdf2 v0.10.1
[INFO] [stderr]    Compiling uuid v0.8.2
[INFO] [stderr]    Compiling atty v0.2.14
[INFO] [stderr]    Compiling take_mut v0.2.2
[INFO] [stderr]    Compiling binascii v0.1.4
[INFO] [stderr]    Compiling dotenv v0.15.0
[INFO] [stderr]    Compiling mongodb v2.3.0
[INFO] [stderr]    Compiling buscame-servidor-api v0.1.0 (/opt/rustwide/workdir)
[INFO] [stdout] error[E0761]: file for module `api` found at both "src/api.rs" and "src/api/mod.rs"
[INFO] [stdout]  --> src/lib.rs:4:1
[INFO] [stdout]   |
[INFO] [stdout] 4 | pub mod api;
[INFO] [stdout]   | ^^^^^^^^^^^^
[INFO] [stdout]   |
[INFO] [stdout]   = help: delete or rename one of them to remove the ambiguity
[INFO] [stdout] 
[INFO] [stdout] 
[INFO] [stdout] error[E0432]: unresolved import `anyhow`
[INFO] [stdout]  --> src/aead.rs:1:5
[INFO] [stdout]   |
[INFO] [stdout] 1 | use anyhow::{anyhow, Error};
[INFO] [stdout]   |     ^^^^^^ use of undeclared crate or module `anyhow`
[INFO] [stdout] 
[INFO] [stdout] 
[INFO] [stdout] error[E0432]: unresolved import `ring`
[INFO] [stdout]  --> src/aead.rs:2:5
[INFO] [stdout]   |
[INFO] [stdout] 2 | use ring::aead;
[INFO] [stdout]   |     ^^^^ use of undeclared crate or module `ring`
[INFO] [stdout] 
[INFO] [stdout] 
[INFO] [stdout] error[E0433]: failed to resolve: use of undeclared crate or module `ring`
[INFO] [stdout]  --> src/aead.rs:4:5
[INFO] [stdout]   |
[INFO] [stdout] 4 | use ring::rand::{SecureRandom as _, SystemRandom};
[INFO] [stdout]   |     ^^^^ use of undeclared crate or module `ring`
[INFO] [stdout] 
[INFO] [stdout] 
[INFO] [stdout] error[E0432]: unresolved import `ring`
[INFO] [stdout]  --> src/aead.rs:3:5
[INFO] [stdout]   |
[INFO] [stdout] 3 | use ring::pbkdf2;
[INFO] [stdout]   |     ^^^^ use of undeclared crate or module `ring`
[INFO] [stdout] 
[INFO] [stdout] 
[INFO] [stdout] error[E0432]: unresolved import `oauth2`
[INFO] [stdout]  --> src/oauth2.rs:1:7
[INFO] [stdout]   |
[INFO] [stdout] 1 | use ::oauth2::{
[INFO] [stdout]   |       ^^^^^^ help: a similar path exists: `crate::oauth2`
[INFO] [stdout]   |
[INFO] [stdout]   = note: `use` statements changed in Rust 2018; read more at <https://doc.rust-lang.org/edition-guide/rust-2018/module-system/path-clarity.html>
[INFO] [stdout] 
[INFO] [stdout] 
[INFO] [stdout] error[E0432]: unresolved import `oauth2`
[INFO] [stdout]  --> src/web.rs:6:7
[INFO] [stdout]   |
[INFO] [stdout] 6 | use ::oauth2::State;
[INFO] [stdout]   |       ^^^^^^ help: a similar path exists: `self::oauth2`
[INFO] [stdout] 
[INFO] [stdout] 
[INFO] [stdout] error[E0432]: unresolved import `tokio_stream`
[INFO] [stdout]   --> src/lib.rs:10:16
[INFO] [stdout]    |
[INFO] [stdout] 10 | pub(crate) use tokio_stream as stream;
[INFO] [stdout]    |                ^^^^^^^^^^^^^^^^^^^^^^ no external crate `tokio_stream`
[INFO] [stdout] 
[INFO] [stdout] 
[INFO] [stdout] error[E0432]: unresolved import `anyhow`
[INFO] [stdout]  --> src/oauth2.rs:5:5
[INFO] [stdout]   |
[INFO] [stdout] 5 | use anyhow::{anyhow, bail, Error};
[INFO] [stdout]   |     ^^^^^^ use of undeclared crate or module `anyhow`
[INFO] [stdout] 
[INFO] [stdout] 
[INFO] [stdout] error[E0432]: unresolved import `chrono`
[INFO] [stdout]  --> src/oauth2.rs:6:5
[INFO] [stdout]   |
[INFO] [stdout] 6 | use chrono::{DateTime, Utc};
[INFO] [stdout]   |     ^^^^^^ use of undeclared crate or module `chrono`
[INFO] [stdout] 
[INFO] [stdout] 
[INFO] [stdout] error[E0432]: unresolved import `url`
[INFO] [stdout]   --> src/oauth2.rs:11:5
[INFO] [stdout]    |
[INFO] [stdout] 11 | use url::Url;
[INFO] [stdout]    |     ^^^ use of undeclared crate or module `url`
[INFO] [stdout] 
[INFO] [stdout] 
[INFO] [stdout] error[E0432]: unresolved import `anyhow`
[INFO] [stdout]  --> src/session.rs:3:5
[INFO] [stdout]   |
[INFO] [stdout] 3 | use anyhow::Error;
[INFO] [stdout]   |     ^^^^^^ use of undeclared crate or module `anyhow`
[INFO] [stdout] 
[INFO] [stdout] 
[INFO] [stdout] error[E0432]: unresolved import `cookie`
[INFO] [stdout]  --> src/session.rs:4:5
[INFO] [stdout]   |
[INFO] [stdout] 4 | use cookie::{Cookie, CookieBuilder, CookieJar};
[INFO] [stdout]   |     ^^^^^^ use of undeclared crate or module `cookie`
[INFO] [stdout] 
[INFO] [stdout] 
[INFO] [stdout] error[E0432]: unresolved import `hyper`
[INFO] [stdout]  --> src/session.rs:5:5
[INFO] [stdout]   |
[INFO] [stdout] 5 | use hyper::{header, HeaderMap, Request};
[INFO] [stdout]   |     ^^^^^ use of undeclared crate or module `hyper`
[INFO] [stdout] 
[INFO] [stdout] 
[INFO] [stdout] error[E0432]: unresolved import `anyhow`
[INFO] [stdout]  --> src/db.rs:3:5
[INFO] [stdout]   |
[INFO] [stdout] 3 | use anyhow::Result;
[INFO] [stdout]   |     ^^^^^^ use of undeclared crate or module `anyhow`
[INFO] [stdout] 
[INFO] [stdout] 
[INFO] [stdout] error[E0432]: unresolved import `chrono`
[INFO] [stdout]  --> src/db.rs:4:5
[INFO] [stdout]   |
[INFO] [stdout] 4 | use chrono::{DateTime, Utc};
[INFO] [stdout]   |     ^^^^^^ use of undeclared crate or module `chrono`
[INFO] [stdout] 
[INFO] [stdout] 
[INFO] [stdout] error[E0432]: unresolved import `sled31`
[INFO] [stdout]  --> src/db.rs:6:5
[INFO] [stdout]   |
[INFO] [stdout] 6 | use sled31 as sled;
[INFO] [stdout]   |     ^^^^^^^^^^^^^^ no external crate `sled31`
[INFO] [stdout] 
[INFO] [stdout] 
[INFO] [stdout] error[E0432]: unresolved import `thiserror`
[INFO] [stdout]  --> src/db.rs:8:5
[INFO] [stdout]   |
[INFO] [stdout] 8 | use thiserror::Error;
[INFO] [stdout]   |     ^^^^^^^^^ use of undeclared crate or module `thiserror`
[INFO] [stdout] 
[INFO] [stdout] 
[INFO] [stdout] error[E0432]: unresolved import `anyhow`
[INFO] [stdout]  --> src/web.rs:7:5
[INFO] [stdout]   |
[INFO] [stdout] 7 | use anyhow::anyhow;
[INFO] [stdout]   |     ^^^^^^ use of undeclared crate or module `anyhow`
[INFO] [stdout] 
[INFO] [stdout] 
[INFO] [stdout] error[E0433]: failed to resolve: use of undeclared crate or module `hyper`
[INFO] [stdout]  --> src/web.rs:9:5
[INFO] [stdout]   |
[INFO] [stdout] 9 | use hyper::body::Body;
[INFO] [stdout]   |     ^^^^^ use of undeclared crate or module `hyper`
[INFO] [stdout] 
[INFO] [stdout] 
[INFO] [stdout] error[E0432]: unresolved import `chrono`
[INFO] [stdout]  --> src/web.rs:8:5
[INFO] [stdout]   |
[INFO] [stdout] 8 | use chrono::{DateTime, Utc};
[INFO] [stdout]   |     ^^^^^^ use of undeclared crate or module `chrono`
[INFO] [stdout] 
[INFO] [stdout] 
[INFO] [stdout] error[E0433]: failed to resolve: use of undeclared crate or module `hyper`
[INFO] [stdout]   --> src/web.rs:11:5
[INFO] [stdout]    |
[INFO] [stdout] 11 | use hyper::server::conn::AddrStream;
[INFO] [stdout]    |     ^^^^^ use of undeclared crate or module `hyper`
[INFO] [stdout] 
[INFO] [stdout] 
[INFO] [stdout] error[E0433]: failed to resolve: use of undeclared crate or module `hyper`
[INFO] [stdout]   --> src/web.rs:12:5
[INFO] [stdout]    |
[INFO] [stdout] 12 | use hyper::server::Server;
[INFO] [stdout]    |     ^^^^^ use of undeclared crate or module `hyper`
[INFO] [stdout] 
[INFO] [stdout] 
[INFO] [stdout] error[E0432]: unresolved import `hyper`
[INFO] [stdout]   --> src/web.rs:10:5
[INFO] [stdout]    |
[INFO] [stdout] 10 | use hyper::header;
[INFO] [stdout]    |     ^^^^^ use of undeclared crate or module `hyper`
[INFO] [stdout] 
[INFO] [stdout] 
[INFO] [stdout] error[E0432]: unresolved import `hyper`
[INFO] [stdout]   --> src/web.rs:13:5
[INFO] [stdout]    |
[INFO] [stdout] 13 | use hyper::service;
[INFO] [stdout]    |     ^^^^^ use of undeclared crate or module `hyper`
[INFO] [stdout] 
[INFO] [stdout] 
[INFO] [stdout] error[E0432]: unresolved import `hyper`
[INFO] [stdout]   --> src/web.rs:14:5
[INFO] [stdout]    |
[INFO] [stdout] 14 | use hyper::{Request, Response, StatusCode};
[INFO] [stdout]    |     ^^^^^ use of undeclared crate or module `hyper`
[INFO] [stdout] 
[INFO] [stdout] 
[INFO] [stdout] error[E0432]: unresolved import `parking_lot`
[INFO] [stdout]   --> src/web.rs:15:5
[INFO] [stdout]    |
[INFO] [stdout] 15 | use parking_lot::Mutex;
[INFO] [stdout]    |     ^^^^^^^^^^^ use of undeclared crate or module `parking_lot`
[INFO] [stdout] 
[INFO] [stdout] 
[INFO] [stdout] error[E0432]: unresolved import `relative_path`
[INFO] [stdout]   --> src/web.rs:16:5
[INFO] [stdout]    |
[INFO] [stdout] 16 | use relative_path::RelativePathBuf;
[INFO] [stdout]    |     ^^^^^^^^^^^^^ use of undeclared crate or module `relative_path`
[INFO] [stdout] 
[INFO] [stdout] 
[INFO] [stdout] error[E0432]: unresolved import `smallvec`
[INFO] [stdout]   --> src/web.rs:18:5
[INFO] [stdout]    |
[INFO] [stdout] 18 | use smallvec::SmallVec;
[INFO] [stdout]    |     ^^^^^^^^ use of undeclared crate or module `smallvec`
[INFO] [stdout] 
[INFO] [stdout] 
[INFO] [stdout] error[E0432]: unresolved import `thiserror`
[INFO] [stdout]   --> src/web.rs:27:5
[INFO] [stdout]    |
[INFO] [stdout] 27 | use thiserror::Error;
[INFO] [stdout]    |     ^^^^^^^^^ use of undeclared crate or module `thiserror`
[INFO] [stdout] 
[INFO] [stdout] 
[INFO] [stdout] error[E0433]: failed to resolve: use of undeclared crate or module `hyper`
[INFO] [stdout]    --> src/web.rs:286:13
[INFO] [stdout]     |
[INFO] [stdout] 286 |         use hyper::{body::HttpBody, Method};
[INFO] [stdout]     |             ^^^^^ use of undeclared crate or module `hyper`
[INFO] [stdout] 
[INFO] [stdout] 
[INFO] [stdout] error[E0432]: unresolved import `url`
[INFO] [stdout]   --> src/web.rs:28:5
[INFO] [stdout]    |
[INFO] [stdout] 28 | use url::Url;
[INFO] [stdout]    |     ^^^ use of undeclared crate or module `url`
[INFO] [stdout] 
[INFO] [stdout] 
[INFO] [stdout] error[E0433]: failed to resolve: use of undeclared crate or module `ring`
[INFO] [stdout]    --> src/web.rs:717:13
[INFO] [stdout]     |
[INFO] [stdout] 717 |         use ring::rand::SecureRandom as _;
[INFO] [stdout]     |             ^^^^ use of undeclared crate or module `ring`
[INFO] [stdout] 
[INFO] [stdout] 
[INFO] [stdout] error[E0432]: unresolved import `hyper`
[INFO] [stdout]    --> src/web.rs:286:13
[INFO] [stdout]     |
[INFO] [stdout] 286 |         use hyper::{body::HttpBody, Method};
[INFO] [stdout]     |             ^^^^^ use of undeclared crate or module `hyper`
[INFO] [stdout] 
[INFO] [stdout] 
[INFO] [stdout] error[E0433]: failed to resolve: use of undeclared crate or module `log`
[INFO] [stdout]    --> src/db.rs:421:21
[INFO] [stdout]     |
[INFO] [stdout] 421 |                     log::warn!("failed to deserialize connection: {}", e);
[INFO] [stdout]     |                     ^^^ use of undeclared crate or module `log`
[INFO] [stdout] 
[INFO] [stdout] 
[INFO] [stdout] error[E0433]: failed to resolve: use of undeclared crate or module `log`
[INFO] [stdout]    --> src/db.rs:502:17
[INFO] [stdout]     |
[INFO] [stdout] 502 |                 log::warn!("Ignoring invalid value stored at: {:?}: {}", key, e);
[INFO] [stdout]     |                 ^^^ use of undeclared crate or module `log`
[INFO] [stdout] 
[INFO] [stdout] 
[INFO] [stdout] error[E0433]: failed to resolve: use of undeclared crate or module `rust_embed`
[INFO] [stdout]   --> src/web.rs:56:14
[INFO] [stdout]    |
[INFO] [stdout] 56 |     #[derive(rust_embed::RustEmbed)]
[INFO] [stdout]    |              ^^^^^^^^^^ use of undeclared crate or module `rust_embed`
[INFO] [stdout] 
[INFO] [stdout] 
[INFO] [stdout] error[E0433]: failed to resolve: use of undeclared crate or module `log`
[INFO] [stdout]   --> src/web.rs:75:5
[INFO] [stdout]    |
[INFO] [stdout] 75 |     log::info!("Listening on: http://{}", bind);
[INFO] [stdout]    |     ^^^ use of undeclared crate or module `log`
[INFO] [stdout] 
[INFO] [stdout] 
[INFO] [stdout] error[E0433]: failed to resolve: use of undeclared crate or module `tokio`
[INFO] [stdout]   --> src/web.rs:94:13
[INFO] [stdout]    |
[INFO] [stdout] 94 |             tokio::select! {
[INFO] [stdout]    |             ^^^^^ use of undeclared crate or module `tokio`
[INFO] [stdout] 
[INFO] [stdout] 
[INFO] [stdout] error[E0433]: failed to resolve: use of undeclared crate or module `log`
[INFO] [stdout]    --> src/web.rs:32:9
[INFO] [stdout]     |
[INFO] [stdout] 32  |         log::error!($fmt $(, $($tt)*)*);
[INFO] [stdout]     |         ^^^ use of undeclared crate or module `log`
[INFO] [stdout] ...
[INFO] [stdout] 342 |                         log_error!(e, "internal server error");
[INFO] [stdout]     |                         -------------------------------------- in this macro invocation
[INFO] [stdout]     |
[INFO] [stdout]     = note: this error originates in the macro `log_error` (in Nightly builds, run with -Z macro-backtrace for more info)
[INFO] [stdout] 
[INFO] [stdout] 
[INFO] [stdout] error[E0433]: failed to resolve: use of undeclared crate or module `log`
[INFO] [stdout]    --> src/web.rs:33:9
[INFO] [stdout]     |
[INFO] [stdout] 33  |         log::error!("caused by: {}", $e);
[INFO] [stdout]     |         ^^^ use of undeclared crate or module `log`
[INFO] [stdout] ...
[INFO] [stdout] 342 |                         log_error!(e, "internal server error");
[INFO] [stdout]     |                         -------------------------------------- in this macro invocation
[INFO] [stdout]     |
[INFO] [stdout]     = note: this error originates in the macro `log_error` (in Nightly builds, run with -Z macro-backtrace for more info)
[INFO] [stdout] 
[INFO] [stdout] 
[INFO] [stdout] error[E0433]: failed to resolve: use of undeclared crate or module `log`
[INFO] [stdout]    --> src/web.rs:38:13
[INFO] [stdout]     |
[INFO] [stdout] 38  |             log::error!("caused by: {}", e);
[INFO] [stdout]     |             ^^^ use of undeclared crate or module `log`
[INFO] [stdout] ...
[INFO] [stdout] 342 |                         log_error!(e, "internal server error");
[INFO] [stdout]     |                         -------------------------------------- in this macro invocation
[INFO] [stdout]     |
[INFO] [stdout]     = note: this error originates in the macro `log_error` (in Nightly builds, run with -Z macro-backtrace for more info)
[INFO] [stdout] 
[INFO] [stdout] 
[INFO] [stdout] error[E0433]: failed to resolve: use of undeclared crate or module `log`
[INFO] [stdout]    --> src/web.rs:32:9
[INFO] [stdout]     |
[INFO] [stdout] 32  |         log::error!($fmt $(, $($tt)*)*);
[INFO] [stdout]     |         ^^^ use of undeclared crate or module `log`
[INFO] [stdout] ...
[INFO] [stdout] 350 |                         log_error!(e, "failed to build error response");
[INFO] [stdout]     |                         ----------------------------------------------- in this macro invocation
[INFO] [stdout]     |
[INFO] [stdout]     = note: this error originates in the macro `log_error` (in Nightly builds, run with -Z macro-backtrace for more info)
[INFO] [stdout] 
[INFO] [stdout] 
[INFO] [stdout] error[E0433]: failed to resolve: use of undeclared crate or module `log`
[INFO] [stdout]    --> src/web.rs:33:9
[INFO] [stdout]     |
[INFO] [stdout] 33  |         log::error!("caused by: {}", $e);
[INFO] [stdout]     |         ^^^ use of undeclared crate or module `log`
[INFO] [stdout] ...
[INFO] [stdout] 350 |                         log_error!(e, "failed to build error response");
[INFO] [stdout]     |                         ----------------------------------------------- in this macro invocation
[INFO] [stdout]     |
[INFO] [stdout]     = note: this error originates in the macro `log_error` (in Nightly builds, run with -Z macro-backtrace for more info)
[INFO] [stdout] 
[INFO] [stdout] 
[INFO] [stdout] error[E0433]: failed to resolve: use of undeclared crate or module `log`
[INFO] [stdout]    --> src/web.rs:38:13
[INFO] [stdout]     |
[INFO] [stdout] 38  |             log::error!("caused by: {}", e);
[INFO] [stdout]     |             ^^^ use of undeclared crate or module `log`
[INFO] [stdout] ...
[INFO] [stdout] 350 |                         log_error!(e, "failed to build error response");
[INFO] [stdout]     |                         ----------------------------------------------- in this macro invocation
[INFO] [stdout]     |
[INFO] [stdout]     = note: this error originates in the macro `log_error` (in Nightly builds, run with -Z macro-backtrace for more info)
[INFO] [stdout] 
[INFO] [stdout] 
[INFO] [stdout] error[E0433]: failed to resolve: use of undeclared crate or module `log`
[INFO] [stdout]    --> src/web.rs:356:25
[INFO] [stdout]     |
[INFO] [stdout] 356 |                         log::error!("failed to build response: {}", e);
[INFO] [stdout]     |                         ^^^ use of undeclared crate or module `log`
[INFO] [stdout] 
[INFO] [stdout] 
[INFO] [stdout] error[E0433]: failed to resolve: use of undeclared crate or module `log`
[INFO] [stdout]    --> src/web.rs:393:9
[INFO] [stdout]     |
[INFO] [stdout] 393 |         log::info!(
[INFO] [stdout]     |         ^^^ use of undeclared crate or module `log`
[INFO] [stdout] 
[INFO] [stdout] 
[INFO] [stdout] error[E0433]: failed to resolve: use of undeclared crate or module `log`
[INFO] [stdout]    --> src/web.rs:32:9
[INFO] [stdout]     |
[INFO] [stdout] 32  |         log::error!($fmt $(, $($tt)*)*);
[INFO] [stdout]     |         ^^^ use of undeclared crate or module `log`
[INFO] [stdout] ...
[INFO] [stdout] 555 |                     log_error!(e, "failed to refresh token");
[INFO] [stdout]     |                     ---------------------------------------- in this macro invocation
[INFO] [stdout]     |
[INFO] [stdout]     = note: this error originates in the macro `log_error` (in Nightly builds, run with -Z macro-backtrace for more info)
[INFO] [stdout] 
[INFO] [stdout] 
[INFO] [stdout] error[E0433]: failed to resolve: use of undeclared crate or module `log`
[INFO] [stdout]    --> src/web.rs:33:9
[INFO] [stdout]     |
[INFO] [stdout] 33  |         log::error!("caused by: {}", $e);
[INFO] [stdout]     |         ^^^ use of undeclared crate or module `log`
[INFO] [stdout] ...
[INFO] [stdout] 555 |                     log_error!(e, "failed to refresh token");
[INFO] [stdout]     |                     ---------------------------------------- in this macro invocation
[INFO] [stdout]     |
[INFO] [stdout]     = note: this error originates in the macro `log_error` (in Nightly builds, run with -Z macro-backtrace for more info)
[INFO] [stdout] 
[INFO] [stdout] 
[INFO] [stdout] error[E0433]: failed to resolve: use of undeclared crate or module `log`
[INFO] [stdout]    --> src/web.rs:38:13
[INFO] [stdout]     |
[INFO] [stdout] 38  |             log::error!("caused by: {}", e);
[INFO] [stdout]     |             ^^^ use of undeclared crate or module `log`
[INFO] [stdout] ...
[INFO] [stdout] 555 |                     log_error!(e, "failed to refresh token");
[INFO] [stdout]     |                     ---------------------------------------- in this macro invocation
[INFO] [stdout]     |
[INFO] [stdout]     = note: this error originates in the macro `log_error` (in Nightly builds, run with -Z macro-backtrace for more info)
[INFO] [stdout] 
[INFO] [stdout] 
[INFO] [stdout] error[E0433]: failed to resolve: use of undeclared crate or module `tokio`
[INFO] [stdout]    --> src/web.rs:924:38
[INFO] [stdout]     |
[INFO] [stdout] 924 |                 let (auth, update) = tokio::try_join!(self.auth_Requester_token(&token), update)?;
[INFO] [stdout]     |                                      ^^^^^ use of undeclared crate or module `tokio`
[INFO] [stdout] 
[INFO] [stdout] 
[INFO] [stdout] error: cannot determine resolution for the macro `anyhow`
[INFO] [stdout]   --> src/aead.rs:46:26
[INFO] [stdout]    |
[INFO] [stdout] 46 |             .map_err(|_| anyhow!("failed to fill random key"))?;
[INFO] [stdout]    |                          ^^^^^^
[INFO] [stdout]    |
[INFO] [stdout]    = note: import resolution is stuck, try simplifying macro imports
[INFO] [stdout] 
[INFO] [stdout] 
[INFO] [stdout] error: cannot determine resolution for the macro `anyhow`
[INFO] [stdout]   --> src/aead.rs:57:63
[INFO] [stdout]    |
[INFO] [stdout] 57 |         let key = aead::UnboundKey::new(alg, key).map_err(|_| anyhow!("failed to create key"))?;
[INFO] [stdout]    |                                                               ^^^^^^
[INFO] [stdout]    |
[INFO] [stdout]    = note: import resolution is stuck, try simplifying macro imports
[INFO] [stdout] 
[INFO] [stdout] 
[INFO] [stdout] error: cannot determine resolution for the macro `anyhow`
[INFO] [stdout]   --> src/aead.rs:71:26
[INFO] [stdout]    |
[INFO] [stdout] 71 |             .map_err(|_| anyhow!("failed to fill random nonce"))?;
[INFO] [stdout]    |                          ^^^^^^
[INFO] [stdout]    |
[INFO] [stdout]    = note: import resolution is stuck, try simplifying macro imports
[INFO] [stdout] 
[INFO] [stdout] 
[INFO] [stdout] error: cannot determine resolution for the macro `anyhow`
[INFO] [stdout]   --> src/aead.rs:83:26
[INFO] [stdout]    |
[INFO] [stdout] 83 |             .map_err(|_| anyhow!("failed to seal data"))?;
[INFO] [stdout]    |                          ^^^^^^
[INFO] [stdout]    |
[INFO] [stdout]    = note: import resolution is stuck, try simplifying macro imports
[INFO] [stdout] 
[INFO] [stdout] 
[INFO] [stdout] error: cannot determine resolution for the macro `anyhow`
[INFO] [stdout]   --> src/aead.rs:99:26
[INFO] [stdout]    |
[INFO] [stdout] 99 |             .map_err(|_| anyhow!("failed to extract nonce"))?;
[INFO] [stdout]    |                          ^^^^^^
[INFO] [stdout]    |
[INFO] [stdout]    = note: import resolution is stuck, try simplifying macro imports
[INFO] [stdout] 
[INFO] [stdout] 
[INFO] [stdout] error: cannot determine resolution for the derive macro `Error`
[INFO] [stdout]   --> src/db.rs:10:17
[INFO] [stdout]    |
[INFO] [stdout] 10 | #[derive(Debug, Error)]
[INFO] [stdout]    |                 ^^^^^
[INFO] [stdout]    |
[INFO] [stdout]    = note: import resolution is stuck, try simplifying macro imports
[INFO] [stdout] 
[INFO] [stdout] 
[INFO] [stdout] error: cannot find attribute `error` in this scope
[INFO] [stdout]   --> src/db.rs:11:3
[INFO] [stdout]    |
[INFO] [stdout] 11 | #[error("failed to commit")]
[INFO] [stdout]    |   ^^^^^
[INFO] [stdout] 
[INFO] [stdout] 
[INFO] [stdout] error: cannot determine resolution for the macro `bail`
[INFO] [stdout]    --> src/oauth2.rs:232:13
[INFO] [stdout]     |
[INFO] [stdout] 232 |             bail!("CSRF Token Mismatch");
[INFO] [stdout]     |             ^^^^
[INFO] [stdout]     |
[INFO] [stdout]     = note: import resolution is stuck, try simplifying macro imports
[INFO] [stdout] 
[INFO] [stdout] 
[INFO] [stdout] error: cannot determine resolution for the macro `anyhow`
[INFO] [stdout]    --> src/oauth2.rs:264:21
[INFO] [stdout]     |
[INFO] [stdout] 264 |                     anyhow!(
[INFO] [stdout]     |                     ^^^^^^
[INFO] [stdout]     |
[INFO] [stdout]     = note: import resolution is stuck, try simplifying macro imports
[INFO] [stdout] 
[INFO] [stdout] 
[INFO] [stdout] error: cannot determine resolution for the macro `bail`
[INFO] [stdout]    --> src/oauth2.rs:276:21
[INFO] [stdout]     |
[INFO] [stdout] 276 |             None => bail!("did not receive a refresh token from the service"),
[INFO] [stdout]     |                     ^^^^
[INFO] [stdout]     |
[INFO] [stdout]     = note: import resolution is stuck, try simplifying macro imports
[INFO] [stdout] 
[INFO] [stdout] 
[INFO] [stdout] error: cannot find attribute `folder` in this scope
[INFO] [stdout]   --> src/web.rs:57:7
[INFO] [stdout]    |
[INFO] [stdout] 57 |     #[folder = "$CARGO_MANIFEST_DIR/../web-ui/dist"]
[INFO] [stdout]    |       ^^^^^^
[INFO] [stdout] 
[INFO] [stdout] 
[INFO] [stdout] error: cannot determine resolution for the macro `anyhow`
[INFO] [stdout]   --> src/web.rs:68:56
[INFO] [stdout]    |
[INFO] [stdout] 68 |         assets::Asset::get("index.html").ok_or_else(|| anyhow!("missing index.html in assets"))?;
[INFO] [stdout]    |                                                        ^^^^^^
[INFO] [stdout]    |
[INFO] [stdout]    = note: import resolution is stuck, try simplifying macro imports
[INFO] [stdout] 
[INFO] [stdout] 
[INFO] [stdout] error: cannot determine resolution for the derive macro `Error`
[INFO] [stdout]    --> src/web.rs:124:17
[INFO] [stdout]     |
[INFO] [stdout] 124 | #[derive(Debug, Error)]
[INFO] [stdout]     |                 ^^^^^
[INFO] [stdout]     |
[INFO] [stdout]     = note: import resolution is stuck, try simplifying macro imports
[INFO] [stdout] 
[INFO] [stdout] 
[INFO] [stdout] error: cannot find attribute `error` in this scope
[INFO] [stdout]    --> src/web.rs:127:7
[INFO] [stdout]     |
[INFO] [stdout] 127 |     #[error("bad request")]
[INFO] [stdout]     |       ^^^^^
[INFO] [stdout] 
[INFO] [stdout] 
[INFO] [stdout] error: cannot find attribute `error` in this scope
[INFO] [stdout]    --> src/web.rs:130:7
[INFO] [stdout]     |
[INFO] [stdout] 130 |     #[error("not found")]
[INFO] [stdout]     |       ^^^^^
[INFO] [stdout] 
[INFO] [stdout] 
[INFO] [stdout] error: cannot find attribute `error` in this scope
[INFO] [stdout]    --> src/web.rs:133:7
[INFO] [stdout]     |
[INFO] [stdout] 133 |     #[error("unauthorized")]
[INFO] [stdout]     |       ^^^^^
[INFO] [stdout] 
[INFO] [stdout] 
[INFO] [stdout] error: cannot find attribute `error` in this scope
[INFO] [stdout]    --> src/web.rs:136:7
[INFO] [stdout]     |
[INFO] [stdout] 136 |     #[error("other error")]
[INFO] [stdout]     |       ^^^^^
[INFO] [stdout] 
[INFO] [stdout] 
[INFO] [stdout] error: cannot find attribute `source` in this scope
[INFO] [stdout]    --> src/web.rs:137:13
[INFO] [stdout]     |
[INFO] [stdout] 137 |     Error(#[source] anyhow::Error),
[INFO] [stdout]     |             ^^^^^^
[INFO] [stdout] 
[INFO] [stdout] 
[INFO] [stdout] error: cannot determine resolution for the macro `anyhow`
[INFO] [stdout]    --> src/web.rs:722:26
[INFO] [stdout]     |
[INFO] [stdout] 722 |             .map_err(|_| anyhow!("failed to generate random key"))?;
[INFO] [stdout]     |                          ^^^^^^
[INFO] [stdout]     |
[INFO] [stdout]     = note: import resolution is stuck, try simplifying macro imports
[INFO] [stdout] 
[INFO] [stdout] 
[INFO] [stdout] error[E0433]: failed to resolve: could not find `pdf` in `api`
[INFO] [stdout]    --> src/db.rs:437:33
[INFO] [stdout]     |
[INFO] [stdout] 437 |     ) -> Result<Option<Vec<api::pdf::Release>>> {
[INFO] [stdout]     |                                 ^^^ could not find `pdf` in `api`
[INFO] [stdout] 
[INFO] [stdout] 
[INFO] [stdout] error[E0433]: failed to resolve: could not find `pdf` in `api`
[INFO] [stdout]    --> src/db.rs:451:28
[INFO] [stdout]     |
[INFO] [stdout] 451 |         releases: Vec<api::pdf::Release>,
[INFO] [stdout]     |                            ^^^ could not find `pdf` in `api`
[INFO] [stdout] 
[INFO] [stdout] 
[INFO] [stdout] error[E0433]: failed to resolve: use of undeclared crate or module `ring`
[INFO] [stdout]    --> src/oauth2.rs:107:22
[INFO] [stdout]     |
[INFO] [stdout] 107 |         let digest = ring::digest::digest(&ring::digest::SHA256, &bytes);
[INFO] [stdout]     |                      ^^^^ use of undeclared crate or module `ring`
[INFO] [stdout] 
[INFO] [stdout] 
[INFO] [stdout] error[E0433]: failed to resolve: use of undeclared crate or module `ring`
[INFO] [stdout]    --> src/oauth2.rs:107:44
[INFO] [stdout]     |
[INFO] [stdout] 107 |         let digest = ring::digest::digest(&ring::digest::SHA256, &bytes);
[INFO] [stdout]     |                                            ^^^^ use of undeclared crate or module `ring`
[INFO] [stdout] 
[INFO] [stdout] 
[INFO] [stdout] error[E0433]: failed to resolve: use of undeclared crate or module `ring`
[INFO] [stdout]   --> src/session.rs:29:54
[INFO] [stdout]    |
[INFO] [stdout] 29 |             Some(secret) => AeadSealer::from_secret(&ring::aead::AES_256_GCM, secret.as_bytes())?,
[INFO] [stdout]    |                                                      ^^^^ use of undeclared crate or module `ring`
[INFO] [stdout] 
[INFO] [stdout] 
[INFO] [stdout] error[E0433]: failed to resolve: use of undeclared crate or module `ring`
[INFO] [stdout]   --> src/session.rs:30:41
[INFO] [stdout]    |
[INFO] [stdout] 30 |             None => AeadSealer::random(&ring::aead::AES_256_GCM)?,
[INFO] [stdout]    |                                         ^^^^ use of undeclared crate or module `ring`
[INFO] [stdout] 
[INFO] [stdout] 
[INFO] [stdout] error[E0433]: failed to resolve: use of undeclared crate or module `time`
[INFO] [stdout]   --> src/session.rs:60:26
[INFO] [stdout]    |
[INFO] [stdout] 60 |                 .expires(time::OffsetDateTime::unix_epoch())
[INFO] [stdout]    |                          ^^^^ use of undeclared crate or module `time`
[INFO] [stdout] 
[INFO] [stdout] 
[INFO] [stdout] error[E0433]: failed to resolve: use of undeclared crate or module `tokio`
[INFO] [stdout]   --> src/web.rs:89:28
[INFO] [stdout]    |
[INFO] [stdout] 89 |         let mut interval = tokio::time::interval(time::Duration::from_secs(30));
[INFO] [stdout]    |                            ^^^^^ use of undeclared crate or module `tokio`
[INFO] [stdout] 
[INFO] [stdout] 
[INFO] [stdout] error[E0433]: failed to resolve: use of undeclared crate or module `ring`
[INFO] [stdout]    --> src/web.rs:217:13
[INFO] [stdout]     |
[INFO] [stdout] 217 |     random: ring::rand::SystemRandom,
[INFO] [stdout]     |             ^^^^ use of undeclared crate or module `ring`
[INFO] [stdout] 
[INFO] [stdout] 
[INFO] [stdout] error[E0433]: failed to resolve: could not find `IdRequesterClient` in `api`
[INFO] [stdout]    --> src/web.rs:237:39
[INFO] [stdout]     |
[INFO] [stdout] 237 |             id_Requester_client: api::IdRequesterClient::new()?,
[INFO] [stdout]     |                                       ^^^^^^^^^^^^^^^^^ could not find `IdRequesterClient` in `api`
[INFO] [stdout] 
[INFO] [stdout] 
[INFO] [stdout] error[E0433]: failed to resolve: use of undeclared crate or module `ring`
[INFO] [stdout]    --> src/web.rs:242:21
[INFO] [stdout]     |
[INFO] [stdout] 242 |             random: ring::rand::SystemRandom::new(),
[INFO] [stdout]     |                     ^^^^ use of undeclared crate or module `ring`
[INFO] [stdout] 
[INFO] [stdout] 
[INFO] [stdout] error[E0433]: failed to resolve: use of undeclared crate or module `serde_cbor`
[INFO] [stdout]     --> src/web.rs:1007:20
[INFO] [stdout]      |
[INFO] [stdout] 1007 |                 Ok(serde_cbor::value::to_value(&result)?)
[INFO] [stdout]      |                    ^^^^^^^^^^ use of undeclared crate or module `serde_cbor`
[INFO] [stdout] 
[INFO] [stdout] 
[INFO] [stdout] error[E0433]: failed to resolve: use of undeclared crate or module `serde_cbor`
[INFO] [stdout]     --> src/web.rs:1011:20
[INFO] [stdout]      |
[INFO] [stdout] 1011 |                 Ok(serde_cbor::value::to_value(&result)?)
[INFO] [stdout]      |                    ^^^^^^^^^^ use of undeclared crate or module `serde_cbor`
[INFO] [stdout] 
[INFO] [stdout] 
[INFO] [stdout] error[E0433]: failed to resolve: use of undeclared crate or module `serde_cbor`
[INFO] [stdout]     --> src/web.rs:1013:21
[INFO] [stdout]      |
[INFO] [stdout] 1013 |             _ => Ok(serde_cbor::value::to_value(&Empty {})?),
[INFO] [stdout]      |                     ^^^^^^^^^^ use of undeclared crate or module `serde_cbor`
[INFO] [stdout] 
[INFO] [stdout] 
[INFO] [stdout] error[E0433]: failed to resolve: use of undeclared crate or module `serde_cbor`
[INFO] [stdout]   --> src/db.rs:23:5
[INFO] [stdout]    |
[INFO] [stdout] 23 |     serde_cbor::Value::Null
[INFO] [stdout]    |     ^^^^^^^^^^ use of undeclared crate or module `serde_cbor`
[INFO] [stdout]    |
[INFO] [stdout] help: consider importing this enum
[INFO] [stdout]    |
[INFO] [stdout] 1  + use rocket::serde::json::Value;
[INFO] [stdout]    |
[INFO] [stdout] help: if you import `Value`, refer to it directly
[INFO] [stdout]    |
[INFO] [stdout] 23 -     serde_cbor::Value::Null
[INFO] [stdout] 23 +     Value::Null
[INFO] [stdout]    |
[INFO] [stdout] 
[INFO] [stdout] 
[INFO] [stdout] error[E0433]: failed to resolve: use of undeclared crate or module `serde_cbor`
[INFO] [stdout]   --> src/db.rs:27:15
[INFO] [stdout]    |
[INFO] [stdout] 27 |     *value == serde_cbor::Value::Null
[INFO] [stdout]    |               ^^^^^^^^^^ use of undeclared crate or module `serde_cbor`
[INFO] [stdout]    |
[INFO] [stdout] help: consider importing this enum
[INFO] [stdout]    |
[INFO] [stdout] 1  + use rocket::serde::json::Value;
[INFO] [stdout]    |
[INFO] [stdout] help: if you import `Value`, refer to it directly
[INFO] [stdout]    |
[INFO] [stdout] 27 -     *value == serde_cbor::Value::Null
[INFO] [stdout] 27 +     *value == Value::Null
[INFO] [stdout]    |
[INFO] [stdout] 
[INFO] [stdout] 
[INFO] [stdout] error[E0412]: cannot find type `RequesterItem` in this scope
[INFO] [stdout]   --> src/db.rs:52:25
[INFO] [stdout]    |
[INFO] [stdout] 52 |     pub current: Option<RequesterItem>,
[INFO] [stdout]    |                         ^^^^^^^^^^^^^ not found in this scope
[INFO] [stdout]    |
[INFO] [stdout] help: you might be missing a type parameter
[INFO] [stdout]    |
[INFO] [stdout] 51 | pub struct Requester<RequesterItem> {
[INFO] [stdout]    |                     +++++++++++++++
[INFO] [stdout] 
[INFO] [stdout] 
[INFO] [stdout] error[E0412]: cannot find type `RequesterItem` in this scope
[INFO] [stdout]   --> src/db.rs:53:20
[INFO] [stdout]    |
[INFO] [stdout] 53 |     pub items: Vec<RequesterItem>,
[INFO] [stdout]    |                    ^^^^^^^^^^^^^ not found in this scope
[INFO] [stdout]    |
[INFO] [stdout] help: you might be missing a type parameter
[INFO] [stdout]    |
[INFO] [stdout] 51 | pub struct Requester<RequesterItem> {
[INFO] [stdout]    |                     +++++++++++++++
[INFO] [stdout] 
[INFO] [stdout] 
[INFO] [stdout] error[E0412]: cannot find type `RequesterItem` in this scope
[INFO] [stdout]   --> src/db.rs:52:25
[INFO] [stdout]    |
[INFO] [stdout] 52 |     pub current: Option<RequesterItem>,
[INFO] [stdout]    |                         ^^^^^^^^^^^^^ not found in this scope
[INFO] [stdout] 
[INFO] [stdout] 
[INFO] [stdout] error[E0412]: cannot find type `RequesterItem` in this scope
[INFO] [stdout]   --> src/db.rs:53:20
[INFO] [stdout]    |
[INFO] [stdout] 53 |     pub items: Vec<RequesterItem>,
[INFO] [stdout]    |                    ^^^^^^^^^^^^^ not found in this scope
[INFO] [stdout] 
[INFO] [stdout] 
[INFO] [stdout] error[E0412]: cannot find type `Key` in this scope
[INFO] [stdout]   --> src/db.rs:64:6
[INFO] [stdout]    |
[INFO] [stdout] 64 | impl Key {
[INFO] [stdout]    |      ^^^ not found in this scope
[INFO] [stdout]    |
[INFO] [stdout] help: consider importing one of these items
[INFO] [stdout]    |
[INFO] [stdout] 1  + use rocket::form::prelude::Key;
[INFO] [stdout]    |
[INFO] [stdout] 1  + use std::thread::local_impl::Key;
[INFO] [stdout]    |
[INFO] [stdout] 
[INFO] [stdout] 
[INFO] [stdout] error[E0412]: cannot find type `Key` in this scope
[INFO] [stdout]   --> src/db.rs:71:48
[INFO] [stdout]    |
[INFO] [stdout] 71 |     pub fn deserialize(bytes: &[u8]) -> Result<Key> {
[INFO] [stdout]    |                                                ^^^ not found in this scope
[INFO] [stdout]    |
[INFO] [stdout] help: consider importing one of these items
[INFO] [stdout]    |
[INFO] [stdout] 1  + use rocket::form::prelude::Key;
[INFO] [stdout]    |
[INFO] [stdout] 1  + use std::thread::local_impl::Key;
[INFO] [stdout]    |
[INFO] [stdout] 
[INFO] [stdout] 
[INFO] [stdout] error[E0412]: cannot find type `Key` in this scope
[INFO] [stdout]   --> src/db.rs:76:39
[INFO] [stdout]    |
[INFO] [stdout] 76 | impl<'de> serde::Deserialize<'de> for Key {
[INFO] [stdout]    |                                       ^^^ not found in this scope
[INFO] [stdout]    |
[INFO] [stdout] help: consider importing one of these items
[INFO] [stdout]    |
[INFO] [stdout] 1  + use rocket::form::prelude::Key;
[INFO] [stdout]    |
[INFO] [stdout] 1  + use std::thread::local_impl::Key;
[INFO] [stdout]    |
[INFO] [stdout] 
[INFO] [stdout] 
[INFO] [stdout] error[E0412]: cannot find type `Key` in this scope
[INFO] [stdout]   --> src/db.rs:88:26
[INFO] [stdout]    |
[INFO] [stdout] 88 |             type Value = Key;
[INFO] [stdout]    |                          ^^^ not found in this scope
[INFO] [stdout]    |
[INFO] [stdout] help: consider importing one of these items
[INFO] [stdout]    |
[INFO] [stdout] 1  + use rocket::form::prelude::Key;
[INFO] [stdout]    |
[INFO] [stdout] 1  + use std::thread::local_impl::Key;
[INFO] [stdout]    |
[INFO] [stdout] 
[INFO] [stdout] 
[INFO] [stdout] error[E0433]: failed to resolve: use of undeclared type `Key`
[INFO] [stdout]    --> src/db.rs:108:45
[INFO] [stdout]     |
[INFO] [stdout] 108 |                         Some(user_login) => Key::Requester { user_login },
[INFO] [stdout]     |                                             ^^^ use of undeclared type `Key`
[INFO] [stdout]     |
[INFO] [stdout] help: consider importing one of these items
[INFO] [stdout]     |
[INFO] [stdout] 1   + use rocket::form::prelude::Key;
[INFO] [stdout]     |
[INFO] [stdout] 1   + use std::thread::local_impl::Key;
[INFO] [stdout]     |
[INFO] [stdout] 
[INFO] [stdout] 
[INFO] [stdout] error[E0433]: failed to resolve: use of undeclared type `Key`
[INFO] [stdout]    --> src/db.rs:109:33
[INFO] [stdout]     |
[INFO] [stdout] 109 |                         None => Key::Requesters,
[INFO] [stdout]     |                                 ^^^ use of undeclared type `Key`
[INFO] [stdout]     |
[INFO] [stdout] help: consider importing one of these items
[INFO] [stdout]     |
[INFO] [stdout] 1   + use rocket::form::prelude::Key;
[INFO] [stdout]     |
[INFO] [stdout] 1   + use std::thread::local_impl::Key;
[INFO] [stdout]     |
[INFO] [stdout] 
[INFO] [stdout] 
[INFO] [stdout] error[E0433]: failed to resolve: use of undeclared type `Key`
[INFO] [stdout]    --> src/db.rs:117:41
[INFO] [stdout]     |
[INFO] [stdout] 117 | ...                   Some(id) => Key::Connection { user_id, id },
[INFO] [stdout]     |                                   ^^^ use of undeclared type `Key`
[INFO] [stdout]     |
[INFO] [stdout] help: consider importing one of these items
[INFO] [stdout]     |
[INFO] [stdout] 1   + use rocket::form::prelude::Key;
[INFO] [stdout]     |
[INFO] [stdout] 1   + use std::thread::local_impl::Key;
[INFO] [stdout]     |
[INFO] [stdout] 
[INFO] [stdout] 
[INFO] [stdout] error[E0433]: failed to resolve: use of undeclared type `Key`
[INFO] [stdout]    --> src/db.rs:118:37
[INFO] [stdout]     |
[INFO] [stdout] 118 | ...                   None => Key::ConnectionsByUserId { user_id },
[INFO] [stdout]     |                               ^^^ use of undeclared type `Key`
[INFO] [stdout]     |
[INFO] [stdout] help: consider importing one of these items
[INFO] [stdout]     |
[INFO] [stdout] 1   + use rocket::form::prelude::Key;
[INFO] [stdout]     |
[INFO] [stdout] 1   + use std::thread::local_impl::Key;
[INFO] [stdout]     |
[INFO] [stdout] 
[INFO] [stdout] 
[INFO] [stdout] error[E0433]: failed to resolve: use of undeclared type `Key`
[INFO] [stdout]    --> src/db.rs:126:25
[INFO] [stdout]     |
[INFO] [stdout] 126 |                         Key::KeyToUserId { key }
[INFO] [stdout]     |                         ^^^ use of undeclared type `Key`
[INFO] [stdout]     |
[INFO] [stdout] help: consider importing one of these items
[INFO] [stdout]     |
[INFO] [stdout] 1   + use rocket::form::prelude::Key;
[INFO] [stdout]     |
[INFO] [stdout] 1   + use std::thread::local_impl::Key;
[INFO] [stdout]     |
[INFO] [stdout] 
[INFO] [stdout] 
[INFO] [stdout] error[E0433]: failed to resolve: use of undeclared type `Key`
[INFO] [stdout]    --> src/db.rs:133:25
[INFO] [stdout]     |
[INFO] [stdout] 133 |                         Key::UserIdToKey { user_id }
[INFO] [stdout]     |                         ^^^ use of undeclared type `Key`
[INFO] [stdout]     |
[INFO] [stdout] help: consider importing one of these items
[INFO] [stdout]     |
[INFO] [stdout] 1   + use rocket::form::prelude::Key;
[INFO] [stdout]     |
[INFO] [stdout] 1   + use std::thread::local_impl::Key;
[INFO] [stdout]     |
[INFO] [stdout] 
[INFO] [stdout] 
[INFO] [stdout] error[E0433]: failed to resolve: use of undeclared type `Key`
[INFO] [stdout]    --> src/db.rs:140:25
[INFO] [stdout]     |
[INFO] [stdout] 140 |                         Key::User { user_id }
[INFO] [stdout]     |                         ^^^ use of undeclared type `Key`
[INFO] [stdout]     |
[INFO] [stdout] help: consider importing one of these items
[INFO] [stdout]     |
[INFO] [stdout] 1   + use rocket::form::prelude::Key;
[INFO] [stdout]     |
[INFO] [stdout] 1   + use std::thread::local_impl::Key;
[INFO] [stdout]     |
[INFO] [stdout] 
[INFO] [stdout] 
[INFO] [stdout] error[E0433]: failed to resolve: use of undeclared type `Key`
[INFO] [stdout]    --> src/db.rs:151:25
[INFO] [stdout]     |
[INFO] [stdout] 151 |                         Key::requesterReleases { user, repo }
[INFO] [stdout]     |                         ^^^ use of undeclared type `Key`
[INFO] [stdout]     |
[INFO] [stdout] help: consider importing one of these items
[INFO] [stdout]     |
[INFO] [stdout] 1   + use rocket::form::prelude::Key;
[INFO] [stdout]     |
[INFO] [stdout] 1   + use std::thread::local_impl::Key;
[INFO] [stdout]     |
[INFO] [stdout] 
[INFO] [stdout] 
[INFO] [stdout] error[E0433]: failed to resolve: use of undeclared type `Key`
[INFO] [stdout]    --> src/db.rs:160:25
[INFO] [stdout]     |
[INFO] [stdout] 160 |                         Key::Unsupported(ns, args)
[INFO] [stdout]     |                         ^^^ use of undeclared type `Key`
[INFO] [stdout]     |
[INFO] [stdout] help: consider importing one of these items
[INFO] [stdout]     |
[INFO] [stdout] 1   + use rocket::form::prelude::Key;
[INFO] [stdout]     |
[INFO] [stdout] 1   + use std::thread::local_impl::Key;
[INFO] [stdout]     |
[INFO] [stdout] 
[INFO] [stdout] 
[INFO] [stdout] error[E0412]: cannot find type `Key` in this scope
[INFO] [stdout]    --> src/db.rs:170:27
[INFO] [stdout]     |
[INFO] [stdout] 170 | impl serde::Serialize for Key {
[INFO] [stdout]     |                           ^^^ not found in this scope
[INFO] [stdout]     |
[INFO] [stdout] help: consider importing one of these items
[INFO] [stdout]     |
[INFO] [stdout] 1   + use rocket::form::prelude::Key;
[INFO] [stdout]     |
[INFO] [stdout] 1   + use std::thread::local_impl::Key;
[INFO] [stdout]     |
[INFO] [stdout] 
[INFO] [stdout] 
[INFO] [stdout] error[E0433]: failed to resolve: use of undeclared type `Key`
[INFO] [stdout]    --> src/db.rs:237:19
[INFO] [stdout]     |
[INFO] [stdout] 237 |         let key = Key::Requesters.serialize()?;
[INFO] [stdout]     |                   ^^^ use of undeclared type `Key`
[INFO] [stdout]     |
[INFO] [stdout] help: consider importing one of these items
[INFO] [stdout]     |
[INFO] [stdout] 1   + use rocket::form::prelude::Key;
[INFO] [stdout]     |
[INFO] [stdout] 1   + use std::thread::local_impl::Key;
[INFO] [stdout]     |
[INFO] [stdout] 
[INFO] [stdout] 
[INFO] [stdout] error[E0433]: failed to resolve: use of undeclared type `Key`
[INFO] [stdout]    --> src/db.rs:245:19
[INFO] [stdout]     |
[INFO] [stdout] 245 |             match Key::deserialize(key.as_ref())? {
[INFO] [stdout]     |                   ^^^ use of undeclared type `Key`
[INFO] [stdout]     |
[INFO] [stdout] help: consider importing one of these items
[INFO] [stdout]     |
[INFO] [stdout] 1   + use rocket::form::prelude::Key;
[INFO] [stdout]     |
[INFO] [stdout] 1   + use std::thread::local_impl::Key;
[INFO] [stdout]     |
[INFO] [stdout] 
[INFO] [stdout] 
[INFO] [stdout] error[E0433]: failed to resolve: use of undeclared type `Key`
[INFO] [stdout]    --> src/db.rs:246:17
[INFO] [stdout]     |
[INFO] [stdout] 246 |                 Key::Requester { ref user_login } => {
[INFO] [stdout]     |                 ^^^ use of undeclared type `Key`
[INFO] [stdout]     |
[INFO] [stdout] help: consider importing one of these items
[INFO] [stdout]     |
[INFO] [stdout] 1   + use rocket::form::prelude::Key;
[INFO] [stdout]     |
[INFO] [stdout] 1   + use std::thread::local_impl::Key;
[INFO] [stdout]     |
[INFO] [stdout] 
[INFO] [stdout] 
[INFO] [stdout] error[E0433]: failed to resolve: use of undeclared type `Key`
[INFO] [stdout]    --> src/db.rs:268:19
[INFO] [stdout]     |
[INFO] [stdout] 268 |         let key = Key::Requester {
[INFO] [stdout]     |                   ^^^ use of undeclared type `Key`
[INFO] [stdout]     |
[INFO] [stdout] help: consider importing one of these items
[INFO] [stdout]     |
[INFO] [stdout] 1   + use rocket::form::prelude::Key;
[INFO] [stdout]     |
[INFO] [stdout] 1   + use std::thread::local_impl::Key;
[INFO] [stdout]     |
[INFO] [stdout] 
[INFO] [stdout] 
[INFO] [stdout] error[E0433]: failed to resolve: use of undeclared type `Key`
[INFO] [stdout]    --> src/db.rs:277:19
[INFO] [stdout]     |
[INFO] [stdout] 277 |         let key = Key::Requester {
[INFO] [stdout]     |                   ^^^ use of undeclared type `Key`
[INFO] [stdout]     |
[INFO] [stdout] help: consider importing one of these items
[INFO] [stdout]     |
[INFO] [stdout] 1   + use rocket::form::prelude::Key;
[INFO] [stdout]     |
[INFO] [stdout] 1   + use std::thread::local_impl::Key;
[INFO] [stdout]     |
[INFO] [stdout] 
[INFO] [stdout] 
[INFO] [stdout] error[E0433]: failed to resolve: use of undeclared type `Key`
[INFO] [stdout]    --> src/db.rs:286:19
[INFO] [stdout]     |
[INFO] [stdout] 286 |         let key = Key::User {
[INFO] [stdout]     |                   ^^^ use of undeclared type `Key`
[INFO] [stdout]     |
[INFO] [stdout] help: consider importing one of these items
[INFO] [stdout]     |
[INFO] [stdout] 1   + use rocket::form::prelude::Key;
[INFO] [stdout]     |
[INFO] [stdout] 1   + use std::thread::local_impl::Key;
[INFO] [stdout]     |
[INFO] [stdout] 
[INFO] [stdout] 
[INFO] [stdout] error[E0433]: failed to resolve: use of undeclared type `Key`
[INFO] [stdout]    --> src/db.rs:295:19
[INFO] [stdout]     |
[INFO] [stdout] 295 |         let key = Key::User {
[INFO] [stdout]     |                   ^^^ use of undeclared type `Key`
[INFO] [stdout]     |
[INFO] [stdout] help: consider importing one of these items
[INFO] [stdout]     |
[INFO] [stdout] 1   + use rocket::form::prelude::Key;
[INFO] [stdout]     |
[INFO] [stdout] 1   + use std::thread::local_impl::Key;
[INFO] [stdout]     |
[INFO] [stdout] 
[INFO] [stdout] 
[INFO] [stdout] error[E0433]: failed to resolve: use of undeclared type `Key`
[INFO] [stdout]    --> src/db.rs:304:19
[INFO] [stdout]     |
[INFO] [stdout] 304 |         let key = Key::UserIdToKey {
[INFO] [stdout]     |                   ^^^ use of undeclared type `Key`
[INFO] [stdout]     |
[INFO] [stdout] help: consider importing one of these items
[INFO] [stdout]     |
[INFO] [stdout] 1   + use rocket::form::prelude::Key;
[INFO] [stdout]     |
[INFO] [stdout] 1   + use std::thread::local_impl::Key;
[INFO] [stdout]     |
[INFO] [stdout] 
[INFO] [stdout] 
[INFO] [stdout] error[E0433]: failed to resolve: use of undeclared type `Key`
[INFO] [stdout]    --> src/db.rs:313:19
[INFO] [stdout]     |
[INFO] [stdout] 313 |         let key = Key::KeyToUserId {
[INFO] [stdout]     |                   ^^^ use of undeclared type `Key`
[INFO] [stdout]     |
[INFO] [stdout] help: consider importing one of these items
[INFO] [stdout]     |
[INFO] [stdout] 1   + use rocket::form::prelude::Key;
[INFO] [stdout]     |
[INFO] [stdout] 1   + use std::thread::local_impl::Key;
[INFO] [stdout]     |
[INFO] [stdout] 
[INFO] [stdout] 
[INFO] [stdout] error[E0433]: failed to resolve: use of undeclared type `Key`
[INFO] [stdout]    --> src/db.rs:322:19
[INFO] [stdout]     |
[INFO] [stdout] 322 |         let key = Key::User { user_id };
[INFO] [stdout]     |                   ^^^ use of undeclared type `Key`
[INFO] [stdout]     |
[INFO] [stdout] help: consider importing one of these items
[INFO] [stdout]     |
[INFO] [stdout] 1   + use rocket::form::prelude::Key;
[INFO] [stdout]     |
[INFO] [stdout] 1   + use std::thread::local_impl::Key;
[INFO] [stdout]     |
[INFO] [stdout] 
[INFO] [stdout] 
[INFO] [stdout] error[E0433]: failed to resolve: use of undeclared type `Key`
[INFO] [stdout]    --> src/db.rs:329:27
[INFO] [stdout]     |
[INFO] [stdout] 329 |         let user_to_key = Key::UserIdToKey {
[INFO] [stdout]     |                           ^^^ use of undeclared type `Key`
[INFO] [stdout]     |
[INFO] [stdout] help: consider importing one of these items
[INFO] [stdout]     |
[INFO] [stdout] 1   + use rocket::form::prelude::Key;
[INFO] [stdout]     |
[INFO] [stdout] 1   + use std::thread::local_impl::Key;
[INFO] [stdout]     |
[INFO] [stdout] 
[INFO] [stdout] 
[INFO] [stdout] error[E0433]: failed to resolve: use of undeclared type `Key`
[INFO] [stdout]    --> src/db.rs:333:27
[INFO] [stdout]     |
[INFO] [stdout] 333 |         let key_to_user = Key::KeyToUserId {
[INFO] [stdout]     |                           ^^^ use of undeclared type `Key`
[INFO] [stdout]     |
[INFO] [stdout] help: consider importing one of these items
[INFO] [stdout]     |
[INFO] [stdout] 1   + use rocket::form::prelude::Key;
[INFO] [stdout]     |
[INFO] [stdout] 1   + use std::thread::local_impl::Key;
[INFO] [stdout]     |
[INFO] [stdout] 
[INFO] [stdout] 
[INFO] [stdout] error[E0433]: failed to resolve: use of undeclared type `Key`
[INFO] [stdout]    --> src/db.rs:346:27
[INFO] [stdout]     |
[INFO] [stdout] 346 |         let user_to_key = Key::UserIdToKey {
[INFO] [stdout]     |                           ^^^ use of undeclared type `Key`
[INFO] [stdout]     |
[INFO] [stdout] help: consider importing one of these items
[INFO] [stdout]     |
[INFO] [stdout] 1   + use rocket::form::prelude::Key;
[INFO] [stdout]     |
[INFO] [stdout] 1   + use std::thread::local_impl::Key;
[INFO] [stdout]     |
[INFO] [stdout] 
[INFO] [stdout] 
[INFO] [stdout] error[E0433]: failed to resolve: use of undeclared type `Key`
[INFO] [stdout]    --> src/db.rs:351:31
[INFO] [stdout]     |
[INFO] [stdout] 351 |             let key_to_user = Key::KeyToUserId { key };
[INFO] [stdout]     |                               ^^^ use of undeclared type `Key`
[INFO] [stdout]     |
[INFO] [stdout] help: consider importing one of these items
[INFO] [stdout]     |
[INFO] [stdout] 1   + use rocket::form::prelude::Key;
[INFO] [stdout]     |
[INFO] [stdout] 1   + use std::thread::local_impl::Key;
[INFO] [stdout]     |
[INFO] [stdout] 
[INFO] [stdout] 
[INFO] [stdout] error[E0433]: failed to resolve: use of undeclared type `Key`
[INFO] [stdout]    --> src/db.rs:364:19
[INFO] [stdout]     |
[INFO] [stdout] 364 |         let key = Key::Connection {
[INFO] [stdout]     |                   ^^^ use of undeclared type `Key`
[INFO] [stdout]     |
[INFO] [stdout] help: consider importing one of these items
[INFO] [stdout]     |
[INFO] [stdout] 1   + use rocket::form::prelude::Key;
[INFO] [stdout]     |
[INFO] [stdout] 1   + use std::thread::local_impl::Key;
[INFO] [stdout]     |
[INFO] [stdout] 
[INFO] [stdout] 
[INFO] [stdout] error[E0433]: failed to resolve: use of undeclared type `Key`
[INFO] [stdout]    --> src/db.rs:374:19
[INFO] [stdout]     |
[INFO] [stdout] 374 |         let key = Key::Connection {
[INFO] [stdout]     |                   ^^^ use of undeclared type `Key`
[INFO] [stdout]     |
[INFO] [stdout] help: consider importing one of these items
[INFO] [stdout]     |
[INFO] [stdout] 1   + use rocket::form::prelude::Key;
[INFO] [stdout]     |
[INFO] [stdout] 1   + use std::thread::local_impl::Key;
[INFO] [stdout]     |
[INFO] [stdout] 
[INFO] [stdout] 
[INFO] [stdout] error[E0433]: failed to resolve: use of undeclared type `Key`
[INFO] [stdout]    --> src/db.rs:384:19
[INFO] [stdout]     |
[INFO] [stdout] 384 |         let key = Key::Connection {
[INFO] [stdout]     |                   ^^^ use of undeclared type `Key`
[INFO] [stdout]     |
[INFO] [stdout] help: consider importing one of these items
[INFO] [stdout]     |
[INFO] [stdout] 1   + use rocket::form::prelude::Key;
[INFO] [stdout]     |
[INFO] [stdout] 1   + use std::thread::local_impl::Key;
[INFO] [stdout]     |
[INFO] [stdout] 
[INFO] [stdout] 
[INFO] [stdout] error[E0433]: failed to resolve: use of undeclared type `Key`
[INFO] [stdout]    --> src/db.rs:394:19
[INFO] [stdout]     |
[INFO] [stdout] 394 |         let key = Key::ConnectionsByUserId {
[INFO] [stdout]     |                   ^^^ use of undeclared type `Key`
[INFO] [stdout]     |
[INFO] [stdout] help: consider importing one of these items
[INFO] [stdout]     |
[INFO] [stdout] 1   + use rocket::form::prelude::Key;
[INFO] [stdout]     |
[INFO] [stdout] 1   + use std::thread::local_impl::Key;
[INFO] [stdout]     |
[INFO] [stdout] 
[INFO] [stdout] 
[INFO] [stdout] error[E0433]: failed to resolve: use of undeclared type `Key`
[INFO] [stdout]    --> src/db.rs:407:29
[INFO] [stdout]     |
[INFO] [stdout] 407 |             let _id = match Key::deserialize(key.as_ref())? {
[INFO] [stdout]     |                             ^^^ use of undeclared type `Key`
[INFO] [stdout]     |
[INFO] [stdout] help: consider importing one of these items
[INFO] [stdout]     |
[INFO] [stdout] 1   + use rocket::form::prelude::Key;
[INFO] [stdout]     |
[INFO] [stdout] 1   + use std::thread::local_impl::Key;
[INFO] [stdout]     |
[INFO] [stdout] 
[INFO] [stdout] 
[INFO] [stdout] error[E0433]: failed to resolve: use of undeclared type `Key`
[INFO] [stdout]    --> src/db.rs:408:17
[INFO] [stdout]     |
[INFO] [stdout] 408 |                 Key::Connection {
[INFO] [stdout]     |                 ^^^ use of undeclared type `Key`
[INFO] [stdout]     |
[INFO] [stdout] help: consider importing one of these items
[INFO] [stdout]     |
[INFO] [stdout] 1   + use rocket::form::prelude::Key;
[INFO] [stdout]     |
[INFO] [stdout] 1   + use std::thread::local_impl::Key;
[INFO] [stdout]     |
[INFO] [stdout] 
[INFO] [stdout] 
[INFO] [stdout] error[E0433]: failed to resolve: use of undeclared type `Key`
[INFO] [stdout]    --> src/db.rs:412:17
[INFO] [stdout]     |
[INFO] [stdout] 412 |                 Key::ConnectionsByUserId { ref user_id } if user_id == needle_user_id => {
[INFO] [stdout]     |                 ^^^ use of undeclared type `Key`
[INFO] [stdout]     |
[INFO] [stdout] help: consider importing one of these items
[INFO] [stdout]     |
[INFO] [stdout] 1   + use rocket::form::prelude::Key;
[INFO] [stdout]     |
[INFO] [stdout] 1   + use std::thread::local_impl::Key;
[INFO] [stdout]     |
[INFO] [stdout] 
[INFO] [stdout] 
[INFO] [stdout] error[E0433]: failed to resolve: use of undeclared type `Key`
[INFO] [stdout]    --> src/db.rs:438:19
[INFO] [stdout]     |
[INFO] [stdout] 438 |         let key = Key::requesterReleases {
[INFO] [stdout]     |                   ^^^ use of undeclared type `Key`
[INFO] [stdout]     |
[INFO] [stdout] help: consider importing one of these items
[INFO] [stdout]     |
[INFO] [stdout] 1   + use rocket::form::prelude::Key;
[INFO] [stdout]     |
[INFO] [stdout] 1   + use std::thread::local_impl::Key;
[INFO] [stdout]     |
[INFO] [stdout] 
[INFO] [stdout] 
[INFO] [stdout] error[E0433]: failed to resolve: use of undeclared type `Key`
[INFO] [stdout]    --> src/db.rs:453:19
[INFO] [stdout]     |
[INFO] [stdout] 453 |         let key = Key::requesterReleases {
[INFO] [stdout]     |                   ^^^ use of undeclared type `Key`
[INFO] [stdout]     |
[INFO] [stdout] help: consider importing one of these items
[INFO] [stdout]     |
[INFO] [stdout] 1   + use rocket::form::prelude::Key;
[INFO] [stdout]     |
[INFO] [stdout] 1   + use std::thread::local_impl::Key;
[INFO] [stdout]     |
[INFO] [stdout] 
[INFO] [stdout] 
[INFO] [stdout] error[E0412]: cannot find type `Key` in this scope
[INFO] [stdout]    --> src/db.rs:470:31
[INFO] [stdout]     |
[INFO] [stdout] 470 |     fn insert<T>(&self, key: &Key, value: T) -> Result<()>
[INFO] [stdout]     |                               ^^^ not found in this scope
[INFO] [stdout]     |
[INFO] [stdout] help: consider importing one of these items
[INFO] [stdout]     |
[INFO] [stdout] 1   + use rocket::form::prelude::Key;
[INFO] [stdout]     |
[INFO] [stdout] 1   + use std::thread::local_impl::Key;
[INFO] [stdout]     |
[INFO] [stdout] 
[INFO] [stdout] 
[INFO] [stdout] error[E0412]: cannot find type `Key` in this scope
[INFO] [stdout]    --> src/db.rs:481:28
[INFO] [stdout]     |
[INFO] [stdout] 481 |     fn remove(&self, key: &Key) -> Result<()> {
[INFO] [stdout]     |                            ^^^ not found in this scope
[INFO] [stdout]     |
[INFO] [stdout] help: consider importing one of these items
[INFO] [stdout]     |
[INFO] [stdout] 1   + use rocket::form::prelude::Key;
[INFO] [stdout]     |
[INFO] [stdout] 1   + use std::thread::local_impl::Key;
[INFO] [stdout]     |
[INFO] [stdout] 
[INFO] [stdout] 
[INFO] [stdout] error[E0412]: cannot find type `Key` in this scope
[INFO] [stdout]    --> src/db.rs:488:28
[INFO] [stdout]     |
[INFO] [stdout] 488 |     fn get<T>(&self, key: &Key) -> Result<Option<T>>
[INFO] [stdout]     |                            ^^^ not found in this scope
[INFO] [stdout]     |
[INFO] [stdout] help: consider importing one of these items
[INFO] [stdout]     |
[INFO] [stdout] 1   + use rocket::form::prelude::Key;
[INFO] [stdout]     |
[INFO] [stdout] 1   + use std::thread::local_impl::Key;
[INFO] [stdout]     |
[INFO] [stdout] 
[INFO] [stdout] 
[INFO] [stdout] error[E0412]: cannot find type `Key` in this scope
[INFO] [stdout]    --> src/db.rs:531:39
[INFO] [stdout]     |
[INFO] [stdout] 531 |     pub fn insert<T>(&mut self, key: &Key, value: &T) -> Result<()>
[INFO] [stdout]     |                                       ^^^ not found in this scope
[INFO] [stdout]     |
[INFO] [stdout] help: consider importing one of these items
[INFO] [stdout]     |
[INFO] [stdout] 1   + use rocket::form::prelude::Key;
[INFO] [stdout]     |
[INFO] [stdout] 1   + use std::thread::local_impl::Key;
[INFO] [stdout]     |
[INFO] [stdout] 
[INFO] [stdout] 
[INFO] [stdout] error[E0412]: cannot find type `Key` in this scope
[INFO] [stdout]    --> src/db.rs:542:36
[INFO] [stdout]     |
[INFO] [stdout] 542 |     pub fn remove(&mut self, key: &Key) -> Result<()> {
[INFO] [stdout]     |                                    ^^^ not found in this scope
[INFO] [stdout]     |
[INFO] [stdout] help: consider importing one of these items
[INFO] [stdout]     |
[INFO] [stdout] 1   + use rocket::form::prelude::Key;
[INFO] [stdout]     |
[INFO] [stdout] 1   + use std::thread::local_impl::Key;
[INFO] [stdout]     |
[INFO] [stdout] 
[INFO] [stdout] 
[INFO] [stdout] error[E0433]: failed to resolve: use of undeclared crate or module `reqwest`
[INFO] [stdout]   --> src/oauth2.rs:34:27
[INFO] [stdout]    |
[INFO] [stdout] 34 |         let http_client = reqwest::Client::new();
[INFO] [stdout]    |                           ^^^^^^^ use of undeclared crate or module `reqwest`
[INFO] [stdout]    |
[INFO] [stdout] help: consider importing one of these items
[INFO] [stdout]    |
[INFO] [stdout] 1  + use mongodb::Client;
[INFO] [stdout]    |
[INFO] [stdout] 1  + use mongodb::sync::Client;
[INFO] [stdout]    |
[INFO] [stdout] 1  + use rocket::local::asynchronous::Client;
[INFO] [stdout]    |
[INFO] [stdout] 1  + use rocket::local::blocking::Client;
[INFO] [stdout]    |
[INFO] [stdout] help: if you import `Client`, refer to it directly
[INFO] [stdout]    |
[INFO] [stdout] 34 -         let http_client = reqwest::Client::new();
[INFO] [stdout] 34 +         let http_client = Client::new();
[INFO] [stdout]    |
[INFO] [stdout] 
[INFO] [stdout] 
[INFO] [stdout] error[E0433]: failed to resolve: use of undeclared crate or module `hyper`
[INFO] [stdout]   --> src/web.rs:66:45
[INFO] [stdout]    |
[INFO] [stdout] 66 | ) -> Result<impl Future<Output = Result<(), hyper::Error>>, anyhow::Error> {
[INFO] [stdout]    |                                             ^^^^^ use of undeclared crate or module `hyper`
[INFO] [stdout]    |
[INFO] [stdout] help: consider importing this module
[INFO] [stdout]    |
[INFO] [stdout] 1  + use rocket::http::hyper;
[INFO] [stdout]    |
[INFO] [stdout] 
[INFO] [stdout] 
[INFO] [stdout] error[E0433]: failed to resolve: use of undeclared crate or module `hyper`
[INFO] [stdout]   --> src/web.rs:85:34
[INFO] [stdout]    |
[INFO] [stdout] 85 |             async move { Ok::<_, hyper::Error>(service) }
[INFO] [stdout]    |                                  ^^^^^ use of undeclared crate or module `hyper`
[INFO] [stdout]    |
[INFO] [stdout] help: consider importing this module
[INFO] [stdout]    |
[INFO] [stdout] 1  + use rocket::http::hyper;
[INFO] [stdout]    |
[INFO] [stdout] 
[INFO] [stdout] 
[INFO] [stdout] error[E0433]: failed to resolve: use of undeclared crate or module `chrono`
[INFO] [stdout]   --> src/web.rs:90:23
[INFO] [stdout]    |
[INFO] [stdout] 90 |         let expires = chrono::Duration::minutes(5);
[INFO] [stdout]    |                       ^^^^^^ use of undeclared crate or module `chrono`
[INFO] [stdout]    |
[INFO] [stdout] help: consider importing one of these items
[INFO] [stdout]    |
[INFO] [stdout] 1  + use core::time::Duration;
[INFO] [stdout]    |
[INFO] [stdout] 1  + use crate::web::time::Duration;
[INFO] [stdout]    |
[INFO] [stdout] 1  + use std::time::Duration;
[INFO] [stdout]    |
[INFO] [stdout] help: if you import `Duration`, refer to it directly
[INFO] [stdout]    |
[INFO] [stdout] 90 -         let expires = chrono::Duration::minutes(5);
[INFO] [stdout] 90 +         let expires = Duration::minutes(5);
[INFO] [stdout]    |
[INFO] [stdout] 
[INFO] [stdout] 
[INFO] [stdout] error[E0433]: failed to resolve: use of undeclared crate or module `serde_cbor`
[INFO] [stdout]    --> src/web.rs:147:11
[INFO] [stdout]     |
[INFO] [stdout] 147 | impl From<serde_cbor::error::Error> for Error {
[INFO] [stdout]     |           ^^^^^^^^^^ use of undeclared crate or module `serde_cbor`
[INFO] [stdout]     |
[INFO] [stdout] help: consider importing one of these items
[INFO] [stdout]     |
[INFO] [stdout] 1   + use core::error;
[INFO] [stdout]     |
[INFO] [stdout] 1   + use mongodb::error;
[INFO] [stdout]     |
[INFO] [stdout] 1   + use rocket::error;
[INFO] [stdout]     |
[INFO] [stdout] 1   + use rocket::form::error;
[INFO] [stdout]     |
[INFO] [stdout]       and 2 other candidates
[INFO] [stdout] help: if you import `error`, refer to it directly
[INFO] [stdout]     |
[INFO] [stdout] 147 - impl From<serde_cbor::error::Error> for Error {
[INFO] [stdout] 147 + impl From<error::Error> for Error {
[INFO] [stdout]     |
[INFO] [stdout] 
[INFO] [stdout] 
[INFO] [stdout] error[E0433]: failed to resolve: use of undeclared crate or module `serde_cbor`
[INFO] [stdout]    --> src/web.rs:148:20
[INFO] [stdout]     |
[INFO] [stdout] 148 |     fn from(value: serde_cbor::error::Error) -> Error {
[INFO] [stdout]     |                    ^^^^^^^^^^ use of undeclared crate or module `serde_cbor`
[INFO] [stdout]     |
[INFO] [stdout] help: consider importing one of these items
[INFO] [stdout]     |
[INFO] [stdout] 1   + use core::error;
[INFO] [stdout]     |
[INFO] [stdout] 1   + use mongodb::error;
[INFO] [stdout]     |
[INFO] [stdout] 1   + use rocket::error;
[INFO] [stdout]     |
[INFO] [stdout] 1   + use rocket::form::error;
[INFO] [stdout]     |
[INFO] [stdout]       and 2 other candidates
[INFO] [stdout] help: if you import `error`, refer to it directly
[INFO] [stdout]     |
[INFO] [stdout] 148 -     fn from(value: serde_cbor::error::Error) -> Error {
[INFO] [stdout] 148 +     fn from(value: error::Error) -> Error {
[INFO] [stdout]     |
[INFO] [stdout] 
[INFO] [stdout] 
[INFO] [stdout] error[E0412]: cannot find type `IdRequesterClient` in module `api`
[INFO] [stdout]    --> src/web.rs:212:31
[INFO] [stdout]     |
[INFO] [stdout] 212 |     id_Requester_client: api::IdRequesterClient,
[INFO] [stdout]     |                               ^^^^^^^^^^^^^^^^^ not found in `api`
[INFO] [stdout] 
[INFO] [stdout] 
[INFO] [stdout] error[E0412]: cannot find type `Client` in module `api`
[INFO] [stdout]    --> src/web.rs:213:18
[INFO] [stdout]     |
[INFO] [stdout] 213 |     Client: api::Client,
[INFO] [stdout]     |                  ^^^^^^ not found in `api`
[INFO] [stdout]     |
[INFO] [stdout] help: consider importing one of these items
[INFO] [stdout]     |
[INFO] [stdout] 1   + use mongodb::Client;
[INFO] [stdout]     |
[INFO] [stdout] 1   + use mongodb::sync::Client;
[INFO] [stdout]     |
[INFO] [stdout] 1   + use rocket::local::asynchronous::Client;
[INFO] [stdout]     |
[INFO] [stdout] 1   + use rocket::local::blocking::Client;
[INFO] [stdout]     |
[INFO] [stdout] help: if you import `Client`, refer to it directly
[INFO] [stdout]     |
[INFO] [stdout] 213 -     Client: api::Client,
[INFO] [stdout] 213 +     Client: Client,
[INFO] [stdout]     |
[INFO] [stdout] 
[INFO] [stdout] 
[INFO] [stdout] error[E0433]: failed to resolve: could not find `Client` in `api`
[INFO] [stdout]    --> src/web.rs:238:26
[INFO] [stdout]     |
[INFO] [stdout] 238 |             Client: api::Client::new()?,
[INFO] [stdout]     |                          ^^^^^^ could not find `Client` in `api`
[INFO] [stdout]     |
[INFO] [stdout] help: consider importing one of these items
[INFO] [stdout]     |
[INFO] [stdout] 1   + use mongodb::Client;
[INFO] [stdout]     |
[INFO] [stdout] 1   + use mongodb::sync::Client;
[INFO] [stdout]     |
[INFO] [stdout] 1   + use rocket::local::asynchronous::Client;
[INFO] [stdout]     |
[INFO] [stdout] 1   + use rocket::local::blocking::Client;
[INFO] [stdout]     |
[INFO] [stdout] help: if you import `Client`, refer to it directly
[INFO] [stdout]     |
[INFO] [stdout] 238 -             Client: api::Client::new()?,
[INFO] [stdout] 238 +             Client: Client::new()?,
[INFO] [stdout]     |
[INFO] [stdout] 
[INFO] [stdout] 
[INFO] [stdout] error[E0433]: failed to resolve: use of undeclared crate or module `chrono`
[INFO] [stdout]    --> src/web.rs:243:19
[INFO] [stdout]     |
[INFO] [stdout] 243 |             week: chrono::Duration::days(7),
[INFO] [stdout]     |                   ^^^^^^ use of undeclared crate or module `chrono`
[INFO] [stdout]     |
[INFO] [stdout] help: consider importing one of these items
[INFO] [stdout]     |
[INFO] [stdout] 1   + use core::time::Duration;
[INFO] [stdout]     |
[INFO] [stdout] 1   + use crate::web::time::Duration;
[INFO] [stdout]     |
[INFO] [stdout] 1   + use std::time::Duration;
[INFO] [stdout]     |
[INFO] [stdout] help: if you import `Duration`, refer to it directly
[INFO] [stdout]     |
[INFO] [stdout] 243 -             week: chrono::Duration::days(7),
[INFO] [stdout] 243 +             week: Duration::days(7),
[INFO] [stdout]     |
[INFO] [stdout] 
[INFO] [stdout] 
[INFO] [stdout] error[E0433]: failed to resolve: use of undeclared crate or module `serde_cbor`
[INFO] [stdout]    --> src/web.rs:807:31
[INFO] [stdout]     |
[INFO] [stdout] 807 |                         meta: serde_cbor::Value::Null,
[INFO] [stdout]     |                               ^^^^^^^^^^ use of undeclared crate or module `serde_cbor`
[INFO] [stdout]     |
[INFO] [stdout] help: consider importing this enum
[INFO] [stdout]     |
[INFO] [stdout] 1   + use rocket::serde::json::Value;
[INFO] [stdout]     |
[INFO] [stdout] help: if you import `Value`, refer to it directly
[INFO] [stdout]     |
[INFO] [stdout] 807 -                         meta: serde_cbor::Value::Null,
[INFO] [stdout] 807 +                         meta: Value::Null,
[INFO] [stdout]     |
[INFO] [stdout] 
[INFO] [stdout] 
[INFO] [stdout] error[E0422]: cannot find struct, variant or union type `Player` in module `db`
[INFO] [stdout]    --> src/web.rs:930:30
[INFO] [stdout]     |
[INFO] [stdout] 930 |             let player = db::Player {
[INFO] [stdout]     |                              ^^^^^^ not found in `db`
[INFO] [stdout] 
[INFO] [stdout] 
[INFO] [stdout] error[E0433]: failed to resolve: could not find `Requester` in `api`
[INFO] [stdout]    --> src/web.rs:986:70
[INFO] [stdout]     |
[INFO] [stdout] 986 |     async fn auth_Requester_token(&self, token: &str) -> Result<api::Requester::ValidateToken, Error> {
[INFO] [stdout]     |                                                                      ^^^^^^^^^ could not find `Requester` in `api`
[INFO] [stdout]     |
[INFO] [stdout] help: consider importing this struct
[INFO] [stdout]     |
[INFO] [stdout] 1   + use crate::db::Requester;
[INFO] [stdout]     |
[INFO] [stdout] help: if you import `Requester`, refer to it directly
[INFO] [stdout]     |
[INFO] [stdout] 986 -     async fn auth_Requester_token(&self, token: &str) -> Result<api::Requester::ValidateToken, Error> {
[INFO] [stdout] 986 +     async fn auth_Requester_token(&self, token: &str) -> Result<Requester::ValidateToken, Error> {
[INFO] [stdout]     |
[INFO] [stdout] 
[INFO] [stdout] 
[INFO] [stdout] error[E0412]: cannot find type `PlayerItem` in module `db`
[INFO] [stdout]     --> src/web.rs:1080:42
[INFO] [stdout]      |
[INFO] [stdout] 1080 |     pub fn into_player_item(self) -> db::PlayerItem {
[INFO] [stdout]      |                                          ^^^^^^^^^^ not found in `db`
[INFO] [stdout] 
[INFO] [stdout] 
[INFO] [stdout] error[E0422]: cannot find struct, variant or union type `PlayerItem` in module `db`
[INFO] [stdout]     --> src/web.rs:1083:13
[INFO] [stdout]      |
[INFO] [stdout] 1083 |         db::PlayerItem {
[INFO] [stdout]      |             ^^^^^^^^^^ not found in `db`
[INFO] [stdout] 
[INFO] [stdout] 
[INFO] [stdout] error[E0425]: cannot find value `Client_TRACK_URL` in this scope
[INFO] [stdout]     --> src/web.rs:1088:53
[INFO] [stdout]      |
[INFO] [stdout] 1088 |                 .unwrap_or_else(|| format!("{}/{}", Client_TRACK_URL, track_id)),
[INFO] [stdout]      |                                                     ^^^^^^^^^^^^^^^^ not found in this scope
[INFO] [stdout] 
[INFO] [stdout] 
[INFO] [stdout] error[E0433]: failed to resolve: use of undeclared crate or module `serde_json`
[INFO] [stdout]     --> src/web.rs:1097:16
[INFO] [stdout]      |
[INFO] [stdout] 1097 |     let body = serde_json::to_string(&Error {
[INFO] [stdout]      |                ^^^^^^^^^^ use of undeclared crate or module `serde_json`
[INFO] [stdout]      |
[INFO] [stdout] help: consider importing this crate
[INFO] [stdout]      |
[INFO] [stdout] 1    + use rocket::serde::json::serde_json;
[INFO] [stdout]      |
[INFO] [stdout] 
[INFO] [stdout] 
[INFO] [stdout] error[E0433]: failed to resolve: use of undeclared crate or module `serde_json`
[INFO] [stdout]     --> src/web.rs:1141:11
[INFO] [stdout]      |
[INFO] [stdout] 1141 |     match serde_json::from_slice::<T>(&bytes) {
[INFO] [stdout]      |           ^^^^^^^^^^ use of undeclared crate or module `serde_json`
[INFO] [stdout]      |
[INFO] [stdout] help: consider importing this crate
[INFO] [stdout]      |
[INFO] [stdout] 1    + use rocket::serde::json::serde_json;
[INFO] [stdout]      |
[INFO] [stdout] 
[INFO] [stdout] 
[INFO] [stdout] error[E0433]: failed to resolve: use of undeclared crate or module `serde_json`
[INFO] [stdout]     --> src/web.rs:1163:16
[INFO] [stdout]      |
[INFO] [stdout] 1163 |     let body = serde_json::to_string(&body).map_err(anyhow::Error::from)?;
[INFO] [stdout]      |                ^^^^^^^^^^ use of undeclared crate or module `serde_json`
[INFO] [stdout]      |
[INFO] [stdout] help: consider importing this crate
[INFO] [stdout]      |
[INFO] [stdout] 1    + use rocket::serde::json::serde_json;
[INFO] [stdout]      |
[INFO] [stdout] 
[INFO] [stdout] 
[INFO] [stdout] error[E0433]: failed to resolve: use of undeclared crate or module `serde_cbor`
[INFO] [stdout]   --> src/db.rs:18:15
[INFO] [stdout]    |
[INFO] [stdout] 18 |     pub meta: serde_cbor::Value,
[INFO] [stdout]    |               ^^^^^^^^^^ use of undeclared crate or module `serde_cbor`
[INFO] [stdout] 
[INFO] [stdout] 
[INFO] [stdout] error[E0433]: failed to resolve: use of undeclared crate or module `serde_cbor`
[INFO] [stdout]   --> src/db.rs:22:22
[INFO] [stdout]    |
[INFO] [stdout] 22 | fn meta_default() -> serde_cbor::Value {
[INFO] [stdout]    |                      ^^^^^^^^^^ use of undeclared crate or module `serde_cbor`
[INFO] [stdout] 
[INFO] [stdout] 
[INFO] [stdout] error[E0433]: failed to resolve: use of undeclared crate or module `serde_cbor`
[INFO] [stdout]   --> src/db.rs:26:36
[INFO] [stdout]    |
[INFO] [stdout] 26 | pub(crate) fn meta_is_null(value: &serde_cbor::Value) -> bool {
[INFO] [stdout]    |                                    ^^^^^^^^^^ use of undeclared crate or module `serde_cbor`
[INFO] [stdout] 
[INFO] [stdout] 
[INFO] [stdout] error[E0433]: failed to resolve: use of undeclared crate or module `serde_cbor`
[INFO] [stdout]   --> src/db.rs:67:12
[INFO] [stdout]    |
[INFO] [stdout] 67 |         Ok(serde_cbor::to_vec(self)?)
[INFO] [stdout]    |            ^^^^^^^^^^ use of undeclared crate or module `serde_cbor`
[INFO] [stdout] 
[INFO] [stdout] 
[INFO] [stdout] error[E0433]: failed to resolve: use of undeclared crate or module `serde_cbor`
[INFO] [stdout]   --> src/db.rs:72:12
[INFO] [stdout]    |
[INFO] [stdout] 72 |         Ok(serde_cbor::from_slice(bytes)?)
[INFO] [stdout]    |            ^^^^^^^^^^ use of undeclared crate or module `serde_cbor`
[INFO] [stdout] 
[INFO] [stdout] 
[INFO] [stdout] error[E0433]: failed to resolve: use of undeclared crate or module `serde_cbor`
[INFO] [stdout]    --> src/db.rs:156:72
[INFO] [stdout]     |
[INFO] [stdout] 156 |                         while let Some(value) = visitor.next_element::<serde_cbor::Value>()? {
[INFO] [stdout]     |                                                                        ^^^^^^^^^^ use of undeclared crate or module `serde_cbor`
[INFO] [stdout] 
[INFO] [stdout] 
[INFO] [stdout] error[E0433]: failed to resolve: use of undeclared crate or module `serde_cbor`
[INFO] [stdout]    --> src/db.rs:418:36
[INFO] [stdout]     |
[INFO] [stdout] 418 |             let connection = match serde_cbor::from_slice(value.as_ref()) {
[INFO] [stdout]     |                                    ^^^^^^^^^^ use of undeclared crate or module `serde_cbor`
[INFO] [stdout] 
[INFO] [stdout] 
[INFO] [stdout] error[E0433]: failed to resolve: use of undeclared crate or module `serde_cbor`
[INFO] [stdout]    --> src/db.rs:475:21
[INFO] [stdout]     |
[INFO] [stdout] 475 |         let value = serde_cbor::to_vec(&value)?;
[INFO] [stdout]     |                     ^^^^^^^^^^ use of undeclared crate or module `serde_cbor`
[INFO] [stdout] 
[INFO] [stdout] 
[INFO] [stdout] error[E0433]: failed to resolve: use of undeclared crate or module `serde_cbor`
[INFO] [stdout]    --> src/db.rs:511:46
[INFO] [stdout]     |
[INFO] [stdout] 511 |     fn deserialize<T>(value: &sled::IVec) -> serde_cbor::Result<T>
[INFO] [stdout]     |                                              ^^^^^^^^^^ use of undeclared crate or module `serde_cbor`
[INFO] [stdout] 
[INFO] [stdout] 
[INFO] [stdout] error[E0433]: failed to resolve: use of undeclared crate or module `serde_cbor`
[INFO] [stdout]    --> src/db.rs:515:9
[INFO] [stdout]     |
[INFO] [stdout] 515 |         serde_cbor::from_slice(&*value)
[INFO] [stdout]     |         ^^^^^^^^^^ use of undeclared crate or module `serde_cbor`
[INFO] [stdout] 
[INFO] [stdout] 
[INFO] [stdout] error[E0433]: failed to resolve: use of undeclared crate or module `serde_cbor`
[INFO] [stdout]    --> src/db.rs:536:21
[INFO] [stdout]     |
[INFO] [stdout] 536 |         let value = serde_cbor::to_vec(value)?;
[INFO] [stdout]     |                     ^^^^^^^^^^ use of undeclared crate or module `serde_cbor`
[INFO] [stdout] 
[INFO] [stdout] 
[INFO] [stdout] error[E0433]: failed to resolve: use of undeclared crate or module `serde_cbor`
[INFO] [stdout]    --> src/oauth2.rs:106:21
[INFO] [stdout]     |
[INFO] [stdout] 106 |         let bytes = serde_cbor::to_vec(&[&self.client_id, &*self.access_token])?;
[INFO] [stdout]     |                     ^^^^^^^^^^ use of undeclared crate or module `serde_cbor`
[INFO] [stdout] 
[INFO] [stdout] 
[INFO] [stdout] error[E0433]: failed to resolve: use of undeclared crate or module `base64`
[INFO] [stdout]    --> src/oauth2.rs:108:12
[INFO] [stdout]     |
[INFO] [stdout] 108 |         Ok(base64::encode(digest.as_ref()))
[INFO] [stdout]     |            ^^^^^^ use of undeclared crate or module `base64`
[INFO] [stdout] 
[INFO] [stdout] 
[INFO] [stdout] error[E0433]: failed to resolve: use of undeclared crate or module `reqwest`
[INFO] [stdout]    --> src/oauth2.rs:165:18
[INFO] [stdout]     |
[INFO] [stdout] 165 |     http_client: reqwest::Client,
[INFO] [stdout]     |                  ^^^^^^^ use of undeclared crate or module `reqwest`
[INFO] [stdout] 
[INFO] [stdout] 
[INFO] [stdout] error[E0433]: failed to resolve: use of undeclared crate or module `reqwest`
[INFO] [stdout]    --> src/oauth2.rs:173:29
[INFO] [stdout]     |
[INFO] [stdout] 173 |     pub fn new(http_client: reqwest::Client, client: Client, config: FlowConfig) -> Self {
[INFO] [stdout]     |                             ^^^^^^^ use of undeclared crate or module `reqwest`
[INFO] [stdout] 
[INFO] [stdout] 
[INFO] [stdout] error[E0433]: failed to resolve: use of undeclared crate or module `serde_cbor`
[INFO] [stdout]   --> src/session.rs:41:20
[INFO] [stdout]    |
[INFO] [stdout] 41 |         let data = serde_cbor::to_vec(&value)?;
[INFO] [stdout]    |                    ^^^^^^^^^^ use of undeclared crate or module `serde_cbor`
[INFO] [stdout] 
[INFO] [stdout] 
[INFO] [stdout] error[E0433]: failed to resolve: use of undeclared crate or module `base64`
[INFO] [stdout]   --> src/session.rs:43:20
[INFO] [stdout]    |
[INFO] [stdout] 43 |         let data = base64::encode(&data);
[INFO] [stdout]    |                    ^^^^^^ use of undeclared crate or module `base64`
[INFO] [stdout] 
[INFO] [stdout] 
[INFO] [stdout] error[E0433]: failed to resolve: use of undeclared crate or module `base64`
[INFO] [stdout]    --> src/session.rs:110:20
[INFO] [stdout]     |
[INFO] [stdout] 110 |         let data = base64::decode(cookie.value())?;
[INFO] [stdout]     |                    ^^^^^^ use of undeclared crate or module `base64`
[INFO] [stdout] 
[INFO] [stdout] 
[INFO] [stdout] error[E0433]: failed to resolve: use of undeclared crate or module `serde_cbor`
[INFO] [stdout]    --> src/session.rs:117:23
[INFO] [stdout]     |
[INFO] [stdout] 117 |         let session = serde_cbor::from_slice::<SessionData>(&data)?;
[INFO] [stdout]     |                       ^^^^^^^^^^ use of undeclared crate or module `serde_cbor`
[INFO] [stdout] 
[INFO] [stdout] 
[INFO] [stdout] error[E0433]: failed to resolve: use of undeclared crate or module `chrono`
[INFO] [stdout]    --> src/web.rs:218:11
[INFO] [stdout]     |
[INFO] [stdout] 218 |     week: chrono::Duration,
[INFO] [stdout]     |           ^^^^^^ use of undeclared crate or module `chrono`
[INFO] [stdout] 
[INFO] [stdout] 
[INFO] [stdout] error[E0433]: failed to resolve: use of undeclared crate or module `mime_guess`
[INFO] [stdout]    --> src/web.rs:257:28
[INFO] [stdout]     |
[INFO] [stdout] 257 |                 let mime = mime_guess::from_path(path).first_or_octet_stream();
[INFO] [stdout]     |                            ^^^^^^^^^^ use of undeclared crate or module `mime_guess`
[INFO] [stdout] 
[INFO] [stdout] 
[INFO] [stdout] error[E0433]: failed to resolve: use of undeclared crate or module `mime`
[INFO] [stdout]    --> src/web.rs:269:22
[INFO] [stdout]     |
[INFO] [stdout] 269 |             None => (mime::TEXT_HTML_UTF_8, self.fallback.clone()),
[INFO] [stdout]     |                      ^^^^ use of undeclared crate or module `mime`
[INFO] [stdout] 
[INFO] [stdout] 
[INFO] [stdout] error[E0433]: failed to resolve: use of undeclared crate or module `serde_cbor`
[INFO] [stdout]    --> src/web.rs:455:15
[INFO] [stdout]     |
[INFO] [stdout] 455 |     meta: &'a serde_cbor::Value,
[INFO] [stdout]     |               ^^^^^^^^^^ use of undeclared crate or module `serde_cbor`
[INFO] [stdout] 
[INFO] [stdout] 
[INFO] [stdout] error[E0433]: failed to resolve: use of undeclared crate or module `base64`
[INFO] [stdout]    --> src/web.rs:723:19
[INFO] [stdout]     |
[INFO] [stdout] 723 |         let key = base64::encode(&buf);
[INFO] [stdout]     |                   ^^^^^^ use of undeclared crate or module `base64`
[INFO] [stdout] 
[INFO] [stdout] 
[INFO] [stdout] error[E0433]: failed to resolve: use of undeclared crate or module `serde_cbor`
[INFO] [stdout]    --> src/web.rs:999:17
[INFO] [stdout]     |
[INFO] [stdout] 999 |     ) -> Result<serde_cbor::Value, anyhow::Error> {
[INFO] [stdout]     |                 ^^^^^^^^^^ use of undeclared crate or module `serde_cbor`
[INFO] [stdout] 
[INFO] [stdout] 
[INFO] [stdout] error[E0433]: failed to resolve: use of undeclared crate or module `serde_urlencoded`
[INFO] [stdout]     --> src/web.rs:1028:13
[INFO] [stdout]      |
[INFO] [stdout] 1028 |             serde_urlencoded::from_str::<T>(query).map_err(|_| Error::bad_request("bad query"))?;
[INFO] [stdout]      |             ^^^^^^^^^^^^^^^^ use of undeclared crate or module `serde_urlencoded`
[INFO] [stdout] 
[INFO] [stdout] 
[INFO] [stdout] error: aborting due to 177 previous errors
[INFO] [stdout] 
[INFO] [stdout] 
[INFO] [stdout] Some errors have detailed explanations: E0412, E0422, E0425, E0432, E0433, E0761.
[INFO] [stdout] 
[INFO] [stdout] For more information about an error, try `rustc --explain E0412`.
[INFO] [stdout] 
[INFO] [stderr] error: could not compile `buscame-servidor-api` (lib) due to 178 previous errors
[INFO] [stderr] warning: build failed, waiting for other jobs to finish...
[INFO] running `Command { std: "docker" "inspect" "18b25e0d8507069aa4ef137fd809a70a49ac51d3da566fea3404cded581eda8b", kill_on_drop: false }`
[INFO] running `Command { std: "docker" "rm" "-f" "18b25e0d8507069aa4ef137fd809a70a49ac51d3da566fea3404cded581eda8b", kill_on_drop: false }`
[INFO] [stdout] 18b25e0d8507069aa4ef137fd809a70a49ac51d3da566fea3404cded581eda8b
