[INFO] cloning repository https://github.com/BurNiinTRee/Conway-s-Game-of-Life
[INFO] running `Command { std: "git" "-c" "credential.helper=" "-c" "credential.helper=/workspace/cargo-home/bin/git-credential-null" "clone" "--bare" "https://github.com/BurNiinTRee/Conway-s-Game-of-Life" "/workspace/cache/git-repos/https%3A%2F%2Fgithub.com%2FBurNiinTRee%2FConway-s-Game-of-Life", kill_on_drop: false }`
[INFO] [stderr] Cloning into bare repository '/workspace/cache/git-repos/https%3A%2F%2Fgithub.com%2FBurNiinTRee%2FConway-s-Game-of-Life'...
[INFO] running `Command { std: "git" "rev-parse" "HEAD", kill_on_drop: false }`
[INFO] [stdout] 142c6a5d20844d59a259a4eadfb0e7adf94867fc
[INFO] testing BurNiinTRee/Conway-s-Game-of-Life against 1.75.0 for beta-1.76-1
[INFO] running `Command { std: "git" "clone" "/workspace/cache/git-repos/https%3A%2F%2Fgithub.com%2FBurNiinTRee%2FConway-s-Game-of-Life" "/workspace/builds/worker-1-tc1/source", kill_on_drop: false }`
[INFO] [stderr] Cloning into '/workspace/builds/worker-1-tc1/source'...
[INFO] [stderr] done.
[INFO] validating manifest of git repo https://github.com/BurNiinTRee/Conway-s-Game-of-Life on toolchain 1.75.0
[INFO] running `Command { std: CARGO_HOME="/workspace/cargo-home" RUSTUP_HOME="/workspace/rustup-home" "/workspace/cargo-home/bin/cargo" "+1.75.0" "metadata" "--manifest-path" "Cargo.toml" "--no-deps", kill_on_drop: false }`
[INFO] started tweaking git repo https://github.com/BurNiinTRee/Conway-s-Game-of-Life
[INFO] finished tweaking git repo https://github.com/BurNiinTRee/Conway-s-Game-of-Life
[INFO] tweaked toml for git repo https://github.com/BurNiinTRee/Conway-s-Game-of-Life written to /workspace/builds/worker-1-tc1/source/Cargo.toml
[INFO] crate git repo https://github.com/BurNiinTRee/Conway-s-Game-of-Life already has a lockfile, it will not be regenerated
[INFO] running `Command { std: CARGO_HOME="/workspace/cargo-home" RUSTUP_HOME="/workspace/rustup-home" "/workspace/cargo-home/bin/cargo" "+1.75.0" "fetch" "--manifest-path" "Cargo.toml", kill_on_drop: false }`
[INFO] [stderr]     Updating crates.io index
[INFO] [stderr]  Downloading crates ...
[INFO] [stderr]   Downloaded num-integer v0.1.32
[INFO] [stderr]   Downloaded num-iter v0.1.32
[INFO] [stderr]   Downloaded num-rational v0.1.35
[INFO] [stderr]   Downloaded term_size v0.2.1
[INFO] [stderr]   Downloaded deque v0.3.1
[INFO] [stderr]   Downloaded unicode-width v0.1.3
[INFO] [stderr]   Downloaded num v0.1.36
[INFO] [stderr]   Downloaded num-bigint v0.1.35
[INFO] [stderr]   Downloaded clippy_lints v0.0.95
[INFO] [stderr]   Downloaded rayon v0.4.2
[INFO] [stderr]   Downloaded regex-syntax v0.3.7
[INFO] [stderr]   Downloaded clippy v0.0.95
[INFO] [stderr]   Downloaded strsim v0.5.1
[INFO] [stderr]   Downloaded lazy_static v0.2.1
[INFO] [stderr]   Downloaded unicode-segmentation v0.1.2
[INFO] [stderr]   Downloaded vec_map v0.6.0
[INFO] [stderr]   Downloaded bitflags v0.6.0
[INFO] [stderr]   Downloaded sdl2-sys v0.23.0
[INFO] [stderr]   Downloaded sdl2 v0.23.0
[INFO] [stderr]   Downloaded clap v2.16.0
[INFO] running `Command { std: "docker" "create" "-v" "/var/lib/crater-agent-workspace/builds/worker-1-tc1/target:/opt/rustwide/target:rw,Z" "-v" "/var/lib/crater-agent-workspace/builds/worker-1-tc1/source:/opt/rustwide/workdir:ro,Z" "-v" "/var/lib/crater-agent-workspace/cargo-home:/opt/rustwide/cargo-home:ro,Z" "-v" "/var/lib/crater-agent-workspace/rustup-home:/opt/rustwide/rustup-home:ro,Z" "-e" "SOURCE_DIR=/opt/rustwide/workdir" "-e" "CARGO_TARGET_DIR=/opt/rustwide/target" "-e" "CARGO_HOME=/opt/rustwide/cargo-home" "-e" "RUSTUP_HOME=/opt/rustwide/rustup-home" "-w" "/opt/rustwide/workdir" "-m" "1610612736" "--user" "0:0" "--network" "none" "ghcr.io/rust-lang/crates-build-env/linux@sha256:2788e3201cd34a07e3172128adcd8b3090168a8e3bcc40d7c032b9dda1df7d1c" "/opt/rustwide/cargo-home/bin/cargo" "+1.75.0" "metadata" "--no-deps" "--format-version=1", kill_on_drop: false }`
[INFO] [stdout] 3ac39bd7a4d7c24944faf856c53f844a7d5e6c24a82ea140678063eb0b0870b4
[INFO] running `Command { std: "docker" "start" "-a" "3ac39bd7a4d7c24944faf856c53f844a7d5e6c24a82ea140678063eb0b0870b4", kill_on_drop: false }`
[INFO] running `Command { std: "docker" "inspect" "3ac39bd7a4d7c24944faf856c53f844a7d5e6c24a82ea140678063eb0b0870b4", kill_on_drop: false }`
[INFO] running `Command { std: "docker" "rm" "-f" "3ac39bd7a4d7c24944faf856c53f844a7d5e6c24a82ea140678063eb0b0870b4", kill_on_drop: false }`
[INFO] [stdout] 3ac39bd7a4d7c24944faf856c53f844a7d5e6c24a82ea140678063eb0b0870b4
[INFO] running `Command { std: "docker" "create" "-v" "/var/lib/crater-agent-workspace/builds/worker-1-tc1/target:/opt/rustwide/target:rw,Z" "-v" "/var/lib/crater-agent-workspace/builds/worker-1-tc1/source:/opt/rustwide/workdir:ro,Z" "-v" "/var/lib/crater-agent-workspace/cargo-home:/opt/rustwide/cargo-home:ro,Z" "-v" "/var/lib/crater-agent-workspace/rustup-home:/opt/rustwide/rustup-home:ro,Z" "-e" "SOURCE_DIR=/opt/rustwide/workdir" "-e" "CARGO_TARGET_DIR=/opt/rustwide/target" "-e" "CARGO_INCREMENTAL=0" "-e" "RUST_BACKTRACE=full" "-e" "RUSTFLAGS=--cap-lints=warn" "-e" "RUSTDOCFLAGS=--cap-lints=warn" "-e" "CARGO_HOME=/opt/rustwide/cargo-home" "-e" "RUSTUP_HOME=/opt/rustwide/rustup-home" "-w" "/opt/rustwide/workdir" "-m" "1610612736" "--user" "0:0" "--network" "none" "ghcr.io/rust-lang/crates-build-env/linux@sha256:2788e3201cd34a07e3172128adcd8b3090168a8e3bcc40d7c032b9dda1df7d1c" "/opt/rustwide/cargo-home/bin/cargo" "+1.75.0" "build" "--frozen" "--message-format=json", kill_on_drop: false }`
[INFO] [stdout] 67213ea0ebab349bd411d59901557f7e083773aa942a71549242c5026bf13cce
[INFO] running `Command { std: "docker" "start" "-a" "67213ea0ebab349bd411d59901557f7e083773aa942a71549242c5026bf13cce", kill_on_drop: false }`
[INFO] [stderr]    Compiling libc v0.2.17
[INFO] [stderr]    Compiling num-traits v0.1.36
[INFO] [stderr]    Compiling rustc-serialize v0.3.19
[INFO] [stderr]    Compiling vec_map v0.6.0
[INFO] [stderr]    Compiling bitflags v0.7.0
[INFO] [stderr]    Compiling sdl2-sys v0.23.0
[INFO] [stderr]    Compiling unicode-segmentation v0.1.2
[INFO] [stderr]    Compiling strsim v0.5.1
[INFO] [stderr]    Compiling ansi_term v0.9.0
[INFO] [stderr]    Compiling unicode-width v0.1.3
[INFO] [stderr]    Compiling lazy_static v0.2.1
[INFO] [stderr]    Compiling bitflags v0.6.0
[INFO] [stdout] error[E0642]: patterns aren't allowed in functions without bodies
[INFO] [stdout]    --> /opt/rustwide/cargo-home/registry/src/index.crates.io-6f17d22bba15001f/rustc-serialize-0.3.19/src/serialize.rs:147:45
[INFO] [stdout]     |
[INFO] [stdout] 147 | ...                   &f_name: &str,
[INFO] [stdout]     |                       ^^^^^^^ pattern not allowed in function without body
[INFO] [stdout] 
[INFO] [stdout] 
[INFO] [stderr]    Compiling rand v0.3.14
[INFO] [stderr]    Compiling term_size v0.2.1
[INFO] [stderr]    Compiling num_cpus v0.2.13
[INFO] [stderr]    Compiling clap v2.16.0
[INFO] [stderr]    Compiling num-integer v0.1.32
[INFO] [stderr]    Compiling num-iter v0.1.32
[INFO] [stderr]    Compiling deque v0.3.1
[INFO] [stderr]    Compiling rayon v0.4.2
[INFO] [stdout] error: aborting due to previous error
[INFO] [stdout] 
[INFO] [stdout] 
[INFO] [stdout] For more information about this error, try `rustc --explain E0642`.
[INFO] [stdout] 
[INFO] [stderr] error: could not compile `rustc-serialize` (lib) due to 2 previous errors; 1 warning emitted
[INFO] [stderr] warning: build failed, waiting for other jobs to finish...
[INFO] running `Command { std: "docker" "inspect" "67213ea0ebab349bd411d59901557f7e083773aa942a71549242c5026bf13cce", kill_on_drop: false }`
[INFO] running `Command { std: "docker" "rm" "-f" "67213ea0ebab349bd411d59901557f7e083773aa942a71549242c5026bf13cce", kill_on_drop: false }`
[INFO] [stdout] 67213ea0ebab349bd411d59901557f7e083773aa942a71549242c5026bf13cce
[INFO] testing BurNiinTRee/Conway-s-Game-of-Life against beta-2023-12-22 for beta-1.76-1
[INFO] running `Command { std: "git" "clone" "/workspace/cache/git-repos/https%3A%2F%2Fgithub.com%2FBurNiinTRee%2FConway-s-Game-of-Life" "/workspace/builds/worker-1-tc2/source", kill_on_drop: false }`
[INFO] [stderr] Cloning into '/workspace/builds/worker-1-tc2/source'...
[INFO] [stderr] done.
[INFO] validating manifest of git repo https://github.com/BurNiinTRee/Conway-s-Game-of-Life on toolchain beta-2023-12-22
[INFO] running `Command { std: CARGO_HOME="/workspace/cargo-home" RUSTUP_HOME="/workspace/rustup-home" "/workspace/cargo-home/bin/cargo" "+beta-2023-12-22" "metadata" "--manifest-path" "Cargo.toml" "--no-deps", kill_on_drop: false }`
[INFO] started tweaking git repo https://github.com/BurNiinTRee/Conway-s-Game-of-Life
[INFO] finished tweaking git repo https://github.com/BurNiinTRee/Conway-s-Game-of-Life
[INFO] tweaked toml for git repo https://github.com/BurNiinTRee/Conway-s-Game-of-Life written to /workspace/builds/worker-1-tc2/source/Cargo.toml
[INFO] crate git repo https://github.com/BurNiinTRee/Conway-s-Game-of-Life already has a lockfile, it will not be regenerated
[INFO] running `Command { std: CARGO_HOME="/workspace/cargo-home" RUSTUP_HOME="/workspace/rustup-home" "/workspace/cargo-home/bin/cargo" "+beta-2023-12-22" "fetch" "--manifest-path" "Cargo.toml", kill_on_drop: false }`
[INFO] running `Command { std: "docker" "create" "-v" "/var/lib/crater-agent-workspace/builds/worker-1-tc2/target:/opt/rustwide/target:rw,Z" "-v" "/var/lib/crater-agent-workspace/builds/worker-1-tc2/source:/opt/rustwide/workdir:ro,Z" "-v" "/var/lib/crater-agent-workspace/cargo-home:/opt/rustwide/cargo-home:ro,Z" "-v" "/var/lib/crater-agent-workspace/rustup-home:/opt/rustwide/rustup-home:ro,Z" "-e" "SOURCE_DIR=/opt/rustwide/workdir" "-e" "CARGO_TARGET_DIR=/opt/rustwide/target" "-e" "CARGO_HOME=/opt/rustwide/cargo-home" "-e" "RUSTUP_HOME=/opt/rustwide/rustup-home" "-w" "/opt/rustwide/workdir" "-m" "1610612736" "--user" "0:0" "--network" "none" "ghcr.io/rust-lang/crates-build-env/linux@sha256:2788e3201cd34a07e3172128adcd8b3090168a8e3bcc40d7c032b9dda1df7d1c" "/opt/rustwide/cargo-home/bin/cargo" "+beta-2023-12-22" "metadata" "--no-deps" "--format-version=1", kill_on_drop: false }`
[INFO] [stdout] 28e8ed8185193ef9af49d98a3832cf7b31b681ece81e30893b2f7054604bf34a
[INFO] running `Command { std: "docker" "start" "-a" "28e8ed8185193ef9af49d98a3832cf7b31b681ece81e30893b2f7054604bf34a", kill_on_drop: false }`
[INFO] running `Command { std: "docker" "inspect" "28e8ed8185193ef9af49d98a3832cf7b31b681ece81e30893b2f7054604bf34a", kill_on_drop: false }`
[INFO] running `Command { std: "docker" "rm" "-f" "28e8ed8185193ef9af49d98a3832cf7b31b681ece81e30893b2f7054604bf34a", kill_on_drop: false }`
[INFO] [stdout] 28e8ed8185193ef9af49d98a3832cf7b31b681ece81e30893b2f7054604bf34a
[INFO] running `Command { std: "docker" "create" "-v" "/var/lib/crater-agent-workspace/builds/worker-1-tc2/target:/opt/rustwide/target:rw,Z" "-v" "/var/lib/crater-agent-workspace/builds/worker-1-tc2/source:/opt/rustwide/workdir:ro,Z" "-v" "/var/lib/crater-agent-workspace/cargo-home:/opt/rustwide/cargo-home:ro,Z" "-v" "/var/lib/crater-agent-workspace/rustup-home:/opt/rustwide/rustup-home:ro,Z" "-e" "SOURCE_DIR=/opt/rustwide/workdir" "-e" "CARGO_TARGET_DIR=/opt/rustwide/target" "-e" "CARGO_INCREMENTAL=0" "-e" "RUST_BACKTRACE=full" "-e" "RUSTFLAGS=--cap-lints=warn" "-e" "RUSTDOCFLAGS=--cap-lints=warn" "-e" "CARGO_HOME=/opt/rustwide/cargo-home" "-e" "RUSTUP_HOME=/opt/rustwide/rustup-home" "-w" "/opt/rustwide/workdir" "-m" "1610612736" "--user" "0:0" "--network" "none" "ghcr.io/rust-lang/crates-build-env/linux@sha256:2788e3201cd34a07e3172128adcd8b3090168a8e3bcc40d7c032b9dda1df7d1c" "/opt/rustwide/cargo-home/bin/cargo" "+beta-2023-12-22" "build" "--frozen" "--message-format=json", kill_on_drop: false }`
[INFO] [stdout] b2625b7e216ae3b796b4621f840dd7a304246c879c5ce087794449cca2f3410c
[INFO] running `Command { std: "docker" "start" "-a" "b2625b7e216ae3b796b4621f840dd7a304246c879c5ce087794449cca2f3410c", kill_on_drop: false }`
[INFO] [stderr]    Compiling libc v0.2.17
[INFO] [stderr]    Compiling num-traits v0.1.36
[INFO] [stderr]    Compiling rustc-serialize v0.3.19
[INFO] [stderr]    Compiling sdl2-sys v0.23.0
[INFO] [stderr]    Compiling vec_map v0.6.0
[INFO] [stderr]    Compiling strsim v0.5.1
[INFO] [stderr]    Compiling unicode-segmentation v0.1.2
[INFO] [stderr]    Compiling unicode-width v0.1.3
[INFO] [stderr]    Compiling ansi_term v0.9.0
[INFO] [stderr]    Compiling bitflags v0.7.0
[INFO] [stderr]    Compiling bitflags v0.6.0
[INFO] [stderr]    Compiling lazy_static v0.2.1
[INFO] [stdout] error[E0642]: patterns aren't allowed in functions without bodies
[INFO] [stdout]    --> /opt/rustwide/cargo-home/registry/src/index.crates.io-6f17d22bba15001f/rustc-serialize-0.3.19/src/serialize.rs:147:45
[INFO] [stdout]     |
[INFO] [stdout] 147 | ...                   &f_name: &str,
[INFO] [stdout]     |                       ^^^^^^^ pattern not allowed in function without body
[INFO] [stdout] 
[INFO] [stdout] 
[INFO] [stderr]    Compiling rand v0.3.14
[INFO] [stderr]    Compiling term_size v0.2.1
[INFO] [stderr]    Compiling num_cpus v0.2.13
[INFO] [stderr]    Compiling clap v2.16.0
[INFO] [stdout] error[E0310]: the parameter type `T` may not live long enough
[INFO] [stdout]    --> /opt/rustwide/cargo-home/registry/src/index.crates.io-6f17d22bba15001f/rustc-serialize-0.3.19/src/serialize.rs:454:5
[INFO] [stdout]     |
[INFO] [stdout] 454 |     fn decode<D: Decoder>(d: &mut D) -> Result<Cow<'static, T>, D::Error> {
[INFO] [stdout]     |     ^^^^^^^^^^^^^^^^^^^^^^^^^^^^^^^^^^^^^^^^^^^^^^^^^^^^^^^^^^^^^^^^^^^^^
[INFO] [stdout]     |     |
[INFO] [stdout]     |     the parameter type `T` must be valid for the static lifetime...
[INFO] [stdout]     |     ...so that the type `T` will meet its required lifetime bounds...
[INFO] [stdout]     |
[INFO] [stdout] note: ...that is required by this bound
[INFO] [stdout]    --> /rustc/0e09125c6c3c2fd70d7de961bcf0e51575235fad/library/alloc/src/borrow.rs:180:30
[INFO] [stdout] help: consider adding an explicit lifetime bound
[INFO] [stdout]     |
[INFO] [stdout] 450 | impl<'a, T: ?Sized + 'static> Decodable for Cow<'a, T>
[INFO] [stdout]     |                    +++++++++
[INFO] [stdout] 
[INFO] [stdout] 
[INFO] [stderr]    Compiling num-integer v0.1.32
[INFO] [stderr]    Compiling num-iter v0.1.32
[INFO] [stderr]    Compiling deque v0.3.1
[INFO] [stderr]    Compiling rayon v0.4.2
[INFO] [stdout] error: aborting due to 2 previous errors
[INFO] [stdout] 
[INFO] [stdout] 
[INFO] [stdout] Some errors have detailed explanations: E0310, E0642.
[INFO] [stdout] 
[INFO] [stdout] For more information about an error, try `rustc --explain E0310`.
[INFO] [stdout] 
[INFO] [stderr] error: could not compile `rustc-serialize` (lib) due to 3 previous errors
[INFO] [stderr] warning: build failed, waiting for other jobs to finish...
[INFO] running `Command { std: "docker" "inspect" "b2625b7e216ae3b796b4621f840dd7a304246c879c5ce087794449cca2f3410c", kill_on_drop: false }`
[INFO] running `Command { std: "docker" "rm" "-f" "b2625b7e216ae3b796b4621f840dd7a304246c879c5ce087794449cca2f3410c", kill_on_drop: false }`
[INFO] [stdout] b2625b7e216ae3b796b4621f840dd7a304246c879c5ce087794449cca2f3410c
