[INFO] cloning repository https://github.com/BronTron4k/Rust-Boy
[INFO] running `Command { std: "git" "-c" "credential.helper=" "-c" "credential.helper=/workspace/cargo-home/bin/git-credential-null" "clone" "--bare" "https://github.com/BronTron4k/Rust-Boy" "/workspace/cache/git-repos/https%3A%2F%2Fgithub.com%2FBronTron4k%2FRust-Boy", kill_on_drop: false }`
[INFO] [stderr] Cloning into bare repository '/workspace/cache/git-repos/https%3A%2F%2Fgithub.com%2FBronTron4k%2FRust-Boy'...
[INFO] running `Command { std: "git" "rev-parse" "HEAD", kill_on_drop: false }`
[INFO] [stdout] 2895631efa1e880f0438af89ef5f6089a69030a2
[INFO] testing BronTron4k/Rust-Boy against 1.75.0 for beta-1.76-1
[INFO] running `Command { std: "git" "clone" "/workspace/cache/git-repos/https%3A%2F%2Fgithub.com%2FBronTron4k%2FRust-Boy" "/workspace/builds/worker-7-tc1/source", kill_on_drop: false }`
[INFO] [stderr] Cloning into '/workspace/builds/worker-7-tc1/source'...
[INFO] [stderr] done.
[INFO] validating manifest of git repo https://github.com/BronTron4k/Rust-Boy on toolchain 1.75.0
[INFO] running `Command { std: CARGO_HOME="/workspace/cargo-home" RUSTUP_HOME="/workspace/rustup-home" "/workspace/cargo-home/bin/cargo" "+1.75.0" "metadata" "--manifest-path" "Cargo.toml" "--no-deps", kill_on_drop: false }`
[INFO] started tweaking git repo https://github.com/BronTron4k/Rust-Boy
[INFO] finished tweaking git repo https://github.com/BronTron4k/Rust-Boy
[INFO] tweaked toml for git repo https://github.com/BronTron4k/Rust-Boy written to /workspace/builds/worker-7-tc1/source/Cargo.toml
[INFO] crate git repo https://github.com/BronTron4k/Rust-Boy already has a lockfile, it will not be regenerated
[INFO] running `Command { std: CARGO_HOME="/workspace/cargo-home" RUSTUP_HOME="/workspace/rustup-home" "/workspace/cargo-home/bin/cargo" "+1.75.0" "fetch" "--manifest-path" "Cargo.toml", kill_on_drop: false }`
[INFO] [stderr]     Updating crates.io index
[INFO] [stderr]  Downloading crates ...
[INFO] [stderr]   Downloaded memmap2 v0.9.3
[INFO] [stderr]   Downloaded glutin_glx_sys v0.5.0
[INFO] [stderr]   Downloaded sctk-adwaita v0.8.1
[INFO] [stderr]   Downloaded sdl2 v0.27.3
[INFO] [stderr]   Downloaded android-activity v0.5.1
[INFO] [stderr]   Downloaded winit v0.29.9
[INFO] [stderr]   Downloaded glium v0.34.0
[INFO] [stderr]   Downloaded as-raw-xcb-connection v1.0.1
[INFO] [stderr]   Downloaded glutin v0.31.2
[INFO] [stderr]   Downloaded glutin-winit v0.4.2
[INFO] [stderr]   Downloaded x11rb v0.13.0
[INFO] [stderr]   Downloaded x11rb-protocol v0.13.0
[INFO] [stderr]   Downloaded glutin_egl_sys v0.6.0
[INFO] running `Command { std: "docker" "create" "-v" "/var/lib/crater-agent-workspace/builds/worker-7-tc1/target:/opt/rustwide/target:rw,Z" "-v" "/var/lib/crater-agent-workspace/builds/worker-7-tc1/source:/opt/rustwide/workdir:ro,Z" "-v" "/var/lib/crater-agent-workspace/cargo-home:/opt/rustwide/cargo-home:ro,Z" "-v" "/var/lib/crater-agent-workspace/rustup-home:/opt/rustwide/rustup-home:ro,Z" "-e" "SOURCE_DIR=/opt/rustwide/workdir" "-e" "CARGO_TARGET_DIR=/opt/rustwide/target" "-e" "CARGO_HOME=/opt/rustwide/cargo-home" "-e" "RUSTUP_HOME=/opt/rustwide/rustup-home" "-w" "/opt/rustwide/workdir" "-m" "1610612736" "--user" "0:0" "--network" "none" "ghcr.io/rust-lang/crates-build-env/linux@sha256:2788e3201cd34a07e3172128adcd8b3090168a8e3bcc40d7c032b9dda1df7d1c" "/opt/rustwide/cargo-home/bin/cargo" "+1.75.0" "metadata" "--no-deps" "--format-version=1", kill_on_drop: false }`
[INFO] [stdout] c39aad288bdf6930ce488b21b2464d64657fc2127d65ee43448a83db8f8da46f
[INFO] running `Command { std: "docker" "start" "-a" "c39aad288bdf6930ce488b21b2464d64657fc2127d65ee43448a83db8f8da46f", kill_on_drop: false }`
[INFO] running `Command { std: "docker" "inspect" "c39aad288bdf6930ce488b21b2464d64657fc2127d65ee43448a83db8f8da46f", kill_on_drop: false }`
[INFO] running `Command { std: "docker" "rm" "-f" "c39aad288bdf6930ce488b21b2464d64657fc2127d65ee43448a83db8f8da46f", kill_on_drop: false }`
[INFO] [stdout] c39aad288bdf6930ce488b21b2464d64657fc2127d65ee43448a83db8f8da46f
[INFO] running `Command { std: "docker" "create" "-v" "/var/lib/crater-agent-workspace/builds/worker-7-tc1/target:/opt/rustwide/target:rw,Z" "-v" "/var/lib/crater-agent-workspace/builds/worker-7-tc1/source:/opt/rustwide/workdir:ro,Z" "-v" "/var/lib/crater-agent-workspace/cargo-home:/opt/rustwide/cargo-home:ro,Z" "-v" "/var/lib/crater-agent-workspace/rustup-home:/opt/rustwide/rustup-home:ro,Z" "-e" "SOURCE_DIR=/opt/rustwide/workdir" "-e" "CARGO_TARGET_DIR=/opt/rustwide/target" "-e" "CARGO_INCREMENTAL=0" "-e" "RUST_BACKTRACE=full" "-e" "RUSTFLAGS=--cap-lints=warn" "-e" "RUSTDOCFLAGS=--cap-lints=warn" "-e" "CARGO_HOME=/opt/rustwide/cargo-home" "-e" "RUSTUP_HOME=/opt/rustwide/rustup-home" "-w" "/opt/rustwide/workdir" "-m" "1610612736" "--user" "0:0" "--network" "none" "ghcr.io/rust-lang/crates-build-env/linux@sha256:2788e3201cd34a07e3172128adcd8b3090168a8e3bcc40d7c032b9dda1df7d1c" "/opt/rustwide/cargo-home/bin/cargo" "+1.75.0" "build" "--frozen" "--message-format=json", kill_on_drop: false }`
[INFO] [stdout] dcc730d4f4095f5244ee4de5e99bcf8870fa8d5ab2bed2681bbbee7b71788b32
[INFO] running `Command { std: "docker" "start" "-a" "dcc730d4f4095f5244ee4de5e99bcf8870fa8d5ab2bed2681bbbee7b71788b32", kill_on_drop: false }`
[INFO] [stderr]    Compiling autocfg v1.1.0
[INFO] [stderr]    Compiling libc v0.2.151
[INFO] [stderr]    Compiling log v0.4.20
[INFO] [stderr]    Compiling cfg-if v1.0.0
[INFO] [stderr]    Compiling pkg-config v0.3.28
[INFO] [stderr]    Compiling once_cell v1.19.0
[INFO] [stderr]    Compiling proc-macro2 v1.0.75
[INFO] [stderr]    Compiling unicode-ident v1.0.12
[INFO] [stderr]    Compiling bitflags v2.4.1
[INFO] [stderr]    Compiling memchr v2.7.1
[INFO] [stderr]    Compiling bitflags v1.3.2
[INFO] [stderr]    Compiling khronos_api v3.1.0
[INFO] [stderr]    Compiling scoped-tls v1.0.1
[INFO] [stderr]    Compiling smallvec v1.11.2
[INFO] [stderr]    Compiling downcast-rs v1.2.0
[INFO] [stderr]    Compiling xml-rs v0.8.19
[INFO] [stderr]    Compiling libloading v0.8.1
[INFO] [stderr]    Compiling rustix v0.38.28
[INFO] [stderr]    Compiling cfg_aliases v0.1.1
[INFO] [stderr]    Compiling linux-raw-sys v0.4.12
[INFO] [stderr]    Compiling thiserror v1.0.56
[INFO] [stderr]    Compiling tracing-core v0.1.32
[INFO] [stderr]    Compiling dlib v0.5.2
[INFO] [stderr]    Compiling pin-project-lite v0.2.13
[INFO] [stderr]    Compiling cursor-icon v1.1.0
[INFO] [stderr]    Compiling version_check v0.9.4
[INFO] [stderr]    Compiling ttf-parser v0.20.0
[INFO] [stderr]    Compiling xcursor v0.3.5
[INFO] [stderr]    Compiling arrayref v0.3.7
[INFO] [stderr]    Compiling bytemuck v1.14.0
[INFO] [stderr]    Compiling xkeysym v0.2.0
[INFO] [stderr]    Compiling memoffset v0.7.1
[INFO] [stderr]    Compiling slab v0.4.9
[INFO] [stderr]    Compiling tracing v0.1.40
[INFO] [stderr]    Compiling num-traits v0.2.17
[INFO] [stderr]    Compiling smithay-client-toolkit v0.18.0
[INFO] [stderr]    Compiling strict-num v0.1.1
[INFO] [stderr]    Compiling quick-xml v0.30.0
[INFO] [stderr]    Compiling gl_generator v0.14.0
[INFO] [stderr]    Compiling tiny-skia-path v0.11.3
[INFO] [stderr]    Compiling ahash v0.8.7
[INFO] [stderr]    Compiling wayland-sys v0.31.1
[INFO] [stderr]    Compiling x11-dl v2.21.0
[INFO] [stderr]    Compiling num-integer v0.1.45
[INFO] [stderr]    Compiling quote v1.0.35
[INFO] [stderr]    Compiling arrayvec v0.7.4
[INFO] [stderr]    Compiling ab_glyph_rasterizer v0.1.8
[INFO] [stderr]    Compiling syn v2.0.48
[INFO] [stderr]    Compiling num-iter v0.1.43
[INFO] [stderr]    Compiling winit v0.29.9
[INFO] [stderr]    Compiling glutin v0.31.2
[INFO] [stderr]    Compiling zerocopy v0.7.32
[INFO] [stderr]    Compiling as-raw-xcb-connection v1.0.1
[INFO] [stderr]    Compiling x11rb-protocol v0.13.0
[INFO] [stderr]    Compiling raw-window-handle v0.5.2
[INFO] [stderr]    Compiling tiny-skia v0.11.3
[INFO] [stderr]    Compiling glutin_glx_sys v0.5.0
[INFO] [stderr]    Compiling glutin_egl_sys v0.6.0
[INFO] [stderr]    Compiling xkbcommon-dl v0.4.1
[INFO] [stderr]    Compiling wayland-scanner v0.31.0
[INFO] [stderr]    Compiling memoffset v0.9.0
[INFO] [stderr]    Compiling jobserver v0.1.27
[INFO] [stderr]    Compiling nix v0.26.4
[INFO] [stderr]    Compiling memmap2 v0.9.3
[INFO] [stderr]    Compiling cc v1.0.83
[INFO] [stderr]    Compiling getrandom v0.2.11
[INFO] [stderr]    Compiling glutin-winit v0.4.2
[INFO] [stderr]    Compiling gimli v0.28.1
[INFO] [stderr]    Compiling percent-encoding v2.3.1
[INFO] [stderr]    Compiling raw-window-handle v0.6.0
[INFO] [stderr]    Compiling owned_ttf_parser v0.20.0
[INFO] [stderr]    Compiling ab_glyph v0.2.23
[INFO] [stderr]    Compiling smol_str v0.2.0
[INFO] [stderr]    Compiling adler v1.0.2
[INFO] [stderr]    Compiling sdl2-sys v0.27.3
[INFO] [stderr]    Compiling miniz_oxide v0.7.1
[INFO] [stderr]    Compiling rand v0.4.6
[INFO] [stderr]    Compiling glium v0.34.0
[INFO] [stderr]    Compiling object v0.32.2
[INFO] [stderr]    Compiling rustc-demangle v0.1.23
[INFO] [stderr]    Compiling wayland-backend v0.3.2
[INFO] [stderr]    Compiling backtrace v0.3.69
[INFO] [stderr]    Compiling rand v0.3.23
[INFO] [stderr]    Compiling num v0.1.42
[INFO] [stderr]    Compiling fnv v1.0.7
[INFO] [stderr]    Compiling lazy_static v0.2.11
[INFO] [stderr]    Compiling lazy_static v1.4.0
[INFO] [stderr]    Compiling takeable-option v0.5.0
[INFO] [stderr]    Compiling bitflags v0.7.0
[INFO] [stderr]    Compiling sdl2 v0.27.3
[INFO] [stderr]    Compiling addr2line v0.21.0
[INFO] [stderr]    Compiling wayland-client v0.31.1
[INFO] [stderr]    Compiling wayland-csd-frame v0.3.0
[INFO] [stderr]    Compiling thiserror-impl v1.0.56
[INFO] [stderr]    Compiling polling v3.3.1
[INFO] [stderr]    Compiling wayland-protocols v0.31.0
[INFO] [stderr]    Compiling wayland-cursor v0.31.0
[INFO] [stderr]    Compiling calloop v0.12.3
[INFO] [stderr]    Compiling calloop-wayland-source v0.2.0
[INFO] [stderr]    Compiling wayland-protocols-wlr v0.2.0
[INFO] [stderr]    Compiling wayland-protocols-plasma v0.2.0
[INFO] [stderr]    Compiling sctk-adwaita v0.8.1
[INFO] [stderr]    Compiling x11rb v0.13.0
[INFO] [stderr]    Compiling rustboy v0.1.0 (/opt/rustwide/workdir)
[INFO] [stdout] error[E0432]: unresolved import `glium::DisplayBuild`
[INFO] [stdout]  --> src/gameboy.rs:5:5
[INFO] [stdout]   |
[INFO] [stdout] 5 | use glium::DisplayBuild;
[INFO] [stdout]   |     ^^^^^^^^^^^^^^^^^^^ no `DisplayBuild` in the root
[INFO] [stdout] 
[INFO] [stdout] 
[INFO] [stdout] error[E0433]: failed to resolve: could not find `WindowBuilder` in `glutin`
[INFO] [stdout]   --> src/gameboy.rs:14:38
[INFO] [stdout]    |
[INFO] [stdout] 14 |         let display = glium::glutin::WindowBuilder::new()
[INFO] [stdout]    |                                      ^^^^^^^^^^^^^ could not find `WindowBuilder` in `glutin`
[INFO] [stdout] 
[INFO] [stdout] 
[INFO] [stdout] warning: unused import: `super::mmu`
[INFO] [stdout]  --> src/gameboy.rs:2:5
[INFO] [stdout]   |
[INFO] [stdout] 2 | use super::mmu;
[INFO] [stdout]   |     ^^^^^^^^^^
[INFO] [stdout]   |
[INFO] [stdout]   = note: `#[warn(unused_imports)]` on by default
[INFO] [stdout] 
[INFO] [stdout] 
[INFO] [stdout] warning: `...` range patterns are deprecated
[INFO] [stdout]   --> src/mmu.rs:29:17
[INFO] [stdout]    |
[INFO] [stdout] 29 |             0x00...0x7F => self.rom[addr as usize],
[INFO] [stdout]    |                 ^^^ help: use `..=` for an inclusive range
[INFO] [stdout]    |
[INFO] [stdout]    = warning: this is accepted in the current edition (Rust 2015) but is a hard error in Rust 2021!
[INFO] [stdout]    = note: for more information, see <https://doc.rust-lang.org/nightly/edition-guide/rust-2021/warnings-promoted-to-error.html>
[INFO] [stdout]    = note: `#[warn(ellipsis_inclusive_range_patterns)]` on by default
[INFO] [stdout] 
[INFO] [stdout] 
[INFO] [stdout] warning: `...` range patterns are deprecated
[INFO] [stdout]   --> src/mmu.rs:30:17
[INFO] [stdout]    |
[INFO] [stdout] 30 |             0x80...0xFE => self.hram[addr as usize],
[INFO] [stdout]    |                 ^^^ help: use `..=` for an inclusive range
[INFO] [stdout]    |
[INFO] [stdout]    = warning: this is accepted in the current edition (Rust 2015) but is a hard error in Rust 2021!
[INFO] [stdout]    = note: for more information, see <https://doc.rust-lang.org/nightly/edition-guide/rust-2021/warnings-promoted-to-error.html>
[INFO] [stdout] 
[INFO] [stdout] 
[INFO] [stdout] warning: `...` range patterns are deprecated
[INFO] [stdout]   --> src/mmu.rs:33:25
[INFO] [stdout]    |
[INFO] [stdout] 33 |                     0x40...0x4B => self.gpu.read_byte(addr),
[INFO] [stdout]    |                         ^^^ help: use `..=` for an inclusive range
[INFO] [stdout]    |
[INFO] [stdout]    = warning: this is accepted in the current edition (Rust 2015) but is a hard error in Rust 2021!
[INFO] [stdout]    = note: for more information, see <https://doc.rust-lang.org/nightly/edition-guide/rust-2021/warnings-promoted-to-error.html>
[INFO] [stdout] 
[INFO] [stdout] 
[INFO] [stdout] warning: `...` range patterns are deprecated
[INFO] [stdout]   --> src/mmu.rs:47:17
[INFO] [stdout]    |
[INFO] [stdout] 47 |             0x00...0x7F => self.rom[addr as usize] = value,
[INFO] [stdout]    |                 ^^^ help: use `..=` for an inclusive range
[INFO] [stdout]    |
[INFO] [stdout]    = warning: this is accepted in the current edition (Rust 2015) but is a hard error in Rust 2021!
[INFO] [stdout]    = note: for more information, see <https://doc.rust-lang.org/nightly/edition-guide/rust-2021/warnings-promoted-to-error.html>
[INFO] [stdout] 
[INFO] [stdout] 
[INFO] [stdout] warning: `...` range patterns are deprecated
[INFO] [stdout]   --> src/mmu.rs:48:17
[INFO] [stdout]    |
[INFO] [stdout] 48 |             0x80...0x9F => self.gpu.write_byte(addr, value),
[INFO] [stdout]    |                 ^^^ help: use `..=` for an inclusive range
[INFO] [stdout]    |
[INFO] [stdout]    = warning: this is accepted in the current edition (Rust 2015) but is a hard error in Rust 2021!
[INFO] [stdout]    = note: for more information, see <https://doc.rust-lang.org/nightly/edition-guide/rust-2021/warnings-promoted-to-error.html>
[INFO] [stdout] 
[INFO] [stdout] 
[INFO] [stdout] warning: `...` range patterns are deprecated
[INFO] [stdout]   --> src/mmu.rs:51:25
[INFO] [stdout]    |
[INFO] [stdout] 51 |                     0x10...0x3F => self.apu.write_byte(addr, value),
[INFO] [stdout]    |                         ^^^ help: use `..=` for an inclusive range
[INFO] [stdout]    |
[INFO] [stdout]    = warning: this is accepted in the current edition (Rust 2015) but is a hard error in Rust 2021!
[INFO] [stdout]    = note: for more information, see <https://doc.rust-lang.org/nightly/edition-guide/rust-2021/warnings-promoted-to-error.html>
[INFO] [stdout] 
[INFO] [stdout] 
[INFO] [stdout] warning: `...` range patterns are deprecated
[INFO] [stdout]   --> src/mmu.rs:52:25
[INFO] [stdout]    |
[INFO] [stdout] 52 |                     0x40...0x4B => self.gpu.write_byte(addr, value),
[INFO] [stdout]    |                         ^^^ help: use `..=` for an inclusive range
[INFO] [stdout]    |
[INFO] [stdout]    = warning: this is accepted in the current edition (Rust 2015) but is a hard error in Rust 2021!
[INFO] [stdout]    = note: for more information, see <https://doc.rust-lang.org/nightly/edition-guide/rust-2021/warnings-promoted-to-error.html>
[INFO] [stdout] 
[INFO] [stdout] 
[INFO] [stdout] warning: use of deprecated macro `try`: use the `?` operator instead
[INFO] [stdout]    --> src/apu.rs:139:1
[INFO] [stdout]     |
[INFO] [stdout] 139 | / bitflags! {
[INFO] [stdout] 140 | |     flags Voices: u8 {
[INFO] [stdout] 141 | |         const PULSE_A = 1 << 0,
[INFO] [stdout] 142 | |         const PULSE_B = 1 << 1,
[INFO] [stdout] ...   |
[INFO] [stdout] 145 | |     }
[INFO] [stdout] 146 | | }
[INFO] [stdout]     | |_^
[INFO] [stdout]     |
[INFO] [stdout]     = note: `#[warn(deprecated)]` on by default
[INFO] [stdout]     = note: this warning originates in the macro `bitflags` (in Nightly builds, run with -Z macro-backtrace for more info)
[INFO] [stdout] 
[INFO] [stdout] 
[INFO] [stdout] warning: use of deprecated macro `try`: use the `?` operator instead
[INFO] [stdout]    --> src/apu.rs:139:1
[INFO] [stdout]     |
[INFO] [stdout] 139 | / bitflags! {
[INFO] [stdout] 140 | |     flags Voices: u8 {
[INFO] [stdout] 141 | |         const PULSE_A = 1 << 0,
[INFO] [stdout] 142 | |         const PULSE_B = 1 << 1,
[INFO] [stdout] ...   |
[INFO] [stdout] 145 | |     }
[INFO] [stdout] 146 | | }
[INFO] [stdout]     | |_^
[INFO] [stdout]     |
[INFO] [stdout]     = note: this warning originates in the macro `bitflags` (in Nightly builds, run with -Z macro-backtrace for more info)
[INFO] [stdout] 
[INFO] [stdout] 
[INFO] [stdout] warning: `...` range patterns are deprecated
[INFO] [stdout]   --> src/gpu.rs:67:17
[INFO] [stdout]    |
[INFO] [stdout] 67 |             0x80...0x97 => {
[INFO] [stdout]    |                 ^^^ help: use `..=` for an inclusive range
[INFO] [stdout]    |
[INFO] [stdout]    = warning: this is accepted in the current edition (Rust 2015) but is a hard error in Rust 2021!
[INFO] [stdout]    = note: for more information, see <https://doc.rust-lang.org/nightly/edition-guide/rust-2021/warnings-promoted-to-error.html>
[INFO] [stdout] 
[INFO] [stdout] 
[INFO] [stdout] warning: `...` range patterns are deprecated
[INFO] [stdout]   --> src/gpu.rs:72:17
[INFO] [stdout]    |
[INFO] [stdout] 72 |             0x98...0x9B => self.bg_map_0[(addr - 0x9800) as usize] = value,
[INFO] [stdout]    |                 ^^^ help: use `..=` for an inclusive range
[INFO] [stdout]    |
[INFO] [stdout]    = warning: this is accepted in the current edition (Rust 2015) but is a hard error in Rust 2021!
[INFO] [stdout]    = note: for more information, see <https://doc.rust-lang.org/nightly/edition-guide/rust-2021/warnings-promoted-to-error.html>
[INFO] [stdout] 
[INFO] [stdout] 
[INFO] [stdout] warning: `...` range patterns are deprecated
[INFO] [stdout]   --> src/gpu.rs:73:17
[INFO] [stdout]    |
[INFO] [stdout] 73 |             0x9C...0x9F => self.bg_map_0[(addr - 0x9C00) as usize] = value,
[INFO] [stdout]    |                 ^^^ help: use `..=` for an inclusive range
[INFO] [stdout]    |
[INFO] [stdout]    = warning: this is accepted in the current edition (Rust 2015) but is a hard error in Rust 2021!
[INFO] [stdout]    = note: for more information, see <https://doc.rust-lang.org/nightly/edition-guide/rust-2021/warnings-promoted-to-error.html>
[INFO] [stdout] 
[INFO] [stdout] 
[INFO] [stdout] warning: use of deprecated macro `try`: use the `?` operator instead
[INFO] [stdout]    --> src/gpu.rs:162:1
[INFO] [stdout]     |
[INFO] [stdout] 162 | / bitflags! {
[INFO] [stdout] 163 | |     flags Controls: u8 {
[INFO] [stdout] 164 | |         const LCD_ENABLE        = 1 << 7,
[INFO] [stdout] 165 | |         const WINDOW_MAP_SELECT = 1 << 6,
[INFO] [stdout] ...   |
[INFO] [stdout] 172 | |     }
[INFO] [stdout] 173 | | }
[INFO] [stdout]     | |_^
[INFO] [stdout]     |
[INFO] [stdout]     = note: this warning originates in the macro `bitflags` (in Nightly builds, run with -Z macro-backtrace for more info)
[INFO] [stdout] 
[INFO] [stdout] 
[INFO] [stdout] warning: use of deprecated macro `try`: use the `?` operator instead
[INFO] [stdout]    --> src/gpu.rs:162:1
[INFO] [stdout]     |
[INFO] [stdout] 162 | / bitflags! {
[INFO] [stdout] 163 | |     flags Controls: u8 {
[INFO] [stdout] 164 | |         const LCD_ENABLE        = 1 << 7,
[INFO] [stdout] 165 | |         const WINDOW_MAP_SELECT = 1 << 6,
[INFO] [stdout] ...   |
[INFO] [stdout] 172 | |     }
[INFO] [stdout] 173 | | }
[INFO] [stdout]     | |_^
[INFO] [stdout]     |
[INFO] [stdout]     = note: this warning originates in the macro `bitflags` (in Nightly builds, run with -Z macro-backtrace for more info)
[INFO] [stdout] 
[INFO] [stdout] 
[INFO] [stdout] error[E0107]: missing generics for struct `glium::Display`
[INFO] [stdout]   --> src/gameboy.rs:9:21
[INFO] [stdout]    |
[INFO] [stdout] 9  |     display: glium::Display,
[INFO] [stdout]    |                     ^^^^^^^ expected 1 generic argument
[INFO] [stdout]    |
[INFO] [stdout] note: struct defined here, with 1 generic parameter: `T`
[INFO] [stdout]   --> /opt/rustwide/cargo-home/registry/src/index.crates.io-6f17d22bba15001f/glium-0.34.0/src/backend/glutin/mod.rs:83:12
[INFO] [stdout]    |
[INFO] [stdout] 83 | pub struct Display<T: SurfaceTypeTrait + ResizeableSurface + 'static> {
[INFO] [stdout]    |            ^^^^^^^ -
[INFO] [stdout] help: add missing generic argument
[INFO] [stdout]    |
[INFO] [stdout] 9  |     display: glium::Display<T>,
[INFO] [stdout]    |                            +++
[INFO] [stdout] 
[INFO] [stdout] 
[INFO] [stdout] error: aborting due to 3 previous errors; 15 warnings emitted
[INFO] [stdout] 
[INFO] [stdout] 
[INFO] [stdout] Some errors have detailed explanations: E0107, E0432, E0433.
[INFO] [stdout] 
[INFO] [stdout] For more information about an error, try `rustc --explain E0107`.
[INFO] [stdout] 
[INFO] [stderr] error: could not compile `rustboy` (bin "rustboy") due to 4 previous errors; 15 warnings emitted
[INFO] running `Command { std: "docker" "inspect" "dcc730d4f4095f5244ee4de5e99bcf8870fa8d5ab2bed2681bbbee7b71788b32", kill_on_drop: false }`
[INFO] running `Command { std: "docker" "rm" "-f" "dcc730d4f4095f5244ee4de5e99bcf8870fa8d5ab2bed2681bbbee7b71788b32", kill_on_drop: false }`
[INFO] [stdout] dcc730d4f4095f5244ee4de5e99bcf8870fa8d5ab2bed2681bbbee7b71788b32
[INFO] testing BronTron4k/Rust-Boy against beta-2023-12-22 for beta-1.76-1
[INFO] running `Command { std: "git" "clone" "/workspace/cache/git-repos/https%3A%2F%2Fgithub.com%2FBronTron4k%2FRust-Boy" "/workspace/builds/worker-7-tc2/source", kill_on_drop: false }`
[INFO] [stderr] Cloning into '/workspace/builds/worker-7-tc2/source'...
[INFO] [stderr] done.
[INFO] validating manifest of git repo https://github.com/BronTron4k/Rust-Boy on toolchain beta-2023-12-22
[INFO] running `Command { std: CARGO_HOME="/workspace/cargo-home" RUSTUP_HOME="/workspace/rustup-home" "/workspace/cargo-home/bin/cargo" "+beta-2023-12-22" "metadata" "--manifest-path" "Cargo.toml" "--no-deps", kill_on_drop: false }`
[INFO] started tweaking git repo https://github.com/BronTron4k/Rust-Boy
[INFO] finished tweaking git repo https://github.com/BronTron4k/Rust-Boy
[INFO] tweaked toml for git repo https://github.com/BronTron4k/Rust-Boy written to /workspace/builds/worker-7-tc2/source/Cargo.toml
[INFO] crate git repo https://github.com/BronTron4k/Rust-Boy already has a lockfile, it will not be regenerated
[INFO] running `Command { std: CARGO_HOME="/workspace/cargo-home" RUSTUP_HOME="/workspace/rustup-home" "/workspace/cargo-home/bin/cargo" "+beta-2023-12-22" "fetch" "--manifest-path" "Cargo.toml", kill_on_drop: false }`
[INFO] [stderr]     Updating crates.io index
[INFO] running `Command { std: "docker" "create" "-v" "/var/lib/crater-agent-workspace/builds/worker-7-tc2/target:/opt/rustwide/target:rw,Z" "-v" "/var/lib/crater-agent-workspace/builds/worker-7-tc2/source:/opt/rustwide/workdir:ro,Z" "-v" "/var/lib/crater-agent-workspace/cargo-home:/opt/rustwide/cargo-home:ro,Z" "-v" "/var/lib/crater-agent-workspace/rustup-home:/opt/rustwide/rustup-home:ro,Z" "-e" "SOURCE_DIR=/opt/rustwide/workdir" "-e" "CARGO_TARGET_DIR=/opt/rustwide/target" "-e" "CARGO_HOME=/opt/rustwide/cargo-home" "-e" "RUSTUP_HOME=/opt/rustwide/rustup-home" "-w" "/opt/rustwide/workdir" "-m" "1610612736" "--user" "0:0" "--network" "none" "ghcr.io/rust-lang/crates-build-env/linux@sha256:2788e3201cd34a07e3172128adcd8b3090168a8e3bcc40d7c032b9dda1df7d1c" "/opt/rustwide/cargo-home/bin/cargo" "+beta-2023-12-22" "metadata" "--no-deps" "--format-version=1", kill_on_drop: false }`
[INFO] [stdout] b02f6496ea3c80687294f11567414f29d1133b917d36f32267106b606a6eea88
[INFO] running `Command { std: "docker" "start" "-a" "b02f6496ea3c80687294f11567414f29d1133b917d36f32267106b606a6eea88", kill_on_drop: false }`
[INFO] running `Command { std: "docker" "inspect" "b02f6496ea3c80687294f11567414f29d1133b917d36f32267106b606a6eea88", kill_on_drop: false }`
[INFO] running `Command { std: "docker" "rm" "-f" "b02f6496ea3c80687294f11567414f29d1133b917d36f32267106b606a6eea88", kill_on_drop: false }`
[INFO] [stdout] b02f6496ea3c80687294f11567414f29d1133b917d36f32267106b606a6eea88
[INFO] running `Command { std: "docker" "create" "-v" "/var/lib/crater-agent-workspace/builds/worker-7-tc2/target:/opt/rustwide/target:rw,Z" "-v" "/var/lib/crater-agent-workspace/builds/worker-7-tc2/source:/opt/rustwide/workdir:ro,Z" "-v" "/var/lib/crater-agent-workspace/cargo-home:/opt/rustwide/cargo-home:ro,Z" "-v" "/var/lib/crater-agent-workspace/rustup-home:/opt/rustwide/rustup-home:ro,Z" "-e" "SOURCE_DIR=/opt/rustwide/workdir" "-e" "CARGO_TARGET_DIR=/opt/rustwide/target" "-e" "CARGO_INCREMENTAL=0" "-e" "RUST_BACKTRACE=full" "-e" "RUSTFLAGS=--cap-lints=warn" "-e" "RUSTDOCFLAGS=--cap-lints=warn" "-e" "CARGO_HOME=/opt/rustwide/cargo-home" "-e" "RUSTUP_HOME=/opt/rustwide/rustup-home" "-w" "/opt/rustwide/workdir" "-m" "1610612736" "--user" "0:0" "--network" "none" "ghcr.io/rust-lang/crates-build-env/linux@sha256:2788e3201cd34a07e3172128adcd8b3090168a8e3bcc40d7c032b9dda1df7d1c" "/opt/rustwide/cargo-home/bin/cargo" "+beta-2023-12-22" "build" "--frozen" "--message-format=json", kill_on_drop: false }`
[INFO] [stdout] 1fc112beed6b1594047d4f71585dd4888db802d1fbac235ba6ad4bbfabbebcea
[INFO] running `Command { std: "docker" "start" "-a" "1fc112beed6b1594047d4f71585dd4888db802d1fbac235ba6ad4bbfabbebcea", kill_on_drop: false }`
[INFO] [stderr]    Compiling autocfg v1.1.0
[INFO] [stderr]    Compiling libc v0.2.151
[INFO] [stderr]    Compiling log v0.4.20
[INFO] [stderr]    Compiling cfg-if v1.0.0
[INFO] [stderr]    Compiling pkg-config v0.3.28
[INFO] [stderr]    Compiling once_cell v1.19.0
[INFO] [stderr]    Compiling proc-macro2 v1.0.75
[INFO] [stderr]    Compiling bitflags v2.4.1
[INFO] [stderr]    Compiling unicode-ident v1.0.12
[INFO] [stderr]    Compiling memchr v2.7.1
[INFO] [stderr]    Compiling bitflags v1.3.2
[INFO] [stderr]    Compiling khronos_api v3.1.0
[INFO] [stderr]    Compiling scoped-tls v1.0.1
[INFO] [stderr]    Compiling downcast-rs v1.2.0
[INFO] [stderr]    Compiling smallvec v1.11.2
[INFO] [stderr]    Compiling xml-rs v0.8.19
[INFO] [stderr]    Compiling libloading v0.8.1
[INFO] [stderr]    Compiling rustix v0.38.28
[INFO] [stderr]    Compiling cfg_aliases v0.1.1
[INFO] [stderr]    Compiling linux-raw-sys v0.4.12
[INFO] [stderr]    Compiling thiserror v1.0.56
[INFO] [stderr]    Compiling tracing-core v0.1.32
[INFO] [stderr]    Compiling pin-project-lite v0.2.13
[INFO] [stderr]    Compiling bytemuck v1.14.0
[INFO] [stderr]    Compiling cursor-icon v1.1.0
[INFO] [stderr]    Compiling dlib v0.5.2
[INFO] [stderr]    Compiling ttf-parser v0.20.0
[INFO] [stderr]    Compiling arrayref v0.3.7
[INFO] [stderr]    Compiling xkeysym v0.2.0
[INFO] [stderr]    Compiling memoffset v0.7.1
[INFO] [stderr]    Compiling slab v0.4.9
[INFO] [stderr]    Compiling num-traits v0.2.17
[INFO] [stderr]    Compiling strict-num v0.1.1
[INFO] [stderr]    Compiling xcursor v0.3.5
[INFO] [stderr]    Compiling version_check v0.9.4
[INFO] [stderr]    Compiling smithay-client-toolkit v0.18.0
[INFO] [stderr]    Compiling tiny-skia-path v0.11.3
[INFO] [stderr]    Compiling wayland-sys v0.31.1
[INFO] [stderr]    Compiling tracing v0.1.40
[INFO] [stderr]    Compiling x11-dl v2.21.0
[INFO] [stderr]    Compiling quote v1.0.35
[INFO] [stderr]    Compiling quick-xml v0.30.0
[INFO] [stderr]    Compiling gl_generator v0.14.0
[INFO] [stderr]    Compiling ahash v0.8.7
[INFO] [stderr]    Compiling syn v2.0.48
[INFO] [stderr]    Compiling num-integer v0.1.45
[INFO] [stderr]    Compiling ab_glyph_rasterizer v0.1.8
[INFO] [stderr]    Compiling arrayvec v0.7.4
[INFO] [stderr]    Compiling tiny-skia v0.11.3
[INFO] [stderr]    Compiling num-iter v0.1.43
[INFO] [stderr]    Compiling winit v0.29.9
[INFO] [stderr]    Compiling glutin v0.31.2
[INFO] [stderr]    Compiling zerocopy v0.7.32
[INFO] [stderr]    Compiling as-raw-xcb-connection v1.0.1
[INFO] [stderr]    Compiling raw-window-handle v0.5.2
[INFO] [stderr]    Compiling x11rb-protocol v0.13.0
[INFO] [stderr]    Compiling xkbcommon-dl v0.4.1
[INFO] [stderr]    Compiling jobserver v0.1.27
[INFO] [stderr]    Compiling nix v0.26.4
[INFO] [stderr]    Compiling glutin_egl_sys v0.6.0
[INFO] [stderr]    Compiling glutin_glx_sys v0.5.0
[INFO] [stderr]    Compiling memmap2 v0.9.3
[INFO] [stderr]    Compiling getrandom v0.2.11
[INFO] [stderr]    Compiling cc v1.0.83
[INFO] [stderr]    Compiling wayland-scanner v0.31.0
[INFO] [stderr]    Compiling memoffset v0.9.0
[INFO] [stderr]    Compiling glutin-winit v0.4.2
[INFO] [stderr]    Compiling percent-encoding v2.3.1
[INFO] [stderr]    Compiling gimli v0.28.1
[INFO] [stderr]    Compiling owned_ttf_parser v0.20.0
[INFO] [stderr]    Compiling ab_glyph v0.2.23
[INFO] [stderr]    Compiling adler v1.0.2
[INFO] [stderr]    Compiling smol_str v0.2.0
[INFO] [stderr]    Compiling raw-window-handle v0.6.0
[INFO] [stderr]    Compiling sdl2-sys v0.27.3
[INFO] [stderr]    Compiling miniz_oxide v0.7.1
[INFO] [stderr]    Compiling glium v0.34.0
[INFO] [stderr]    Compiling rand v0.4.6
[INFO] [stderr]    Compiling object v0.32.2
[INFO] [stderr]    Compiling rustc-demangle v0.1.23
[INFO] [stderr]    Compiling wayland-backend v0.3.2
[INFO] [stderr]    Compiling backtrace v0.3.69
[INFO] [stderr]    Compiling num v0.1.42
[INFO] [stderr]    Compiling fnv v1.0.7
[INFO] [stderr]    Compiling rand v0.3.23
[INFO] [stderr]    Compiling bitflags v0.7.0
[INFO] [stderr]    Compiling lazy_static v0.2.11
[INFO] [stderr]    Compiling takeable-option v0.5.0
[INFO] [stderr]    Compiling lazy_static v1.4.0
[INFO] [stderr]    Compiling sdl2 v0.27.3
[INFO] [stderr]    Compiling thiserror-impl v1.0.56
[INFO] [stderr]    Compiling wayland-client v0.31.1
[INFO] [stderr]    Compiling wayland-csd-frame v0.3.0
[INFO] [stderr]    Compiling addr2line v0.21.0
[INFO] [stderr]    Compiling polling v3.3.1
[INFO] [stderr]    Compiling calloop v0.12.3
[INFO] [stderr]    Compiling wayland-protocols v0.31.0
[INFO] [stderr]    Compiling wayland-cursor v0.31.0
[INFO] [stderr]    Compiling calloop-wayland-source v0.2.0
[INFO] [stderr]    Compiling wayland-protocols-wlr v0.2.0
[INFO] [stderr]    Compiling wayland-protocols-plasma v0.2.0
[INFO] [stderr]    Compiling sctk-adwaita v0.8.1
[INFO] [stderr]    Compiling x11rb v0.13.0
[INFO] [stderr]    Compiling rustboy v0.1.0 (/opt/rustwide/workdir)
[INFO] [stdout] error[E0432]: unresolved import `glium::DisplayBuild`
[INFO] [stdout]  --> src/gameboy.rs:5:5
[INFO] [stdout]   |
[INFO] [stdout] 5 | use glium::DisplayBuild;
[INFO] [stdout]   |     ^^^^^^^^^^^^^^^^^^^ no `DisplayBuild` in the root
[INFO] [stdout] 
[INFO] [stdout] 
[INFO] [stdout] error[E0433]: failed to resolve: could not find `WindowBuilder` in `glutin`
[INFO] [stdout]   --> src/gameboy.rs:14:38
[INFO] [stdout]    |
[INFO] [stdout] 14 |         let display = glium::glutin::WindowBuilder::new()
[INFO] [stdout]    |                                      ^^^^^^^^^^^^^ could not find `WindowBuilder` in `glutin`
[INFO] [stdout] 
[INFO] [stdout] 
[INFO] [stdout] warning: unused import: `super::mmu`
[INFO] [stdout]  --> src/gameboy.rs:2:5
[INFO] [stdout]   |
[INFO] [stdout] 2 | use super::mmu;
[INFO] [stdout]   |     ^^^^^^^^^^
[INFO] [stdout]   |
[INFO] [stdout]   = note: `#[warn(unused_imports)]` on by default
[INFO] [stdout] 
[INFO] [stdout] 
[INFO] [stdout] warning: `...` range patterns are deprecated
[INFO] [stdout]   --> src/mmu.rs:29:17
[INFO] [stdout]    |
[INFO] [stdout] 29 |             0x00...0x7F => self.rom[addr as usize],
[INFO] [stdout]    |                 ^^^ help: use `..=` for an inclusive range
[INFO] [stdout]    |
[INFO] [stdout]    = warning: this is accepted in the current edition (Rust 2015) but is a hard error in Rust 2021!
[INFO] [stdout]    = note: for more information, see <https://doc.rust-lang.org/nightly/edition-guide/rust-2021/warnings-promoted-to-error.html>
[INFO] [stdout]    = note: `#[warn(ellipsis_inclusive_range_patterns)]` on by default
[INFO] [stdout] 
[INFO] [stdout] 
[INFO] [stdout] warning: `...` range patterns are deprecated
[INFO] [stdout]   --> src/mmu.rs:30:17
[INFO] [stdout]    |
[INFO] [stdout] 30 |             0x80...0xFE => self.hram[addr as usize],
[INFO] [stdout]    |                 ^^^ help: use `..=` for an inclusive range
[INFO] [stdout]    |
[INFO] [stdout]    = warning: this is accepted in the current edition (Rust 2015) but is a hard error in Rust 2021!
[INFO] [stdout]    = note: for more information, see <https://doc.rust-lang.org/nightly/edition-guide/rust-2021/warnings-promoted-to-error.html>
[INFO] [stdout] 
[INFO] [stdout] 
[INFO] [stdout] warning: `...` range patterns are deprecated
[INFO] [stdout]   --> src/mmu.rs:33:25
[INFO] [stdout]    |
[INFO] [stdout] 33 |                     0x40...0x4B => self.gpu.read_byte(addr),
[INFO] [stdout]    |                         ^^^ help: use `..=` for an inclusive range
[INFO] [stdout]    |
[INFO] [stdout]    = warning: this is accepted in the current edition (Rust 2015) but is a hard error in Rust 2021!
[INFO] [stdout]    = note: for more information, see <https://doc.rust-lang.org/nightly/edition-guide/rust-2021/warnings-promoted-to-error.html>
[INFO] [stdout] 
[INFO] [stdout] 
[INFO] [stdout] warning: `...` range patterns are deprecated
[INFO] [stdout]   --> src/mmu.rs:47:17
[INFO] [stdout]    |
[INFO] [stdout] 47 |             0x00...0x7F => self.rom[addr as usize] = value,
[INFO] [stdout]    |                 ^^^ help: use `..=` for an inclusive range
[INFO] [stdout]    |
[INFO] [stdout]    = warning: this is accepted in the current edition (Rust 2015) but is a hard error in Rust 2021!
[INFO] [stdout]    = note: for more information, see <https://doc.rust-lang.org/nightly/edition-guide/rust-2021/warnings-promoted-to-error.html>
[INFO] [stdout] 
[INFO] [stdout] 
[INFO] [stdout] warning: `...` range patterns are deprecated
[INFO] [stdout]   --> src/mmu.rs:48:17
[INFO] [stdout]    |
[INFO] [stdout] 48 |             0x80...0x9F => self.gpu.write_byte(addr, value),
[INFO] [stdout]    |                 ^^^ help: use `..=` for an inclusive range
[INFO] [stdout]    |
[INFO] [stdout]    = warning: this is accepted in the current edition (Rust 2015) but is a hard error in Rust 2021!
[INFO] [stdout]    = note: for more information, see <https://doc.rust-lang.org/nightly/edition-guide/rust-2021/warnings-promoted-to-error.html>
[INFO] [stdout] 
[INFO] [stdout] 
[INFO] [stdout] warning: `...` range patterns are deprecated
[INFO] [stdout]   --> src/mmu.rs:51:25
[INFO] [stdout]    |
[INFO] [stdout] 51 |                     0x10...0x3F => self.apu.write_byte(addr, value),
[INFO] [stdout]    |                         ^^^ help: use `..=` for an inclusive range
[INFO] [stdout]    |
[INFO] [stdout]    = warning: this is accepted in the current edition (Rust 2015) but is a hard error in Rust 2021!
[INFO] [stdout]    = note: for more information, see <https://doc.rust-lang.org/nightly/edition-guide/rust-2021/warnings-promoted-to-error.html>
[INFO] [stdout] 
[INFO] [stdout] 
[INFO] [stdout] warning: `...` range patterns are deprecated
[INFO] [stdout]   --> src/mmu.rs:52:25
[INFO] [stdout]    |
[INFO] [stdout] 52 |                     0x40...0x4B => self.gpu.write_byte(addr, value),
[INFO] [stdout]    |                         ^^^ help: use `..=` for an inclusive range
[INFO] [stdout]    |
[INFO] [stdout]    = warning: this is accepted in the current edition (Rust 2015) but is a hard error in Rust 2021!
[INFO] [stdout]    = note: for more information, see <https://doc.rust-lang.org/nightly/edition-guide/rust-2021/warnings-promoted-to-error.html>
[INFO] [stdout] 
[INFO] [stdout] 
[INFO] [stdout] warning: use of deprecated macro `try`: use the `?` operator instead
[INFO] [stdout]    --> src/apu.rs:139:1
[INFO] [stdout]     |
[INFO] [stdout] 139 | / bitflags! {
[INFO] [stdout] 140 | |     flags Voices: u8 {
[INFO] [stdout] 141 | |         const PULSE_A = 1 << 0,
[INFO] [stdout] 142 | |         const PULSE_B = 1 << 1,
[INFO] [stdout] ...   |
[INFO] [stdout] 145 | |     }
[INFO] [stdout] 146 | | }
[INFO] [stdout]     | |_^
[INFO] [stdout]     |
[INFO] [stdout]     = note: `#[warn(deprecated)]` on by default
[INFO] [stdout]     = note: this warning originates in the macro `bitflags` (in Nightly builds, run with -Z macro-backtrace for more info)
[INFO] [stdout] 
[INFO] [stdout] 
[INFO] [stdout] warning: use of deprecated macro `try`: use the `?` operator instead
[INFO] [stdout]    --> src/apu.rs:139:1
[INFO] [stdout]     |
[INFO] [stdout] 139 | / bitflags! {
[INFO] [stdout] 140 | |     flags Voices: u8 {
[INFO] [stdout] 141 | |         const PULSE_A = 1 << 0,
[INFO] [stdout] 142 | |         const PULSE_B = 1 << 1,
[INFO] [stdout] ...   |
[INFO] [stdout] 145 | |     }
[INFO] [stdout] 146 | | }
[INFO] [stdout]     | |_^
[INFO] [stdout]     |
[INFO] [stdout]     = note: this warning originates in the macro `bitflags` (in Nightly builds, run with -Z macro-backtrace for more info)
[INFO] [stdout] 
[INFO] [stdout] 
[INFO] [stdout] warning: `...` range patterns are deprecated
[INFO] [stdout]   --> src/gpu.rs:67:17
[INFO] [stdout]    |
[INFO] [stdout] 67 |             0x80...0x97 => {
[INFO] [stdout]    |                 ^^^ help: use `..=` for an inclusive range
[INFO] [stdout]    |
[INFO] [stdout]    = warning: this is accepted in the current edition (Rust 2015) but is a hard error in Rust 2021!
[INFO] [stdout]    = note: for more information, see <https://doc.rust-lang.org/nightly/edition-guide/rust-2021/warnings-promoted-to-error.html>
[INFO] [stdout] 
[INFO] [stdout] 
[INFO] [stdout] warning: `...` range patterns are deprecated
[INFO] [stdout]   --> src/gpu.rs:72:17
[INFO] [stdout]    |
[INFO] [stdout] 72 |             0x98...0x9B => self.bg_map_0[(addr - 0x9800) as usize] = value,
[INFO] [stdout]    |                 ^^^ help: use `..=` for an inclusive range
[INFO] [stdout]    |
[INFO] [stdout]    = warning: this is accepted in the current edition (Rust 2015) but is a hard error in Rust 2021!
[INFO] [stdout]    = note: for more information, see <https://doc.rust-lang.org/nightly/edition-guide/rust-2021/warnings-promoted-to-error.html>
[INFO] [stdout] 
[INFO] [stdout] 
[INFO] [stdout] warning: `...` range patterns are deprecated
[INFO] [stdout]   --> src/gpu.rs:73:17
[INFO] [stdout]    |
[INFO] [stdout] 73 |             0x9C...0x9F => self.bg_map_0[(addr - 0x9C00) as usize] = value,
[INFO] [stdout]    |                 ^^^ help: use `..=` for an inclusive range
[INFO] [stdout]    |
[INFO] [stdout]    = warning: this is accepted in the current edition (Rust 2015) but is a hard error in Rust 2021!
[INFO] [stdout]    = note: for more information, see <https://doc.rust-lang.org/nightly/edition-guide/rust-2021/warnings-promoted-to-error.html>
[INFO] [stdout] 
[INFO] [stdout] 
[INFO] [stdout] warning: use of deprecated macro `try`: use the `?` operator instead
[INFO] [stdout]    --> src/gpu.rs:162:1
[INFO] [stdout]     |
[INFO] [stdout] 162 | / bitflags! {
[INFO] [stdout] 163 | |     flags Controls: u8 {
[INFO] [stdout] 164 | |         const LCD_ENABLE        = 1 << 7,
[INFO] [stdout] 165 | |         const WINDOW_MAP_SELECT = 1 << 6,
[INFO] [stdout] ...   |
[INFO] [stdout] 172 | |     }
[INFO] [stdout] 173 | | }
[INFO] [stdout]     | |_^
[INFO] [stdout]     |
[INFO] [stdout]     = note: this warning originates in the macro `bitflags` (in Nightly builds, run with -Z macro-backtrace for more info)
[INFO] [stdout] 
[INFO] [stdout] 
[INFO] [stdout] warning: use of deprecated macro `try`: use the `?` operator instead
[INFO] [stdout]    --> src/gpu.rs:162:1
[INFO] [stdout]     |
[INFO] [stdout] 162 | / bitflags! {
[INFO] [stdout] 163 | |     flags Controls: u8 {
[INFO] [stdout] 164 | |         const LCD_ENABLE        = 1 << 7,
[INFO] [stdout] 165 | |         const WINDOW_MAP_SELECT = 1 << 6,
[INFO] [stdout] ...   |
[INFO] [stdout] 172 | |     }
[INFO] [stdout] 173 | | }
[INFO] [stdout]     | |_^
[INFO] [stdout]     |
[INFO] [stdout]     = note: this warning originates in the macro `bitflags` (in Nightly builds, run with -Z macro-backtrace for more info)
[INFO] [stdout] 
[INFO] [stdout] 
[INFO] [stdout] error[E0107]: missing generics for struct `glium::Display`
[INFO] [stdout]   --> src/gameboy.rs:9:21
[INFO] [stdout]    |
[INFO] [stdout] 9  |     display: glium::Display,
[INFO] [stdout]    |                     ^^^^^^^ expected 1 generic argument
[INFO] [stdout]    |
[INFO] [stdout] note: struct defined here, with 1 generic parameter: `T`
[INFO] [stdout]   --> /opt/rustwide/cargo-home/registry/src/index.crates.io-6f17d22bba15001f/glium-0.34.0/src/backend/glutin/mod.rs:83:12
[INFO] [stdout]    |
[INFO] [stdout] 83 | pub struct Display<T: SurfaceTypeTrait + ResizeableSurface + 'static> {
[INFO] [stdout]    |            ^^^^^^^ -
[INFO] [stdout] help: add missing generic argument
[INFO] [stdout]    |
[INFO] [stdout] 9  |     display: glium::Display<T>,
[INFO] [stdout]    |                            +++
[INFO] [stdout] 
[INFO] [stdout] 
[INFO] [stdout] error: aborting due to 3 previous errors; 15 warnings emitted
[INFO] [stdout] 
[INFO] [stdout] 
[INFO] [stdout] Some errors have detailed explanations: E0107, E0432, E0433.
[INFO] [stdout] 
[INFO] [stdout] For more information about an error, try `rustc --explain E0107`.
[INFO] [stdout] 
[INFO] [stderr] error: could not compile `rustboy` (bin "rustboy") due to 4 previous errors; 15 warnings emitted
[INFO] running `Command { std: "docker" "inspect" "1fc112beed6b1594047d4f71585dd4888db802d1fbac235ba6ad4bbfabbebcea", kill_on_drop: false }`
[INFO] running `Command { std: "docker" "rm" "-f" "1fc112beed6b1594047d4f71585dd4888db802d1fbac235ba6ad4bbfabbebcea", kill_on_drop: false }`
[INFO] [stdout] 1fc112beed6b1594047d4f71585dd4888db802d1fbac235ba6ad4bbfabbebcea
