[INFO] cloning repository https://github.com/Bowarc/binput_sim
[INFO] running `Command { std: "git" "-c" "credential.helper=" "-c" "credential.helper=/workspace/cargo-home/bin/git-credential-null" "clone" "--bare" "https://github.com/Bowarc/binput_sim" "/workspace/cache/git-repos/https%3A%2F%2Fgithub.com%2FBowarc%2Fbinput_sim", kill_on_drop: false }`
[INFO] [stderr] Cloning into bare repository '/workspace/cache/git-repos/https%3A%2F%2Fgithub.com%2FBowarc%2Fbinput_sim'...
[INFO] running `Command { std: "git" "rev-parse" "HEAD", kill_on_drop: false }`
[INFO] [stdout] 6bc6353992ef88e0499e172d25048d5355d659f6
[INFO] testing Bowarc/binput_sim against 1.75.0 for beta-1.76-1
[INFO] running `Command { std: "git" "clone" "/workspace/cache/git-repos/https%3A%2F%2Fgithub.com%2FBowarc%2Fbinput_sim" "/workspace/builds/worker-2-tc1/source", kill_on_drop: false }`
[INFO] [stderr] Cloning into '/workspace/builds/worker-2-tc1/source'...
[INFO] [stderr] done.
[INFO] validating manifest of git repo https://github.com/Bowarc/binput_sim on toolchain 1.75.0
[INFO] running `Command { std: CARGO_HOME="/workspace/cargo-home" RUSTUP_HOME="/workspace/rustup-home" "/workspace/cargo-home/bin/cargo" "+1.75.0" "metadata" "--manifest-path" "Cargo.toml" "--no-deps", kill_on_drop: false }`
[INFO] started tweaking git repo https://github.com/Bowarc/binput_sim
[INFO] finished tweaking git repo https://github.com/Bowarc/binput_sim
[INFO] tweaked toml for git repo https://github.com/Bowarc/binput_sim written to /workspace/builds/worker-2-tc1/source/Cargo.toml
[INFO] crate git repo https://github.com/Bowarc/binput_sim already has a lockfile, it will not be regenerated
[INFO] running `Command { std: CARGO_HOME="/workspace/cargo-home" RUSTUP_HOME="/workspace/rustup-home" "/workspace/cargo-home/bin/cargo" "+1.75.0" "fetch" "--manifest-path" "Cargo.toml", kill_on_drop: false }`
[INFO] [stderr]     Updating git repository `https://github.com/Bowarc/InputBot`
[INFO] [stderr]     Updating crates.io index
[INFO] [stderr]  Downloading crates ...
[INFO] [stderr]   Downloaded enum_derive v0.1.7
[INFO] [stderr]   Downloaded uinput-sys v0.1.7
[INFO] [stderr]   Downloaded ioctl-sys v0.5.2
[INFO] [stderr]   Downloaded log-panics v2.1.0
[INFO] [stderr]   Downloaded udev v0.7.0
[INFO] [stderr]   Downloaded atomic_refcell v0.1.12
[INFO] [stderr]   Downloaded input v0.8.3
[INFO] [stderr]   Downloaded rfd v0.12.0
[INFO] [stderr]   Downloaded input-sys v1.17.0
[INFO] [stderr]   Downloaded uinput v0.1.3
[INFO] running `Command { std: "docker" "create" "-v" "/var/lib/crater-agent-workspace/builds/worker-2-tc1/target:/opt/rustwide/target:rw,Z" "-v" "/var/lib/crater-agent-workspace/builds/worker-2-tc1/source:/opt/rustwide/workdir:ro,Z" "-v" "/var/lib/crater-agent-workspace/cargo-home:/opt/rustwide/cargo-home:ro,Z" "-v" "/var/lib/crater-agent-workspace/rustup-home:/opt/rustwide/rustup-home:ro,Z" "-e" "SOURCE_DIR=/opt/rustwide/workdir" "-e" "CARGO_TARGET_DIR=/opt/rustwide/target" "-e" "CARGO_HOME=/opt/rustwide/cargo-home" "-e" "RUSTUP_HOME=/opt/rustwide/rustup-home" "-w" "/opt/rustwide/workdir" "-m" "1610612736" "--user" "0:0" "--network" "none" "ghcr.io/rust-lang/crates-build-env/linux@sha256:2788e3201cd34a07e3172128adcd8b3090168a8e3bcc40d7c032b9dda1df7d1c" "/opt/rustwide/cargo-home/bin/cargo" "+1.75.0" "metadata" "--no-deps" "--format-version=1", kill_on_drop: false }`
[INFO] [stdout] 803182771af54b8bc28a01f1a13e07f4693caf6e95cef61e37fb3a7b19328925
[INFO] running `Command { std: "docker" "start" "-a" "803182771af54b8bc28a01f1a13e07f4693caf6e95cef61e37fb3a7b19328925", kill_on_drop: false }`
[INFO] running `Command { std: "docker" "inspect" "803182771af54b8bc28a01f1a13e07f4693caf6e95cef61e37fb3a7b19328925", kill_on_drop: false }`
[INFO] running `Command { std: "docker" "rm" "-f" "803182771af54b8bc28a01f1a13e07f4693caf6e95cef61e37fb3a7b19328925", kill_on_drop: false }`
[INFO] [stdout] 803182771af54b8bc28a01f1a13e07f4693caf6e95cef61e37fb3a7b19328925
[INFO] running `Command { std: "docker" "create" "-v" "/var/lib/crater-agent-workspace/builds/worker-2-tc1/target:/opt/rustwide/target:rw,Z" "-v" "/var/lib/crater-agent-workspace/builds/worker-2-tc1/source:/opt/rustwide/workdir:ro,Z" "-v" "/var/lib/crater-agent-workspace/cargo-home:/opt/rustwide/cargo-home:ro,Z" "-v" "/var/lib/crater-agent-workspace/rustup-home:/opt/rustwide/rustup-home:ro,Z" "-e" "SOURCE_DIR=/opt/rustwide/workdir" "-e" "CARGO_TARGET_DIR=/opt/rustwide/target" "-e" "CARGO_INCREMENTAL=0" "-e" "RUST_BACKTRACE=full" "-e" "RUSTFLAGS=--cap-lints=warn" "-e" "RUSTDOCFLAGS=--cap-lints=warn" "-e" "CARGO_HOME=/opt/rustwide/cargo-home" "-e" "RUSTUP_HOME=/opt/rustwide/rustup-home" "-w" "/opt/rustwide/workdir" "-m" "1610612736" "--user" "0:0" "--network" "none" "ghcr.io/rust-lang/crates-build-env/linux@sha256:2788e3201cd34a07e3172128adcd8b3090168a8e3bcc40d7c032b9dda1df7d1c" "/opt/rustwide/cargo-home/bin/cargo" "+1.75.0" "build" "--frozen" "--message-format=json", kill_on_drop: false }`
[INFO] [stdout] 73d46553e2b4f3ff8fd3fee52ad27ac065def441829323cb6f9141c88930717e
[INFO] running `Command { std: "docker" "start" "-a" "73d46553e2b4f3ff8fd3fee52ad27ac065def441829323cb6f9141c88930717e", kill_on_drop: false }`
[INFO] [stderr]    Compiling proc-macro2 v1.0.69
[INFO] [stderr]    Compiling libc v0.2.149
[INFO] [stderr]    Compiling unicode-ident v1.0.12
[INFO] [stderr]    Compiling pkg-config v0.3.27
[INFO] [stderr]    Compiling autocfg v1.1.0
[INFO] [stderr]    Compiling cfg-if v1.0.0
[INFO] [stderr]    Compiling smallvec v1.11.1
[INFO] [stderr]    Compiling serde v1.0.188
[INFO] [stderr]    Compiling hashbrown v0.14.1
[INFO] [stderr]    Compiling equivalent v1.0.1
[INFO] [stderr]    Compiling winnow v0.5.16
[INFO] [stderr]    Compiling target-lexicon v0.12.11
[INFO] [stderr]    Compiling bitflags v1.3.2
[INFO] [stderr]    Compiling heck v0.4.1
[INFO] [stderr]    Compiling version-compare v0.1.1
[INFO] [stderr]    Compiling indexmap v2.0.2
[INFO] [stderr]    Compiling memchr v2.6.4
[INFO] [stderr]    Compiling quote v1.0.33
[INFO] [stderr]    Compiling syn v2.0.38
[INFO] [stderr]    Compiling cfg-expr v0.15.5
[INFO] [stderr]    Compiling version_check v0.9.4
[INFO] [stderr]    Compiling log v0.4.20
[INFO] [stderr]    Compiling once_cell v1.18.0
[INFO] [stderr]    Compiling xml-rs v0.8.19
[INFO] [stderr]    Compiling memoffset v0.6.5
[INFO] [stderr]    Compiling futures-core v0.3.28
[INFO] [stderr]    Compiling lazy_static v1.4.0
[INFO] [stderr]    Compiling libloading v0.8.1
[INFO] [stderr]    Compiling pin-project-lite v0.2.13
[INFO] [stderr]    Compiling nix v0.24.3
[INFO] [stderr]    Compiling syn v1.0.109
[INFO] [stderr]    Compiling futures-io v0.3.28
[INFO] [stderr]    Compiling wayland-scanner v0.29.5
[INFO] [stderr]    Compiling dlib v0.5.2
[INFO] [stderr]    Compiling wayland-sys v0.29.5
[INFO] [stderr]    Compiling simd-adler32 v0.3.7
[INFO] [stderr]    Compiling crossbeam-utils v0.8.16
[INFO] [stderr]    Compiling slab v0.4.9
[INFO] [stderr]    Compiling byteorder v1.5.0
[INFO] [stderr]    Compiling typenum v1.17.0
[INFO] [stderr]    Compiling adler v1.0.2
[INFO] [stderr]    Compiling event-listener v2.5.3
[INFO] [stderr]    Compiling miniz_oxide v0.7.1
[INFO] [stderr]    Compiling wayland-client v0.29.5
[INFO] [stderr]    Compiling generic-array v0.14.7
[INFO] [stderr]    Compiling toml_datetime v0.6.3
[INFO] [stderr]    Compiling serde_spanned v0.6.3
[INFO] [stderr]    Compiling khronos_api v3.1.0
[INFO] [stderr]    Compiling io-lifetimes v1.0.11
[INFO] [stderr]    Compiling toml_edit v0.20.2
[INFO] [stderr]    Compiling thiserror v1.0.49
[INFO] [stderr]    Compiling cfg_aliases v0.1.1
[INFO] [stderr]    Compiling crc32fast v1.3.2
[INFO] [stderr]    Compiling toml_edit v0.19.15
[INFO] [stderr]    Compiling concurrent-queue v2.3.0
[INFO] [stderr]    Compiling slotmap v1.0.6
[INFO] [stderr]    Compiling futures-channel v0.3.28
[INFO] [stderr]    Compiling waker-fn v1.1.1
[INFO] [stderr]    Compiling scoped-tls v1.0.1
[INFO] [stderr]    Compiling parking v2.1.1
[INFO] [stderr]    Compiling downcast-rs v1.2.0
[INFO] [stderr]    Compiling minimal-lexical v0.2.1
[INFO] [stderr]    Compiling toml v0.8.2
[INFO] [stderr]    Compiling futures-task v0.3.28
[INFO] [stderr]    Compiling system-deps v6.1.2
[INFO] [stderr]    Compiling wayland-commons v0.29.5
[INFO] [stderr]    Compiling fastrand v1.9.0
[INFO] [stderr]    Compiling ttf-parser v0.19.2
[INFO] [stderr]    Compiling futures-lite v1.13.0
[INFO] [stderr]    Compiling zvariant_utils v1.0.1
[INFO] [stderr]    Compiling proc-macro-crate v1.3.1
[INFO] [stderr]    Compiling serde_derive v1.0.188
[INFO] [stderr]    Compiling bytemuck_derive v1.5.0
[INFO] [stderr]    Compiling thiserror-impl v1.0.49
[INFO] [stderr]    Compiling glib-sys v0.18.1
[INFO] [stderr]    Compiling nom v7.1.3
[INFO] [stderr]    Compiling owned_ttf_parser v0.19.0
[INFO] [stderr]    Compiling bytemuck v1.14.0
[INFO] [stderr]    Compiling wayland-protocols v0.29.5
[INFO] [stderr]    Compiling async-lock v2.8.0
[INFO] [stderr]    Compiling memoffset v0.7.1
[INFO] [stderr]    Compiling futures-util v0.3.28
[INFO] [stderr]    Compiling fastrand v2.0.1
[INFO] [stderr]    Compiling ab_glyph_rasterizer v0.1.8
[INFO] [stderr]    Compiling futures-sink v0.3.28
[INFO] [stderr]    Compiling gl_generator v0.14.0
[INFO] [stderr]    Compiling xcursor v0.3.4
[INFO] [stderr]    Compiling flate2 v1.0.27
[INFO] [stderr]    Compiling ab_glyph v0.2.22
[INFO] [stderr]    Compiling gobject-sys v0.18.0
[INFO] [stderr]    Compiling futures-macro v0.3.28
[INFO] [stderr]    Compiling enumflags2_derive v0.7.8
[INFO] [stderr]    Compiling tracing-attributes v0.1.26
[INFO] [stderr]    Compiling fdeflate v0.3.0
[INFO] [stderr]    Compiling nix v0.25.1
[INFO] [stderr]    Compiling getrandom v0.2.10
[INFO] [stderr]    Compiling tracing-core v0.1.31
[INFO] [stderr]    Compiling aho-corasick v1.1.2
[INFO] [stderr]    Compiling smithay-client-toolkit v0.16.1
[INFO] [stderr]    Compiling x11-dl v2.21.0
[INFO] [stderr]    Compiling lock_api v0.4.10
[INFO] [stderr]    Compiling polling v2.8.0
[INFO] [stderr]    Compiling atomic-waker v1.1.2
[INFO] [stderr]    Compiling async-task v4.4.1
[INFO] [stderr]    Compiling parking_lot_core v0.9.8
[INFO] [stderr]    Compiling rustix v0.37.24
[INFO] [stderr]    Compiling regex-syntax v0.8.0
[INFO] [stderr]    Compiling vec_map v0.8.2
[INFO] [stderr]    Compiling pin-utils v0.1.0
[INFO] [stderr]    Compiling calloop v0.10.6
[INFO] [stderr]    Compiling tracing v0.1.37
[INFO] [stderr]    Compiling piper v0.2.1
[INFO] [stderr]    Compiling png v0.17.10
[INFO] [stderr]    Compiling rand_core v0.6.4
[INFO] [stderr]    Compiling wayland-cursor v0.29.5
[INFO] [stderr]    Compiling zvariant_derive v3.15.0
[INFO] [stderr]    Compiling crypto-common v0.1.6
[INFO] [stderr]    Compiling block-buffer v0.10.4
[INFO] [stderr]    Compiling async-channel v1.9.0
[INFO] [stderr]    Compiling memmap2 v0.5.10
[INFO] [stderr]    Compiling async-io v1.13.0
[INFO] [stderr]    Compiling async-fs v1.6.0
[INFO] [stderr]    Compiling regex-automata v0.4.1
[INFO] [stderr]    Compiling ppv-lite86 v0.2.17
[INFO] [stderr]    Compiling linux-raw-sys v0.3.8
[INFO] [stderr]    Compiling scopeguard v1.2.0
[INFO] [stderr]    Compiling static_assertions v1.1.0
[INFO] [stderr]    Compiling arrayref v0.3.7
[INFO] [stderr]    Compiling strict-num v0.1.1
[INFO] [stderr]    Compiling enumflags2 v0.7.8
[INFO] [stderr]    Compiling async-trait v0.1.73
[INFO] [stderr]    Compiling percent-encoding v2.3.0
[INFO] [stderr]    Compiling zvariant v3.15.0
[INFO] [stderr]    Compiling bitflags v2.4.0
[INFO] [stderr]    Compiling tiny-skia-path v0.8.4
[INFO] [stderr]    Compiling rand_chacha v0.3.1
[INFO] [stderr]    Compiling digest v0.10.7
[INFO] [stderr]    Compiling blocking v1.4.1
[INFO] [stderr]    Compiling nix v0.26.4
[INFO] [stderr]    Compiling socket2 v0.4.9
[INFO] [stderr]    Compiling ahash v0.8.3
[INFO] [stderr]    Compiling regex v1.10.0
[INFO] [stderr]    Compiling num-traits v0.2.17
[INFO] [stderr]    Compiling cpufeatures v0.2.9
[INFO] [stderr]    Compiling arrayvec v0.7.4
[INFO] [stderr]    Compiling accesskit v0.11.2
[INFO] [stderr]    Compiling raw-window-handle v0.5.2
[INFO] [stderr]    Compiling tinyvec_macros v0.1.1
[INFO] [stderr]    Compiling tinyvec v1.6.0
[INFO] [stderr]    Compiling tiny-skia v0.8.4
[INFO] [stderr]    Compiling sha1 v0.10.6
[INFO] [stderr]    Compiling zbus_names v2.6.0
[INFO] [stderr]    Compiling parking_lot v0.12.1
[INFO] [stderr]    Compiling xdg-home v1.0.0
[INFO] [stderr]    Compiling rand v0.8.5
[INFO] [stderr]    Compiling zbus_macros v3.14.1
[INFO] [stderr]    Compiling async-executor v1.5.4
[INFO] [stderr]    Compiling derivative v2.2.0
[INFO] [stderr]    Compiling atk-sys v0.18.0
[INFO] [stderr]    Compiling gio-sys v0.18.1
[INFO] [stderr]    Compiling gdk-sys v0.18.0
[INFO] [stderr]    Compiling serde_repr v0.1.16
[INFO] [stderr]    Compiling async-recursion v1.0.5
[INFO] [stderr]    Compiling winit v0.28.7
[INFO] [stderr]    Compiling async-broadcast v0.5.1
[INFO] [stderr]    Compiling ordered-stream v0.2.0
[INFO] [stderr]    Compiling hex v0.4.3
[INFO] [stderr]    Compiling unicode-normalization v0.1.22
[INFO] [stderr]    Compiling glutin_egl_sys v0.5.1
[INFO] [stderr]    Compiling glutin_glx_sys v0.4.0
[INFO] [stderr]    Compiling atspi-macros v0.2.0
[INFO] [stderr]    Compiling ecolor v0.22.0
[INFO] [stderr]    Compiling emath v0.22.0
[INFO] [stderr]    Compiling cairo-sys-rs v0.18.2
[INFO] [stderr]    Compiling gdk-pixbuf-sys v0.18.0
[INFO] [stderr]    Compiling pango-sys v0.18.0
[INFO] [stderr]    Compiling mio v0.8.8
[INFO] [stderr]    Compiling libudev-sys v0.1.4
[INFO] [stderr]    Compiling wayland-sys v0.30.1
[INFO] [stderr]    Compiling num-integer v0.1.45
[INFO] [stderr]    Compiling instant v0.1.12
[INFO] [stderr]    Compiling rustix v0.38.18
[INFO] [stderr]    Compiling nohash-hasher v0.2.0
[INFO] [stderr]    Compiling rustversion v1.0.14
[INFO] [stderr]    Compiling unicode-bidi v0.3.13
[INFO] [stderr]    Compiling epaint v0.22.0
[INFO] [stderr]    Compiling idna v0.4.0
[INFO] [stderr]    Compiling cc v1.0.83
[INFO] [stderr]    Compiling accesskit_consumer v0.15.2
[INFO] [stderr]    Compiling form_urlencoded v1.2.0
[INFO] [stderr]    Compiling gtk-sys v0.18.0
[INFO] [stderr]    Compiling zbus v3.14.1
[INFO] [stderr]    Compiling x11rb-protocol v0.10.0
[INFO] [stderr]    Compiling glutin v0.30.10
[INFO] [stderr]    Compiling gethostname v0.2.3
[INFO] [stderr]    Compiling iovec v0.1.4
[INFO] [stderr]    Compiling num-rational v0.4.1
[INFO] [stderr]    Compiling linux-raw-sys v0.4.10
[INFO] [stderr]    Compiling input-sys v1.17.0
[INFO] [stderr]    Compiling nix v0.10.0
[INFO] [stderr]    Compiling bytes v0.4.12
[INFO] [stderr]    Compiling backtrace v0.3.69
[INFO] [stderr]    Compiling url v2.4.1
[INFO] [stderr]    Compiling egui v0.22.0
[INFO] [stderr]    Compiling glutin-winit v0.3.0
[INFO] [stderr]    Compiling x11 v2.21.0
[INFO] [stderr]    Compiling libloading v0.7.4
[INFO] [stderr]    Compiling void v1.0.2
[INFO] [stderr]    Compiling gimli v0.28.0
[INFO] [stderr]    Compiling ioctl-sys v0.5.2
[INFO] [stderr]    Compiling home v0.5.5
[INFO] [stderr]    Compiling cfg-if v0.1.10
[INFO] [stderr]    Compiling webbrowser v0.8.11
[INFO] [stderr]    Compiling uinput-sys v0.1.7
[INFO] [stderr]    Compiling atspi v0.10.1
[INFO] [stderr]    Compiling x11rb v0.10.1
[INFO] [stderr]    Compiling addr2line v0.21.0
[INFO] [stderr]    Compiling arboard v3.2.1
[INFO] [stderr]    Compiling strum_macros v0.25.2
[INFO] [stderr]    Compiling udev v0.7.0
[INFO] [stderr]    Compiling is-terminal v0.4.9
[INFO] [stderr]    Compiling object v0.32.1
[INFO] [stderr]    Compiling enum_derive v0.1.7
[INFO] [stderr]    Compiling glow v0.12.3
[INFO] [stderr]    Compiling rustc-demangle v0.1.23
[INFO] [stderr]    Compiling custom_derive v0.1.7
[INFO] [stderr]    Compiling color_quant v1.1.0
[INFO] [stderr]    Compiling rfd v0.12.0
[INFO] [stderr]    Compiling image v0.24.7
[INFO] [stderr]    Compiling uinput v0.1.3
[INFO] [stderr]    Compiling egui_glow v0.22.0
[INFO] [stderr]    Compiling strum v0.25.0
[INFO] [stderr]    Compiling input v0.8.3
[INFO] [stderr]    Compiling colored v1.9.4
[INFO] [stderr]    Compiling nix v0.27.1
[INFO] [stderr]    Compiling futures-executor v0.3.28
[INFO] [stderr]    Compiling base64 v0.21.4
[INFO] [stderr]    Compiling iana-time-zone v0.1.57
[INFO] [stderr]    Compiling chrono v0.4.31
[INFO] [stderr]    Compiling ron v0.8.1
[INFO] [stderr]    Compiling inputbot v0.6.0 (https://github.com/Bowarc/InputBot?branch=develop#7740e6bd)
[INFO] [stderr]    Compiling futures v0.3.28
[INFO] [stderr]    Compiling log-panics v2.1.0
[INFO] [stdout] error[E0432]: unresolved imports `nix::fcntl::open`, `nix::fcntl::OFlag`, `nix::sys::stat`
[INFO] [stdout]    --> /opt/rustwide/cargo-home/git/checkouts/inputbot-8a226c85a2afc61b/7740e6b/src/linux/mod.rs:13:13
[INFO] [stdout]     |
[INFO] [stdout] 13  |     fcntl::{open, OFlag},
[INFO] [stdout]     |             ^^^^  ^^^^^ no `OFlag` in `fcntl`
[INFO] [stdout]     |             |
[INFO] [stdout]     |             no `open` in `fcntl`
[INFO] [stdout] 14  |     sys::stat::Mode,
[INFO] [stdout]     |          ^^^^ could not find `stat` in `sys`
[INFO] [stdout]     |
[INFO] [stdout] note: found an item that was configured out
[INFO] [stdout]    --> /opt/rustwide/cargo-home/registry/src/index.crates.io-6f17d22bba15001f/nix-0.27.1/src/fcntl.rs:207:8
[INFO] [stdout]     |
[INFO] [stdout] 207 | pub fn open<P: ?Sized + NixPath>(
[INFO] [stdout]     |        ^^^^
[INFO] [stdout]     = note: the item is gated behind the `fs` feature
[INFO] [stdout] 
[INFO] [stdout] 
[INFO] [stdout] error[E0053]: method `open_restricted` has an incompatible type for trait
[INFO] [stdout]    --> /opt/rustwide/cargo-home/git/checkouts/inputbot-8a226c85a2afc61b/7740e6b/src/linux/mod.rs:225:63
[INFO] [stdout]     |
[INFO] [stdout] 225 |     fn open_restricted(&mut self, path: &Path, flags: i32) -> std::result::Result<RawFd, i32> {
[INFO] [stdout]     |                                                               ^^^^^^^^^^^^^^^^^^^^^^^^^^^^^^^
[INFO] [stdout]     |                                                               |
[INFO] [stdout]     |                                                               expected `OwnedFd`, found `i32`
[INFO] [stdout]     |                                                               help: change the output type to match the trait: `Result<OwnedFd, i32>`
[INFO] [stdout]     |
[INFO] [stdout]     = note: expected signature `fn(&mut LibinputInterfaceRaw, &Path, _) -> Result<OwnedFd, _>`
[INFO] [stdout]                found signature `fn(&mut LibinputInterfaceRaw, &Path, _) -> Result<i32, _>`
[INFO] [stdout] 
[INFO] [stdout] 
[INFO] [stdout] error[E0053]: method `close_restricted` has an incompatible type for trait
[INFO] [stdout]    --> /opt/rustwide/cargo-home/git/checkouts/inputbot-8a226c85a2afc61b/7740e6b/src/linux/mod.rs:233:40
[INFO] [stdout]     |
[INFO] [stdout] 233 |     fn close_restricted(&mut self, fd: RawFd) {
[INFO] [stdout]     |                                        ^^^^^
[INFO] [stdout]     |                                        |
[INFO] [stdout]     |                                        expected `OwnedFd`, found `i32`
[INFO] [stdout]     |                                        help: change the parameter type to match the trait: `OwnedFd`
[INFO] [stdout]     |
[INFO] [stdout]     = note: expected signature `fn(&mut LibinputInterfaceRaw, OwnedFd)`
[INFO] [stdout]                found signature `fn(&mut LibinputInterfaceRaw, i32)`
[INFO] [stdout] 
[INFO] [stdout] 
[INFO] [stdout] error: aborting due to 3 previous errors
[INFO] [stdout] 
[INFO] [stdout] 
[INFO] [stdout] Some errors have detailed explanations: E0053, E0432.
[INFO] [stdout] 
[INFO] [stdout] For more information about an error, try `rustc --explain E0053`.
[INFO] [stdout] 
[INFO] [stderr] error: could not compile `inputbot` (lib) due to 4 previous errors
[INFO] [stderr] warning: build failed, waiting for other jobs to finish...
[INFO] running `Command { std: "docker" "inspect" "73d46553e2b4f3ff8fd3fee52ad27ac065def441829323cb6f9141c88930717e", kill_on_drop: false }`
[INFO] running `Command { std: "docker" "rm" "-f" "73d46553e2b4f3ff8fd3fee52ad27ac065def441829323cb6f9141c88930717e", kill_on_drop: false }`
[INFO] [stdout] 73d46553e2b4f3ff8fd3fee52ad27ac065def441829323cb6f9141c88930717e
[INFO] testing Bowarc/binput_sim against beta-2023-12-22 for beta-1.76-1
[INFO] running `Command { std: "git" "clone" "/workspace/cache/git-repos/https%3A%2F%2Fgithub.com%2FBowarc%2Fbinput_sim" "/workspace/builds/worker-2-tc2/source", kill_on_drop: false }`
[INFO] [stderr] Cloning into '/workspace/builds/worker-2-tc2/source'...
[INFO] [stderr] done.
[INFO] validating manifest of git repo https://github.com/Bowarc/binput_sim on toolchain beta-2023-12-22
[INFO] running `Command { std: CARGO_HOME="/workspace/cargo-home" RUSTUP_HOME="/workspace/rustup-home" "/workspace/cargo-home/bin/cargo" "+beta-2023-12-22" "metadata" "--manifest-path" "Cargo.toml" "--no-deps", kill_on_drop: false }`
[INFO] started tweaking git repo https://github.com/Bowarc/binput_sim
[INFO] finished tweaking git repo https://github.com/Bowarc/binput_sim
[INFO] tweaked toml for git repo https://github.com/Bowarc/binput_sim written to /workspace/builds/worker-2-tc2/source/Cargo.toml
[INFO] crate git repo https://github.com/Bowarc/binput_sim already has a lockfile, it will not be regenerated
[INFO] running `Command { std: CARGO_HOME="/workspace/cargo-home" RUSTUP_HOME="/workspace/rustup-home" "/workspace/cargo-home/bin/cargo" "+beta-2023-12-22" "fetch" "--manifest-path" "Cargo.toml", kill_on_drop: false }`
[INFO] [stderr]     Blocking waiting for file lock on package cache
[INFO] running `Command { std: "docker" "create" "-v" "/var/lib/crater-agent-workspace/builds/worker-2-tc2/target:/opt/rustwide/target:rw,Z" "-v" "/var/lib/crater-agent-workspace/builds/worker-2-tc2/source:/opt/rustwide/workdir:ro,Z" "-v" "/var/lib/crater-agent-workspace/cargo-home:/opt/rustwide/cargo-home:ro,Z" "-v" "/var/lib/crater-agent-workspace/rustup-home:/opt/rustwide/rustup-home:ro,Z" "-e" "SOURCE_DIR=/opt/rustwide/workdir" "-e" "CARGO_TARGET_DIR=/opt/rustwide/target" "-e" "CARGO_HOME=/opt/rustwide/cargo-home" "-e" "RUSTUP_HOME=/opt/rustwide/rustup-home" "-w" "/opt/rustwide/workdir" "-m" "1610612736" "--user" "0:0" "--network" "none" "ghcr.io/rust-lang/crates-build-env/linux@sha256:2788e3201cd34a07e3172128adcd8b3090168a8e3bcc40d7c032b9dda1df7d1c" "/opt/rustwide/cargo-home/bin/cargo" "+beta-2023-12-22" "metadata" "--no-deps" "--format-version=1", kill_on_drop: false }`
[INFO] [stdout] 13e584bdae9c098c47dbdfacc5a69683d45674c67d80c9dcdc4718e928d238fb
[INFO] running `Command { std: "docker" "start" "-a" "13e584bdae9c098c47dbdfacc5a69683d45674c67d80c9dcdc4718e928d238fb", kill_on_drop: false }`
[INFO] running `Command { std: "docker" "inspect" "13e584bdae9c098c47dbdfacc5a69683d45674c67d80c9dcdc4718e928d238fb", kill_on_drop: false }`
[INFO] running `Command { std: "docker" "rm" "-f" "13e584bdae9c098c47dbdfacc5a69683d45674c67d80c9dcdc4718e928d238fb", kill_on_drop: false }`
[INFO] [stdout] 13e584bdae9c098c47dbdfacc5a69683d45674c67d80c9dcdc4718e928d238fb
[INFO] running `Command { std: "docker" "create" "-v" "/var/lib/crater-agent-workspace/builds/worker-2-tc2/target:/opt/rustwide/target:rw,Z" "-v" "/var/lib/crater-agent-workspace/builds/worker-2-tc2/source:/opt/rustwide/workdir:ro,Z" "-v" "/var/lib/crater-agent-workspace/cargo-home:/opt/rustwide/cargo-home:ro,Z" "-v" "/var/lib/crater-agent-workspace/rustup-home:/opt/rustwide/rustup-home:ro,Z" "-e" "SOURCE_DIR=/opt/rustwide/workdir" "-e" "CARGO_TARGET_DIR=/opt/rustwide/target" "-e" "CARGO_INCREMENTAL=0" "-e" "RUST_BACKTRACE=full" "-e" "RUSTFLAGS=--cap-lints=warn" "-e" "RUSTDOCFLAGS=--cap-lints=warn" "-e" "CARGO_HOME=/opt/rustwide/cargo-home" "-e" "RUSTUP_HOME=/opt/rustwide/rustup-home" "-w" "/opt/rustwide/workdir" "-m" "1610612736" "--user" "0:0" "--network" "none" "ghcr.io/rust-lang/crates-build-env/linux@sha256:2788e3201cd34a07e3172128adcd8b3090168a8e3bcc40d7c032b9dda1df7d1c" "/opt/rustwide/cargo-home/bin/cargo" "+beta-2023-12-22" "build" "--frozen" "--message-format=json", kill_on_drop: false }`
[INFO] [stdout] 0dee670b06e5df6c0a322a77e0ea53f8376e9cd37462ee75dd3b45157a3a0acf
[INFO] running `Command { std: "docker" "start" "-a" "0dee670b06e5df6c0a322a77e0ea53f8376e9cd37462ee75dd3b45157a3a0acf", kill_on_drop: false }`
[INFO] [stderr]    Compiling proc-macro2 v1.0.69
[INFO] [stderr]    Compiling libc v0.2.149
[INFO] [stderr]    Compiling unicode-ident v1.0.12
[INFO] [stderr]    Compiling pkg-config v0.3.27
[INFO] [stderr]    Compiling autocfg v1.1.0
[INFO] [stderr]    Compiling cfg-if v1.0.0
[INFO] [stderr]    Compiling smallvec v1.11.1
[INFO] [stderr]    Compiling serde v1.0.188
[INFO] [stderr]    Compiling hashbrown v0.14.1
[INFO] [stderr]    Compiling equivalent v1.0.1
[INFO] [stderr]    Compiling winnow v0.5.16
[INFO] [stderr]    Compiling bitflags v1.3.2
[INFO] [stderr]    Compiling heck v0.4.1
[INFO] [stderr]    Compiling target-lexicon v0.12.11
[INFO] [stderr]    Compiling version-compare v0.1.1
[INFO] [stderr]    Compiling indexmap v2.0.2
[INFO] [stderr]    Compiling memchr v2.6.4
[INFO] [stderr]    Compiling version_check v0.9.4
[INFO] [stderr]    Compiling quote v1.0.33
[INFO] [stderr]    Compiling once_cell v1.18.0
[INFO] [stderr]    Compiling syn v2.0.38
[INFO] [stderr]    Compiling cfg-expr v0.15.5
[INFO] [stderr]    Compiling log v0.4.20
[INFO] [stderr]    Compiling xml-rs v0.8.19
[INFO] [stderr]    Compiling memoffset v0.6.5
[INFO] [stderr]    Compiling futures-core v0.3.28
[INFO] [stderr]    Compiling lazy_static v1.4.0
[INFO] [stderr]    Compiling libloading v0.8.1
[INFO] [stderr]    Compiling pin-project-lite v0.2.13
[INFO] [stderr]    Compiling dlib v0.5.2
[INFO] [stderr]    Compiling futures-io v0.3.28
[INFO] [stderr]    Compiling syn v1.0.109
[INFO] [stderr]    Compiling nix v0.24.3
[INFO] [stderr]    Compiling wayland-sys v0.29.5
[INFO] [stderr]    Compiling wayland-scanner v0.29.5
[INFO] [stderr]    Compiling simd-adler32 v0.3.7
[INFO] [stderr]    Compiling crossbeam-utils v0.8.16
[INFO] [stderr]    Compiling slab v0.4.9
[INFO] [stderr]    Compiling typenum v1.17.0
[INFO] [stderr]    Compiling adler v1.0.2
[INFO] [stderr]    Compiling event-listener v2.5.3
[INFO] [stderr]    Compiling byteorder v1.5.0
[INFO] [stderr]    Compiling wayland-client v0.29.5
[INFO] [stderr]    Compiling miniz_oxide v0.7.1
[INFO] [stderr]    Compiling toml_datetime v0.6.3
[INFO] [stderr]    Compiling serde_spanned v0.6.3
[INFO] [stderr]    Compiling toml_edit v0.20.2
[INFO] [stderr]    Compiling generic-array v0.14.7
[INFO] [stderr]    Compiling thiserror v1.0.49
[INFO] [stderr]    Compiling crc32fast v1.3.2
[INFO] [stderr]    Compiling io-lifetimes v1.0.11
[INFO] [stderr]    Compiling khronos_api v3.1.0
[INFO] [stderr]    Compiling cfg_aliases v0.1.1
[INFO] [stderr]    Compiling concurrent-queue v2.3.0
[INFO] [stderr]    Compiling toml_edit v0.19.15
[INFO] [stderr]    Compiling slotmap v1.0.6
[INFO] [stderr]    Compiling toml v0.8.2
[INFO] [stderr]    Compiling waker-fn v1.1.1
[INFO] [stderr]    Compiling ttf-parser v0.19.2
[INFO] [stderr]    Compiling system-deps v6.1.2
[INFO] [stderr]    Compiling wayland-commons v0.29.5
[INFO] [stderr]    Compiling downcast-rs v1.2.0
[INFO] [stderr]    Compiling scoped-tls v1.0.1
[INFO] [stderr]    Compiling parking v2.1.1
[INFO] [stderr]    Compiling minimal-lexical v0.2.1
[INFO] [stderr]    Compiling futures-channel v0.3.28
[INFO] [stderr]    Compiling futures-task v0.3.28
[INFO] [stderr]    Compiling fastrand v1.9.0
[INFO] [stderr]    Compiling glib-sys v0.18.1
[INFO] [stderr]    Compiling nom v7.1.3
[INFO] [stderr]    Compiling serde_derive v1.0.188
[INFO] [stderr]    Compiling bytemuck_derive v1.5.0
[INFO] [stderr]    Compiling thiserror-impl v1.0.49
[INFO] [stderr]    Compiling futures-lite v1.13.0
[INFO] [stderr]    Compiling owned_ttf_parser v0.19.0
[INFO] [stderr]    Compiling zvariant_utils v1.0.1
[INFO] [stderr]    Compiling proc-macro-crate v1.3.1
[INFO] [stderr]    Compiling bytemuck v1.14.0
[INFO] [stderr]    Compiling wayland-protocols v0.29.5
[INFO] [stderr]    Compiling async-lock v2.8.0
[INFO] [stderr]    Compiling memoffset v0.7.1
[INFO] [stderr]    Compiling futures-sink v0.3.28
[INFO] [stderr]    Compiling fastrand v2.0.1
[INFO] [stderr]    Compiling futures-util v0.3.28
[INFO] [stderr]    Compiling ab_glyph_rasterizer v0.1.8
[INFO] [stderr]    Compiling gl_generator v0.14.0
[INFO] [stderr]    Compiling ab_glyph v0.2.22
[INFO] [stderr]    Compiling flate2 v1.0.27
[INFO] [stderr]    Compiling xcursor v0.3.4
[INFO] [stderr]    Compiling enumflags2_derive v0.7.8
[INFO] [stderr]    Compiling futures-macro v0.3.28
[INFO] [stderr]    Compiling tracing-attributes v0.1.26
[INFO] [stderr]    Compiling gobject-sys v0.18.0
[INFO] [stderr]    Compiling fdeflate v0.3.0
[INFO] [stderr]    Compiling nix v0.25.1
[INFO] [stderr]    Compiling getrandom v0.2.10
[INFO] [stderr]    Compiling tracing-core v0.1.31
[INFO] [stderr]    Compiling aho-corasick v1.1.2
[INFO] [stderr]    Compiling smithay-client-toolkit v0.16.1
[INFO] [stderr]    Compiling x11-dl v2.21.0
[INFO] [stderr]    Compiling lock_api v0.4.10
[INFO] [stderr]    Compiling polling v2.8.0
[INFO] [stderr]    Compiling async-task v4.4.1
[INFO] [stderr]    Compiling regex-syntax v0.8.0
[INFO] [stderr]    Compiling atomic-waker v1.1.2
[INFO] [stderr]    Compiling pin-utils v0.1.0
[INFO] [stderr]    Compiling parking_lot_core v0.9.8
[INFO] [stderr]    Compiling vec_map v0.8.2
[INFO] [stderr]    Compiling rustix v0.37.24
[INFO] [stderr]    Compiling calloop v0.10.6
[INFO] [stderr]    Compiling tracing v0.1.37
[INFO] [stderr]    Compiling piper v0.2.1
[INFO] [stderr]    Compiling rand_core v0.6.4
[INFO] [stderr]    Compiling png v0.17.10
[INFO] [stderr]    Compiling wayland-cursor v0.29.5
[INFO] [stderr]    Compiling crypto-common v0.1.6
[INFO] [stderr]    Compiling block-buffer v0.10.4
[INFO] [stderr]    Compiling zvariant_derive v3.15.0
[INFO] [stderr]    Compiling async-channel v1.9.0
[INFO] [stderr]    Compiling regex-automata v0.4.1
[INFO] [stderr]    Compiling memmap2 v0.5.10
[INFO] [stderr]    Compiling async-fs v1.6.0
[INFO] [stderr]    Compiling enumflags2 v0.7.8
[INFO] [stderr]    Compiling async-io v1.13.0
[INFO] [stderr]    Compiling async-trait v0.1.73
[INFO] [stderr]    Compiling static_assertions v1.1.0
[INFO] [stderr]    Compiling arrayref v0.3.7
[INFO] [stderr]    Compiling strict-num v0.1.1
[INFO] [stderr]    Compiling percent-encoding v2.3.0
[INFO] [stderr]    Compiling ppv-lite86 v0.2.17
[INFO] [stderr]    Compiling linux-raw-sys v0.3.8
[INFO] [stderr]    Compiling scopeguard v1.2.0
[INFO] [stderr]    Compiling rand_chacha v0.3.1
[INFO] [stderr]    Compiling tiny-skia-path v0.8.4
[INFO] [stderr]    Compiling bitflags v2.4.0
[INFO] [stderr]    Compiling blocking v1.4.1
[INFO] [stderr]    Compiling zvariant v3.15.0
[INFO] [stderr]    Compiling digest v0.10.7
[INFO] [stderr]    Compiling nix v0.26.4
[INFO] [stderr]    Compiling regex v1.10.0
[INFO] [stderr]    Compiling socket2 v0.4.9
[INFO] [stderr]    Compiling ahash v0.8.3
[INFO] [stderr]    Compiling num-traits v0.2.17
[INFO] [stderr]    Compiling arrayvec v0.7.4
[INFO] [stderr]    Compiling raw-window-handle v0.5.2
[INFO] [stderr]    Compiling accesskit v0.11.2
[INFO] [stderr]    Compiling cpufeatures v0.2.9
[INFO] [stderr]    Compiling tinyvec_macros v0.1.1
[INFO] [stderr]    Compiling tinyvec v1.6.0
[INFO] [stderr]    Compiling sha1 v0.10.6
[INFO] [stderr]    Compiling tiny-skia v0.8.4
[INFO] [stderr]    Compiling zbus_macros v3.14.1
[INFO] [stderr]    Compiling zbus_names v2.6.0
[INFO] [stderr]    Compiling parking_lot v0.12.1
[INFO] [stderr]    Compiling xdg-home v1.0.0
[INFO] [stderr]    Compiling rand v0.8.5
[INFO] [stderr]    Compiling async-executor v1.5.4
[INFO] [stderr]    Compiling derivative v2.2.0
[INFO] [stderr]    Compiling async-recursion v1.0.5
[INFO] [stderr]    Compiling serde_repr v0.1.16
[INFO] [stderr]    Compiling atk-sys v0.18.0
[INFO] [stderr]    Compiling gio-sys v0.18.1
[INFO] [stderr]    Compiling gdk-sys v0.18.0
[INFO] [stderr]    Compiling winit v0.28.7
[INFO] [stderr]    Compiling async-broadcast v0.5.1
[INFO] [stderr]    Compiling ordered-stream v0.2.0
[INFO] [stderr]    Compiling hex v0.4.3
[INFO] [stderr]    Compiling unicode-normalization v0.1.22
[INFO] [stderr]    Compiling glutin_egl_sys v0.5.1
[INFO] [stderr]    Compiling glutin_glx_sys v0.4.0
[INFO] [stderr]    Compiling emath v0.22.0
[INFO] [stderr]    Compiling ecolor v0.22.0
[INFO] [stderr]    Compiling atspi-macros v0.2.0
[INFO] [stderr]    Compiling gdk-pixbuf-sys v0.18.0
[INFO] [stderr]    Compiling pango-sys v0.18.0
[INFO] [stderr]    Compiling cairo-sys-rs v0.18.2
[INFO] [stderr]    Compiling mio v0.8.8
[INFO] [stderr]    Compiling wayland-sys v0.30.1
[INFO] [stderr]    Compiling libudev-sys v0.1.4
[INFO] [stderr]    Compiling num-integer v0.1.45
[INFO] [stderr]    Compiling instant v0.1.12
[INFO] [stderr]    Compiling rustversion v1.0.14
[INFO] [stderr]    Compiling nohash-hasher v0.2.0
[INFO] [stderr]    Compiling rustix v0.38.18
[INFO] [stderr]    Compiling unicode-bidi v0.3.13
[INFO] [stderr]    Compiling epaint v0.22.0
[INFO] [stderr]    Compiling idna v0.4.0
[INFO] [stderr]    Compiling cc v1.0.83
[INFO] [stderr]    Compiling zbus v3.14.1
[INFO] [stderr]    Compiling accesskit_consumer v0.15.2
[INFO] [stderr]    Compiling form_urlencoded v1.2.0
[INFO] [stderr]    Compiling gtk-sys v0.18.0
[INFO] [stderr]    Compiling x11rb-protocol v0.10.0
[INFO] [stderr]    Compiling glutin v0.30.10
[INFO] [stderr]    Compiling iovec v0.1.4
[INFO] [stderr]    Compiling gethostname v0.2.3
[INFO] [stderr]    Compiling num-rational v0.4.1
[INFO] [stderr]    Compiling input-sys v1.17.0
[INFO] [stderr]    Compiling nix v0.10.0
[INFO] [stderr]    Compiling linux-raw-sys v0.4.10
[INFO] [stderr]    Compiling bytes v0.4.12
[INFO] [stderr]    Compiling backtrace v0.3.69
[INFO] [stderr]    Compiling url v2.4.1
[INFO] [stderr]    Compiling egui v0.22.0
[INFO] [stderr]    Compiling glutin-winit v0.3.0
[INFO] [stderr]    Compiling x11 v2.21.0
[INFO] [stderr]    Compiling libloading v0.7.4
[INFO] [stderr]    Compiling home v0.5.5
[INFO] [stderr]    Compiling void v1.0.2
[INFO] [stderr]    Compiling ioctl-sys v0.5.2
[INFO] [stderr]    Compiling gimli v0.28.0
[INFO] [stderr]    Compiling cfg-if v0.1.10
[INFO] [stderr]    Compiling uinput-sys v0.1.7
[INFO] [stderr]    Compiling webbrowser v0.8.11
[INFO] [stderr]    Compiling atspi v0.10.1
[INFO] [stderr]    Compiling x11rb v0.10.1
[INFO] [stderr]    Compiling addr2line v0.21.0
[INFO] [stderr]    Compiling arboard v3.2.1
[INFO] [stderr]    Compiling strum_macros v0.25.2
[INFO] [stderr]    Compiling udev v0.7.0
[INFO] [stderr]    Compiling is-terminal v0.4.9
[INFO] [stderr]    Compiling object v0.32.1
[INFO] [stderr]    Compiling glow v0.12.3
[INFO] [stderr]    Compiling enum_derive v0.1.7
[INFO] [stderr]    Compiling rfd v0.12.0
[INFO] [stderr]    Compiling rustc-demangle v0.1.23
[INFO] [stderr]    Compiling custom_derive v0.1.7
[INFO] [stderr]    Compiling color_quant v1.1.0
[INFO] [stderr]    Compiling image v0.24.7
[INFO] [stderr]    Compiling uinput v0.1.3
[INFO] [stderr]    Compiling egui_glow v0.22.0
[INFO] [stderr]    Compiling strum v0.25.0
[INFO] [stderr]    Compiling input v0.8.3
[INFO] [stderr]    Compiling colored v1.9.4
[INFO] [stderr]    Compiling nix v0.27.1
[INFO] [stderr]    Compiling accesskit_unix v0.5.2
[INFO] [stderr]    Compiling futures-executor v0.3.28
[INFO] [stderr]    Compiling iana-time-zone v0.1.57
[INFO] [stderr]    Compiling base64 v0.21.4
[INFO] [stderr]    Compiling chrono v0.4.31
[INFO] [stderr]    Compiling ron v0.8.1
[INFO] [stderr]    Compiling futures v0.3.28
[INFO] [stderr]    Compiling inputbot v0.6.0 (https://github.com/Bowarc/InputBot?branch=develop#7740e6bd)
[INFO] [stdout] error[E0432]: unresolved imports `nix::fcntl::open`, `nix::fcntl::OFlag`, `nix::sys::stat`
[INFO] [stdout]    --> /opt/rustwide/cargo-home/git/checkouts/inputbot-8a226c85a2afc61b/7740e6b/src/linux/mod.rs:13:13
[INFO] [stdout]     |
[INFO] [stdout] 13  |     fcntl::{open, OFlag},
[INFO] [stdout]     |             ^^^^  ^^^^^ no `OFlag` in `fcntl`
[INFO] [stdout]     |             |
[INFO] [stdout]     |             no `open` in `fcntl`
[INFO] [stdout] 14  |     sys::stat::Mode,
[INFO] [stdout]     |          ^^^^ could not find `stat` in `sys`
[INFO] [stdout]     |
[INFO] [stdout] note: found an item that was configured out
[INFO] [stdout]    --> /opt/rustwide/cargo-home/registry/src/index.crates.io-6f17d22bba15001f/nix-0.27.1/src/fcntl.rs:207:8
[INFO] [stdout]     |
[INFO] [stdout] 207 | pub fn open<P: ?Sized + NixPath>(
[INFO] [stdout]     |        ^^^^
[INFO] [stdout]     = note: the item is gated behind the `fs` feature
[INFO] [stdout] 
[INFO] [stdout] 
[INFO] [stdout] error[E0053]: method `open_restricted` has an incompatible type for trait
[INFO] [stdout]    --> /opt/rustwide/cargo-home/git/checkouts/inputbot-8a226c85a2afc61b/7740e6b/src/linux/mod.rs:225:63
[INFO] [stdout]     |
[INFO] [stdout] 225 |     fn open_restricted(&mut self, path: &Path, flags: i32) -> std::result::Result<RawFd, i32> {
[INFO] [stdout]     |                                                               ^^^^^^^^^^^^^^^^^^^^^^^^^^^^^^^
[INFO] [stdout]     |                                                               |
[INFO] [stdout]     |                                                               expected `OwnedFd`, found `i32`
[INFO] [stdout]     |                                                               help: change the output type to match the trait: `Result<OwnedFd, i32>`
[INFO] [stdout]     |
[INFO] [stdout]     = note: expected signature `fn(&mut LibinputInterfaceRaw, &Path, _) -> Result<OwnedFd, _>`
[INFO] [stdout]                found signature `fn(&mut LibinputInterfaceRaw, &Path, _) -> Result<i32, _>`
[INFO] [stdout] 
[INFO] [stdout] 
[INFO] [stdout] error[E0053]: method `close_restricted` has an incompatible type for trait
[INFO] [stdout]    --> /opt/rustwide/cargo-home/git/checkouts/inputbot-8a226c85a2afc61b/7740e6b/src/linux/mod.rs:233:40
[INFO] [stdout]     |
[INFO] [stdout] 233 |     fn close_restricted(&mut self, fd: RawFd) {
[INFO] [stdout]     |                                        ^^^^^
[INFO] [stdout]     |                                        |
[INFO] [stdout]     |                                        expected `OwnedFd`, found `i32`
[INFO] [stdout]     |                                        help: change the parameter type to match the trait: `OwnedFd`
[INFO] [stdout]     |
[INFO] [stdout]     = note: expected signature `fn(&mut LibinputInterfaceRaw, OwnedFd)`
[INFO] [stdout]                found signature `fn(&mut LibinputInterfaceRaw, i32)`
[INFO] [stdout] 
[INFO] [stdout] 
[INFO] [stdout] error: aborting due to 3 previous errors
[INFO] [stdout] 
[INFO] [stdout] 
[INFO] [stdout] Some errors have detailed explanations: E0053, E0432.
[INFO] [stdout] 
[INFO] [stdout] For more information about an error, try `rustc --explain E0053`.
[INFO] [stdout] 
[INFO] [stderr] error: could not compile `inputbot` (lib) due to 4 previous errors
[INFO] [stderr] warning: build failed, waiting for other jobs to finish...
[INFO] running `Command { std: "docker" "inspect" "0dee670b06e5df6c0a322a77e0ea53f8376e9cd37462ee75dd3b45157a3a0acf", kill_on_drop: false }`
[INFO] running `Command { std: "docker" "rm" "-f" "0dee670b06e5df6c0a322a77e0ea53f8376e9cd37462ee75dd3b45157a3a0acf", kill_on_drop: false }`
[INFO] [stdout] 0dee670b06e5df6c0a322a77e0ea53f8376e9cd37462ee75dd3b45157a3a0acf
