[INFO] cloning repository https://github.com/Bolu1/trabajo-server
[INFO] running `Command { std: "git" "-c" "credential.helper=" "-c" "credential.helper=/workspace/cargo-home/bin/git-credential-null" "clone" "--bare" "https://github.com/Bolu1/trabajo-server" "/workspace/cache/git-repos/https%3A%2F%2Fgithub.com%2FBolu1%2Ftrabajo-server", kill_on_drop: false }`
[INFO] [stderr] Cloning into bare repository '/workspace/cache/git-repos/https%3A%2F%2Fgithub.com%2FBolu1%2Ftrabajo-server'...
[INFO] running `Command { std: "git" "rev-parse" "HEAD", kill_on_drop: false }`
[INFO] [stdout] 0ff4e46f8d686b236108c0b2248961346f2033eb
[INFO] testing Bolu1/trabajo-server against 1.75.0 for beta-1.76-1
[INFO] running `Command { std: "git" "clone" "/workspace/cache/git-repos/https%3A%2F%2Fgithub.com%2FBolu1%2Ftrabajo-server" "/workspace/builds/worker-1-tc1/source", kill_on_drop: false }`
[INFO] [stderr] Cloning into '/workspace/builds/worker-1-tc1/source'...
[INFO] [stderr] done.
[INFO] validating manifest of git repo https://github.com/Bolu1/trabajo-server on toolchain 1.75.0
[INFO] running `Command { std: CARGO_HOME="/workspace/cargo-home" RUSTUP_HOME="/workspace/rustup-home" "/workspace/cargo-home/bin/cargo" "+1.75.0" "metadata" "--manifest-path" "Cargo.toml" "--no-deps", kill_on_drop: false }`
[INFO] started tweaking git repo https://github.com/Bolu1/trabajo-server
[INFO] finished tweaking git repo https://github.com/Bolu1/trabajo-server
[INFO] tweaked toml for git repo https://github.com/Bolu1/trabajo-server written to /workspace/builds/worker-1-tc1/source/Cargo.toml
[INFO] crate git repo https://github.com/Bolu1/trabajo-server already has a lockfile, it will not be regenerated
[INFO] running `Command { std: CARGO_HOME="/workspace/cargo-home" RUSTUP_HOME="/workspace/rustup-home" "/workspace/cargo-home/bin/cargo" "+1.75.0" "fetch" "--manifest-path" "Cargo.toml", kill_on_drop: false }`
[INFO] [stderr]     Updating crates.io index
[INFO] [stderr]  Downloading crates ...
[INFO] [stderr]   Downloaded const-oid v0.9.4
[INFO] [stderr]   Downloaded actix-web-codegen v4.2.0
[INFO] [stderr]   Downloaded der v0.7.7
[INFO] [stderr]   Downloaded actix-web v4.3.1
[INFO] [stderr]   Downloaded actix-http v3.3.1
[INFO] [stderr]   Downloaded clearscreen v1.0.11
[INFO] [stderr]   Downloaded sqlx-macros v0.7.0
[INFO] [stderr]   Downloaded sqlx v0.7.0
[INFO] [stderr]   Downloaded notify-rust v4.8.0
[INFO] [stderr]   Downloaded mac-notification-sys v0.5.6
[INFO] [stderr]   Downloaded command-group v1.0.8
[INFO] [stderr]   Downloaded actix-multipart v0.5.0
[INFO] [stderr]   Downloaded sqlx-macros-core v0.7.0
[INFO] [stderr]   Downloaded cargo-watch v8.4.0
[INFO] [stderr]   Downloaded serde_repr v0.1.14
[INFO] [stderr]   Downloaded tauri-winrt-notification v0.1.2
[INFO] [stderr]   Downloaded sqlx-mysql v0.7.0
[INFO] [stderr]   Downloaded watch v0.2.3
[INFO] [stderr]   Downloaded sqlx-postgres v0.7.0
[INFO] [stderr]   Downloaded watchexec v1.17.2
[INFO] [stderr]   Downloaded sqlx-sqlite v0.7.0
[INFO] [stderr]   Downloaded argon2 v0.5.0
[INFO] [stderr]   Downloaded sqlx-core v0.7.0
[INFO] [stderr]   Downloaded quick-xml v0.23.1
[INFO] running `Command { std: "docker" "create" "-v" "/var/lib/crater-agent-workspace/builds/worker-1-tc1/target:/opt/rustwide/target:rw,Z" "-v" "/var/lib/crater-agent-workspace/builds/worker-1-tc1/source:/opt/rustwide/workdir:ro,Z" "-v" "/var/lib/crater-agent-workspace/cargo-home:/opt/rustwide/cargo-home:ro,Z" "-v" "/var/lib/crater-agent-workspace/rustup-home:/opt/rustwide/rustup-home:ro,Z" "-e" "SOURCE_DIR=/opt/rustwide/workdir" "-e" "CARGO_TARGET_DIR=/opt/rustwide/target" "-e" "CARGO_HOME=/opt/rustwide/cargo-home" "-e" "RUSTUP_HOME=/opt/rustwide/rustup-home" "-w" "/opt/rustwide/workdir" "-m" "1610612736" "--user" "0:0" "--network" "none" "ghcr.io/rust-lang/crates-build-env/linux@sha256:2788e3201cd34a07e3172128adcd8b3090168a8e3bcc40d7c032b9dda1df7d1c" "/opt/rustwide/cargo-home/bin/cargo" "+1.75.0" "metadata" "--no-deps" "--format-version=1", kill_on_drop: false }`
[INFO] [stdout] b15a4e689542e32e4a581ca2c4e62a0a18d613892b76baf7ff206674bbcc71d2
[INFO] running `Command { std: "docker" "start" "-a" "b15a4e689542e32e4a581ca2c4e62a0a18d613892b76baf7ff206674bbcc71d2", kill_on_drop: false }`
[INFO] running `Command { std: "docker" "inspect" "b15a4e689542e32e4a581ca2c4e62a0a18d613892b76baf7ff206674bbcc71d2", kill_on_drop: false }`
[INFO] running `Command { std: "docker" "rm" "-f" "b15a4e689542e32e4a581ca2c4e62a0a18d613892b76baf7ff206674bbcc71d2", kill_on_drop: false }`
[INFO] [stdout] b15a4e689542e32e4a581ca2c4e62a0a18d613892b76baf7ff206674bbcc71d2
[INFO] running `Command { std: "docker" "create" "-v" "/var/lib/crater-agent-workspace/builds/worker-1-tc1/target:/opt/rustwide/target:rw,Z" "-v" "/var/lib/crater-agent-workspace/builds/worker-1-tc1/source:/opt/rustwide/workdir:ro,Z" "-v" "/var/lib/crater-agent-workspace/cargo-home:/opt/rustwide/cargo-home:ro,Z" "-v" "/var/lib/crater-agent-workspace/rustup-home:/opt/rustwide/rustup-home:ro,Z" "-e" "SOURCE_DIR=/opt/rustwide/workdir" "-e" "CARGO_TARGET_DIR=/opt/rustwide/target" "-e" "CARGO_INCREMENTAL=0" "-e" "RUST_BACKTRACE=full" "-e" "RUSTFLAGS=--cap-lints=warn" "-e" "RUSTDOCFLAGS=--cap-lints=warn" "-e" "CARGO_HOME=/opt/rustwide/cargo-home" "-e" "RUSTUP_HOME=/opt/rustwide/rustup-home" "-w" "/opt/rustwide/workdir" "-m" "1610612736" "--user" "0:0" "--network" "none" "ghcr.io/rust-lang/crates-build-env/linux@sha256:2788e3201cd34a07e3172128adcd8b3090168a8e3bcc40d7c032b9dda1df7d1c" "/opt/rustwide/cargo-home/bin/cargo" "+1.75.0" "build" "--frozen" "--message-format=json", kill_on_drop: false }`
[INFO] [stdout] cb7cfd2f815005716557c2e2ee8bcdacac2ede430a359e64bf490efbdf10fe41
[INFO] running `Command { std: "docker" "start" "-a" "cb7cfd2f815005716557c2e2ee8bcdacac2ede430a359e64bf490efbdf10fe41", kill_on_drop: false }`
[INFO] [stderr] warning: trabajo-server v0.1.0 (/opt/rustwide/workdir) ignoring invalid dependency `cargo-watch` which is missing a lib target
[INFO] [stderr]    Compiling libc v0.2.147
[INFO] [stderr]    Compiling proc-macro2 v1.0.64
[INFO] [stderr]    Compiling unicode-ident v1.0.10
[INFO] [stderr]    Compiling quote v1.0.29
[INFO] [stderr]    Compiling once_cell v1.18.0
[INFO] [stderr]    Compiling value-bag v1.4.1
[INFO] [stderr]    Compiling futures-core v0.3.28
[INFO] [stderr]    Compiling pin-project-lite v0.2.10
[INFO] [stderr]    Compiling crossbeam-utils v0.8.16
[INFO] [stderr]    Compiling futures-io v0.3.28
[INFO] [stderr]    Compiling serde v1.0.171
[INFO] [stderr]    Compiling memchr v2.5.0
[INFO] [stderr]    Compiling log v0.4.19
[INFO] [stderr]    Compiling lock_api v0.4.10
[INFO] [stderr]    Compiling slab v0.4.8
[INFO] [stderr]    Compiling pkg-config v0.3.27
[INFO] [stderr]    Compiling generic-array v0.14.7
[INFO] [stderr]    Compiling bytes v1.4.0
[INFO] [stderr]    Compiling itoa v1.0.8
[INFO] [stderr]    Compiling smallvec v1.11.0
[INFO] [stderr]    Compiling parking_lot_core v0.9.8
[INFO] [stderr]    Compiling syn v2.0.25
[INFO] [stderr]    Compiling subtle v2.5.0
[INFO] [stderr]    Compiling tracing-core v0.1.31
[INFO] [stderr]    Compiling ahash v0.8.3
[INFO] [stderr]    Compiling fastrand v1.9.0
[INFO] [stderr]    Compiling futures-task v0.3.28
[INFO] [stderr]    Compiling futures-sink v0.3.28
[INFO] [stderr]    Compiling jobserver v0.1.26
[INFO] [stderr]    Compiling socket2 v0.4.9
[INFO] [stderr]    Compiling getrandom v0.2.10
[INFO] [stderr]    Compiling cc v1.0.79
[INFO] [stderr]    Compiling crypto-common v0.1.6
[INFO] [stderr]    Compiling block-buffer v0.10.4
[INFO] [stderr]    Compiling digest v0.10.7
[INFO] [stderr]    Compiling num_cpus v1.16.0
[INFO] [stderr]    Compiling waker-fn v1.1.0
[INFO] [stderr]    Compiling tinyvec_macros v0.1.1
[INFO] [stderr]    Compiling parking_lot v0.12.1
[INFO] [stderr]    Compiling parking v2.1.0
[INFO] [stderr]    Compiling tinyvec v1.6.0
[INFO] [stderr]    Compiling concurrent-queue v2.2.0
[INFO] [stderr]    Compiling io-lifetimes v1.0.11
[INFO] [stderr]    Compiling async-lock v2.7.0
[INFO] [stderr]    Compiling unicode-bidi v0.3.13
[INFO] [stderr]    Compiling percent-encoding v2.3.0
[INFO] [stderr]    Compiling polling v2.8.0
[INFO] [stderr]    Compiling paste v1.0.13
[INFO] [stderr]    Compiling thiserror v1.0.43
[INFO] [stderr]    Compiling ryu v1.0.14
[INFO] [stderr]    Compiling cpufeatures v0.2.9
[INFO] [stderr]    Compiling linux-raw-sys v0.3.8
[INFO] [stderr]    Compiling futures-util v0.3.28
[INFO] [stderr]    Compiling async-task v4.4.0
[INFO] [stderr]    Compiling unicode-normalization v0.1.22
[INFO] [stderr]    Compiling openssl-sys v0.9.90
[INFO] [stderr]    Compiling form_urlencoded v1.2.0
[INFO] [stderr]    Compiling async-io v1.13.0
[INFO] [stderr]    Compiling tokio v1.29.1
[INFO] [stderr]    Compiling async-channel v1.9.0
[INFO] [stderr]    Compiling mio v0.8.8
[INFO] [stderr]    Compiling signal-hook-registry v1.4.1
[INFO] [stderr]    Compiling num-traits v0.2.15
[INFO] [stderr]    Compiling syn v1.0.109
[INFO] [stderr]    Compiling idna v0.4.0
[INFO] [stderr]    Compiling atomic-waker v1.1.1
[INFO] [stderr]    Compiling simd-adler32 v0.3.5
[INFO] [stderr]    Compiling foreign-types-shared v0.1.1
[INFO] [stderr]    Compiling openssl v0.10.55
[INFO] [stderr]    Compiling allocator-api2 v0.2.15
[INFO] [stderr]    Compiling foreign-types v0.3.2
[INFO] [stderr]    Compiling regex-syntax v0.7.3
[INFO] [stderr]    Compiling native-tls v0.2.11
[INFO] [stderr]    Compiling rand_core v0.6.4
[INFO] [stderr]    Compiling openssl-probe v0.1.5
[INFO] [stderr]    Compiling serde_json v1.0.100
[INFO] [stderr]    Compiling rustix v0.37.23
[INFO] [stderr]    Compiling miniz_oxide v0.7.1
[INFO] [stderr]    Compiling http v0.2.9
[INFO] [stderr]    Compiling zstd-sys v2.0.8+zstd.1.5.5
[INFO] [stderr]    Compiling futures-lite v1.13.0
[INFO] [stderr]    Compiling memoffset v0.9.0
[INFO] [stderr]    Compiling futures-channel v0.3.28
[INFO] [stderr]    Compiling base64 v0.21.2
[INFO] [stderr]    Compiling crossbeam-epoch v0.9.15
[INFO] [stderr]    Compiling iana-time-zone v0.1.57
[INFO] [stderr]    Compiling equivalent v1.0.1
[INFO] [stderr]    Compiling time-core v0.1.1
[INFO] [stderr]    Compiling time-macros v0.2.10
[INFO] [stderr]    Compiling flate2 v1.0.26
[INFO] [stderr]    Compiling rand_chacha v0.3.1
[INFO] [stderr]    Compiling serde_derive v1.0.171
[INFO] [stderr]    Compiling tracing-attributes v0.1.26
[INFO] [stderr]    Compiling thiserror-impl v1.0.43
[INFO] [stderr]    Compiling futures-macro v0.3.28
[INFO] [stderr]    Compiling tokio-macros v2.1.0
[INFO] [stderr]    Compiling openssl-macros v0.1.1
[INFO] [stderr]    Compiling aho-corasick v1.0.2
[INFO] [stderr]    Compiling tracing v0.1.37
[INFO] [stderr]    Compiling bytestring v1.3.0
[INFO] [stderr]    Compiling indexmap v1.9.3
[INFO] [stderr]    Compiling crc-catalog v2.2.0
[INFO] [stderr]    Compiling mime v0.3.17
[INFO] [stderr]    Compiling zstd-safe v6.0.5+zstd.1.5.4
[INFO] [stderr]    Compiling regex-automata v0.3.2
[INFO] [stderr]    Compiling crc v3.0.1
[INFO] [stderr]    Compiling time v0.3.23
[INFO] [stderr]    Compiling hashbrown v0.14.0
[INFO] [stderr]    Compiling tokio-util v0.7.8
[INFO] [stderr]    Compiling rand v0.8.5
[INFO] [stderr]    Compiling crossbeam-queue v0.3.8
[INFO] [stderr]    Compiling blocking v1.3.1
[INFO] [stderr]    Compiling async-executor v1.5.1
[INFO] [stderr]    Compiling url v2.4.0
[INFO] [stderr]    Compiling sha1 v0.10.5
[INFO] [stderr]    Compiling either v1.8.1
[INFO] [stderr]    Compiling futures-intrusive v0.5.0
[INFO] [stderr]    Compiling itertools v0.10.5
[INFO] [stderr]    Compiling num-integer v0.1.45
[INFO] [stderr]    Compiling rayon-core v1.11.0
[INFO] [stderr]    Compiling dotenvy v0.15.7
[INFO] [stderr]    Compiling async-global-executor v2.3.1
[INFO] [stderr]    Compiling crossbeam-deque v0.8.3
[INFO] [stderr]    Compiling regex v1.9.1
[INFO] [stderr]    Compiling actix-rt v2.8.0
[INFO] [stderr]    Compiling actix-utils v3.0.1
[INFO] [stderr]    Compiling nom v7.1.3
[INFO] [stderr]    Compiling actix-service v2.0.2
[INFO] [stderr]    Compiling kv-log-macro v1.0.7
[INFO] [stderr]    Compiling hmac v0.12.1
[INFO] [stderr]    Compiling crossbeam-channel v0.5.8
[INFO] [stderr]    Compiling unicase v2.6.0
[INFO] [stderr]    Compiling encoding_rs v0.8.32
[INFO] [stderr]    Compiling derive_more v0.99.17
[INFO] [stderr]    Compiling hkdf v0.12.3
[INFO] [stderr]    Compiling async-std v1.12.0
[INFO] [stderr]    Compiling actix-router v0.5.1
[INFO] [stderr]    Compiling h2 v0.3.20
[INFO] [stderr]    Compiling sqlformat v0.2.1
[INFO] [stderr]    Compiling atoi v2.0.0
[INFO] [stderr]    Compiling chrono v0.4.26
[INFO] [stderr]    Compiling actix-codec v0.5.1
[INFO] [stderr]    Compiling hashlink v0.8.3
[INFO] [stderr]    Compiling indexmap v2.0.0
[INFO] [stderr]    Compiling local-channel v0.1.3
[INFO] [stderr]    Compiling stringprep v0.1.2
[INFO] [stderr]    Compiling sha2 v0.10.7
[INFO] [stderr]    Compiling md-5 v0.10.5
[INFO] [stderr]    Compiling tempfile v3.6.0
[INFO] [stderr]    Compiling bitflags v2.3.3
[INFO] [stderr]    Compiling uuid v1.4.0
[INFO] [stderr]    Compiling home v0.5.5
[INFO] [stderr]    Compiling ucd-trie v0.1.6
[INFO] [stderr]    Compiling byteorder v1.4.3
[INFO] [stderr]    Compiling whoami v1.4.1
[INFO] [stderr]    Compiling pest v2.7.0
[INFO] [stderr]    Compiling actix-web-codegen v4.2.0
[INFO] [stderr]    Compiling ahash v0.7.6
[INFO] [stderr]    Compiling sqlx-core v0.7.0
[INFO] [stderr]    Compiling cookie v0.16.2
[INFO] [stderr]    Compiling actix-server v2.2.0
[INFO] [stderr]    Compiling serde_urlencoded v0.7.1
[INFO] [stderr]    Compiling actix-macros v0.2.3
[INFO] [stderr]    Compiling pin-project-internal v1.1.2
[INFO] [stderr]    Compiling time v0.1.45
[INFO] [stderr]    Compiling spin v0.9.8
[INFO] [stderr]    Compiling num-bigint v0.4.3
[INFO] [stderr]    Compiling rustix v0.38.3
[INFO] [stderr]    Compiling unicode-segmentation v1.10.1
[INFO] [stderr]    Compiling sqlx-postgres v0.7.0
[INFO] [stderr]    Compiling heck v0.4.1
[INFO] [stderr]    Compiling pest_meta v2.7.0
[INFO] [stderr]    Compiling pin-project v1.1.2
[INFO] [stderr]    Compiling mime_guess v2.0.4
[INFO] [stderr]    Compiling rayon v1.7.0
[INFO] [stderr]    Compiling ring v0.16.20
[INFO] [stderr]    Compiling nanorand v0.7.0
[INFO] [stderr]    Compiling num-rational v0.4.1
[INFO] [stderr]    Compiling linux-raw-sys v0.4.3
[INFO] [stderr]    Compiling weezl v0.1.7
[INFO] [stderr]    Compiling async-trait v0.1.71
[INFO] [stderr]    Compiling flume v0.10.14
[INFO] [stderr]    Compiling pest_generator v2.7.0
[INFO] [stderr]    Compiling jpeg-decoder v0.3.0
[INFO] [stderr]    Compiling sqlx-macros-core v0.7.0
[INFO] [stderr]    Compiling fdeflate v0.3.0
[INFO] [stderr]    Compiling zune-inflate v0.2.54
[INFO] [stderr]    Compiling multer v2.1.0
[INFO] [stderr]    Compiling bit_field v0.10.2
[INFO] [stderr]    Compiling lebe v0.5.2
[INFO] [stderr]    Compiling match_cfg v0.1.0
[INFO] [stderr]    Compiling color_quant v1.1.0
[INFO] [stderr]    Compiling bytemuck v1.13.1
[INFO] [stderr]    Compiling base64ct v1.6.0
[INFO] [stderr]    Compiling half v2.2.1
[INFO] [stderr]    Compiling pem v1.1.1
[INFO] [stderr]    Compiling password-hash v0.5.0
[INFO] [stderr]    Compiling exr v1.7.0
[INFO] [stderr]    Compiling qoi v0.4.1
[INFO] [stderr]    Compiling gif v0.12.0
[INFO] [stderr]    Compiling hostname v0.3.1
[INFO] [stderr]    Compiling simple_asn1 v0.6.2
[INFO] [stderr]    Compiling png v0.17.9
[INFO] [stderr]    Compiling tiff v0.8.1
[INFO] [stderr]    Compiling pest_derive v2.7.0
[INFO] [stderr]    Compiling is-terminal v0.4.9
[INFO] [stderr]    Compiling sqlx-macros v0.7.0
[INFO] [stderr]    Compiling tokio-native-tls v0.3.1
[INFO] [stderr]    Compiling email-encoding v0.2.0
[INFO] [stderr]    Compiling idna v0.3.0
[INFO] [stderr]    Compiling blake2 v0.10.6
[INFO] [stderr]    Compiling humantime v2.1.0
[INFO] [stderr]    Compiling askama_escape v0.10.3
[INFO] [stderr]    Compiling quoted_printable v0.4.8
[INFO] [stderr]    Compiling http-range v0.1.5
[INFO] [stderr]    Compiling email_address v0.2.4
[INFO] [stderr]    Compiling env_logger v0.10.0
[INFO] [stderr]    Compiling argon2 v0.5.0
[INFO] [stderr]    Compiling image v0.24.6
[INFO] [stderr]    Compiling handlebars v4.3.7
[INFO] [stderr]    Compiling lettre v0.10.4
[INFO] [stderr]    Compiling jsonwebtoken v8.3.0
[INFO] [stderr]    Compiling watch v0.2.3
[INFO] [stderr]    Compiling dotenv v0.15.0
[INFO] [stderr]    Compiling sqlx v0.7.0
[INFO] [stderr]    Compiling zstd v0.12.3+zstd.1.5.2
[INFO] [stderr]    Compiling actix-http v3.3.1
[INFO] [stderr]    Compiling actix-web v4.3.1
[INFO] [stderr]    Compiling actix-files v0.6.2
[INFO] [stderr]    Compiling actix-cors v0.6.4
[INFO] [stderr]    Compiling actix-multipart v0.5.0
[INFO] [stderr]    Compiling trabajo-server v0.1.0 (/opt/rustwide/workdir)
[INFO] [stdout] error: error communicating with database: Connection refused (os error 111)
[INFO] [stdout]   --> src/route/user_route.rs:65:24
[INFO] [stdout]    |
[INFO] [stdout] 65 |       let query_result = sqlx::query_as!(
[INFO] [stdout]    |  ________________________^
[INFO] [stdout] 66 | |         User,
[INFO] [stdout] 67 | |         "INSERT INTO users (first_name, last_name, email, password) VALUES ($1, $2, $3, $4) RETURNING *",
[INFO] [stdout] 68 | |         body.first_name.to_string(),
[INFO] [stdout] ...  |
[INFO] [stdout] 71 | |         hashed_password
[INFO] [stdout] 72 | |     )
[INFO] [stdout]    | |_____^
[INFO] [stdout]    |
[INFO] [stdout]    = note: this error originates in the macro `$crate::sqlx_macros::expand_query` which comes from the expansion of the macro `sqlx::query_as` (in Nightly builds, run with -Z macro-backtrace for more info)
[INFO] [stdout] 
[INFO] [stdout] 
[INFO] [stdout] error: error communicating with database: Connection refused (os error 111)
[INFO] [stdout]    --> src/route/user_route.rs:123:24
[INFO] [stdout]     |
[INFO] [stdout] 123 |       let query_result = sqlx::query_as!(
[INFO] [stdout]     |  ________________________^
[INFO] [stdout] 124 | |         User,
[INFO] [stdout] 125 | |         "INSERT INTO users (first_name, last_name, email, password, role) VALUES ($1, $2, $3, $4, $5) RETURNING *",
[INFO] [stdout] 126 | |         body.first_name.to_string(),
[INFO] [stdout] ...   |
[INFO] [stdout] 130 | |         "Admin"
[INFO] [stdout] 131 | |     )
[INFO] [stdout]     | |_____^
[INFO] [stdout]     |
[INFO] [stdout]     = note: this error originates in the macro `$crate::sqlx_macros::expand_query` which comes from the expansion of the macro `sqlx::query_as` (in Nightly builds, run with -Z macro-backtrace for more info)
[INFO] [stdout] 
[INFO] [stdout] 
[INFO] [stdout] error: error communicating with database: Connection refused (os error 111)
[INFO] [stdout]    --> src/route/user_route.rs:160:24
[INFO] [stdout]     |
[INFO] [stdout] 160 |     let query_result = sqlx::query_as!(User, "SELECT * FROM users WHERE email = $1", body.email)
[INFO] [stdout]     |                        ^^^^^^^^^^^^^^^^^^^^^^^^^^^^^^^^^^^^^^^^^^^^^^^^^^^^^^^^^^^^^^^^^^^^^^^^^
[INFO] [stdout]     |
[INFO] [stdout]     = note: this error originates in the macro `$crate::sqlx_macros::expand_query` which comes from the expansion of the macro `sqlx::query_as` (in Nightly builds, run with -Z macro-backtrace for more info)
[INFO] [stdout] 
[INFO] [stdout] 
[INFO] [stdout] error: error communicating with database: Connection refused (os error 111)
[INFO] [stdout]    --> src/route/user_route.rs:239:16
[INFO] [stdout]     |
[INFO] [stdout] 239 |     let user = sqlx::query_as!(User, "SELECT * FROM users WHERE id = $1", user_id)
[INFO] [stdout]     |                ^^^^^^^^^^^^^^^^^^^^^^^^^^^^^^^^^^^^^^^^^^^^^^^^^^^^^^^^^^^^^^^^^^^
[INFO] [stdout]     |
[INFO] [stdout]     = note: this error originates in the macro `$crate::sqlx_macros::expand_query` which comes from the expansion of the macro `sqlx::query_as` (in Nightly builds, run with -Z macro-backtrace for more info)
[INFO] [stdout] 
[INFO] [stdout] 
[INFO] [stdout] error: error communicating with database: Connection refused (os error 111)
[INFO] [stdout]    --> src/route/user_route.rs:260:16
[INFO] [stdout]     |
[INFO] [stdout] 260 |     let user = sqlx::query_as!(User, "SELECT * FROM users WHERE id = $1", user_id)
[INFO] [stdout]     |                ^^^^^^^^^^^^^^^^^^^^^^^^^^^^^^^^^^^^^^^^^^^^^^^^^^^^^^^^^^^^^^^^^^^
[INFO] [stdout]     |
[INFO] [stdout]     = note: this error originates in the macro `$crate::sqlx_macros::expand_query` which comes from the expansion of the macro `sqlx::query_as` (in Nightly builds, run with -Z macro-backtrace for more info)
[INFO] [stdout] 
[INFO] [stdout] 
[INFO] [stdout] error: error communicating with database: Connection refused (os error 111)
[INFO] [stdout]   --> src/route/job_route.rs:38:24
[INFO] [stdout]    |
[INFO] [stdout] 38 |       let query_result = sqlx::query_as!(
[INFO] [stdout]    |  ________________________^
[INFO] [stdout] 39 | |         Job,
[INFO] [stdout] 40 | |         "INSERT INTO jobs (title, company_name, city, country, salary, description) VALUES ($1, $2, $3, $4, $5, $6) RETURNING *",
[INFO] [stdout] 41 | |         body.title.to_string(),
[INFO] [stdout] ...  |
[INFO] [stdout] 46 | |         body.description.to_string()
[INFO] [stdout] 47 | |     )
[INFO] [stdout]    | |_____^
[INFO] [stdout]    |
[INFO] [stdout]    = note: this error originates in the macro `$crate::sqlx_macros::expand_query` which comes from the expansion of the macro `sqlx::query_as` (in Nightly builds, run with -Z macro-backtrace for more info)
[INFO] [stdout] 
[INFO] [stdout] 
[INFO] [stdout] error: error communicating with database: Connection refused (os error 111)
[INFO] [stdout]   --> src/route/job_route.rs:89:16
[INFO] [stdout]    |
[INFO] [stdout] 89 |     let jobs = sqlx::query_as!(Job, "SELECT * FROM jobs ORDER BY RANDOM() LIMIT 10 OFFSET $1", offset)
[INFO] [stdout]    |                ^^^^^^^^^^^^^^^^^^^^^^^^^^^^^^^^^^^^^^^^^^^^^^^^^^^^^^^^^^^^^^^^^^^^^^^^^^^^^^^^^^^^^^^
[INFO] [stdout]    |
[INFO] [stdout]    = note: this error originates in the macro `$crate::sqlx_macros::expand_query` which comes from the expansion of the macro `sqlx::query_as` (in Nightly builds, run with -Z macro-backtrace for more info)
[INFO] [stdout] 
[INFO] [stdout] 
[INFO] [stdout] error: error communicating with database: Connection refused (os error 111)
[INFO] [stdout]    --> src/route/job_route.rs:111:16
[INFO] [stdout]     |
[INFO] [stdout] 111 |       let jobs = sqlx::query_as!(
[INFO] [stdout]     |  ________________^
[INFO] [stdout] 112 | |         Job,
[INFO] [stdout] 113 | |         "SELECT * FROM jobs WHERE id = $1",
[INFO] [stdout] 114 | |         job_uuid
[INFO] [stdout] 115 | |     )
[INFO] [stdout]     | |_____^
[INFO] [stdout]     |
[INFO] [stdout]     = note: this error originates in the macro `$crate::sqlx_macros::expand_query` which comes from the expansion of the macro `sqlx::query_as` (in Nightly builds, run with -Z macro-backtrace for more info)
[INFO] [stdout] 
[INFO] [stdout] 
[INFO] [stdout] error: error communicating with database: Connection refused (os error 111)
[INFO] [stdout]   --> src/route/application_route.rs:44:24
[INFO] [stdout]    |
[INFO] [stdout] 44 |       let query_result = sqlx::query_as!(
[INFO] [stdout]    |  ________________________^
[INFO] [stdout] 45 | |         Application,
[INFO] [stdout] 46 | |         "INSERT INTO applications (job_id, user_id) VALUES ($1, $2) RETURNING *",
[INFO] [stdout] 47 | |             job_id,
[INFO] [stdout] 48 | |             user_id
[INFO] [stdout] 49 | |     )
[INFO] [stdout]    | |_____^
[INFO] [stdout]    |
[INFO] [stdout]    = note: this error originates in the macro `$crate::sqlx_macros::expand_query` which comes from the expansion of the macro `sqlx::query_as` (in Nightly builds, run with -Z macro-backtrace for more info)
[INFO] [stdout] 
[INFO] [stdout] 
[INFO] [stdout] error: error communicating with database: Connection refused (os error 111)
[INFO] [stdout]    --> src/route/application_route.rs:108:25
[INFO] [stdout]     |
[INFO] [stdout] 108 |       let applications =  sqlx::query_as!(
[INFO] [stdout]     |  _________________________^
[INFO] [stdout] 109 | |         FetchApplication,
[INFO] [stdout] 110 | |         "SELECT applications.id, applications.job_id, applications.created_at, users.first_name, users.last_name, users.id AS applicant_id
[INFO] [stdout] 111 | |          FROM applications 
[INFO] [stdout] ...   |
[INFO] [stdout] 114 | |         offset
[INFO] [stdout] 115 | |     )
[INFO] [stdout]     | |_____^
[INFO] [stdout]     |
[INFO] [stdout]     = note: this error originates in the macro `$crate::sqlx_macros::expand_query` which comes from the expansion of the macro `sqlx::query_as` (in Nightly builds, run with -Z macro-backtrace for more info)
[INFO] [stdout] 
[INFO] [stdout] 
[INFO] [stdout] error: error communicating with database: Connection refused (os error 111)
[INFO] [stdout]    --> src/route/application_route.rs:153:25
[INFO] [stdout]     |
[INFO] [stdout] 153 |       let applications =  sqlx::query_as!(
[INFO] [stdout]     |  _________________________^
[INFO] [stdout] 154 | |         FetchApplication,
[INFO] [stdout] 155 | |         "SELECT applications.id, applications.job_id, applications.created_at, users.first_name, users.last_name, users.id AS applicant_id
[INFO] [stdout] 156 | |          FROM applications 
[INFO] [stdout] ...   |
[INFO] [stdout] 159 | |          job_uuid
[INFO] [stdout] 160 | |     )
[INFO] [stdout]     | |_____^
[INFO] [stdout]     |
[INFO] [stdout]     = note: this error originates in the macro `$crate::sqlx_macros::expand_query` which comes from the expansion of the macro `sqlx::query_as` (in Nightly builds, run with -Z macro-backtrace for more info)
[INFO] [stdout] 
[INFO] [stdout] 
[INFO] [stdout] error: error communicating with database: Connection refused (os error 111)
[INFO] [stdout]    --> src/route/application_route.rs:179:24
[INFO] [stdout]     |
[INFO] [stdout] 179 |     let query_result = sqlx::query_as!(Application, "SELECT * FROM applications WHERE user_id = $1 AND job_id = $2", user_id, job_id)
[INFO] [stdout]     |                        ^^^^^^^^^^^^^^^^^^^^^^^^^^^^^^^^^^^^^^^^^^^^^^^^^^^^^^^^^^^^^^^^^^^^^^^^^^^^^^^^^^^^^^^^^^^^^^^^^^^^^^^^^^^^^^
[INFO] [stdout]     |
[INFO] [stdout]     = note: this error originates in the macro `$crate::sqlx_macros::expand_query` which comes from the expansion of the macro `sqlx::query_as` (in Nightly builds, run with -Z macro-backtrace for more info)
[INFO] [stdout] 
[INFO] [stdout] 
[INFO] [stdout] error: error communicating with database: Connection refused (os error 111)
[INFO] [stdout]   --> src/route/file_upload.rs:84:21
[INFO] [stdout]    |
[INFO] [stdout] 84 |               let _ = sqlx::query_as!(
[INFO] [stdout]    |  _____________________^
[INFO] [stdout] 85 | |                 User,
[INFO] [stdout] 86 | |                 "UPDATE users set resume = $1 WHERE id = $2 returning *",
[INFO] [stdout] 87 | |                 destination,
[INFO] [stdout] 88 | |                 user_id
[INFO] [stdout] 89 | |             )
[INFO] [stdout]    | |_____________^
[INFO] [stdout]    |
[INFO] [stdout]    = note: this error originates in the macro `$crate::sqlx_macros::expand_query` which comes from the expansion of the macro `sqlx::query_as` (in Nightly builds, run with -Z macro-backtrace for more info)
[INFO] [stdout] 
[INFO] [stdout] 
[INFO] [stdout] warning: unused import: `model::job_model::Job`
[INFO] [stdout]  --> src/route/job_route.rs:4:5
[INFO] [stdout]   |
[INFO] [stdout] 4 |     model::job_model::Job,
[INFO] [stdout]   |     ^^^^^^^^^^^^^^^^^^^^^
[INFO] [stdout]   |
[INFO] [stdout]   = note: `#[warn(unused_imports)]` on by default
[INFO] [stdout] 
[INFO] [stdout] 
[INFO] [stdout] warning: unused import: `FetchApplication`
[INFO] [stdout]  --> src/route/application_route.rs:4:54
[INFO] [stdout]   |
[INFO] [stdout] 4 |     schema::{application_schema::{CreateApplication, FetchApplication}, job_schema::QueryParam},
[INFO] [stdout]   |                                                      ^^^^^^^^^^^^^^^^
[INFO] [stdout] 
[INFO] [stdout] 
[INFO] [stdout] warning: unused import: `model::user_model::User`
[INFO] [stdout]   --> src/route/file_upload.rs:17:5
[INFO] [stdout]    |
[INFO] [stdout] 17 |     model::user_model::User,
[INFO] [stdout]    |     ^^^^^^^^^^^^^^^^^^^^^^^
[INFO] [stdout] 
[INFO] [stdout] 
[INFO] [stdout] error: aborting due to 13 previous errors; 3 warnings emitted
[INFO] [stdout] 
[INFO] [stdout] 
[INFO] [stderr] error: could not compile `trabajo-server` (bin "trabajo-server") due to 14 previous errors; 3 warnings emitted
[INFO] running `Command { std: "docker" "inspect" "cb7cfd2f815005716557c2e2ee8bcdacac2ede430a359e64bf490efbdf10fe41", kill_on_drop: false }`
[INFO] running `Command { std: "docker" "rm" "-f" "cb7cfd2f815005716557c2e2ee8bcdacac2ede430a359e64bf490efbdf10fe41", kill_on_drop: false }`
[INFO] [stdout] cb7cfd2f815005716557c2e2ee8bcdacac2ede430a359e64bf490efbdf10fe41
