[INFO] cloning repository https://github.com/Bodobolero/my-zero-to-prod-exercises
[INFO] running `Command { std: "git" "-c" "credential.helper=" "-c" "credential.helper=/workspace/cargo-home/bin/git-credential-null" "clone" "--bare" "https://github.com/Bodobolero/my-zero-to-prod-exercises" "/workspace/cache/git-repos/https%3A%2F%2Fgithub.com%2FBodobolero%2Fmy-zero-to-prod-exercises", kill_on_drop: false }`
[INFO] [stderr] Cloning into bare repository '/workspace/cache/git-repos/https%3A%2F%2Fgithub.com%2FBodobolero%2Fmy-zero-to-prod-exercises'...
[INFO] running `Command { std: "git" "rev-parse" "HEAD", kill_on_drop: false }`
[INFO] [stdout] c7939eecc60756218c4eb2b0d06ae9e37df1650d
[INFO] testing Bodobolero/my-zero-to-prod-exercises against 1.75.0 for beta-1.76-1
[INFO] running `Command { std: "git" "clone" "/workspace/cache/git-repos/https%3A%2F%2Fgithub.com%2FBodobolero%2Fmy-zero-to-prod-exercises" "/workspace/builds/worker-4-tc1/source", kill_on_drop: false }`
[INFO] [stderr] Cloning into '/workspace/builds/worker-4-tc1/source'...
[INFO] [stderr] done.
[INFO] validating manifest of git repo https://github.com/Bodobolero/my-zero-to-prod-exercises on toolchain 1.75.0
[INFO] running `Command { std: CARGO_HOME="/workspace/cargo-home" RUSTUP_HOME="/workspace/rustup-home" "/workspace/cargo-home/bin/cargo" "+1.75.0" "metadata" "--manifest-path" "Cargo.toml" "--no-deps", kill_on_drop: false }`
[INFO] removed /workspace/builds/worker-4-tc1/source/.cargo/config.toml
[INFO] started tweaking git repo https://github.com/Bodobolero/my-zero-to-prod-exercises
[INFO] finished tweaking git repo https://github.com/Bodobolero/my-zero-to-prod-exercises
[INFO] tweaked toml for git repo https://github.com/Bodobolero/my-zero-to-prod-exercises written to /workspace/builds/worker-4-tc1/source/Cargo.toml
[INFO] crate git repo https://github.com/Bodobolero/my-zero-to-prod-exercises already has a lockfile, it will not be regenerated
[INFO] running `Command { std: CARGO_HOME="/workspace/cargo-home" RUSTUP_HOME="/workspace/rustup-home" "/workspace/cargo-home/bin/cargo" "+1.75.0" "fetch" "--manifest-path" "Cargo.toml", kill_on_drop: false }`
[INFO] [stderr]     Updating crates.io index
[INFO] [stderr]  Downloading crates ...
[INFO] [stderr]   Downloaded polyval v0.6.0
[INFO] [stderr]   Downloaded actix-session v0.7.2
[INFO] [stderr]   Downloaded aead v0.5.1
[INFO] [stderr]   Downloaded actix-web-lab-derive v0.18.0
[INFO] [stderr]   Downloaded pest_meta v2.5.5
[INFO] [stderr]   Downloaded universal-hash v0.5.0
[INFO] [stderr]   Downloaded actix-web-flash-messages v0.4.2
[INFO] [stderr]   Downloaded pest_generator v2.5.5
[INFO] [stderr]   Downloaded pest_derive v2.5.5
[INFO] [stderr]   Downloaded tracing-actix-web v0.7.2
[INFO] [stderr]   Downloaded wiremock v0.5.17
[INFO] [stderr]   Downloaded serde_cbor_2 v0.12.0-dev
[INFO] [stderr]   Downloaded tracing-bunyan-formatter v0.3.6
[INFO] [stderr]   Downloaded actix-web-lab v0.18.9
[INFO] [stderr]   Downloaded aes-gcm v0.10.1
[INFO] [stderr]   Downloaded mediatype v0.19.13
[INFO] [stderr]   Downloaded serde-aux v4.1.2
[INFO] [stderr]   Downloaded serde_html_form v0.1.1
[INFO] [stderr]   Downloaded impl-more v0.1.1
[INFO] running `Command { std: "docker" "create" "-v" "/var/lib/crater-agent-workspace/builds/worker-4-tc1/target:/opt/rustwide/target:rw,Z" "-v" "/var/lib/crater-agent-workspace/builds/worker-4-tc1/source:/opt/rustwide/workdir:ro,Z" "-v" "/var/lib/crater-agent-workspace/cargo-home:/opt/rustwide/cargo-home:ro,Z" "-v" "/var/lib/crater-agent-workspace/rustup-home:/opt/rustwide/rustup-home:ro,Z" "-e" "SOURCE_DIR=/opt/rustwide/workdir" "-e" "CARGO_TARGET_DIR=/opt/rustwide/target" "-e" "CARGO_HOME=/opt/rustwide/cargo-home" "-e" "RUSTUP_HOME=/opt/rustwide/rustup-home" "-w" "/opt/rustwide/workdir" "-m" "1610612736" "--user" "0:0" "--network" "none" "ghcr.io/rust-lang/crates-build-env/linux@sha256:2788e3201cd34a07e3172128adcd8b3090168a8e3bcc40d7c032b9dda1df7d1c" "/opt/rustwide/cargo-home/bin/cargo" "+1.75.0" "metadata" "--no-deps" "--format-version=1", kill_on_drop: false }`
[INFO] [stdout] d0c84ed672ee0780ba59306b5004581441d232fb7e4ce7018897aa4e28441ed2
[INFO] running `Command { std: "docker" "start" "-a" "d0c84ed672ee0780ba59306b5004581441d232fb7e4ce7018897aa4e28441ed2", kill_on_drop: false }`
[INFO] running `Command { std: "docker" "inspect" "d0c84ed672ee0780ba59306b5004581441d232fb7e4ce7018897aa4e28441ed2", kill_on_drop: false }`
[INFO] running `Command { std: "docker" "rm" "-f" "d0c84ed672ee0780ba59306b5004581441d232fb7e4ce7018897aa4e28441ed2", kill_on_drop: false }`
[INFO] [stdout] d0c84ed672ee0780ba59306b5004581441d232fb7e4ce7018897aa4e28441ed2
[INFO] running `Command { std: "docker" "create" "-v" "/var/lib/crater-agent-workspace/builds/worker-4-tc1/target:/opt/rustwide/target:rw,Z" "-v" "/var/lib/crater-agent-workspace/builds/worker-4-tc1/source:/opt/rustwide/workdir:ro,Z" "-v" "/var/lib/crater-agent-workspace/cargo-home:/opt/rustwide/cargo-home:ro,Z" "-v" "/var/lib/crater-agent-workspace/rustup-home:/opt/rustwide/rustup-home:ro,Z" "-e" "SOURCE_DIR=/opt/rustwide/workdir" "-e" "CARGO_TARGET_DIR=/opt/rustwide/target" "-e" "CARGO_INCREMENTAL=0" "-e" "RUST_BACKTRACE=full" "-e" "RUSTFLAGS=--cap-lints=warn" "-e" "RUSTDOCFLAGS=--cap-lints=warn" "-e" "CARGO_HOME=/opt/rustwide/cargo-home" "-e" "RUSTUP_HOME=/opt/rustwide/rustup-home" "-w" "/opt/rustwide/workdir" "-m" "1610612736" "--user" "0:0" "--network" "none" "ghcr.io/rust-lang/crates-build-env/linux@sha256:2788e3201cd34a07e3172128adcd8b3090168a8e3bcc40d7c032b9dda1df7d1c" "/opt/rustwide/cargo-home/bin/cargo" "+1.75.0" "build" "--frozen" "--message-format=json", kill_on_drop: false }`
[INFO] [stdout] a34980aaaec1742675735117a6812a6d64aebe1fbd1cba3cd5f10fb811feaeb0
[INFO] running `Command { std: "docker" "start" "-a" "a34980aaaec1742675735117a6812a6d64aebe1fbd1cba3cd5f10fb811feaeb0", kill_on_drop: false }`
[INFO] [stderr]    Compiling libc v0.2.139
[INFO] [stderr]    Compiling proc-macro2 v1.0.51
[INFO] [stderr]    Compiling quote v1.0.23
[INFO] [stderr]    Compiling unicode-ident v1.0.6
[INFO] [stderr]    Compiling syn v1.0.107
[INFO] [stderr]    Compiling version_check v0.9.4
[INFO] [stderr]    Compiling pin-project-lite v0.2.9
[INFO] [stderr]    Compiling once_cell v1.17.1
[INFO] [stderr]    Compiling typenum v1.16.0
[INFO] [stderr]    Compiling log v0.4.17
[INFO] [stderr]    Compiling bytes v1.4.0
[INFO] [stderr]    Compiling serde_derive v1.0.152
[INFO] [stderr]    Compiling serde v1.0.152
[INFO] [stderr]    Compiling futures-core v0.3.26
[INFO] [stderr]    Compiling smallvec v1.10.0
[INFO] [stderr]    Compiling itoa v1.0.5
[INFO] [stderr]    Compiling lock_api v0.4.9
[INFO] [stderr]    Compiling parking_lot_core v0.9.7
[INFO] [stderr]    Compiling tokio v1.25.0
[INFO] [stderr]    Compiling subtle v2.4.1
[INFO] [stderr]    Compiling futures-sink v0.3.26
[INFO] [stderr]    Compiling cpufeatures v0.2.5
[INFO] [stderr]    Compiling pkg-config v0.3.26
[INFO] [stderr]    Compiling generic-array v0.14.6
[INFO] [stderr]    Compiling ahash v0.7.6
[INFO] [stderr]    Compiling tinyvec_macros v0.1.1
[INFO] [stderr]    Compiling tracing-core v0.1.30
[INFO] [stderr]    Compiling slab v0.4.7
[INFO] [stderr]    Compiling ryu v1.0.12
[INFO] [stderr]    Compiling futures-task v0.3.26
[INFO] [stderr]    Compiling tinyvec v1.6.0
[INFO] [stderr]    Compiling percent-encoding v2.2.0
[INFO] [stderr]    Compiling futures-channel v0.3.26
[INFO] [stderr]    Compiling untrusted v0.7.1
[INFO] [stderr]    Compiling unicode-bidi v0.3.10
[INFO] [stderr]    Compiling futures-util v0.3.26
[INFO] [stderr]    Compiling spin v0.5.2
[INFO] [stderr]    Compiling futures-io v0.3.26
[INFO] [stderr]    Compiling form_urlencoded v1.1.0
[INFO] [stderr]    Compiling serde_json v1.0.93
[INFO] [stderr]    Compiling ppv-lite86 v0.2.17
[INFO] [stderr]    Compiling fnv v1.0.7
[INFO] [stderr]    Compiling paste v1.0.11
[INFO] [stderr]    Compiling base64 v0.21.0
[INFO] [stderr]    Compiling rustls v0.20.8
[INFO] [stderr]    Compiling http v0.2.8
[INFO] [stderr]    Compiling thiserror v1.0.38
[INFO] [stderr]    Compiling opaque-debug v0.3.0
[INFO] [stderr]    Compiling httparse v1.8.0
[INFO] [stderr]    Compiling getrandom v0.2.8
[INFO] [stderr]    Compiling jobserver v0.1.25
[INFO] [stderr]    Compiling socket2 v0.4.7
[INFO] [stderr]    Compiling num_cpus v1.15.0
[INFO] [stderr]    Compiling rand_core v0.6.4
[INFO] [stderr]    Compiling signal-hook-registry v1.4.1
[INFO] [stderr]    Compiling mio v0.8.6
[INFO] [stderr]    Compiling cc v1.0.79
[INFO] [stderr]    Compiling unicode-normalization v0.1.22
[INFO] [stderr]    Compiling parking_lot v0.12.1
[INFO] [stderr]    Compiling rand_chacha v0.3.1
[INFO] [stderr]    Compiling hashbrown v0.12.3
[INFO] [stderr]    Compiling time-macros v0.2.6
[INFO] [stderr]    Compiling num-traits v0.2.15
[INFO] [stderr]    Compiling rand v0.8.5
[INFO] [stderr]    Compiling bytestring v1.2.0
[INFO] [stderr]    Compiling idna v0.3.0
[INFO] [stderr]    Compiling cookie v0.16.2
[INFO] [stderr]    Compiling httpdate v1.0.2
[INFO] [stderr]    Compiling alloc-no-stdlib v2.0.4
[INFO] [stderr]    Compiling crc32fast v1.3.2
[INFO] [stderr]    Compiling zstd-safe v6.0.4+zstd.1.5.4
[INFO] [stderr]    Compiling local-waker v0.1.3
[INFO] [stderr]    Compiling alloc-stdlib v0.2.2
[INFO] [stderr]    Compiling mime v0.3.16
[INFO] [stderr]    Compiling adler v1.0.2
[INFO] [stderr]    Compiling indexmap v1.9.2
[INFO] [stderr]    Compiling crypto-common v0.1.6
[INFO] [stderr]    Compiling block-buffer v0.10.3
[INFO] [stderr]    Compiling inout v0.1.3
[INFO] [stderr]    Compiling universal-hash v0.5.0
[INFO] [stderr]    Compiling aead v0.5.1
[INFO] [stderr]    Compiling digest v0.10.6
[INFO] [stderr]    Compiling cipher v0.4.3
[INFO] [stderr]    Compiling url v2.3.1
[INFO] [stderr]    Compiling polyval v0.6.0
[INFO] [stderr]    Compiling base64 v0.20.0
[INFO] [stderr]    Compiling hmac v0.12.1
[INFO] [stderr]    Compiling sha2 v0.10.6
[INFO] [stderr]    Compiling aes v0.8.2
[INFO] [stderr]    Compiling ctr v0.9.2
[INFO] [stderr]    Compiling ring v0.16.20
[INFO] [stderr]    Compiling zstd-sys v2.0.7+zstd.1.5.4
[INFO] [stderr]    Compiling hkdf v0.12.3
[INFO] [stderr]    Compiling ghash v0.5.0
[INFO] [stderr]    Compiling openssl-sys v0.9.80
[INFO] [stderr]    Compiling sha1 v0.10.5
[INFO] [stderr]    Compiling tracing v0.1.37
[INFO] [stderr]    Compiling miniz_oxide v0.6.2
[INFO] [stderr]    Compiling brotli-decompressor v2.3.4
[INFO] [stderr]    Compiling actix-service v2.0.2
[INFO] [stderr]    Compiling actix-utils v3.0.1
[INFO] [stderr]    Compiling encoding_rs v0.8.32
[INFO] [stderr]    Compiling parking_lot_core v0.8.6
[INFO] [stderr]    Compiling time v0.3.17
[INFO] [stderr]    Compiling convert_case v0.4.0
[INFO] [stderr]    Compiling aes-gcm v0.10.1
[INFO] [stderr]    Compiling num-integer v0.1.45
[INFO] [stderr]    Compiling unicase v2.6.0
[INFO] [stderr]    Compiling flate2 v1.0.25
[INFO] [stderr]    Compiling instant v0.1.12
[INFO] [stderr]    Compiling crossbeam-utils v0.8.14
[INFO] [stderr]    Compiling language-tags v0.3.2
[INFO] [stderr]    Compiling minimal-lexical v0.2.1
[INFO] [stderr]    Compiling foreign-types-shared v0.1.1
[INFO] [stderr]    Compiling crossbeam-queue v0.3.8
[INFO] [stderr]    Compiling openssl v0.10.45
[INFO] [stderr]    Compiling nom v7.1.3
[INFO] [stderr]    Compiling async-trait v0.1.64
[INFO] [stderr]    Compiling ucd-trie v0.1.5
[INFO] [stderr]    Compiling brotli v3.3.4
[INFO] [stderr]    Compiling parking_lot v0.11.2
[INFO] [stderr]    Compiling foreign-types v0.3.2
[INFO] [stderr]    Compiling rustls-pemfile v1.0.2
[INFO] [stderr]    Compiling dirs-sys v0.3.7
[INFO] [stderr]    Compiling crc-catalog v2.2.0
[INFO] [stderr]    Compiling native-tls v0.2.11
[INFO] [stderr]    Compiling unicode_categories v0.1.1
[INFO] [stderr]    Compiling crc v3.0.1
[INFO] [stderr]    Compiling dirs v4.0.0
[INFO] [stderr]    Compiling mime_guess v2.0.4
[INFO] [stderr]    Compiling futures-intrusive v0.4.2
[INFO] [stderr]    Compiling atoi v1.0.0
[INFO] [stderr]    Compiling stringprep v0.1.2
[INFO] [stderr]    Compiling ahash v0.8.3
[INFO] [stderr]    Compiling anyhow v1.0.69
[INFO] [stderr]    Compiling whoami v1.3.0
[INFO] [stderr]    Compiling dotenvy v0.15.6
[INFO] [stderr]    Compiling hex v0.4.3
[INFO] [stderr]    Compiling byteorder v1.4.3
[INFO] [stderr]    Compiling matches v0.1.10
[INFO] [stderr]    Compiling base64 v0.13.1
[INFO] [stderr]    Compiling event-listener v2.5.3
[INFO] [stderr]    Compiling openssl-probe v0.1.5
[INFO] [stderr]    Compiling try-lock v0.2.4
[INFO] [stderr]    Compiling idna v0.2.3
[INFO] [stderr]    Compiling want v0.3.0
[INFO] [stderr]    Compiling hashlink v0.8.1
[INFO] [stderr]    Compiling chrono v0.4.23
[INFO] [stderr]    Compiling md-5 v0.10.5
[INFO] [stderr]    Compiling http-body v0.4.5
[INFO] [stderr]    Compiling regex-automata v0.1.10
[INFO] [stderr]    Compiling tower-service v0.3.2
[INFO] [stderr]    Compiling mediatype v0.19.13
[INFO] [stderr]    Compiling arc-swap v1.6.0
[INFO] [stderr]    Compiling dlv-list v0.3.0
[INFO] [stderr]    Compiling bitflags v1.3.2
[INFO] [stderr]    Compiling uuid v1.3.0
[INFO] [stderr]    Compiling unicode-segmentation v1.10.1
[INFO] [stderr]    Compiling psl-types v2.0.11
[INFO] [stderr]    Compiling overload v0.1.1
[INFO] [stderr]    Compiling publicsuffix v2.2.3
[INFO] [stderr]    Compiling nu-ansi-term v0.46.0
[INFO] [stderr]    Compiling ordered-multimap v0.4.3
[INFO] [stderr]    Compiling tracing-log v0.1.3
[INFO] [stderr]    Compiling matchers v0.1.0
[INFO] [stderr]    Compiling heck v0.4.1
[INFO] [stderr]    Compiling sharded-slab v0.1.4
[INFO] [stderr]    Compiling thread_local v1.1.7
[INFO] [stderr]    Compiling webpki v0.22.0
[INFO] [stderr]    Compiling sct v0.7.0
[INFO] [stderr]    Compiling webpki-roots v0.22.6
[INFO] [stderr]    Compiling linked-hash-map v0.5.6
[INFO] [stderr]    Compiling askama_escape v0.10.3
[INFO] [stderr]    Compiling base64ct v1.5.3
[INFO] [stderr]    Compiling http-range v0.1.5
[INFO] [stderr]    Compiling half v1.8.2
[INFO] [stderr]    Compiling rust-ini v0.18.0
[INFO] [stderr]    Compiling yaml-rust v0.4.5
[INFO] [stderr]    Compiling tokio-stream v0.1.11
[INFO] [stderr]    Compiling password-hash v0.4.2
[INFO] [stderr]    Compiling blake2 v0.10.6
[INFO] [stderr]    Compiling gethostname v0.2.3
[INFO] [stderr]    Compiling ipnet v2.7.1
[INFO] [stderr]    Compiling zeroize v1.5.7
[INFO] [stderr]    Compiling impl-more v0.1.1
[INFO] [stderr]    Compiling pathdiff v0.2.1
[INFO] [stderr]    Compiling argon2 v0.4.1
[INFO] [stderr]    Compiling htmlescape v0.3.1
[INFO] [stderr]    Compiling urlencoding v2.1.2
[INFO] [stderr]    Compiling tokio-macros v1.8.2
[INFO] [stderr]    Compiling tracing-attributes v0.1.23
[INFO] [stderr]    Compiling futures-macro v0.3.26
[INFO] [stderr]    Compiling thiserror-impl v1.0.38
[INFO] [stderr]    Compiling derive_more v0.99.17
[INFO] [stderr]    Compiling actix-macros v0.2.3
[INFO] [stderr]    Compiling openssl-macros v0.1.0
[INFO] [stderr]    Compiling pin-project-internal v1.0.12
[INFO] [stderr]    Compiling actix-web-lab-derive v0.18.0
[INFO] [stderr]    Compiling tokio-rustls v0.23.4
[INFO] [stderr]    Compiling sqlx-rt v0.6.2
[INFO] [stderr]    Compiling pest v2.5.5
[INFO] [stderr]    Compiling tracing-subscriber v0.3.16
[INFO] [stderr]    Compiling pin-project v1.0.12
[INFO] [stderr]    Compiling pest_meta v2.5.5
[INFO] [stderr]    Compiling pest_generator v2.5.5
[INFO] [stderr]    Compiling pest_derive v2.5.5
[INFO] [stderr]    Compiling local-channel v0.1.3
[INFO] [stderr]    Compiling futures-executor v0.3.26
[INFO] [stderr]    Compiling futures v0.3.26
[INFO] [stderr]    Compiling tokio-util v0.7.7
[INFO] [stderr]    Compiling actix-rt v2.8.0
[INFO] [stderr]    Compiling tokio-native-tls v0.3.1
[INFO] [stderr]    Compiling zstd v0.12.3+zstd.1.5.2
[INFO] [stderr]    Compiling actix-server v2.2.0
[INFO] [stderr]    Compiling h2 v0.3.15
[INFO] [stderr]    Compiling actix-codec v0.5.0
[INFO] [stderr]    Compiling combine v4.6.6
[INFO] [stderr]    Compiling either v1.8.1
[INFO] [stderr]    Compiling actix-router v0.5.1
[INFO] [stderr]    Compiling serde_urlencoded v0.7.1
[INFO] [stderr]    Compiling ron v0.7.1
[INFO] [stderr]    Compiling csv v1.2.0
[INFO] [stderr]    Compiling json5 v0.4.1
[INFO] [stderr]    Compiling toml v0.5.11
[INFO] [stderr]    Compiling serde_cbor_2 v0.12.0-dev
[INFO] [stderr]    Compiling serde_html_form v0.1.1
[INFO] [stderr]    Compiling secrecy v0.8.0
[INFO] [stderr]    Compiling itertools v0.10.5
[INFO] [stderr]    Compiling cookie_store v0.16.1
[INFO] [stderr]    Compiling actix-web-codegen v4.1.0
[INFO] [stderr]    Compiling validator v0.16.0
[INFO] [stderr]    Compiling tracing-bunyan-formatter v0.3.6
[INFO] [stderr]    Compiling serde-aux v4.1.2
[INFO] [stderr]    Compiling config v0.13.3
[INFO] [stderr]    Compiling sqlformat v0.2.1
[INFO] [stderr]    Compiling sqlx-core v0.6.2
[INFO] [stderr]    Compiling actix-http v3.3.0
[INFO] [stderr]    Compiling hyper v0.14.24
[INFO] [stderr]    Compiling redis v0.21.7
[INFO] [stderr]    Compiling actix-web v4.3.0
[INFO] [stderr]    Compiling hyper-rustls v0.23.2
[INFO] [stderr]    Compiling reqwest v0.11.14
[INFO] [stderr]    Compiling actix-files v0.6.2
[INFO] [stderr]    Compiling tracing-actix-web v0.7.2
[INFO] [stderr]    Compiling actix-web-flash-messages v0.4.2
[INFO] [stderr]    Compiling actix-session v0.7.2
[INFO] [stderr]    Compiling actix-web-lab v0.18.9
[INFO] [stderr]    Compiling sqlx-macros v0.6.2
[INFO] [stderr]    Compiling sqlx v0.6.2
[INFO] [stderr]    Compiling my-zero-to-prod-exercises v0.1.0 (/opt/rustwide/workdir)
[INFO] [stdout] error: error communicating with database: Cannot assign requested address (os error 99)
[INFO] [stdout]   --> src/authentication/password.rs:26:15
[INFO] [stdout]    |
[INFO] [stdout] 26 |       let row = sqlx::query!(
[INFO] [stdout]    |  _______________^
[INFO] [stdout] 27 | |         r#"
[INFO] [stdout] 28 | |         SELECT user_id, password_hash
[INFO] [stdout] 29 | |         FROM users
[INFO] [stdout] ...  |
[INFO] [stdout] 32 | |         username,
[INFO] [stdout] 33 | |     )
[INFO] [stdout]    | |_____^
[INFO] [stdout]    |
[INFO] [stdout]    = note: this error originates in the macro `$crate::sqlx_macros::expand_query` which comes from the expansion of the macro `sqlx::query` (in Nightly builds, run with -Z macro-backtrace for more info)
[INFO] [stdout] 
[INFO] [stdout] 
[INFO] [stdout] error: error communicating with database: Cannot assign requested address (os error 99)
[INFO] [stdout]    --> src/authentication/password.rs:101:5
[INFO] [stdout]     |
[INFO] [stdout] 101 | /     sqlx::query!(
[INFO] [stdout] 102 | |         r#"
[INFO] [stdout] 103 | |         UPDATE users
[INFO] [stdout] 104 | |         SET password_hash = $1
[INFO] [stdout] ...   |
[INFO] [stdout] 108 | |         user_id
[INFO] [stdout] 109 | |     )
[INFO] [stdout]     | |_____^
[INFO] [stdout]     |
[INFO] [stdout]     = note: this error originates in the macro `$crate::sqlx_macros::expand_query` which comes from the expansion of the macro `sqlx::query` (in Nightly builds, run with -Z macro-backtrace for more info)
[INFO] [stdout] 
[INFO] [stdout] 
[INFO] [stdout] error: error communicating with database: Cannot assign requested address (os error 99)
[INFO] [stdout]   --> src/idempotency/persistence.rs:27:26
[INFO] [stdout]    |
[INFO] [stdout] 27 |       let saved_response = sqlx::query!(
[INFO] [stdout]    |  __________________________^
[INFO] [stdout] 28 | |         r#"
[INFO] [stdout] 29 | |         SELECT 
[INFO] [stdout] 30 | |             response_status_code as "response_status_code!", 
[INFO] [stdout] ...  |
[INFO] [stdout] 39 | |         idempotency_key.as_ref()
[INFO] [stdout] 40 | |     )
[INFO] [stdout]    | |_____^
[INFO] [stdout]    |
[INFO] [stdout]    = note: this error originates in the macro `$crate::sqlx_macros::expand_query` which comes from the expansion of the macro `sqlx::query` (in Nightly builds, run with -Z macro-backtrace for more info)
[INFO] [stdout] 
[INFO] [stdout] 
[INFO] [stdout] error: error communicating with database: Cannot assign requested address (os error 99)
[INFO] [stdout]   --> src/idempotency/persistence.rs:78:5
[INFO] [stdout]    |
[INFO] [stdout] 78 | /     sqlx::query_unchecked!(
[INFO] [stdout] 79 | |         r#"
[INFO] [stdout] 80 | |         UPDATE idempotency
[INFO] [stdout] 81 | |         SET 
[INFO] [stdout] ...  |
[INFO] [stdout] 93 | |         body.as_ref()
[INFO] [stdout] 94 | |     )
[INFO] [stdout]    | |_____^
[INFO] [stdout]    |
[INFO] [stdout]    = note: this error originates in the macro `$crate::sqlx_macros::expand_query` which comes from the expansion of the macro `sqlx::query_unchecked` (in Nightly builds, run with -Z macro-backtrace for more info)
[INFO] [stdout] 
[INFO] [stdout] 
[INFO] [stdout] error: error communicating with database: Cannot assign requested address (os error 99)
[INFO] [stdout]    --> src/idempotency/persistence.rs:114:27
[INFO] [stdout]     |
[INFO] [stdout] 114 |       let n_inserted_rows = sqlx::query!(
[INFO] [stdout]     |  ___________________________^
[INFO] [stdout] 115 | |         r#"
[INFO] [stdout] 116 | |         INSERT INTO idempotency (
[INFO] [stdout] 117 | |             user_id, 
[INFO] [stdout] ...   |
[INFO] [stdout] 125 | |         idempotency_key.as_ref()
[INFO] [stdout] 126 | |     )
[INFO] [stdout]     | |_____^
[INFO] [stdout]     |
[INFO] [stdout]     = note: this error originates in the macro `$crate::sqlx_macros::expand_query` which comes from the expansion of the macro `sqlx::query` (in Nightly builds, run with -Z macro-backtrace for more info)
[INFO] [stdout] 
[INFO] [stdout] 
[INFO] [stdout] error: error communicating with database: Cannot assign requested address (os error 99)
[INFO] [stdout]   --> src/issue_delivery_worker.rs:77:13
[INFO] [stdout]    |
[INFO] [stdout] 77 |       let r = sqlx::query!(
[INFO] [stdout]    |  _____________^
[INFO] [stdout] 78 | |         r#"
[INFO] [stdout] 79 | |         SELECT newsletter_issue_id, subscriber_email
[INFO] [stdout] 80 | |         FROM issue_delivery_queue
[INFO] [stdout] ...  |
[INFO] [stdout] 84 | |         "#,
[INFO] [stdout] 85 | |     )
[INFO] [stdout]    | |_____^
[INFO] [stdout]    |
[INFO] [stdout]    = note: this error originates in the macro `$crate::sqlx_macros::expand_query` which comes from the expansion of the macro `sqlx::query` (in Nightly builds, run with -Z macro-backtrace for more info)
[INFO] [stdout] 
[INFO] [stdout] 
[INFO] [stdout] error: error communicating with database: Cannot assign requested address (os error 99)
[INFO] [stdout]    --> src/issue_delivery_worker.rs:105:5
[INFO] [stdout]     |
[INFO] [stdout] 105 | /     sqlx::query!(
[INFO] [stdout] 106 | |         r#"
[INFO] [stdout] 107 | |         DELETE FROM issue_delivery_queue
[INFO] [stdout] 108 | |         WHERE 
[INFO] [stdout] ...   |
[INFO] [stdout] 113 | |         email
[INFO] [stdout] 114 | |     )
[INFO] [stdout]     | |_____^
[INFO] [stdout]     |
[INFO] [stdout]     = note: this error originates in the macro `$crate::sqlx_macros::expand_query` which comes from the expansion of the macro `sqlx::query` (in Nightly builds, run with -Z macro-backtrace for more info)
[INFO] [stdout] 
[INFO] [stdout] 
[INFO] [stdout] error: error communicating with database: Cannot assign requested address (os error 99)
[INFO] [stdout]    --> src/issue_delivery_worker.rs:129:17
[INFO] [stdout]     |
[INFO] [stdout] 129 |       let issue = sqlx::query_as!(
[INFO] [stdout]     |  _________________^
[INFO] [stdout] 130 | |         NewsletterIssue,
[INFO] [stdout] 131 | |         r#"
[INFO] [stdout] 132 | |         SELECT title, text_content, html_content
[INFO] [stdout] ...   |
[INFO] [stdout] 137 | |         issue_id
[INFO] [stdout] 138 | |     )
[INFO] [stdout]     | |_____^
[INFO] [stdout]     |
[INFO] [stdout]     = note: this error originates in the macro `$crate::sqlx_macros::expand_query` which comes from the expansion of the macro `sqlx::query_as` (in Nightly builds, run with -Z macro-backtrace for more info)
[INFO] [stdout] 
[INFO] [stdout] 
[INFO] [stdout] error: error communicating with database: Cannot assign requested address (os error 99)
[INFO] [stdout]   --> src/routes/admin/dashboard.rs:44:15
[INFO] [stdout]    |
[INFO] [stdout] 44 |       let row = sqlx::query!(
[INFO] [stdout]    |  _______________^
[INFO] [stdout] 45 | |         r#"
[INFO] [stdout] 46 | |         SELECT username
[INFO] [stdout] 47 | |         FROM users
[INFO] [stdout] ...  |
[INFO] [stdout] 50 | |         user_id,
[INFO] [stdout] 51 | |     )
[INFO] [stdout]    | |_____^
[INFO] [stdout]    |
[INFO] [stdout]    = note: this error originates in the macro `$crate::sqlx_macros::expand_query` which comes from the expansion of the macro `sqlx::query` (in Nightly builds, run with -Z macro-backtrace for more info)
[INFO] [stdout] 
[INFO] [stdout] 
[INFO] [stdout] error: error communicating with database: Cannot assign requested address (os error 99)
[INFO] [stdout]   --> src/routes/admin/newsletter/post.rs:81:5
[INFO] [stdout]    |
[INFO] [stdout] 81 | /     sqlx::query!(
[INFO] [stdout] 82 | |         r#"
[INFO] [stdout] 83 | |         INSERT INTO newsletter_issues (
[INFO] [stdout] 84 | |             newsletter_issue_id, 
[INFO] [stdout] ...  |
[INFO] [stdout] 95 | |         html_content
[INFO] [stdout] 96 | |     )
[INFO] [stdout]    | |_____^
[INFO] [stdout]    |
[INFO] [stdout]    = note: this error originates in the macro `$crate::sqlx_macros::expand_query` which comes from the expansion of the macro `sqlx::query` (in Nightly builds, run with -Z macro-backtrace for more info)
[INFO] [stdout] 
[INFO] [stdout] 
[INFO] [stdout] error: error communicating with database: Cannot assign requested address (os error 99)
[INFO] [stdout]    --> src/routes/admin/newsletter/post.rs:107:5
[INFO] [stdout]     |
[INFO] [stdout] 107 | /     sqlx::query!(
[INFO] [stdout] 108 | |         r#"
[INFO] [stdout] 109 | |         INSERT INTO issue_delivery_queue (
[INFO] [stdout] 110 | |             newsletter_issue_id, 
[INFO] [stdout] ...   |
[INFO] [stdout] 117 | |         newsletter_issue_id,
[INFO] [stdout] 118 | |     )
[INFO] [stdout]     | |_____^
[INFO] [stdout]     |
[INFO] [stdout]     = note: this error originates in the macro `$crate::sqlx_macros::expand_query` which comes from the expansion of the macro `sqlx::query` (in Nightly builds, run with -Z macro-backtrace for more info)
[INFO] [stdout] 
[INFO] [stdout] 
[INFO] [stdout] error: error communicating with database: Cannot assign requested address (os error 99)
[INFO] [stdout]    --> src/routes/subscriptions.rs:180:5
[INFO] [stdout]     |
[INFO] [stdout] 180 | /     sqlx::query!(
[INFO] [stdout] 181 | |         r#"
[INFO] [stdout] 182 | |             INSERT INTO subscriptions (id, email, name, subscribed_at, status)
[INFO] [stdout] 183 | |             VALUES ($1, $2, $3, $4, 'pending_confirmation')
[INFO] [stdout] ...   |
[INFO] [stdout] 188 | |         Utc::now()
[INFO] [stdout] 189 | |     )
[INFO] [stdout]     | |_____^
[INFO] [stdout]     |
[INFO] [stdout]     = note: this error originates in the macro `$crate::sqlx_macros::expand_query` which comes from the expansion of the macro `sqlx::query` (in Nightly builds, run with -Z macro-backtrace for more info)
[INFO] [stdout] 
[INFO] [stdout] 
[INFO] [stdout] error: error communicating with database: Cannot assign requested address (os error 99)
[INFO] [stdout]    --> src/routes/subscriptions.rs:216:5
[INFO] [stdout]     |
[INFO] [stdout] 216 | /     sqlx::query!(
[INFO] [stdout] 217 | |         r#"INSERT INTO subscription_tokens (subscription_token, subscriber_id)
[INFO] [stdout] 218 | |         VALUES ($1, $2)"#,
[INFO] [stdout] 219 | |         subscription_token,
[INFO] [stdout] 220 | |         subscriber_id
[INFO] [stdout] 221 | |     )
[INFO] [stdout]     | |_____^
[INFO] [stdout]     |
[INFO] [stdout]     = note: this error originates in the macro `$crate::sqlx_macros::expand_query` which comes from the expansion of the macro `sqlx::query` (in Nightly builds, run with -Z macro-backtrace for more info)
[INFO] [stdout] 
[INFO] [stdout] 
[INFO] [stdout] error: error communicating with database: Cannot assign requested address (os error 99)
[INFO] [stdout]   --> src/routes/subscriptions_confirm.rs:53:5
[INFO] [stdout]    |
[INFO] [stdout] 53 | /     sqlx::query!(
[INFO] [stdout] 54 | |         r#"UPDATE subscriptions SET status = 'confirmed' WHERE id = $1"#,
[INFO] [stdout] 55 | |         subscriber_id,
[INFO] [stdout] 56 | |     )
[INFO] [stdout]    | |_____^
[INFO] [stdout]    |
[INFO] [stdout]    = note: this error originates in the macro `$crate::sqlx_macros::expand_query` which comes from the expansion of the macro `sqlx::query` (in Nightly builds, run with -Z macro-backtrace for more info)
[INFO] [stdout] 
[INFO] [stdout] 
[INFO] [stdout] error: error communicating with database: Cannot assign requested address (os error 99)
[INFO] [stdout]   --> src/routes/subscriptions_confirm.rs:67:18
[INFO] [stdout]    |
[INFO] [stdout] 67 |       let result = sqlx::query!(
[INFO] [stdout]    |  __________________^
[INFO] [stdout] 68 | |         r#"SELECT subscriber_id FROM subscription_tokens WHERE subscription_token = $1"#,
[INFO] [stdout] 69 | |         subscription_token,
[INFO] [stdout] 70 | |     )
[INFO] [stdout]    | |_____^
[INFO] [stdout]    |
[INFO] [stdout]    = note: this error originates in the macro `$crate::sqlx_macros::expand_query` which comes from the expansion of the macro `sqlx::query` (in Nightly builds, run with -Z macro-backtrace for more info)
[INFO] [stdout] 
[INFO] [stdout] 
[INFO] [stdout] warning: unused import: `chrono::Utc`
[INFO] [stdout]  --> src/routes/subscriptions.rs:2:5
[INFO] [stdout]   |
[INFO] [stdout] 2 | use chrono::Utc;
[INFO] [stdout]   |     ^^^^^^^^^^^
[INFO] [stdout]   |
[INFO] [stdout]   = note: `#[warn(unused_imports)]` on by default
[INFO] [stdout] 
[INFO] [stdout] 
[INFO] [stdout] warning: unused import: `anyhow::Context`
[INFO] [stdout]  --> src/routes/admin/dashboard.rs:4:5
[INFO] [stdout]   |
[INFO] [stdout] 4 | use anyhow::Context;
[INFO] [stdout]   |     ^^^^^^^^^^^^^^^
[INFO] [stdout] 
[INFO] [stdout] 
[INFO] [stdout] error: aborting due to 15 previous errors; 2 warnings emitted
[INFO] [stdout] 
[INFO] [stdout] 
[INFO] [stderr] error: could not compile `my-zero-to-prod-exercises` (lib) due to 16 previous errors; 2 warnings emitted
[INFO] running `Command { std: "docker" "inspect" "a34980aaaec1742675735117a6812a6d64aebe1fbd1cba3cd5f10fb811feaeb0", kill_on_drop: false }`
[INFO] running `Command { std: "docker" "rm" "-f" "a34980aaaec1742675735117a6812a6d64aebe1fbd1cba3cd5f10fb811feaeb0", kill_on_drop: false }`
[INFO] [stdout] a34980aaaec1742675735117a6812a6d64aebe1fbd1cba3cd5f10fb811feaeb0
