[INFO] cloning repository https://github.com/BoaConst/distributed-video-compression
[INFO] running `Command { std: "git" "-c" "credential.helper=" "-c" "credential.helper=/workspace/cargo-home/bin/git-credential-null" "clone" "--bare" "https://github.com/BoaConst/distributed-video-compression" "/workspace/cache/git-repos/https%3A%2F%2Fgithub.com%2FBoaConst%2Fdistributed-video-compression", kill_on_drop: false }`
[INFO] [stderr] Cloning into bare repository '/workspace/cache/git-repos/https%3A%2F%2Fgithub.com%2FBoaConst%2Fdistributed-video-compression'...
[INFO] running `Command { std: "git" "rev-parse" "HEAD", kill_on_drop: false }`
[INFO] [stdout] 1329e130ca526dab86cf8b6b5c8e39ce4119851b
[INFO] testing BoaConst/distributed-video-compression against 1.75.0 for beta-1.76-1
[INFO] running `Command { std: "git" "clone" "/workspace/cache/git-repos/https%3A%2F%2Fgithub.com%2FBoaConst%2Fdistributed-video-compression" "/workspace/builds/worker-0-tc1/source", kill_on_drop: false }`
[INFO] [stderr] Cloning into '/workspace/builds/worker-0-tc1/source'...
[INFO] [stderr] done.
[INFO] validating manifest of git repo https://github.com/BoaConst/distributed-video-compression on toolchain 1.75.0
[INFO] running `Command { std: CARGO_HOME="/workspace/cargo-home" RUSTUP_HOME="/workspace/rustup-home" "/workspace/cargo-home/bin/cargo" "+1.75.0" "metadata" "--manifest-path" "Cargo.toml" "--no-deps", kill_on_drop: false }`
[INFO] started tweaking git repo https://github.com/BoaConst/distributed-video-compression
[INFO] finished tweaking git repo https://github.com/BoaConst/distributed-video-compression
[INFO] tweaked toml for git repo https://github.com/BoaConst/distributed-video-compression written to /workspace/builds/worker-0-tc1/source/Cargo.toml
[INFO] crate git repo https://github.com/BoaConst/distributed-video-compression already has a lockfile, it will not be regenerated
[INFO] running `Command { std: CARGO_HOME="/workspace/cargo-home" RUSTUP_HOME="/workspace/rustup-home" "/workspace/cargo-home/bin/cargo" "+1.75.0" "fetch" "--manifest-path" "Cargo.toml", kill_on_drop: false }`
[INFO] [stderr]  Downloading crates ...
[INFO] [stderr]   Downloaded ffmpeg-sys-next v6.0.1
[INFO] [stderr]   Downloaded ffmpeg-next v6.0.0
[INFO] running `Command { std: "docker" "create" "-v" "/var/lib/crater-agent-workspace/builds/worker-0-tc1/target:/opt/rustwide/target:rw,Z" "-v" "/var/lib/crater-agent-workspace/builds/worker-0-tc1/source:/opt/rustwide/workdir:ro,Z" "-v" "/var/lib/crater-agent-workspace/cargo-home:/opt/rustwide/cargo-home:ro,Z" "-v" "/var/lib/crater-agent-workspace/rustup-home:/opt/rustwide/rustup-home:ro,Z" "-e" "SOURCE_DIR=/opt/rustwide/workdir" "-e" "CARGO_TARGET_DIR=/opt/rustwide/target" "-e" "CARGO_HOME=/opt/rustwide/cargo-home" "-e" "RUSTUP_HOME=/opt/rustwide/rustup-home" "-w" "/opt/rustwide/workdir" "-m" "1610612736" "--user" "0:0" "--network" "none" "ghcr.io/rust-lang/crates-build-env/linux@sha256:2788e3201cd34a07e3172128adcd8b3090168a8e3bcc40d7c032b9dda1df7d1c" "/opt/rustwide/cargo-home/bin/cargo" "+1.75.0" "metadata" "--no-deps" "--format-version=1", kill_on_drop: false }`
[INFO] [stdout] 4bf8247b2b9121bbdbb9f5f8393e1235f5c4d1ab4118d63b0f68f398512ffc5c
[INFO] running `Command { std: "docker" "start" "-a" "4bf8247b2b9121bbdbb9f5f8393e1235f5c4d1ab4118d63b0f68f398512ffc5c", kill_on_drop: false }`
[INFO] running `Command { std: "docker" "inspect" "4bf8247b2b9121bbdbb9f5f8393e1235f5c4d1ab4118d63b0f68f398512ffc5c", kill_on_drop: false }`
[INFO] running `Command { std: "docker" "rm" "-f" "4bf8247b2b9121bbdbb9f5f8393e1235f5c4d1ab4118d63b0f68f398512ffc5c", kill_on_drop: false }`
[INFO] [stdout] 4bf8247b2b9121bbdbb9f5f8393e1235f5c4d1ab4118d63b0f68f398512ffc5c
[INFO] running `Command { std: "docker" "create" "-v" "/var/lib/crater-agent-workspace/builds/worker-0-tc1/target:/opt/rustwide/target:rw,Z" "-v" "/var/lib/crater-agent-workspace/builds/worker-0-tc1/source:/opt/rustwide/workdir:ro,Z" "-v" "/var/lib/crater-agent-workspace/cargo-home:/opt/rustwide/cargo-home:ro,Z" "-v" "/var/lib/crater-agent-workspace/rustup-home:/opt/rustwide/rustup-home:ro,Z" "-e" "SOURCE_DIR=/opt/rustwide/workdir" "-e" "CARGO_TARGET_DIR=/opt/rustwide/target" "-e" "CARGO_INCREMENTAL=0" "-e" "RUST_BACKTRACE=full" "-e" "RUSTFLAGS=--cap-lints=warn" "-e" "RUSTDOCFLAGS=--cap-lints=warn" "-e" "CARGO_HOME=/opt/rustwide/cargo-home" "-e" "RUSTUP_HOME=/opt/rustwide/rustup-home" "-w" "/opt/rustwide/workdir" "-m" "1610612736" "--user" "0:0" "--network" "none" "ghcr.io/rust-lang/crates-build-env/linux@sha256:2788e3201cd34a07e3172128adcd8b3090168a8e3bcc40d7c032b9dda1df7d1c" "/opt/rustwide/cargo-home/bin/cargo" "+1.75.0" "build" "--frozen" "--message-format=json", kill_on_drop: false }`
[INFO] [stdout] 6b998403a4f7f145d908af2b280681f77466e840271fd0caf6d2c29f693e2d9e
[INFO] running `Command { std: "docker" "start" "-a" "6b998403a4f7f145d908af2b280681f77466e840271fd0caf6d2c29f693e2d9e", kill_on_drop: false }`
[INFO] [stderr]    Compiling memchr v2.5.0
[INFO] [stderr]    Compiling glob v0.3.1
[INFO] [stderr]    Compiling proc-macro2 v1.0.56
[INFO] [stderr]    Compiling quote v1.0.26
[INFO] [stderr]    Compiling minimal-lexical v0.2.1
[INFO] [stderr]    Compiling syn v1.0.109
[INFO] [stderr]    Compiling cfg-if v1.0.0
[INFO] [stderr]    Compiling bindgen v0.64.0
[INFO] [stderr]    Compiling libloading v0.7.4
[INFO] [stderr]    Compiling regex-syntax v0.6.29
[INFO] [stderr]    Compiling rustc-hash v1.1.0
[INFO] [stderr]    Compiling shlex v1.1.0
[INFO] [stderr]    Compiling lazy_static v1.4.0
[INFO] [stderr]    Compiling lazycell v1.3.0
[INFO] [stderr]    Compiling peeking_take_while v0.1.2
[INFO] [stderr]    Compiling num_cpus v1.15.0
[INFO] [stderr]    Compiling pkg-config v0.3.26
[INFO] [stderr]    Compiling ffmpeg-next v6.0.0
[INFO] [stderr]    Compiling clang-sys v1.6.1
[INFO] [stderr]    Compiling nom v7.1.3
[INFO] [stderr]    Compiling regex v1.7.3
[INFO] [stderr]    Compiling cexpr v0.6.0
[INFO] [stderr]    Compiling ffmpeg-sys-next v6.0.1
[INFO] [stderr]    Compiling distributed-video-compression v0.1.0 (/opt/rustwide/workdir)
[INFO] [stdout] error[E0603]: unit variant `AV_CODEC_ID_H264` is private
[INFO] [stdout]   --> src/main.rs:26:40
[INFO] [stdout]    |
[INFO] [stdout] 26 |         .add_stream(ffmpeg::codec::id::AV_CODEC_ID_H264)
[INFO] [stdout]    |                                        ^^^^^^^^^^^^^^^^ private unit variant
[INFO] [stdout]    |
[INFO] [stdout] note: the unit variant `AV_CODEC_ID_H264` is defined here
[INFO] [stdout]   --> /opt/rustwide/cargo-home/registry/src/index.crates.io-6f17d22bba15001f/ffmpeg-next-6.0.0/src/codec/id.rs:4:5
[INFO] [stdout]    |
[INFO] [stdout] 4  | use ffi::AVCodecID::*;
[INFO] [stdout]    |     ^^^^^^^^^^^^^^
[INFO] [stdout] 
[INFO] [stdout] 
[INFO] [stdout] error[E0599]: no method named `get` found for struct `StreamIter` in the current scope
[INFO] [stdout]   --> src/main.rs:15:48
[INFO] [stdout]    |
[INFO] [stdout] 15 |     let video_stream = input_context.streams().get(video_stream_index).unwrap();
[INFO] [stdout]    |                                                ^^^ method not found in `StreamIter<'_>`
[INFO] [stdout] 
[INFO] [stdout] 
[INFO] [stdout] error[E0277]: the trait bound `AVCodecID: ffmpeg_next::codec::traits::Encoder` is not satisfied
[INFO] [stdout]   --> src/main.rs:26:21
[INFO] [stdout]    |
[INFO] [stdout] 26 |         .add_stream(ffmpeg::codec::id::AV_CODEC_ID_H264)
[INFO] [stdout]    |          ---------- ^^^^^^^^^^^^^^^^^^^^^^^^^^^^^^^^^^^ the trait `ffmpeg_next::codec::traits::Encoder` is not implemented for `AVCodecID`
[INFO] [stdout]    |          |
[INFO] [stdout]    |          required by a bound introduced by this call
[INFO] [stdout]    |
[INFO] [stdout]    = help: the following other types implement trait `ffmpeg_next::codec::traits::Encoder`:
[INFO] [stdout]              Id
[INFO] [stdout]              Codec
[INFO] [stdout]              ffmpeg_next::codec::Video
[INFO] [stdout]              ffmpeg_next::codec::Audio
[INFO] [stdout]              Option<Codec>
[INFO] [stdout]              &'a str
[INFO] [stdout] note: required by a bound in `ffmpeg_next::format::context::Output::add_stream`
[INFO] [stdout]   --> /opt/rustwide/cargo-home/registry/src/index.crates.io-6f17d22bba15001f/ffmpeg-next-6.0.0/src/format/context/output.rs:73:26
[INFO] [stdout]    |
[INFO] [stdout] 73 |     pub fn add_stream<E: traits::Encoder>(&mut self, codec: E) -> Result<StreamMut, Error> {
[INFO] [stdout]    |                          ^^^^^^^^^^^^^^^ required by this bound in `Output::add_stream`
[INFO] [stdout] 
[INFO] [stdout] 
[INFO] [stdout] error[E0599]: no method named `read_packet` found for struct `ffmpeg_next::format::context::Input` in the current scope
[INFO] [stdout]   --> src/main.rs:49:58
[INFO] [stdout]    |
[INFO] [stdout] 49 |     while let Ok(Some(mut input_packet)) = input_context.read_packet() {
[INFO] [stdout]    |                                                          ^^^^^^^^^^^ method not found in `Input`
[INFO] [stdout] 
[INFO] [stdout] 
[INFO] [stdout] error[E0599]: no method named `encode` found for struct `ffmpeg_next::encoder::video::Video` in the current scope
[INFO] [stdout]   --> src/main.rs:58:27
[INFO] [stdout]    |
[INFO] [stdout] 58 |             video_encoder.encode(&input_frame, &mut output_packet).unwrap();
[INFO] [stdout]    |                           ^^^^^^ help: there is a method with a similar name: `encoder`
[INFO] [stdout] 
[INFO] [stdout] 
[INFO] [stdout] error[E0599]: no method named `time_base` found for struct `ffmpeg_next::encoder::video::Video` in the current scope
[INFO] [stdout]   --> src/main.rs:62:56
[INFO] [stdout]    |
[INFO] [stdout] 62 |                 output_packet.rescale_ts(video_encoder.time_base(), output_video_stream.time_base());
[INFO] [stdout]    |                                                        ^^^^^^^^^ help: there is a method with a similar name: `set_time_base`
[INFO] [stdout] 
[INFO] [stdout] 
[INFO] [stdout] error[E0599]: no method named `set_stream_index` found for struct `ffmpeg_next::Packet` in the current scope
[INFO] [stdout]   --> src/main.rs:63:31
[INFO] [stdout]    |
[INFO] [stdout] 63 |                 output_packet.set_stream_index(output_video_stream.index());
[INFO] [stdout]    |                               ^^^^^^^^^^^^^^^^ help: there is a method with a similar name: `set_stream`
[INFO] [stdout] 
[INFO] [stdout] 
[INFO] [stdout] error[E0599]: no method named `write_packet` found for struct `ffmpeg_next::format::context::Output` in the current scope
[INFO] [stdout]   --> src/main.rs:64:32
[INFO] [stdout]    |
[INFO] [stdout] 64 |                 output_context.write_packet(&mut output_packet).unwrap();
[INFO] [stdout]    |                                ^^^^^^^^^^^^ method not found in `Output`
[INFO] [stdout] 
[INFO] [stdout] 
[INFO] [stdout] error[E0599]: no method named `flush` found for struct `ffmpeg_next::encoder::video::Video` in the current scope
[INFO] [stdout]   --> src/main.rs:70:19
[INFO] [stdout]    |
[INFO] [stdout] 70 |     video_encoder.flush(&mut packet).unwrap();
[INFO] [stdout]    |                   ^^^^^ method not found in `Video`
[INFO] [stdout] 
[INFO] [stdout] 
[INFO] [stdout] error[E0599]: no method named `time_base` found for struct `ffmpeg_next::encoder::video::Video` in the current scope
[INFO] [stdout]   --> src/main.rs:72:41
[INFO] [stdout]    |
[INFO] [stdout] 72 |         packet.rescale_ts(video_encoder.time_base(), output_video_stream.time_base());
[INFO] [stdout]    |                                         ^^^^^^^^^ help: there is a method with a similar name: `set_time_base`
[INFO] [stdout] 
[INFO] [stdout] 
[INFO] [stdout] error[E0599]: no method named `set_stream_index` found for struct `ffmpeg_next::Packet` in the current scope
[INFO] [stdout]   --> src/main.rs:73:16
[INFO] [stdout]    |
[INFO] [stdout] 73 |         packet.set_stream_index(output_video_stream.index());
[INFO] [stdout]    |                ^^^^^^^^^^^^^^^^ help: there is a method with a similar name: `set_stream`
[INFO] [stdout] 
[INFO] [stdout] 
[INFO] [stdout] error[E0599]: no method named `write_packet` found for struct `ffmpeg_next::format::context::Output` in the current scope
[INFO] [stdout]   --> src/main.rs:74:24
[INFO] [stdout]    |
[INFO] [stdout] 74 |         output_context.write_packet(&mut packet).unwrap();
[INFO] [stdout]    |                        ^^^^^^^^^^^^ method not found in `Output`
[INFO] [stdout] 
[INFO] [stdout] 
[INFO] [stdout] error[E0599]: no method named `close_input` found for struct `ffmpeg_next::format::context::Input` in the current scope
[INFO] [stdout]   --> src/main.rs:78:19
[INFO] [stdout]    |
[INFO] [stdout] 78 |     input_context.close_input().unwrap();
[INFO] [stdout]    |                   ^^^^^^^^^^^ method not found in `Input`
[INFO] [stdout] 
[INFO] [stdout] 
[INFO] [stdout] error[E0599]: no method named `close_output` found for struct `ffmpeg_next::format::context::Output` in the current scope
[INFO] [stdout]   --> src/main.rs:79:20
[INFO] [stdout]    |
[INFO] [stdout] 79 |     output_context.close_output().unwrap();
[INFO] [stdout]    |                    ^^^^^^^^^^^^ method not found in `Output`
[INFO] [stdout] 
[INFO] [stdout] 
[INFO] [stdout] error: aborting due to 14 previous errors
[INFO] [stdout] 
[INFO] [stdout] 
[INFO] [stdout] Some errors have detailed explanations: E0277, E0599, E0603.
[INFO] [stdout] 
[INFO] [stdout] For more information about an error, try `rustc --explain E0277`.
[INFO] [stdout] 
[INFO] [stderr] error: could not compile `distributed-video-compression` (bin "distributed-video-compression") due to 15 previous errors
[INFO] running `Command { std: "docker" "inspect" "6b998403a4f7f145d908af2b280681f77466e840271fd0caf6d2c29f693e2d9e", kill_on_drop: false }`
[INFO] running `Command { std: "docker" "rm" "-f" "6b998403a4f7f145d908af2b280681f77466e840271fd0caf6d2c29f693e2d9e", kill_on_drop: false }`
[INFO] [stdout] 6b998403a4f7f145d908af2b280681f77466e840271fd0caf6d2c29f693e2d9e
[INFO] testing BoaConst/distributed-video-compression against beta-2023-12-22 for beta-1.76-1
[INFO] running `Command { std: "git" "clone" "/workspace/cache/git-repos/https%3A%2F%2Fgithub.com%2FBoaConst%2Fdistributed-video-compression" "/workspace/builds/worker-0-tc2/source", kill_on_drop: false }`
[INFO] [stderr] Cloning into '/workspace/builds/worker-0-tc2/source'...
[INFO] [stderr] done.
[INFO] validating manifest of git repo https://github.com/BoaConst/distributed-video-compression on toolchain beta-2023-12-22
[INFO] running `Command { std: CARGO_HOME="/workspace/cargo-home" RUSTUP_HOME="/workspace/rustup-home" "/workspace/cargo-home/bin/cargo" "+beta-2023-12-22" "metadata" "--manifest-path" "Cargo.toml" "--no-deps", kill_on_drop: false }`
[INFO] started tweaking git repo https://github.com/BoaConst/distributed-video-compression
[INFO] finished tweaking git repo https://github.com/BoaConst/distributed-video-compression
[INFO] tweaked toml for git repo https://github.com/BoaConst/distributed-video-compression written to /workspace/builds/worker-0-tc2/source/Cargo.toml
[INFO] crate git repo https://github.com/BoaConst/distributed-video-compression already has a lockfile, it will not be regenerated
[INFO] running `Command { std: CARGO_HOME="/workspace/cargo-home" RUSTUP_HOME="/workspace/rustup-home" "/workspace/cargo-home/bin/cargo" "+beta-2023-12-22" "fetch" "--manifest-path" "Cargo.toml", kill_on_drop: false }`
[INFO] running `Command { std: "docker" "create" "-v" "/var/lib/crater-agent-workspace/builds/worker-0-tc2/target:/opt/rustwide/target:rw,Z" "-v" "/var/lib/crater-agent-workspace/builds/worker-0-tc2/source:/opt/rustwide/workdir:ro,Z" "-v" "/var/lib/crater-agent-workspace/cargo-home:/opt/rustwide/cargo-home:ro,Z" "-v" "/var/lib/crater-agent-workspace/rustup-home:/opt/rustwide/rustup-home:ro,Z" "-e" "SOURCE_DIR=/opt/rustwide/workdir" "-e" "CARGO_TARGET_DIR=/opt/rustwide/target" "-e" "CARGO_HOME=/opt/rustwide/cargo-home" "-e" "RUSTUP_HOME=/opt/rustwide/rustup-home" "-w" "/opt/rustwide/workdir" "-m" "1610612736" "--user" "0:0" "--network" "none" "ghcr.io/rust-lang/crates-build-env/linux@sha256:2788e3201cd34a07e3172128adcd8b3090168a8e3bcc40d7c032b9dda1df7d1c" "/opt/rustwide/cargo-home/bin/cargo" "+beta-2023-12-22" "metadata" "--no-deps" "--format-version=1", kill_on_drop: false }`
[INFO] [stdout] e941f4a8fb32d261d768a62c00de674602b122c4f48bafec8ad32eb1e025d268
[INFO] running `Command { std: "docker" "start" "-a" "e941f4a8fb32d261d768a62c00de674602b122c4f48bafec8ad32eb1e025d268", kill_on_drop: false }`
[INFO] running `Command { std: "docker" "inspect" "e941f4a8fb32d261d768a62c00de674602b122c4f48bafec8ad32eb1e025d268", kill_on_drop: false }`
[INFO] running `Command { std: "docker" "rm" "-f" "e941f4a8fb32d261d768a62c00de674602b122c4f48bafec8ad32eb1e025d268", kill_on_drop: false }`
[INFO] [stdout] e941f4a8fb32d261d768a62c00de674602b122c4f48bafec8ad32eb1e025d268
[INFO] running `Command { std: "docker" "create" "-v" "/var/lib/crater-agent-workspace/builds/worker-0-tc2/target:/opt/rustwide/target:rw,Z" "-v" "/var/lib/crater-agent-workspace/builds/worker-0-tc2/source:/opt/rustwide/workdir:ro,Z" "-v" "/var/lib/crater-agent-workspace/cargo-home:/opt/rustwide/cargo-home:ro,Z" "-v" "/var/lib/crater-agent-workspace/rustup-home:/opt/rustwide/rustup-home:ro,Z" "-e" "SOURCE_DIR=/opt/rustwide/workdir" "-e" "CARGO_TARGET_DIR=/opt/rustwide/target" "-e" "CARGO_INCREMENTAL=0" "-e" "RUST_BACKTRACE=full" "-e" "RUSTFLAGS=--cap-lints=warn" "-e" "RUSTDOCFLAGS=--cap-lints=warn" "-e" "CARGO_HOME=/opt/rustwide/cargo-home" "-e" "RUSTUP_HOME=/opt/rustwide/rustup-home" "-w" "/opt/rustwide/workdir" "-m" "1610612736" "--user" "0:0" "--network" "none" "ghcr.io/rust-lang/crates-build-env/linux@sha256:2788e3201cd34a07e3172128adcd8b3090168a8e3bcc40d7c032b9dda1df7d1c" "/opt/rustwide/cargo-home/bin/cargo" "+beta-2023-12-22" "build" "--frozen" "--message-format=json", kill_on_drop: false }`
[INFO] [stdout] e4372c7ae03880b7971418a8e153cda8516cdde78c7a267c7d9c1e4bb5335e52
[INFO] running `Command { std: "docker" "start" "-a" "e4372c7ae03880b7971418a8e153cda8516cdde78c7a267c7d9c1e4bb5335e52", kill_on_drop: false }`
[INFO] [stderr]    Compiling proc-macro2 v1.0.56
[INFO] [stderr]    Compiling memchr v2.5.0
[INFO] [stderr]    Compiling glob v0.3.1
[INFO] [stderr]    Compiling quote v1.0.26
[INFO] [stderr]    Compiling minimal-lexical v0.2.1
[INFO] [stderr]    Compiling syn v1.0.109
[INFO] [stderr]    Compiling cfg-if v1.0.0
[INFO] [stderr]    Compiling regex-syntax v0.6.29
[INFO] [stderr]    Compiling libloading v0.7.4
[INFO] [stderr]    Compiling bindgen v0.64.0
[INFO] [stderr]    Compiling rustc-hash v1.1.0
[INFO] [stderr]    Compiling shlex v1.1.0
[INFO] [stderr]    Compiling lazycell v1.3.0
[INFO] [stderr]    Compiling peeking_take_while v0.1.2
[INFO] [stderr]    Compiling lazy_static v1.4.0
[INFO] [stderr]    Compiling num_cpus v1.15.0
[INFO] [stderr]    Compiling pkg-config v0.3.26
[INFO] [stderr]    Compiling ffmpeg-next v6.0.0
[INFO] [stderr]    Compiling clang-sys v1.6.1
[INFO] [stderr]    Compiling nom v7.1.3
[INFO] [stderr]    Compiling regex v1.7.3
[INFO] [stderr]    Compiling cexpr v0.6.0
[INFO] [stderr]    Compiling ffmpeg-sys-next v6.0.1
[INFO] [stderr]    Compiling distributed-video-compression v0.1.0 (/opt/rustwide/workdir)
[INFO] [stdout] error[E0603]: unit variant `AV_CODEC_ID_H264` is private
[INFO] [stdout]   --> src/main.rs:26:40
[INFO] [stdout]    |
[INFO] [stdout] 26 |         .add_stream(ffmpeg::codec::id::AV_CODEC_ID_H264)
[INFO] [stdout]    |                                        ^^^^^^^^^^^^^^^^ private unit variant
[INFO] [stdout]    |
[INFO] [stdout] note: the unit variant `AV_CODEC_ID_H264` is defined here
[INFO] [stdout]   --> /opt/rustwide/cargo-home/registry/src/index.crates.io-6f17d22bba15001f/ffmpeg-next-6.0.0/src/codec/id.rs:4:5
[INFO] [stdout]    |
[INFO] [stdout] 4  | use ffi::AVCodecID::*;
[INFO] [stdout]    |     ^^^^^^^^^^^^^^
[INFO] [stdout] help: import `AV_CODEC_ID_H264` directly
[INFO] [stdout]    |
[INFO] [stdout] 26 |         .add_stream(ffmpeg_sys_next::AVCodecID::AV_CODEC_ID_H264::AV_CODEC_ID_H264)
[INFO] [stdout]    |                     ~~~~~~~~~~~~~~~~~~~~~~~~~~~~~~~~~~~~~~~~~~~~~~~~~~~~~~~~~~~~~~
[INFO] [stdout] 
[INFO] [stdout] 
[INFO] [stdout] error[E0599]: no method named `get` found for struct `StreamIter` in the current scope
[INFO] [stdout]   --> src/main.rs:15:48
[INFO] [stdout]    |
[INFO] [stdout] 15 |     let video_stream = input_context.streams().get(video_stream_index).unwrap();
[INFO] [stdout]    |                                                ^^^ method not found in `StreamIter<'_>`
[INFO] [stdout] 
[INFO] [stdout] 
[INFO] [stdout] error[E0277]: the trait bound `AVCodecID: ffmpeg_next::codec::traits::Encoder` is not satisfied
[INFO] [stdout]   --> src/main.rs:26:21
[INFO] [stdout]    |
[INFO] [stdout] 26 |         .add_stream(ffmpeg::codec::id::AV_CODEC_ID_H264)
[INFO] [stdout]    |          ---------- ^^^^^^^^^^^^^^^^^^^^^^^^^^^^^^^^^^^ the trait `ffmpeg_next::codec::traits::Encoder` is not implemented for `AVCodecID`
[INFO] [stdout]    |          |
[INFO] [stdout]    |          required by a bound introduced by this call
[INFO] [stdout]    |
[INFO] [stdout]    = help: the following other types implement trait `ffmpeg_next::codec::traits::Encoder`:
[INFO] [stdout]              Id
[INFO] [stdout]              Codec
[INFO] [stdout]              ffmpeg_next::codec::Video
[INFO] [stdout]              ffmpeg_next::codec::Audio
[INFO] [stdout]              Option<Codec>
[INFO] [stdout]              &'a str
[INFO] [stdout] note: required by a bound in `ffmpeg_next::format::context::Output::add_stream`
[INFO] [stdout]   --> /opt/rustwide/cargo-home/registry/src/index.crates.io-6f17d22bba15001f/ffmpeg-next-6.0.0/src/format/context/output.rs:73:26
[INFO] [stdout]    |
[INFO] [stdout] 73 |     pub fn add_stream<E: traits::Encoder>(&mut self, codec: E) -> Result<StreamMut, Error> {
[INFO] [stdout]    |                          ^^^^^^^^^^^^^^^ required by this bound in `Output::add_stream`
[INFO] [stdout] 
[INFO] [stdout] 
[INFO] [stdout] error[E0599]: no method named `read_packet` found for struct `ffmpeg_next::format::context::Input` in the current scope
[INFO] [stdout]   --> src/main.rs:49:58
[INFO] [stdout]    |
[INFO] [stdout] 49 |     while let Ok(Some(mut input_packet)) = input_context.read_packet() {
[INFO] [stdout]    |                                                          ^^^^^^^^^^^ method not found in `Input`
[INFO] [stdout] 
[INFO] [stdout] 
[INFO] [stdout] error[E0599]: no method named `encode` found for struct `ffmpeg_next::encoder::video::Video` in the current scope
[INFO] [stdout]   --> src/main.rs:58:27
[INFO] [stdout]    |
[INFO] [stdout] 58 |             video_encoder.encode(&input_frame, &mut output_packet).unwrap();
[INFO] [stdout]    |                           ^^^^^^ help: there is a method with a similar name: `encoder`
[INFO] [stdout] 
[INFO] [stdout] 
[INFO] [stdout] error[E0599]: no method named `time_base` found for struct `ffmpeg_next::encoder::video::Video` in the current scope
[INFO] [stdout]   --> src/main.rs:62:56
[INFO] [stdout]    |
[INFO] [stdout] 62 |                 output_packet.rescale_ts(video_encoder.time_base(), output_video_stream.time_base());
[INFO] [stdout]    |                                                        ^^^^^^^^^ help: there is a method with a similar name: `set_time_base`
[INFO] [stdout] 
[INFO] [stdout] 
[INFO] [stdout] error[E0599]: no method named `set_stream_index` found for struct `ffmpeg_next::Packet` in the current scope
[INFO] [stdout]   --> src/main.rs:63:31
[INFO] [stdout]    |
[INFO] [stdout] 63 |                 output_packet.set_stream_index(output_video_stream.index());
[INFO] [stdout]    |                               ^^^^^^^^^^^^^^^^ help: there is a method with a similar name: `set_stream`
[INFO] [stdout] 
[INFO] [stdout] 
[INFO] [stdout] error[E0599]: no method named `write_packet` found for struct `ffmpeg_next::format::context::Output` in the current scope
[INFO] [stdout]   --> src/main.rs:64:32
[INFO] [stdout]    |
[INFO] [stdout] 64 |                 output_context.write_packet(&mut output_packet).unwrap();
[INFO] [stdout]    |                                ^^^^^^^^^^^^ method not found in `Output`
[INFO] [stdout] 
[INFO] [stdout] 
[INFO] [stdout] error[E0599]: no method named `flush` found for struct `ffmpeg_next::encoder::video::Video` in the current scope
[INFO] [stdout]   --> src/main.rs:70:19
[INFO] [stdout]    |
[INFO] [stdout] 70 |     video_encoder.flush(&mut packet).unwrap();
[INFO] [stdout]    |                   ^^^^^ method not found in `Video`
[INFO] [stdout] 
[INFO] [stdout] 
[INFO] [stdout] error[E0599]: no method named `time_base` found for struct `ffmpeg_next::encoder::video::Video` in the current scope
[INFO] [stdout]   --> src/main.rs:72:41
[INFO] [stdout]    |
[INFO] [stdout] 72 |         packet.rescale_ts(video_encoder.time_base(), output_video_stream.time_base());
[INFO] [stdout]    |                                         ^^^^^^^^^ help: there is a method with a similar name: `set_time_base`
[INFO] [stdout] 
[INFO] [stdout] 
[INFO] [stdout] error[E0599]: no method named `set_stream_index` found for struct `ffmpeg_next::Packet` in the current scope
[INFO] [stdout]   --> src/main.rs:73:16
[INFO] [stdout]    |
[INFO] [stdout] 73 |         packet.set_stream_index(output_video_stream.index());
[INFO] [stdout]    |                ^^^^^^^^^^^^^^^^ help: there is a method with a similar name: `set_stream`
[INFO] [stdout] 
[INFO] [stdout] 
[INFO] [stdout] error[E0599]: no method named `write_packet` found for struct `ffmpeg_next::format::context::Output` in the current scope
[INFO] [stdout]   --> src/main.rs:74:24
[INFO] [stdout]    |
[INFO] [stdout] 74 |         output_context.write_packet(&mut packet).unwrap();
[INFO] [stdout]    |                        ^^^^^^^^^^^^ method not found in `Output`
[INFO] [stdout] 
[INFO] [stdout] 
[INFO] [stdout] error[E0599]: no method named `close_input` found for struct `ffmpeg_next::format::context::Input` in the current scope
[INFO] [stdout]   --> src/main.rs:78:19
[INFO] [stdout]    |
[INFO] [stdout] 78 |     input_context.close_input().unwrap();
[INFO] [stdout]    |                   ^^^^^^^^^^^ method not found in `Input`
[INFO] [stdout] 
[INFO] [stdout] 
[INFO] [stdout] error[E0599]: no method named `close_output` found for struct `ffmpeg_next::format::context::Output` in the current scope
[INFO] [stdout]   --> src/main.rs:79:20
[INFO] [stdout]    |
[INFO] [stdout] 79 |     output_context.close_output().unwrap();
[INFO] [stdout]    |                    ^^^^^^^^^^^^ method not found in `Output`
[INFO] [stdout] 
[INFO] [stdout] 
[INFO] [stdout] error: aborting due to 14 previous errors
[INFO] [stdout] 
[INFO] [stdout] 
[INFO] [stdout] Some errors have detailed explanations: E0277, E0599, E0603.
[INFO] [stdout] 
[INFO] [stdout] For more information about an error, try `rustc --explain E0277`.
[INFO] [stdout] 
[INFO] [stderr] error: could not compile `distributed-video-compression` (bin "distributed-video-compression") due to 15 previous errors
[INFO] running `Command { std: "docker" "inspect" "e4372c7ae03880b7971418a8e153cda8516cdde78c7a267c7d9c1e4bb5335e52", kill_on_drop: false }`
[INFO] running `Command { std: "docker" "rm" "-f" "e4372c7ae03880b7971418a8e153cda8516cdde78c7a267c7d9c1e4bb5335e52", kill_on_drop: false }`
[INFO] [stdout] e4372c7ae03880b7971418a8e153cda8516cdde78c7a267c7d9c1e4bb5335e52
