[INFO] cloning repository https://github.com/BlueZeeKing/swerve-rs
[INFO] running `Command { std: "git" "-c" "credential.helper=" "-c" "credential.helper=/workspace/cargo-home/bin/git-credential-null" "clone" "--bare" "https://github.com/BlueZeeKing/swerve-rs" "/workspace/cache/git-repos/https%3A%2F%2Fgithub.com%2FBlueZeeKing%2Fswerve-rs", kill_on_drop: false }`
[INFO] [stderr] Cloning into bare repository '/workspace/cache/git-repos/https%3A%2F%2Fgithub.com%2FBlueZeeKing%2Fswerve-rs'...
[INFO] running `Command { std: "git" "rev-parse" "HEAD", kill_on_drop: false }`
[INFO] [stdout] 1b988c2449353d5d93aca0cc4d8d78d6d7ebf0e5
[INFO] testing BlueZeeKing/swerve-rs against 1.75.0 for beta-1.76-1
[INFO] running `Command { std: "git" "clone" "/workspace/cache/git-repos/https%3A%2F%2Fgithub.com%2FBlueZeeKing%2Fswerve-rs" "/workspace/builds/worker-6-tc1/source", kill_on_drop: false }`
[INFO] [stderr] Cloning into '/workspace/builds/worker-6-tc1/source'...
[INFO] [stderr] done.
[INFO] validating manifest of git repo https://github.com/BlueZeeKing/swerve-rs on toolchain 1.75.0
[INFO] running `Command { std: CARGO_HOME="/workspace/cargo-home" RUSTUP_HOME="/workspace/rustup-home" "/workspace/cargo-home/bin/cargo" "+1.75.0" "metadata" "--manifest-path" "Cargo.toml" "--no-deps", kill_on_drop: false }`
[INFO] removed /workspace/builds/worker-6-tc1/source/.cargo/config.toml
[INFO] removed /workspace/builds/worker-6-tc1/source/rust-toolchain.toml
[INFO] started tweaking git repo https://github.com/BlueZeeKing/swerve-rs
[INFO] finished tweaking git repo https://github.com/BlueZeeKing/swerve-rs
[INFO] tweaked toml for git repo https://github.com/BlueZeeKing/swerve-rs written to /workspace/builds/worker-6-tc1/source/Cargo.toml
[INFO] crate git repo https://github.com/BlueZeeKing/swerve-rs already has a lockfile, it will not be regenerated
[INFO] running `Command { std: CARGO_HOME="/workspace/cargo-home" RUSTUP_HOME="/workspace/rustup-home" "/workspace/cargo-home/bin/cargo" "+1.75.0" "fetch" "--manifest-path" "Cargo.toml", kill_on_drop: false }`
[INFO] [stderr]     Blocking waiting for file lock on package cache
[INFO] [stderr]     Updating git repository `https://github.com/BlueZeeKing/robotrs`
[INFO] [stderr]  Downloading crates ...
[INFO] [stderr]   Downloaded linkme v0.3.17
[INFO] [stderr]   Downloaded async-lock v3.0.0
[INFO] [stderr]   Downloaded linkme-impl v0.3.17
[INFO] running `Command { std: "docker" "create" "-v" "/var/lib/crater-agent-workspace/builds/worker-6-tc1/target:/opt/rustwide/target:rw,Z" "-v" "/var/lib/crater-agent-workspace/builds/worker-6-tc1/source:/opt/rustwide/workdir:ro,Z" "-v" "/var/lib/crater-agent-workspace/cargo-home:/opt/rustwide/cargo-home:ro,Z" "-v" "/var/lib/crater-agent-workspace/rustup-home:/opt/rustwide/rustup-home:ro,Z" "-e" "SOURCE_DIR=/opt/rustwide/workdir" "-e" "CARGO_TARGET_DIR=/opt/rustwide/target" "-e" "CARGO_HOME=/opt/rustwide/cargo-home" "-e" "RUSTUP_HOME=/opt/rustwide/rustup-home" "-w" "/opt/rustwide/workdir" "-m" "1610612736" "--user" "0:0" "--network" "none" "ghcr.io/rust-lang/crates-build-env/linux@sha256:2788e3201cd34a07e3172128adcd8b3090168a8e3bcc40d7c032b9dda1df7d1c" "/opt/rustwide/cargo-home/bin/cargo" "+1.75.0" "metadata" "--no-deps" "--format-version=1", kill_on_drop: false }`
[INFO] [stdout] 018423e697c76f296bf65dbd127d305ef2296c74d22beb88e855dea2b1419e51
[INFO] running `Command { std: "docker" "start" "-a" "018423e697c76f296bf65dbd127d305ef2296c74d22beb88e855dea2b1419e51", kill_on_drop: false }`
[INFO] running `Command { std: "docker" "inspect" "018423e697c76f296bf65dbd127d305ef2296c74d22beb88e855dea2b1419e51", kill_on_drop: false }`
[INFO] running `Command { std: "docker" "rm" "-f" "018423e697c76f296bf65dbd127d305ef2296c74d22beb88e855dea2b1419e51", kill_on_drop: false }`
[INFO] [stdout] 018423e697c76f296bf65dbd127d305ef2296c74d22beb88e855dea2b1419e51
[INFO] running `Command { std: "docker" "create" "-v" "/var/lib/crater-agent-workspace/builds/worker-6-tc1/target:/opt/rustwide/target:rw,Z" "-v" "/var/lib/crater-agent-workspace/builds/worker-6-tc1/source:/opt/rustwide/workdir:ro,Z" "-v" "/var/lib/crater-agent-workspace/cargo-home:/opt/rustwide/cargo-home:ro,Z" "-v" "/var/lib/crater-agent-workspace/rustup-home:/opt/rustwide/rustup-home:ro,Z" "-e" "SOURCE_DIR=/opt/rustwide/workdir" "-e" "CARGO_TARGET_DIR=/opt/rustwide/target" "-e" "CARGO_INCREMENTAL=0" "-e" "RUST_BACKTRACE=full" "-e" "RUSTFLAGS=--cap-lints=warn" "-e" "RUSTDOCFLAGS=--cap-lints=warn" "-e" "CARGO_HOME=/opt/rustwide/cargo-home" "-e" "RUSTUP_HOME=/opt/rustwide/rustup-home" "-w" "/opt/rustwide/workdir" "-m" "1610612736" "--user" "0:0" "--network" "none" "ghcr.io/rust-lang/crates-build-env/linux@sha256:2788e3201cd34a07e3172128adcd8b3090168a8e3bcc40d7c032b9dda1df7d1c" "/opt/rustwide/cargo-home/bin/cargo" "+1.75.0" "build" "--frozen" "--message-format=json", kill_on_drop: false }`
[INFO] [stdout] e3970d801cfdf52888357178fee8318de9e5736e3a25fb57334d20641c800086
[INFO] running `Command { std: "docker" "start" "-a" "e3970d801cfdf52888357178fee8318de9e5736e3a25fb57334d20641c800086", kill_on_drop: false }`
[INFO] [stderr]    Compiling libc v0.2.149
[INFO] [stderr]    Compiling unicode-ident v1.0.12
[INFO] [stderr]    Compiling pkg-config v0.3.27
[INFO] [stderr]    Compiling pin-project-lite v0.2.13
[INFO] [stderr]    Compiling once_cell v1.18.0
[INFO] [stderr]    Compiling typenum v1.17.0
[INFO] [stderr]    Compiling version_check v0.9.4
[INFO] [stderr]    Compiling lock_api v0.4.11
[INFO] [stderr]    Compiling proc-macro2 v1.0.69
[INFO] [stderr]    Compiling vcpkg v0.2.15
[INFO] [stderr]    Compiling bitflags v2.4.1
[INFO] [stderr]    Compiling parking_lot_core v0.9.9
[INFO] [stderr]    Compiling generic-array v0.14.7
[INFO] [stderr]    Compiling smallvec v1.11.1
[INFO] [stderr]    Compiling quote v1.0.33
[INFO] [stderr]    Compiling slab v0.4.9
[INFO] [stderr]    Compiling futures-core v0.3.29
[INFO] [stderr]    Compiling syn v2.0.38
[INFO] [stderr]    Compiling bytes v1.5.0
[INFO] [stderr]    Compiling scopeguard v1.2.0
[INFO] [stderr]    Compiling jobserver v0.1.27
[INFO] [stderr]    Compiling num_cpus v1.16.0
[INFO] [stderr]    Compiling cc v1.0.83
[INFO] [stderr]    Compiling parking_lot v0.12.1
[INFO] [stderr]    Compiling signal-hook-registry v1.4.1
[INFO] [stderr]    Compiling mio v0.8.9
[INFO] [stderr]    Compiling socket2 v0.5.5
[INFO] [stderr]    Compiling glob v0.3.1
[INFO] [stderr]    Compiling futures-task v0.3.29
[INFO] [stderr]    Compiling subtle v2.5.0
[INFO] [stderr]    Compiling itoa v1.0.9
[INFO] [stderr]    Compiling tracing-core v0.1.32
[INFO] [stderr]    Compiling indexmap v1.9.3
[INFO] [stderr]    Compiling openssl v0.10.58
[INFO] [stderr]    Compiling log v0.4.20
[INFO] [stderr]    Compiling clang-sys v1.6.1
[INFO] [stderr]    Compiling crypto-common v0.1.6
[INFO] [stderr]    Compiling block-buffer v0.10.4
[INFO] [stderr]    Compiling prettyplease v0.2.15
[INFO] [stderr]    Compiling futures-util v0.3.29
[INFO] [stderr]    Compiling foreign-types-shared v0.1.1
[INFO] [stderr]    Compiling fnv v1.0.7
[INFO] [stderr]    Compiling rustix v0.38.21
[INFO] [stderr]    Compiling http v0.2.9
[INFO] [stderr]    Compiling tracing v0.1.40
[INFO] [stderr]    Compiling foreign-types v0.3.2
[INFO] [stderr]    Compiling digest v0.10.7
[INFO] [stderr]    Compiling httparse v1.8.0
[INFO] [stderr]    Compiling native-tls v0.2.11
[INFO] [stderr]    Compiling futures-channel v0.3.29
[INFO] [stderr]    Compiling hashbrown v0.12.3
[INFO] [stderr]    Compiling linux-raw-sys v0.4.10
[INFO] [stderr]    Compiling tinyvec_macros v0.1.1
[INFO] [stderr]    Compiling cpufeatures v0.2.11
[INFO] [stderr]    Compiling futures-sink v0.3.29
[INFO] [stderr]    Compiling tinyvec v1.6.0
[INFO] [stderr]    Compiling openssl-sys v0.9.94
[INFO] [stderr]    Compiling zstd-sys v2.0.9+zstd.1.5.5
[INFO] [stderr]    Compiling bzip2-sys v0.1.11+1.0.8
[INFO] [stderr]    Compiling percent-encoding v2.3.0
[INFO] [stderr]    Compiling openssl-probe v0.1.5
[INFO] [stderr]    Compiling zstd-safe v5.0.2+zstd.1.5.2
[INFO] [stderr]    Compiling minimal-lexical v0.2.1
[INFO] [stderr]    Compiling try-lock v0.2.4
[INFO] [stderr]    Compiling memchr v2.6.4
[INFO] [stderr]    Compiling crc32fast v1.3.2
[INFO] [stderr]    Compiling regex-syntax v0.8.2
[INFO] [stderr]    Compiling serde v1.0.190
[INFO] [stderr]    Compiling unicode-normalization v0.1.22
[INFO] [stderr]    Compiling nom v7.1.3
[INFO] [stderr]    Compiling want v0.3.1
[INFO] [stderr]    Compiling form_urlencoded v1.2.0
[INFO] [stderr]    Compiling http-body v0.4.5
[INFO] [stderr]    Compiling inout v0.1.3
[INFO] [stderr]    Compiling socket2 v0.4.10
[INFO] [stderr]    Compiling libloading v0.7.4
[INFO] [stderr]    Compiling rand_core v0.6.4
[INFO] [stderr]    Compiling unicode-bidi v0.3.13
[INFO] [stderr]    Compiling home v0.5.5
[INFO] [stderr]    Compiling either v1.9.0
[INFO] [stderr]    Compiling adler v1.0.2
[INFO] [stderr]    Compiling base64ct v1.6.0
[INFO] [stderr]    Compiling tower-service v0.3.2
[INFO] [stderr]    Compiling powerfmt v0.2.0
[INFO] [stderr]    Compiling httpdate v1.0.3
[INFO] [stderr]    Compiling password-hash v0.4.2
[INFO] [stderr]    Compiling deranged v0.3.9
[INFO] [stderr]    Compiling idna v0.4.0
[INFO] [stderr]    Compiling miniz_oxide v0.7.1
[INFO] [stderr]    Compiling cexpr v0.6.0
[INFO] [stderr]    Compiling regex-automata v0.4.3
[INFO] [stderr]    Compiling which v4.4.2
[INFO] [stderr]    Compiling cipher v0.4.4
[INFO] [stderr]    Compiling sha2 v0.10.8
[INFO] [stderr]    Compiling hmac v0.12.1
[INFO] [stderr]    Compiling thiserror v1.0.50
[INFO] [stderr]    Compiling bindgen v0.68.1
[INFO] [stderr]    Compiling shlex v1.2.0
[INFO] [stderr]    Compiling anyhow v1.0.75
[INFO] [stderr]    Compiling lazycell v1.3.0
[INFO] [stderr]    Compiling ryu v1.0.15
[INFO] [stderr]    Compiling rustc-hash v1.1.0
[INFO] [stderr]    Compiling time-core v0.1.2
[INFO] [stderr]    Compiling time v0.3.30
[INFO] [stderr]    Compiling tokio-macros v2.1.0
[INFO] [stderr]    Compiling openssl-macros v0.1.1
[INFO] [stderr]    Compiling thiserror-impl v1.0.50
[INFO] [stderr]    Compiling regex v1.10.2
[INFO] [stderr]    Compiling pbkdf2 v0.11.0
[INFO] [stderr]    Compiling tokio v1.33.0
[INFO] [stderr]    Compiling flate2 v1.0.28
[INFO] [stderr]    Compiling aes v0.8.3
[INFO] [stderr]    Compiling url v2.4.1
[INFO] [stderr]    Compiling sha1 v0.10.6
[INFO] [stderr]    Compiling encoding_rs v0.8.33
[INFO] [stderr]    Compiling constant_time_eq v0.1.5
[INFO] [stderr]    Compiling bindgen v0.66.1
[INFO] [stderr]    Compiling ipnet v2.9.0
[INFO] [stderr]    Compiling byteorder v1.5.0
[INFO] [stderr]    Compiling serde_urlencoded v0.7.1
[INFO] [stderr]    Compiling base64 v0.21.5
[INFO] [stderr]    Compiling mime v0.3.17
[INFO] [stderr]    Compiling fastrand v2.0.1
[INFO] [stderr]    Compiling tempfile v3.8.1
[INFO] [stderr]    Compiling crossbeam-utils v0.8.16
[INFO] [stderr]    Compiling concurrent-queue v2.3.0
[INFO] [stderr]    Compiling futures-macro v0.3.29
[INFO] [stderr]    Compiling syn v1.0.109
[INFO] [stderr]    Compiling futures-io v0.3.29
[INFO] [stderr]    Compiling parking v2.2.0
[INFO] [stderr]    Compiling event-listener v3.0.1
[INFO] [stderr]    Compiling async-trait v0.1.74
[INFO] [stderr]    Compiling overload v0.1.1
[INFO] [stderr]    Compiling nu-ansi-term v0.46.0
[INFO] [stderr]    Compiling tracing-log v0.1.4
[INFO] [stderr]    Compiling event-listener-strategy v0.3.0
[INFO] [stderr]    Compiling tokio-util v0.7.10
[INFO] [stderr]    Compiling tokio-native-tls v0.3.1
[INFO] [stderr]    Compiling tracing-attributes v0.1.27
[INFO] [stderr]    Compiling pin-project-internal v1.1.3
[INFO] [stderr]    Compiling h2 v0.3.21
[INFO] [stderr]    Compiling linkme-impl v0.3.17
[INFO] [stderr]    Compiling sharded-slab v0.1.7
[INFO] [stderr]    Compiling thread_local v1.1.7
[INFO] [stderr]    Compiling tracing-subscriber v0.3.17
[INFO] [stderr]    Compiling futures-executor v0.3.29
[INFO] [stderr]    Compiling linkme v0.3.17
[INFO] [stderr]    Compiling hyper v0.14.27
[INFO] [stderr]    Compiling futures v0.3.29
[INFO] [stderr]    Compiling pin-project v1.1.3
[INFO] [stderr]    Compiling async-lock v3.0.0
[INFO] [stderr]    Compiling hyper-tls v0.5.0
[INFO] [stderr]    Compiling reqwest v0.11.22
[INFO] [stderr]    Compiling impl-trait-for-tuples v0.2.2
[INFO] [stderr]    Compiling bzip2 v0.4.4
[INFO] [stderr]    Compiling zstd v0.11.2+zstd.1.5.2
[INFO] [stderr]    Compiling zip v0.6.6
[INFO] [stderr]    Compiling build-utils v0.1.0 (https://github.com/BlueZeeKing/robotrs#ab7e3af0)
[INFO] [stderr]    Compiling nt v0.1.0 (https://github.com/BlueZeeKing/robotrs#ab7e3af0)
[INFO] [stderr]    Compiling hal-sys v0.1.0 (https://github.com/BlueZeeKing/robotrs#ab7e3af0)
[INFO] [stderr]    Compiling revlib v0.1.0 (https://github.com/BlueZeeKing/robotrs#ab7e3af0)
[INFO] [stderr] error: failed to run custom build command for `hal-sys v0.1.0 (https://github.com/BlueZeeKing/robotrs#ab7e3af0)`
[INFO] [stderr] note: To improve backtraces for build dependencies, set the CARGO_PROFILE_DEV_BUILD_OVERRIDE_DEBUG=true environment variable to enable debug information generation.
[INFO] [stderr] 
[INFO] [stderr] Caused by:
[INFO] [stderr]   process didn't exit successfully: `/opt/rustwide/target/debug/build/hal-sys-3741288b792ae6df/build-script-build` (exit status: 1)
[INFO] [stderr]   --- stderr
[INFO] [stderr]   [/opt/rustwide/cargo-home/git/checkouts/robotrs-d497804fd9e9490f/ab7e3af/build-utils/src/artifact.rs:20] format!("{}{}/{}/{}/{}-{}-{}.zip", self.maven_url,
[INFO] [stderr]       self.group_id.replace(".", "/"), self.artifact_id, self.version,
[INFO] [stderr]       self.artifact_id, self.version, "headers") = "https://frcmaven.wpi.edu/artifactory/release/edu/wpi/first/hal/hal-cpp/2023.4.3/hal-cpp-2023.4.3-headers.zip"
[INFO] [stderr]   Error: error sending request for url (https://frcmaven.wpi.edu/artifactory/release/edu/wpi/first/hal/hal-cpp/2023.4.3/hal-cpp-2023.4.3-headers.zip): error trying to connect: dns error: failed to lookup address information: Temporary failure in name resolution
[INFO] [stderr] 
[INFO] [stderr]   Caused by:
[INFO] [stderr]       0: error trying to connect: dns error: failed to lookup address information: Temporary failure in name resolution
[INFO] [stderr]       1: dns error: failed to lookup address information: Temporary failure in name resolution
[INFO] [stderr]       2: failed to lookup address information: Temporary failure in name resolution
[INFO] [stderr] warning: build failed, waiting for other jobs to finish...
[INFO] [stderr] error: failed to run custom build command for `nt v0.1.0 (https://github.com/BlueZeeKing/robotrs#ab7e3af0)`
[INFO] [stderr] note: To improve backtraces for build dependencies, set the CARGO_PROFILE_DEV_BUILD_OVERRIDE_DEBUG=true environment variable to enable debug information generation.
[INFO] [stderr] 
[INFO] [stderr] Caused by:
[INFO] [stderr]   process didn't exit successfully: `/opt/rustwide/target/debug/build/nt-5f5bf76050332340/build-script-build` (exit status: 1)
[INFO] [stderr]   --- stderr
[INFO] [stderr]   [/opt/rustwide/cargo-home/git/checkouts/robotrs-d497804fd9e9490f/ab7e3af/build-utils/src/artifact.rs:20] format!("{}{}/{}/{}/{}-{}-{}.zip", self.maven_url,
[INFO] [stderr]       self.group_id.replace(".", "/"), self.artifact_id, self.version,
[INFO] [stderr]       self.artifact_id, self.version, "headers") = "https://frcmaven.wpi.edu/artifactory/release/edu/wpi/first/hal/hal-cpp/2023.4.3/hal-cpp-2023.4.3-headers.zip"
[INFO] [stderr]   Error: error sending request for url (https://frcmaven.wpi.edu/artifactory/release/edu/wpi/first/hal/hal-cpp/2023.4.3/hal-cpp-2023.4.3-headers.zip): error trying to connect: dns error: failed to lookup address information: Temporary failure in name resolution
[INFO] [stderr] 
[INFO] [stderr]   Caused by:
[INFO] [stderr]       0: error trying to connect: dns error: failed to lookup address information: Temporary failure in name resolution
[INFO] [stderr]       1: dns error: failed to lookup address information: Temporary failure in name resolution
[INFO] [stderr]       2: failed to lookup address information: Temporary failure in name resolution
[INFO] [stderr] error: failed to run custom build command for `revlib v0.1.0 (https://github.com/BlueZeeKing/robotrs#ab7e3af0)`
[INFO] [stderr] note: To improve backtraces for build dependencies, set the CARGO_PROFILE_DEV_BUILD_OVERRIDE_DEBUG=true environment variable to enable debug information generation.
[INFO] [stderr] 
[INFO] [stderr] Caused by:
[INFO] [stderr]   process didn't exit successfully: `/opt/rustwide/target/debug/build/revlib-603987593437147e/build-script-build` (exit status: 1)
[INFO] [stderr]   --- stderr
[INFO] [stderr]   [/opt/rustwide/cargo-home/git/checkouts/robotrs-d497804fd9e9490f/ab7e3af/build-utils/src/artifact.rs:20] format!("{}{}/{}/{}/{}-{}-{}.zip", self.maven_url,
[INFO] [stderr]       self.group_id.replace(".", "/"), self.artifact_id, self.version,
[INFO] [stderr]       self.artifact_id, self.version, "headers") = "https://frcmaven.wpi.edu/artifactory/release/edu/wpi/first/hal/hal-cpp/2023.4.3/hal-cpp-2023.4.3-headers.zip"
[INFO] [stderr]   Error: error sending request for url (https://frcmaven.wpi.edu/artifactory/release/edu/wpi/first/hal/hal-cpp/2023.4.3/hal-cpp-2023.4.3-headers.zip): error trying to connect: dns error: failed to lookup address information: Temporary failure in name resolution
[INFO] [stderr] 
[INFO] [stderr]   Caused by:
[INFO] [stderr]       0: error trying to connect: dns error: failed to lookup address information: Temporary failure in name resolution
[INFO] [stderr]       1: dns error: failed to lookup address information: Temporary failure in name resolution
[INFO] [stderr]       2: failed to lookup address information: Temporary failure in name resolution
[INFO] running `Command { std: "docker" "inspect" "e3970d801cfdf52888357178fee8318de9e5736e3a25fb57334d20641c800086", kill_on_drop: false }`
[INFO] running `Command { std: "docker" "rm" "-f" "e3970d801cfdf52888357178fee8318de9e5736e3a25fb57334d20641c800086", kill_on_drop: false }`
[INFO] [stdout] e3970d801cfdf52888357178fee8318de9e5736e3a25fb57334d20641c800086
