[INFO] cloning repository https://github.com/Blockchain-test/Ticket_System_Solana
[INFO] running `Command { std: "git" "-c" "credential.helper=" "-c" "credential.helper=/workspace/cargo-home/bin/git-credential-null" "clone" "--bare" "https://github.com/Blockchain-test/Ticket_System_Solana" "/workspace/cache/git-repos/https%3A%2F%2Fgithub.com%2FBlockchain-test%2FTicket_System_Solana", kill_on_drop: false }`
[INFO] [stderr] Cloning into bare repository '/workspace/cache/git-repos/https%3A%2F%2Fgithub.com%2FBlockchain-test%2FTicket_System_Solana'...
[INFO] running `Command { std: "git" "rev-parse" "HEAD", kill_on_drop: false }`
[INFO] [stdout] 0aea6b2441fdb37fe258b5680a60e3747f10b453
[INFO] testing Blockchain-test/Ticket_System_Solana against 1.75.0 for beta-1.76-1
[INFO] running `Command { std: "git" "clone" "/workspace/cache/git-repos/https%3A%2F%2Fgithub.com%2FBlockchain-test%2FTicket_System_Solana" "/workspace/builds/worker-6-tc1/source", kill_on_drop: false }`
[INFO] [stderr] Cloning into '/workspace/builds/worker-6-tc1/source'...
[INFO] [stderr] done.
[INFO] validating manifest of git repo https://github.com/Blockchain-test/Ticket_System_Solana on toolchain 1.75.0
[INFO] running `Command { std: CARGO_HOME="/workspace/cargo-home" RUSTUP_HOME="/workspace/rustup-home" "/workspace/cargo-home/bin/cargo" "+1.75.0" "metadata" "--manifest-path" "Cargo.toml" "--no-deps", kill_on_drop: false }`
[INFO] started tweaking git repo https://github.com/Blockchain-test/Ticket_System_Solana
[INFO] finished tweaking git repo https://github.com/Blockchain-test/Ticket_System_Solana
[INFO] tweaked toml for git repo https://github.com/Blockchain-test/Ticket_System_Solana written to /workspace/builds/worker-6-tc1/source/Cargo.toml
[INFO] crate git repo https://github.com/Blockchain-test/Ticket_System_Solana already has a lockfile, it will not be regenerated
[INFO] running `Command { std: CARGO_HOME="/workspace/cargo-home" RUSTUP_HOME="/workspace/rustup-home" "/workspace/cargo-home/bin/cargo" "+1.75.0" "fetch" "--manifest-path" "Cargo.toml", kill_on_drop: false }`
[INFO] [stderr] warning: virtual workspace defaulting to `resolver = "1"` despite one or more workspace members being on edition 2021 which implies `resolver = "2"`
[INFO] [stderr] note: to keep the current resolver, specify `workspace.resolver = "1"` in the workspace root's manifest
[INFO] [stderr] note: to use the edition 2021 resolver, specify `workspace.resolver = "2"` in the workspace root's manifest
[INFO] [stderr] note: for more details see https://doc.rust-lang.org/cargo/reference/resolver.html#resolver-versions
[INFO] [stderr]  Downloading crates ...
[INFO] [stderr]   Downloaded solana-sdk-macro v1.10.40
[INFO] [stderr]   Downloaded solana-frozen-abi-macro v1.10.40
[INFO] [stderr]   Downloaded solana-frozen-abi v1.10.40
[INFO] [stderr]   Downloaded solana-program v1.10.40
[INFO] [stderr]   Downloaded sha3 v0.10.5
[INFO] running `Command { std: "docker" "create" "-v" "/var/lib/crater-agent-workspace/builds/worker-6-tc1/target:/opt/rustwide/target:rw,Z" "-v" "/var/lib/crater-agent-workspace/builds/worker-6-tc1/source:/opt/rustwide/workdir:ro,Z" "-v" "/var/lib/crater-agent-workspace/cargo-home:/opt/rustwide/cargo-home:ro,Z" "-v" "/var/lib/crater-agent-workspace/rustup-home:/opt/rustwide/rustup-home:ro,Z" "-e" "SOURCE_DIR=/opt/rustwide/workdir" "-e" "CARGO_TARGET_DIR=/opt/rustwide/target" "-e" "CARGO_HOME=/opt/rustwide/cargo-home" "-e" "RUSTUP_HOME=/opt/rustwide/rustup-home" "-w" "/opt/rustwide/workdir" "-m" "1610612736" "--user" "0:0" "--network" "none" "ghcr.io/rust-lang/crates-build-env/linux@sha256:2788e3201cd34a07e3172128adcd8b3090168a8e3bcc40d7c032b9dda1df7d1c" "/opt/rustwide/cargo-home/bin/cargo" "+1.75.0" "metadata" "--no-deps" "--format-version=1", kill_on_drop: false }`
[INFO] [stdout] 07528408fec99aa490cbf87d341fded4113ce3812a128f196e94d37088554702
[INFO] running `Command { std: "docker" "start" "-a" "07528408fec99aa490cbf87d341fded4113ce3812a128f196e94d37088554702", kill_on_drop: false }`
[INFO] running `Command { std: "docker" "inspect" "07528408fec99aa490cbf87d341fded4113ce3812a128f196e94d37088554702", kill_on_drop: false }`
[INFO] running `Command { std: "docker" "rm" "-f" "07528408fec99aa490cbf87d341fded4113ce3812a128f196e94d37088554702", kill_on_drop: false }`
[INFO] [stdout] 07528408fec99aa490cbf87d341fded4113ce3812a128f196e94d37088554702
[INFO] running `Command { std: "docker" "create" "-v" "/var/lib/crater-agent-workspace/builds/worker-6-tc1/target:/opt/rustwide/target:rw,Z" "-v" "/var/lib/crater-agent-workspace/builds/worker-6-tc1/source:/opt/rustwide/workdir:ro,Z" "-v" "/var/lib/crater-agent-workspace/cargo-home:/opt/rustwide/cargo-home:ro,Z" "-v" "/var/lib/crater-agent-workspace/rustup-home:/opt/rustwide/rustup-home:ro,Z" "-e" "SOURCE_DIR=/opt/rustwide/workdir" "-e" "CARGO_TARGET_DIR=/opt/rustwide/target" "-e" "CARGO_INCREMENTAL=0" "-e" "RUST_BACKTRACE=full" "-e" "RUSTFLAGS=--cap-lints=warn" "-e" "RUSTDOCFLAGS=--cap-lints=warn" "-e" "CARGO_HOME=/opt/rustwide/cargo-home" "-e" "RUSTUP_HOME=/opt/rustwide/rustup-home" "-w" "/opt/rustwide/workdir" "-m" "1610612736" "--user" "0:0" "--network" "none" "ghcr.io/rust-lang/crates-build-env/linux@sha256:2788e3201cd34a07e3172128adcd8b3090168a8e3bcc40d7c032b9dda1df7d1c" "/opt/rustwide/cargo-home/bin/cargo" "+1.75.0" "build" "--frozen" "--message-format=json", kill_on_drop: false }`
[INFO] [stdout] 85018d1fe7f31ce78125bf5b8b56874c1785dc94da77a2cc04595fbd4f163af4
[INFO] running `Command { std: "docker" "start" "-a" "85018d1fe7f31ce78125bf5b8b56874c1785dc94da77a2cc04595fbd4f163af4", kill_on_drop: false }`
[INFO] [stderr] warning: virtual workspace defaulting to `resolver = "1"` despite one or more workspace members being on edition 2021 which implies `resolver = "2"`
[INFO] [stderr] note: to keep the current resolver, specify `workspace.resolver = "1"` in the workspace root's manifest
[INFO] [stderr] note: to use the edition 2021 resolver, specify `workspace.resolver = "2"` in the workspace root's manifest
[INFO] [stderr] note: for more details see https://doc.rust-lang.org/cargo/reference/resolver.html#resolver-versions
[INFO] [stderr]    Compiling proc-macro2 v1.0.46
[INFO] [stderr]    Compiling unicode-ident v1.0.5
[INFO] [stderr]    Compiling quote v1.0.21
[INFO] [stderr]    Compiling syn v1.0.102
[INFO] [stderr]    Compiling version_check v0.9.4
[INFO] [stderr]    Compiling serde_derive v1.0.145
[INFO] [stderr]    Compiling serde v1.0.145
[INFO] [stderr]    Compiling cfg-if v1.0.0
[INFO] [stderr]    Compiling typenum v1.15.0
[INFO] [stderr]    Compiling libc v0.2.134
[INFO] [stderr]    Compiling autocfg v1.1.0
[INFO] [stderr]    Compiling subtle v2.4.1
[INFO] [stderr]    Compiling cpufeatures v0.2.5
[INFO] [stderr]    Compiling thiserror v1.0.37
[INFO] [stderr]    Compiling opaque-debug v0.3.0
[INFO] [stderr]    Compiling anyhow v1.0.65
[INFO] [stderr]    Compiling semver v1.0.14
[INFO] [stderr]    Compiling serde_json v1.0.85
[INFO] [stderr]    Compiling unicode-segmentation v1.10.0
[INFO] [stderr]    Compiling yansi v0.5.1
[INFO] [stderr]    Compiling ryu v1.0.11
[INFO] [stderr]    Compiling itoa v1.0.4
[INFO] [stderr]    Compiling crossbeam-utils v0.8.12
[INFO] [stderr]    Compiling bs58 v0.3.1
[INFO] [stderr]    Compiling crunchy v0.2.2
[INFO] [stderr]    Compiling log v0.4.17
[INFO] [stderr]    Compiling generic-array v0.14.6
[INFO] [stderr]    Compiling proc-macro2-diagnostics v0.9.1
[INFO] [stderr]    Compiling memoffset v0.6.5
[INFO] [stderr]    Compiling crossbeam-epoch v0.9.11
[INFO] [stderr]    Compiling getrandom v0.1.16
[INFO] [stderr]    Compiling heck v0.3.3
[INFO] [stderr]    Compiling once_cell v1.15.0
[INFO] [stderr]    Compiling rayon-core v1.9.3
[INFO] [stderr]    Compiling wasm-bindgen-shared v0.2.83
[INFO] [stderr]    Compiling scopeguard v1.1.0
[INFO] [stderr]    Compiling rayon v1.5.3
[INFO] [stderr]    Compiling ahash v0.7.6
[INFO] [stderr]    Compiling rustc_version v0.4.0
[INFO] [stderr]    Compiling bumpalo v3.11.0
[INFO] [stderr]    Compiling feature-probe v0.1.1
[INFO] [stderr]    Compiling memchr v2.5.0
[INFO] [stderr]    Compiling either v1.8.0
[INFO] [stderr]    Compiling rustversion v1.0.9
[INFO] [stderr]    Compiling im v15.1.0
[INFO] [stderr]    Compiling bs58 v0.4.0
[INFO] [stderr]    Compiling rand_core v0.6.4
[INFO] [stderr]    Compiling bv v0.11.1
[INFO] [stderr]    Compiling crossbeam-channel v0.5.6
[INFO] [stderr]    Compiling cc v1.0.73
[INFO] [stderr]    Compiling ppv-lite86 v0.2.16
[INFO] [stderr]    Compiling num_cpus v1.13.1
[INFO] [stderr]    Compiling solana-frozen-abi-macro v1.10.40
[INFO] [stderr]    Compiling getrandom v0.2.7
[INFO] [stderr]    Compiling rand_core v0.5.1
[INFO] [stderr]    Compiling crossbeam-deque v0.8.2
[INFO] [stderr]    Compiling solana-frozen-abi v1.10.40
[INFO] [stderr]    Compiling rand_xoshiro v0.6.0
[INFO] [stderr]    Compiling num-traits v0.2.15
[INFO] [stderr]    Compiling arrayref v0.3.6
[INFO] [stderr]    Compiling wasm-bindgen v0.2.83
[INFO] [stderr]    Compiling rand_chacha v0.2.2
[INFO] [stderr]    Compiling hashbrown v0.11.2
[INFO] [stderr]    Compiling solana-program v1.10.40
[INFO] [stderr]    Compiling memmap2 v0.5.7
[INFO] [stderr]    Compiling base64 v0.12.3
[INFO] [stderr]    Compiling bitmaps v2.1.0
[INFO] [stderr]    Compiling rand v0.7.3
[INFO] [stderr]    Compiling aho-corasick v0.7.19
[INFO] [stderr]    Compiling constant_time_eq v0.1.5
[INFO] [stderr]    Compiling byteorder v1.4.3
[INFO] [stderr]    Compiling arrayvec v0.7.2
[INFO] [stderr]    Compiling regex-syntax v0.6.27
[INFO] [stderr]    Compiling zeroize v1.3.0
[INFO] [stderr]    Compiling keccak v0.1.2
[INFO] [stderr]    Compiling lazy_static v1.4.0
[INFO] [stderr]    Compiling itertools v0.10.5
[INFO] [stderr]    Compiling bitflags v1.3.2
[INFO] [stderr]    Compiling base64 v0.13.0
[INFO] [stderr]    Compiling blake3 v1.3.1
[INFO] [stderr]    Compiling sized-chunks v0.6.5
[INFO] [stderr]    Compiling regex v1.6.0
[INFO] [stderr]    Compiling wasm-bindgen-backend v0.2.83
[INFO] [stderr]    Compiling borsh-derive-internal v0.9.3
[INFO] [stderr]    Compiling borsh-schema-derive-internal v0.9.3
[INFO] [stderr]    Compiling wasm-bindgen-macro-support v0.2.83
[INFO] [stderr]    Compiling thiserror-impl v1.0.37
[INFO] [stderr]    Compiling bytemuck_derive v1.2.1
[INFO] [stderr]    Compiling solana-sdk-macro v1.10.40
[INFO] [stderr]    Compiling num-derive v0.3.3
[INFO] [stderr]    Compiling wasm-bindgen-macro v0.2.83
[INFO] [stderr]    Compiling bytemuck v1.12.1
[INFO] [stderr]    Compiling toml v0.5.9
[INFO] [stderr]    Compiling serde_bytes v0.11.7
[INFO] [stderr]    Compiling bincode v1.3.3
[INFO] [stderr]    Compiling digest v0.9.0
[INFO] [stderr]    Compiling block-buffer v0.9.0
[INFO] [stderr]    Compiling block-buffer v0.10.3
[INFO] [stderr]    Compiling crypto-common v0.1.6
[INFO] [stderr]    Compiling crypto-mac v0.8.0
[INFO] [stderr]    Compiling sha2 v0.9.9
[INFO] [stderr]    Compiling libsecp256k1-core v0.2.2
[INFO] [stderr]    Compiling hmac v0.8.1
[INFO] [stderr]    Compiling curve25519-dalek v3.2.1
[INFO] [stderr]    Compiling digest v0.10.5
[INFO] [stderr]    Compiling hmac-drbg v0.3.0
[INFO] [stderr]    Compiling sha2 v0.10.6
[INFO] [stderr]    Compiling sha3 v0.10.5
[INFO] [stderr]    Compiling anchor-syn v0.25.0
[INFO] [stderr]    Compiling proc-macro-crate v0.1.5
[INFO] [stderr]    Compiling borsh-derive v0.9.3
[INFO] [stderr]    Compiling libsecp256k1-gen-ecmult v0.2.1
[INFO] [stderr]    Compiling libsecp256k1-gen-genmult v0.2.1
[INFO] [stderr]    Compiling libsecp256k1 v0.6.0
[INFO] [stderr]    Compiling borsh v0.9.3
[INFO] [stderr]    Compiling anchor-derive-accounts v0.25.0
[INFO] [stderr]    Compiling anchor-attribute-access-control v0.25.0
[INFO] [stderr]    Compiling anchor-attribute-constant v0.25.0
[INFO] [stderr]    Compiling anchor-attribute-program v0.25.0
[INFO] [stderr]    Compiling anchor-attribute-event v0.25.0
[INFO] [stderr]    Compiling anchor-attribute-interface v0.25.0
[INFO] [stderr]    Compiling anchor-attribute-error v0.25.0
[INFO] [stderr]    Compiling anchor-attribute-account v0.25.0
[INFO] [stderr]    Compiling anchor-attribute-state v0.25.0
[INFO] [stderr]    Compiling anchor-lang v0.25.0
[INFO] [stderr]    Compiling ticket_system v0.1.0 (/opt/rustwide/workdir/programs/ticket_system)
[INFO] [stdout] error[E0583]: file not found for module `errors`
[INFO] [stdout]  --> programs/ticket_system/src/lib.rs:6:1
[INFO] [stdout]   |
[INFO] [stdout] 6 | pub mod errors;
[INFO] [stdout]   | ^^^^^^^^^^^^^^^
[INFO] [stdout]   |
[INFO] [stdout]   = help: to create the module `errors`, create file "programs/ticket_system/src/errors.rs" or "programs/ticket_system/src/errors/mod.rs"
[INFO] [stdout]   = note: if there is a `mod errors` elsewhere in the crate already, import it with `use crate::...` instead
[INFO] [stdout] 
[INFO] [stdout] 
[INFO] [stdout] error[E0432]: unresolved import `crate::errors::ErrorCode`
[INFO] [stdout]  --> programs/ticket_system/src/lib.rs:3:5
[INFO] [stdout]   |
[INFO] [stdout] 3 | use crate::errors::ErrorCode;
[INFO] [stdout]   |     ^^^^^^^^^^^^^^^^^^^^^^^^ no `ErrorCode` in `errors`
[INFO] [stdout]   |
[INFO] [stdout] help: consider importing one of these items instead
[INFO] [stdout]   |
[INFO] [stdout] 3 | use anchor_lang::prelude::ErrorCode;
[INFO] [stdout]   |     ~~~~~~~~~~~~~~~~~~~~~~~~~~~~~~~
[INFO] [stdout] 3 | use crate::error::ErrorCode;
[INFO] [stdout]   |     ~~~~~~~~~~~~~~~~~~~~~~~
[INFO] [stdout] 
[INFO] [stdout] 
[INFO] [stdout] error[E0432]: unresolved import `crate::errors::ErrorCode`
[INFO] [stdout]  --> programs/ticket_system/src/instructions/take_a_ticket.rs:8:5
[INFO] [stdout]   |
[INFO] [stdout] 8 | use crate::errors::ErrorCode;
[INFO] [stdout]   |     ^^^^^^^^^^^^^^^^^^^^^^^^ no `ErrorCode` in `errors`
[INFO] [stdout]   |
[INFO] [stdout] help: consider importing one of these items instead
[INFO] [stdout]   |
[INFO] [stdout] 8 | use anchor_lang::prelude::ErrorCode;
[INFO] [stdout]   |     ~~~~~~~~~~~~~~~~~~~~~~~~~~~~~~~
[INFO] [stdout] 8 | use crate::ErrorCode;
[INFO] [stdout]   |     ~~~~~~~~~~~~~~~~
[INFO] [stdout] 
[INFO] [stdout] 
[INFO] [stdout] error[E0432]: unresolved import `crate::errors::ErrorCode`
[INFO] [stdout]  --> programs/ticket_system/src/instructions/create_system_account.rs:7:5
[INFO] [stdout]   |
[INFO] [stdout] 7 | use crate::errors::ErrorCode;
[INFO] [stdout]   |     ^^^^^^^^^^^^^^^^^^^^^^^^ no `ErrorCode` in `errors`
[INFO] [stdout]   |
[INFO] [stdout] help: consider importing one of these items instead
[INFO] [stdout]   |
[INFO] [stdout] 7 | use anchor_lang::prelude::ErrorCode;
[INFO] [stdout]   |     ~~~~~~~~~~~~~~~~~~~~~~~~~~~~~~~
[INFO] [stdout] 7 | use crate::ErrorCode;
[INFO] [stdout]   |     ~~~~~~~~~~~~~~~~
[INFO] [stdout] 
[INFO] [stdout] 
[INFO] [stdout] error[E0432]: unresolved import `crate::errors::ErrorCode`
[INFO] [stdout]  --> programs/ticket_system/src/instructions/create_event.rs:7:5
[INFO] [stdout]   |
[INFO] [stdout] 7 | use crate::errors::ErrorCode;
[INFO] [stdout]   |     ^^^^^^^^^^^^^^^^^^^^^^^^ no `ErrorCode` in `errors`
[INFO] [stdout]   |
[INFO] [stdout] help: consider importing one of these items instead
[INFO] [stdout]   |
[INFO] [stdout] 7 | use anchor_lang::prelude::ErrorCode;
[INFO] [stdout]   |     ~~~~~~~~~~~~~~~~~~~~~~~~~~~~~~~
[INFO] [stdout] 7 | use crate::ErrorCode;
[INFO] [stdout]   |     ~~~~~~~~~~~~~~~~
[INFO] [stdout] 
[INFO] [stdout] 
[INFO] [stdout] error[E0106]: missing lifetime specifier
[INFO] [stdout]   --> programs/ticket_system/src/instructions/take_a_ticket.rs:36:40
[INFO] [stdout]    |
[INFO] [stdout] 36 |     pub system_account: Account<'info, SystemAccount>,
[INFO] [stdout]    |                                        ^^^^^^^^^^^^^ expected named lifetime parameter
[INFO] [stdout]    |
[INFO] [stdout] help: consider using the `'info` lifetime
[INFO] [stdout]    |
[INFO] [stdout] 36 |     pub system_account: Account<'info, SystemAccount<'info>>,
[INFO] [stdout]    |                                                     +++++++
[INFO] [stdout] 
[INFO] [stdout] 
[INFO] [stdout] error[E0106]: missing lifetime specifier
[INFO] [stdout]   --> programs/ticket_system/src/instructions/create_system_account.rs:27:40
[INFO] [stdout]    |
[INFO] [stdout] 27 |     pub system_account: Account<'info, SystemAccount>,
[INFO] [stdout]    |                                        ^^^^^^^^^^^^^ expected named lifetime parameter
[INFO] [stdout]    |
[INFO] [stdout] help: consider using the `'info` lifetime
[INFO] [stdout]    |
[INFO] [stdout] 27 |     pub system_account: Account<'info, SystemAccount<'info>>,
[INFO] [stdout]    |                                                     +++++++
[INFO] [stdout] 
[INFO] [stdout] 
[INFO] [stdout] error[E0106]: missing lifetime specifier
[INFO] [stdout]   --> programs/ticket_system/src/instructions/create_event.rs:41:40
[INFO] [stdout]    |
[INFO] [stdout] 41 |     pub system_account: Account<'info, SystemAccount>,
[INFO] [stdout]    |                                        ^^^^^^^^^^^^^ expected named lifetime parameter
[INFO] [stdout]    |
[INFO] [stdout] help: consider using the `'info` lifetime
[INFO] [stdout]    |
[INFO] [stdout] 41 |     pub system_account: Account<'info, SystemAccount<'info>>,
[INFO] [stdout]    |                                                     +++++++
[INFO] [stdout] 
[INFO] [stdout] 
[INFO] [stdout] warning: `SystemAccount` is ambiguous
[INFO] [stdout]   --> programs/ticket_system/src/instructions/take_a_ticket.rs:21:38
[INFO] [stdout]    |
[INFO] [stdout] 21 |     let system_account: &mut Account<SystemAccount> = &mut ctx.accounts.system_account;
[INFO] [stdout]    |                                      ^^^^^^^^^^^^^ ambiguous name
[INFO] [stdout]    |
[INFO] [stdout]    = warning: this was previously accepted by the compiler but is being phased out; it will become a hard error in a future release!
[INFO] [stdout]    = note: for more information, see issue #114095 <https://github.com/rust-lang/rust/issues/114095>
[INFO] [stdout]    = note: ambiguous because of multiple glob imports of a name in the same module
[INFO] [stdout] note: `SystemAccount` could refer to the struct imported here
[INFO] [stdout]   --> programs/ticket_system/src/instructions/take_a_ticket.rs:2:5
[INFO] [stdout]    |
[INFO] [stdout] 2  |     prelude::*,
[INFO] [stdout]    |     ^^^^^^^^^^
[INFO] [stdout]    = help: consider adding an explicit import of `SystemAccount` to disambiguate
[INFO] [stdout] note: `SystemAccount` could also refer to the struct imported here
[INFO] [stdout]   --> programs/ticket_system/src/instructions/take_a_ticket.rs:7:5
[INFO] [stdout]    |
[INFO] [stdout] 7  | use crate::state::accounts::*;
[INFO] [stdout]    |     ^^^^^^^^^^^^^^^^^^^^^^^^^
[INFO] [stdout]    = help: consider adding an explicit import of `SystemAccount` to disambiguate
[INFO] [stdout]    = note: `#[warn(ambiguous_glob_imports)]` on by default
[INFO] [stdout] 
[INFO] [stdout] 
[INFO] [stdout] warning: `SystemAccount` is ambiguous
[INFO] [stdout]   --> programs/ticket_system/src/instructions/take_a_ticket.rs:36:40
[INFO] [stdout]    |
[INFO] [stdout] 36 |     pub system_account: Account<'info, SystemAccount>,
[INFO] [stdout]    |                                        ^^^^^^^^^^^^^ ambiguous name
[INFO] [stdout]    |
[INFO] [stdout]    = warning: this was previously accepted by the compiler but is being phased out; it will become a hard error in a future release!
[INFO] [stdout]    = note: for more information, see issue #114095 <https://github.com/rust-lang/rust/issues/114095>
[INFO] [stdout]    = note: ambiguous because of multiple glob imports of a name in the same module
[INFO] [stdout] note: `SystemAccount` could refer to the struct imported here
[INFO] [stdout]   --> programs/ticket_system/src/instructions/take_a_ticket.rs:2:5
[INFO] [stdout]    |
[INFO] [stdout] 2  |     prelude::*,
[INFO] [stdout]    |     ^^^^^^^^^^
[INFO] [stdout]    = help: consider adding an explicit import of `SystemAccount` to disambiguate
[INFO] [stdout] note: `SystemAccount` could also refer to the struct imported here
[INFO] [stdout]   --> programs/ticket_system/src/instructions/take_a_ticket.rs:7:5
[INFO] [stdout]    |
[INFO] [stdout] 7  | use crate::state::accounts::*;
[INFO] [stdout]    |     ^^^^^^^^^^^^^^^^^^^^^^^^^
[INFO] [stdout]    = help: consider adding an explicit import of `SystemAccount` to disambiguate
[INFO] [stdout] 
[INFO] [stdout] 
[INFO] [stdout] warning: unused import: `std::str::FromStr`
[INFO] [stdout]  --> programs/ticket_system/src/instructions/take_a_ticket.rs:6:5
[INFO] [stdout]   |
[INFO] [stdout] 6 | use std::str::FromStr;
[INFO] [stdout]   |     ^^^^^^^^^^^^^^^^^
[INFO] [stdout]   |
[INFO] [stdout]   = note: `#[warn(unused_imports)]` on by default
[INFO] [stdout] 
[INFO] [stdout] 
[INFO] [stdout] warning: `SystemAccount` is ambiguous
[INFO] [stdout]   --> programs/ticket_system/src/instructions/create_system_account.rs:15:38
[INFO] [stdout]    |
[INFO] [stdout] 15 |     let system_account: &mut Account<SystemAccount> = &mut ctx.accounts.system_account;
[INFO] [stdout]    |                                      ^^^^^^^^^^^^^ ambiguous name
[INFO] [stdout]    |
[INFO] [stdout]    = warning: this was previously accepted by the compiler but is being phased out; it will become a hard error in a future release!
[INFO] [stdout]    = note: for more information, see issue #114095 <https://github.com/rust-lang/rust/issues/114095>
[INFO] [stdout]    = note: ambiguous because of multiple glob imports of a name in the same module
[INFO] [stdout] note: `SystemAccount` could refer to the struct imported here
[INFO] [stdout]   --> programs/ticket_system/src/instructions/create_system_account.rs:2:5
[INFO] [stdout]    |
[INFO] [stdout] 2  |     prelude::*,
[INFO] [stdout]    |     ^^^^^^^^^^
[INFO] [stdout]    = help: consider adding an explicit import of `SystemAccount` to disambiguate
[INFO] [stdout] note: `SystemAccount` could also refer to the struct imported here
[INFO] [stdout]   --> programs/ticket_system/src/instructions/create_system_account.rs:6:5
[INFO] [stdout]    |
[INFO] [stdout] 6  | use crate::state::accounts::*;
[INFO] [stdout]    |     ^^^^^^^^^^^^^^^^^^^^^^^^^
[INFO] [stdout]    = help: consider adding an explicit import of `SystemAccount` to disambiguate
[INFO] [stdout] 
[INFO] [stdout] 
[INFO] [stdout] warning: `SystemAccount` is ambiguous
[INFO] [stdout]   --> programs/ticket_system/src/instructions/create_system_account.rs:27:40
[INFO] [stdout]    |
[INFO] [stdout] 27 |     pub system_account: Account<'info, SystemAccount>,
[INFO] [stdout]    |                                        ^^^^^^^^^^^^^ ambiguous name
[INFO] [stdout]    |
[INFO] [stdout]    = warning: this was previously accepted by the compiler but is being phased out; it will become a hard error in a future release!
[INFO] [stdout]    = note: for more information, see issue #114095 <https://github.com/rust-lang/rust/issues/114095>
[INFO] [stdout]    = note: ambiguous because of multiple glob imports of a name in the same module
[INFO] [stdout] note: `SystemAccount` could refer to the struct imported here
[INFO] [stdout]   --> programs/ticket_system/src/instructions/create_system_account.rs:2:5
[INFO] [stdout]    |
[INFO] [stdout] 2  |     prelude::*,
[INFO] [stdout]    |     ^^^^^^^^^^
[INFO] [stdout]    = help: consider adding an explicit import of `SystemAccount` to disambiguate
[INFO] [stdout] note: `SystemAccount` could also refer to the struct imported here
[INFO] [stdout]   --> programs/ticket_system/src/instructions/create_system_account.rs:6:5
[INFO] [stdout]    |
[INFO] [stdout] 6  | use crate::state::accounts::*;
[INFO] [stdout]    |     ^^^^^^^^^^^^^^^^^^^^^^^^^
[INFO] [stdout]    = help: consider adding an explicit import of `SystemAccount` to disambiguate
[INFO] [stdout] 
[INFO] [stdout] 
[INFO] [stdout] warning: unused import: `crate::state::accounts::*`
[INFO] [stdout]  --> programs/ticket_system/src/instructions/create_system_account.rs:6:5
[INFO] [stdout]   |
[INFO] [stdout] 6 | use crate::state::accounts::*;
[INFO] [stdout]   |     ^^^^^^^^^^^^^^^^^^^^^^^^^
[INFO] [stdout] 
[INFO] [stdout] 
[INFO] [stdout] warning: `SystemAccount` is ambiguous
[INFO] [stdout]   --> programs/ticket_system/src/instructions/create_event.rs:22:38
[INFO] [stdout]    |
[INFO] [stdout] 22 |     let system_account: &mut Account<SystemAccount> = &mut ctx.accounts.system_account;
[INFO] [stdout]    |                                      ^^^^^^^^^^^^^ ambiguous name
[INFO] [stdout]    |
[INFO] [stdout]    = warning: this was previously accepted by the compiler but is being phased out; it will become a hard error in a future release!
[INFO] [stdout]    = note: for more information, see issue #114095 <https://github.com/rust-lang/rust/issues/114095>
[INFO] [stdout]    = note: ambiguous because of multiple glob imports of a name in the same module
[INFO] [stdout] note: `SystemAccount` could refer to the struct imported here
[INFO] [stdout]   --> programs/ticket_system/src/instructions/create_event.rs:2:5
[INFO] [stdout]    |
[INFO] [stdout] 2  |     prelude::*,
[INFO] [stdout]    |     ^^^^^^^^^^
[INFO] [stdout]    = help: consider adding an explicit import of `SystemAccount` to disambiguate
[INFO] [stdout] note: `SystemAccount` could also refer to the struct imported here
[INFO] [stdout]   --> programs/ticket_system/src/instructions/create_event.rs:6:5
[INFO] [stdout]    |
[INFO] [stdout] 6  | use crate::state::accounts::*;
[INFO] [stdout]    |     ^^^^^^^^^^^^^^^^^^^^^^^^^
[INFO] [stdout]    = help: consider adding an explicit import of `SystemAccount` to disambiguate
[INFO] [stdout] 
[INFO] [stdout] 
[INFO] [stdout] warning: `SystemAccount` is ambiguous
[INFO] [stdout]   --> programs/ticket_system/src/instructions/create_event.rs:41:40
[INFO] [stdout]    |
[INFO] [stdout] 41 |     pub system_account: Account<'info, SystemAccount>,
[INFO] [stdout]    |                                        ^^^^^^^^^^^^^ ambiguous name
[INFO] [stdout]    |
[INFO] [stdout]    = warning: this was previously accepted by the compiler but is being phased out; it will become a hard error in a future release!
[INFO] [stdout]    = note: for more information, see issue #114095 <https://github.com/rust-lang/rust/issues/114095>
[INFO] [stdout]    = note: ambiguous because of multiple glob imports of a name in the same module
[INFO] [stdout] note: `SystemAccount` could refer to the struct imported here
[INFO] [stdout]   --> programs/ticket_system/src/instructions/create_event.rs:2:5
[INFO] [stdout]    |
[INFO] [stdout] 2  |     prelude::*,
[INFO] [stdout]    |     ^^^^^^^^^^
[INFO] [stdout]    = help: consider adding an explicit import of `SystemAccount` to disambiguate
[INFO] [stdout] note: `SystemAccount` could also refer to the struct imported here
[INFO] [stdout]   --> programs/ticket_system/src/instructions/create_event.rs:6:5
[INFO] [stdout]    |
[INFO] [stdout] 6  | use crate::state::accounts::*;
[INFO] [stdout]    |     ^^^^^^^^^^^^^^^^^^^^^^^^^
[INFO] [stdout]    = help: consider adding an explicit import of `SystemAccount` to disambiguate
[INFO] [stdout] 
[INFO] [stdout] 
[INFO] [stdout] error[E0277]: the trait bound `anchor_lang::prelude::SystemAccount<'info>: anchor_lang::AccountSerialize` is not satisfied
[INFO] [stdout]    --> programs/ticket_system/src/instructions/take_a_ticket.rs:36:25
[INFO] [stdout]     |
[INFO] [stdout] 36  |     pub system_account: Account<'info, SystemAccount>,
[INFO] [stdout]     |                         ^^^^^^^^^^^^^^^^^^^^^^^^^^^^^ the trait `anchor_lang::AccountSerialize` is not implemented for `anchor_lang::prelude::SystemAccount<'info>`
[INFO] [stdout]     |
[INFO] [stdout]     = help: the following other types implement trait `anchor_lang::AccountSerialize`:
[INFO] [stdout]               state::accounts::SystemAccount
[INFO] [stdout]               state::accounts::EventAccount
[INFO] [stdout]               state::accounts::TicketAccount
[INFO] [stdout]               anchor_lang::ProgramData
[INFO] [stdout]               IdlAccount
[INFO] [stdout]               UpgradeableLoaderState
[INFO] [stdout] note: required by a bound in `anchor_lang::prelude::Account`
[INFO] [stdout]    --> /opt/rustwide/cargo-home/registry/src/index.crates.io-6f17d22bba15001f/anchor-lang-0.25.0/src/accounts/account.rs:226:30
[INFO] [stdout]     |
[INFO] [stdout] 226 | pub struct Account<'info, T: AccountSerialize + AccountDeserialize + Owner + Clone> {
[INFO] [stdout]     |                              ^^^^^^^^^^^^^^^^ required by this bound in `Account`
[INFO] [stdout] 
[INFO] [stdout] 
[INFO] [stdout] error[E0277]: the trait bound `anchor_lang::prelude::SystemAccount<'info>: anchor_lang::AccountDeserialize` is not satisfied
[INFO] [stdout]    --> programs/ticket_system/src/instructions/take_a_ticket.rs:36:25
[INFO] [stdout]     |
[INFO] [stdout] 36  |     pub system_account: Account<'info, SystemAccount>,
[INFO] [stdout]     |                         ^^^^^^^^^^^^^^^^^^^^^^^^^^^^^ the trait `anchor_lang::AccountDeserialize` is not implemented for `anchor_lang::prelude::SystemAccount<'info>`
[INFO] [stdout]     |
[INFO] [stdout]     = help: the following other types implement trait `anchor_lang::AccountDeserialize`:
[INFO] [stdout]               state::accounts::SystemAccount
[INFO] [stdout]               state::accounts::EventAccount
[INFO] [stdout]               state::accounts::TicketAccount
[INFO] [stdout]               anchor_lang::ProgramData
[INFO] [stdout]               IdlAccount
[INFO] [stdout]               UpgradeableLoaderState
[INFO] [stdout] note: required by a bound in `anchor_lang::prelude::Account`
[INFO] [stdout]    --> /opt/rustwide/cargo-home/registry/src/index.crates.io-6f17d22bba15001f/anchor-lang-0.25.0/src/accounts/account.rs:226:49
[INFO] [stdout]     |
[INFO] [stdout] 226 | pub struct Account<'info, T: AccountSerialize + AccountDeserialize + Owner + Clone> {
[INFO] [stdout]     |                                                 ^^^^^^^^^^^^^^^^^^ required by this bound in `Account`
[INFO] [stdout] 
[INFO] [stdout] 
[INFO] [stdout] error[E0277]: the trait bound `anchor_lang::prelude::SystemAccount<'info>: anchor_lang::Owner` is not satisfied
[INFO] [stdout]    --> programs/ticket_system/src/instructions/take_a_ticket.rs:36:25
[INFO] [stdout]     |
[INFO] [stdout] 36  |     pub system_account: Account<'info, SystemAccount>,
[INFO] [stdout]     |                         ^^^^^^^^^^^^^^^^^^^^^^^^^^^^^ the trait `anchor_lang::Owner` is not implemented for `anchor_lang::prelude::SystemAccount<'info>`
[INFO] [stdout]     |
[INFO] [stdout]     = help: the following other types implement trait `anchor_lang::Owner`:
[INFO] [stdout]               state::accounts::SystemAccount
[INFO] [stdout]               state::accounts::EventAccount
[INFO] [stdout]               state::accounts::TicketAccount
[INFO] [stdout]               anchor_lang::ProgramData
[INFO] [stdout]               UpgradeableLoaderState
[INFO] [stdout] note: required by a bound in `anchor_lang::prelude::Account`
[INFO] [stdout]    --> /opt/rustwide/cargo-home/registry/src/index.crates.io-6f17d22bba15001f/anchor-lang-0.25.0/src/accounts/account.rs:226:70
[INFO] [stdout]     |
[INFO] [stdout] 226 | pub struct Account<'info, T: AccountSerialize + AccountDeserialize + Owner + Clone> {
[INFO] [stdout]     |                                                                      ^^^^^ required by this bound in `Account`
[INFO] [stdout] 
[INFO] [stdout] 
[INFO] [stdout] error[E0277]: the trait bound `anchor_lang::prelude::SystemAccount<'info>: anchor_lang::AccountSerialize` is not satisfied
[INFO] [stdout]    --> programs/ticket_system/src/instructions/create_system_account.rs:27:25
[INFO] [stdout]     |
[INFO] [stdout] 27  |     pub system_account: Account<'info, SystemAccount>,
[INFO] [stdout]     |                         ^^^^^^^^^^^^^^^^^^^^^^^^^^^^^ the trait `anchor_lang::AccountSerialize` is not implemented for `anchor_lang::prelude::SystemAccount<'info>`
[INFO] [stdout]     |
[INFO] [stdout]     = help: the following other types implement trait `anchor_lang::AccountSerialize`:
[INFO] [stdout]               state::accounts::SystemAccount
[INFO] [stdout]               state::accounts::EventAccount
[INFO] [stdout]               state::accounts::TicketAccount
[INFO] [stdout]               anchor_lang::ProgramData
[INFO] [stdout]               IdlAccount
[INFO] [stdout]               UpgradeableLoaderState
[INFO] [stdout] note: required by a bound in `anchor_lang::prelude::Account`
[INFO] [stdout]    --> /opt/rustwide/cargo-home/registry/src/index.crates.io-6f17d22bba15001f/anchor-lang-0.25.0/src/accounts/account.rs:226:30
[INFO] [stdout]     |
[INFO] [stdout] 226 | pub struct Account<'info, T: AccountSerialize + AccountDeserialize + Owner + Clone> {
[INFO] [stdout]     |                              ^^^^^^^^^^^^^^^^ required by this bound in `Account`
[INFO] [stdout] 
[INFO] [stdout] 
[INFO] [stdout] error[E0277]: the trait bound `anchor_lang::prelude::SystemAccount<'info>: anchor_lang::AccountDeserialize` is not satisfied
[INFO] [stdout]    --> programs/ticket_system/src/instructions/create_system_account.rs:27:25
[INFO] [stdout]     |
[INFO] [stdout] 27  |     pub system_account: Account<'info, SystemAccount>,
[INFO] [stdout]     |                         ^^^^^^^^^^^^^^^^^^^^^^^^^^^^^ the trait `anchor_lang::AccountDeserialize` is not implemented for `anchor_lang::prelude::SystemAccount<'info>`
[INFO] [stdout]     |
[INFO] [stdout]     = help: the following other types implement trait `anchor_lang::AccountDeserialize`:
[INFO] [stdout]               state::accounts::SystemAccount
[INFO] [stdout]               state::accounts::EventAccount
[INFO] [stdout]               state::accounts::TicketAccount
[INFO] [stdout]               anchor_lang::ProgramData
[INFO] [stdout]               IdlAccount
[INFO] [stdout]               UpgradeableLoaderState
[INFO] [stdout] note: required by a bound in `anchor_lang::prelude::Account`
[INFO] [stdout]    --> /opt/rustwide/cargo-home/registry/src/index.crates.io-6f17d22bba15001f/anchor-lang-0.25.0/src/accounts/account.rs:226:49
[INFO] [stdout]     |
[INFO] [stdout] 226 | pub struct Account<'info, T: AccountSerialize + AccountDeserialize + Owner + Clone> {
[INFO] [stdout]     |                                                 ^^^^^^^^^^^^^^^^^^ required by this bound in `Account`
[INFO] [stdout] 
[INFO] [stdout] 
[INFO] [stdout] error[E0277]: the trait bound `anchor_lang::prelude::SystemAccount<'info>: anchor_lang::Owner` is not satisfied
[INFO] [stdout]    --> programs/ticket_system/src/instructions/create_system_account.rs:27:25
[INFO] [stdout]     |
[INFO] [stdout] 27  |     pub system_account: Account<'info, SystemAccount>,
[INFO] [stdout]     |                         ^^^^^^^^^^^^^^^^^^^^^^^^^^^^^ the trait `anchor_lang::Owner` is not implemented for `anchor_lang::prelude::SystemAccount<'info>`
[INFO] [stdout]     |
[INFO] [stdout]     = help: the following other types implement trait `anchor_lang::Owner`:
[INFO] [stdout]               state::accounts::SystemAccount
[INFO] [stdout]               state::accounts::EventAccount
[INFO] [stdout]               state::accounts::TicketAccount
[INFO] [stdout]               anchor_lang::ProgramData
[INFO] [stdout]               UpgradeableLoaderState
[INFO] [stdout] note: required by a bound in `anchor_lang::prelude::Account`
[INFO] [stdout]    --> /opt/rustwide/cargo-home/registry/src/index.crates.io-6f17d22bba15001f/anchor-lang-0.25.0/src/accounts/account.rs:226:70
[INFO] [stdout]     |
[INFO] [stdout] 226 | pub struct Account<'info, T: AccountSerialize + AccountDeserialize + Owner + Clone> {
[INFO] [stdout]     |                                                                      ^^^^^ required by this bound in `Account`
[INFO] [stdout] 
[INFO] [stdout] 
[INFO] [stdout] error[E0277]: the trait bound `anchor_lang::prelude::SystemAccount<'info>: anchor_lang::AccountSerialize` is not satisfied
[INFO] [stdout]    --> programs/ticket_system/src/instructions/create_event.rs:41:25
[INFO] [stdout]     |
[INFO] [stdout] 41  |     pub system_account: Account<'info, SystemAccount>,
[INFO] [stdout]     |                         ^^^^^^^^^^^^^^^^^^^^^^^^^^^^^ the trait `anchor_lang::AccountSerialize` is not implemented for `anchor_lang::prelude::SystemAccount<'info>`
[INFO] [stdout]     |
[INFO] [stdout]     = help: the following other types implement trait `anchor_lang::AccountSerialize`:
[INFO] [stdout]               state::accounts::SystemAccount
[INFO] [stdout]               state::accounts::EventAccount
[INFO] [stdout]               state::accounts::TicketAccount
[INFO] [stdout]               anchor_lang::ProgramData
[INFO] [stdout]               IdlAccount
[INFO] [stdout]               UpgradeableLoaderState
[INFO] [stdout] note: required by a bound in `anchor_lang::prelude::Account`
[INFO] [stdout]    --> /opt/rustwide/cargo-home/registry/src/index.crates.io-6f17d22bba15001f/anchor-lang-0.25.0/src/accounts/account.rs:226:30
[INFO] [stdout]     |
[INFO] [stdout] 226 | pub struct Account<'info, T: AccountSerialize + AccountDeserialize + Owner + Clone> {
[INFO] [stdout]     |                              ^^^^^^^^^^^^^^^^ required by this bound in `Account`
[INFO] [stdout] 
[INFO] [stdout] 
[INFO] [stdout] error[E0277]: the trait bound `anchor_lang::prelude::SystemAccount<'info>: anchor_lang::AccountDeserialize` is not satisfied
[INFO] [stdout]    --> programs/ticket_system/src/instructions/create_event.rs:41:25
[INFO] [stdout]     |
[INFO] [stdout] 41  |     pub system_account: Account<'info, SystemAccount>,
[INFO] [stdout]     |                         ^^^^^^^^^^^^^^^^^^^^^^^^^^^^^ the trait `anchor_lang::AccountDeserialize` is not implemented for `anchor_lang::prelude::SystemAccount<'info>`
[INFO] [stdout]     |
[INFO] [stdout]     = help: the following other types implement trait `anchor_lang::AccountDeserialize`:
[INFO] [stdout]               state::accounts::SystemAccount
[INFO] [stdout]               state::accounts::EventAccount
[INFO] [stdout]               state::accounts::TicketAccount
[INFO] [stdout]               anchor_lang::ProgramData
[INFO] [stdout]               IdlAccount
[INFO] [stdout]               UpgradeableLoaderState
[INFO] [stdout] note: required by a bound in `anchor_lang::prelude::Account`
[INFO] [stdout]    --> /opt/rustwide/cargo-home/registry/src/index.crates.io-6f17d22bba15001f/anchor-lang-0.25.0/src/accounts/account.rs:226:49
[INFO] [stdout]     |
[INFO] [stdout] 226 | pub struct Account<'info, T: AccountSerialize + AccountDeserialize + Owner + Clone> {
[INFO] [stdout]     |                                                 ^^^^^^^^^^^^^^^^^^ required by this bound in `Account`
[INFO] [stdout] 
[INFO] [stdout] 
[INFO] [stdout] error[E0277]: the trait bound `anchor_lang::prelude::SystemAccount<'info>: anchor_lang::Owner` is not satisfied
[INFO] [stdout]    --> programs/ticket_system/src/instructions/create_event.rs:41:25
[INFO] [stdout]     |
[INFO] [stdout] 41  |     pub system_account: Account<'info, SystemAccount>,
[INFO] [stdout]     |                         ^^^^^^^^^^^^^^^^^^^^^^^^^^^^^ the trait `anchor_lang::Owner` is not implemented for `anchor_lang::prelude::SystemAccount<'info>`
[INFO] [stdout]     |
[INFO] [stdout]     = help: the following other types implement trait `anchor_lang::Owner`:
[INFO] [stdout]               state::accounts::SystemAccount
[INFO] [stdout]               state::accounts::EventAccount
[INFO] [stdout]               state::accounts::TicketAccount
[INFO] [stdout]               anchor_lang::ProgramData
[INFO] [stdout]               UpgradeableLoaderState
[INFO] [stdout] note: required by a bound in `anchor_lang::prelude::Account`
[INFO] [stdout]    --> /opt/rustwide/cargo-home/registry/src/index.crates.io-6f17d22bba15001f/anchor-lang-0.25.0/src/accounts/account.rs:226:70
[INFO] [stdout]     |
[INFO] [stdout] 226 | pub struct Account<'info, T: AccountSerialize + AccountDeserialize + Owner + Clone> {
[INFO] [stdout]     |                                                                      ^^^^^ required by this bound in `Account`
[INFO] [stdout] 
[INFO] [stdout] 
[INFO] [stdout] error: aborting due to 17 previous errors; 8 warnings emitted
[INFO] [stdout] 
[INFO] [stdout] 
[INFO] [stdout] Some errors have detailed explanations: E0106, E0277, E0432, E0583.
[INFO] [stdout] 
[INFO] [stdout] For more information about an error, try `rustc --explain E0106`.
[INFO] [stdout] 
[INFO] [stderr] error: could not compile `ticket_system` (lib) due to 18 previous errors; 8 warnings emitted
[INFO] running `Command { std: "docker" "inspect" "85018d1fe7f31ce78125bf5b8b56874c1785dc94da77a2cc04595fbd4f163af4", kill_on_drop: false }`
[INFO] running `Command { std: "docker" "rm" "-f" "85018d1fe7f31ce78125bf5b8b56874c1785dc94da77a2cc04595fbd4f163af4", kill_on_drop: false }`
[INFO] [stdout] 85018d1fe7f31ce78125bf5b8b56874c1785dc94da77a2cc04595fbd4f163af4
[INFO] testing Blockchain-test/Ticket_System_Solana against beta-2023-12-22 for beta-1.76-1
[INFO] running `Command { std: "git" "clone" "/workspace/cache/git-repos/https%3A%2F%2Fgithub.com%2FBlockchain-test%2FTicket_System_Solana" "/workspace/builds/worker-6-tc2/source", kill_on_drop: false }`
[INFO] [stderr] Cloning into '/workspace/builds/worker-6-tc2/source'...
[INFO] [stderr] done.
[INFO] validating manifest of git repo https://github.com/Blockchain-test/Ticket_System_Solana on toolchain beta-2023-12-22
[INFO] running `Command { std: CARGO_HOME="/workspace/cargo-home" RUSTUP_HOME="/workspace/rustup-home" "/workspace/cargo-home/bin/cargo" "+beta-2023-12-22" "metadata" "--manifest-path" "Cargo.toml" "--no-deps", kill_on_drop: false }`
[INFO] started tweaking git repo https://github.com/Blockchain-test/Ticket_System_Solana
[INFO] finished tweaking git repo https://github.com/Blockchain-test/Ticket_System_Solana
[INFO] tweaked toml for git repo https://github.com/Blockchain-test/Ticket_System_Solana written to /workspace/builds/worker-6-tc2/source/Cargo.toml
[INFO] crate git repo https://github.com/Blockchain-test/Ticket_System_Solana already has a lockfile, it will not be regenerated
[INFO] running `Command { std: CARGO_HOME="/workspace/cargo-home" RUSTUP_HOME="/workspace/rustup-home" "/workspace/cargo-home/bin/cargo" "+beta-2023-12-22" "fetch" "--manifest-path" "Cargo.toml", kill_on_drop: false }`
[INFO] [stderr] warning: virtual workspace defaulting to `resolver = "1"` despite one or more workspace members being on edition 2021 which implies `resolver = "2"`
[INFO] [stderr] note: to keep the current resolver, specify `workspace.resolver = "1"` in the workspace root's manifest
[INFO] [stderr] note: to use the edition 2021 resolver, specify `workspace.resolver = "2"` in the workspace root's manifest
[INFO] [stderr] note: for more details see https://doc.rust-lang.org/cargo/reference/resolver.html#resolver-versions
[INFO] [stderr]     Blocking waiting for file lock on package cache
[INFO] [stderr]     Blocking waiting for file lock on package cache
[INFO] running `Command { std: "docker" "create" "-v" "/var/lib/crater-agent-workspace/builds/worker-6-tc2/target:/opt/rustwide/target:rw,Z" "-v" "/var/lib/crater-agent-workspace/builds/worker-6-tc2/source:/opt/rustwide/workdir:ro,Z" "-v" "/var/lib/crater-agent-workspace/cargo-home:/opt/rustwide/cargo-home:ro,Z" "-v" "/var/lib/crater-agent-workspace/rustup-home:/opt/rustwide/rustup-home:ro,Z" "-e" "SOURCE_DIR=/opt/rustwide/workdir" "-e" "CARGO_TARGET_DIR=/opt/rustwide/target" "-e" "CARGO_HOME=/opt/rustwide/cargo-home" "-e" "RUSTUP_HOME=/opt/rustwide/rustup-home" "-w" "/opt/rustwide/workdir" "-m" "1610612736" "--user" "0:0" "--network" "none" "ghcr.io/rust-lang/crates-build-env/linux@sha256:2788e3201cd34a07e3172128adcd8b3090168a8e3bcc40d7c032b9dda1df7d1c" "/opt/rustwide/cargo-home/bin/cargo" "+beta-2023-12-22" "metadata" "--no-deps" "--format-version=1", kill_on_drop: false }`
[INFO] [stdout] 8ef18c16b1b86b7ff17f0a893d66aceb0d7ea0522d730ea4c564fd179fe786ba
[INFO] running `Command { std: "docker" "start" "-a" "8ef18c16b1b86b7ff17f0a893d66aceb0d7ea0522d730ea4c564fd179fe786ba", kill_on_drop: false }`
[INFO] running `Command { std: "docker" "inspect" "8ef18c16b1b86b7ff17f0a893d66aceb0d7ea0522d730ea4c564fd179fe786ba", kill_on_drop: false }`
[INFO] running `Command { std: "docker" "rm" "-f" "8ef18c16b1b86b7ff17f0a893d66aceb0d7ea0522d730ea4c564fd179fe786ba", kill_on_drop: false }`
[INFO] [stdout] 8ef18c16b1b86b7ff17f0a893d66aceb0d7ea0522d730ea4c564fd179fe786ba
[INFO] running `Command { std: "docker" "create" "-v" "/var/lib/crater-agent-workspace/builds/worker-6-tc2/target:/opt/rustwide/target:rw,Z" "-v" "/var/lib/crater-agent-workspace/builds/worker-6-tc2/source:/opt/rustwide/workdir:ro,Z" "-v" "/var/lib/crater-agent-workspace/cargo-home:/opt/rustwide/cargo-home:ro,Z" "-v" "/var/lib/crater-agent-workspace/rustup-home:/opt/rustwide/rustup-home:ro,Z" "-e" "SOURCE_DIR=/opt/rustwide/workdir" "-e" "CARGO_TARGET_DIR=/opt/rustwide/target" "-e" "CARGO_INCREMENTAL=0" "-e" "RUST_BACKTRACE=full" "-e" "RUSTFLAGS=--cap-lints=warn" "-e" "RUSTDOCFLAGS=--cap-lints=warn" "-e" "CARGO_HOME=/opt/rustwide/cargo-home" "-e" "RUSTUP_HOME=/opt/rustwide/rustup-home" "-w" "/opt/rustwide/workdir" "-m" "1610612736" "--user" "0:0" "--network" "none" "ghcr.io/rust-lang/crates-build-env/linux@sha256:2788e3201cd34a07e3172128adcd8b3090168a8e3bcc40d7c032b9dda1df7d1c" "/opt/rustwide/cargo-home/bin/cargo" "+beta-2023-12-22" "build" "--frozen" "--message-format=json", kill_on_drop: false }`
[INFO] [stdout] 5e34b43a9e450c3dcca950c3fc055cce868809e56b6ec7cc962a9ce2b2515dbf
[INFO] running `Command { std: "docker" "start" "-a" "5e34b43a9e450c3dcca950c3fc055cce868809e56b6ec7cc962a9ce2b2515dbf", kill_on_drop: false }`
[INFO] [stderr] warning: virtual workspace defaulting to `resolver = "1"` despite one or more workspace members being on edition 2021 which implies `resolver = "2"`
[INFO] [stderr] note: to keep the current resolver, specify `workspace.resolver = "1"` in the workspace root's manifest
[INFO] [stderr] note: to use the edition 2021 resolver, specify `workspace.resolver = "2"` in the workspace root's manifest
[INFO] [stderr] note: for more details see https://doc.rust-lang.org/cargo/reference/resolver.html#resolver-versions
[INFO] [stderr]    Compiling proc-macro2 v1.0.46
[INFO] [stderr]    Compiling quote v1.0.21
[INFO] [stderr]    Compiling unicode-ident v1.0.5
[INFO] [stderr]    Compiling syn v1.0.102
[INFO] [stderr]    Compiling version_check v0.9.4
[INFO] [stderr]    Compiling serde_derive v1.0.145
[INFO] [stderr]    Compiling serde v1.0.145
[INFO] [stderr]    Compiling typenum v1.15.0
[INFO] [stderr]    Compiling cfg-if v1.0.0
[INFO] [stderr]    Compiling libc v0.2.134
[INFO] [stderr]    Compiling autocfg v1.1.0
[INFO] [stderr]    Compiling subtle v2.4.1
[INFO] [stderr]    Compiling cpufeatures v0.2.5
[INFO] [stderr]    Compiling thiserror v1.0.37
[INFO] [stderr]    Compiling opaque-debug v0.3.0
[INFO] [stderr]    Compiling serde_json v1.0.85
[INFO] [stderr]    Compiling anyhow v1.0.65
[INFO] [stderr]    Compiling semver v1.0.14
[INFO] [stderr]    Compiling itoa v1.0.4
[INFO] [stderr]    Compiling ryu v1.0.11
[INFO] [stderr]    Compiling yansi v0.5.1
[INFO] [stderr]    Compiling unicode-segmentation v1.10.0
[INFO] [stderr]    Compiling bs58 v0.3.1
[INFO] [stderr]    Compiling crossbeam-utils v0.8.12
[INFO] [stderr]    Compiling crunchy v0.2.2
[INFO] [stderr]    Compiling once_cell v1.15.0
[INFO] [stderr]    Compiling log v0.4.17
[INFO] [stderr]    Compiling getrandom v0.1.16
[INFO] [stderr]    Compiling wasm-bindgen-shared v0.2.83
[INFO] [stderr]    Compiling generic-array v0.14.6
[INFO] [stderr]    Compiling proc-macro2-diagnostics v0.9.1
[INFO] [stderr]    Compiling memoffset v0.6.5
[INFO] [stderr]    Compiling crossbeam-epoch v0.9.11
[INFO] [stderr]    Compiling heck v0.3.3
[INFO] [stderr]    Compiling rayon-core v1.9.3
[INFO] [stderr]    Compiling scopeguard v1.1.0
[INFO] [stderr]    Compiling rustc_version v0.4.0
[INFO] [stderr]    Compiling rayon v1.5.3
[INFO] [stderr]    Compiling ahash v0.7.6
[INFO] [stderr]    Compiling feature-probe v0.1.1
[INFO] [stderr]    Compiling either v1.8.0
[INFO] [stderr]    Compiling bumpalo v3.11.0
[INFO] [stderr]    Compiling memchr v2.5.0
[INFO] [stderr]    Compiling rustversion v1.0.9
[INFO] [stderr]    Compiling im v15.1.0
[INFO] [stderr]    Compiling bv v0.11.1
[INFO] [stderr]    Compiling ppv-lite86 v0.2.16
[INFO] [stderr]    Compiling bs58 v0.4.0
[INFO] [stderr]    Compiling rand_core v0.6.4
[INFO] [stderr]    Compiling cc v1.0.73
[INFO] [stderr]    Compiling num_cpus v1.13.1
[INFO] [stderr]    Compiling crossbeam-channel v0.5.6
[INFO] [stderr]    Compiling solana-frozen-abi-macro v1.10.40
[INFO] [stderr]    Compiling getrandom v0.2.7
[INFO] [stderr]    Compiling rand_core v0.5.1
[INFO] [stderr]    Compiling crossbeam-deque v0.8.2
[INFO] [stderr]    Compiling solana-frozen-abi v1.10.40
[INFO] [stderr]    Compiling rand_xoshiro v0.6.0
[INFO] [stderr]    Compiling num-traits v0.2.15
[INFO] [stderr]    Compiling rand_chacha v0.2.2
[INFO] [stderr]    Compiling wasm-bindgen v0.2.83
[INFO] [stderr]    Compiling arrayref v0.3.6
[INFO] [stderr]    Compiling hashbrown v0.11.2
[INFO] [stderr]    Compiling solana-program v1.10.40
[INFO] [stderr]    Compiling memmap2 v0.5.7
[INFO] [stderr]    Compiling aho-corasick v0.7.19
[INFO] [stderr]    Compiling bitmaps v2.1.0
[INFO] [stderr]    Compiling rand v0.7.3
[INFO] [stderr]    Compiling base64 v0.12.3
[INFO] [stderr]    Compiling zeroize v1.3.0
[INFO] [stderr]    Compiling constant_time_eq v0.1.5
[INFO] [stderr]    Compiling byteorder v1.4.3
[INFO] [stderr]    Compiling regex-syntax v0.6.27
[INFO] [stderr]    Compiling arrayvec v0.7.2
[INFO] [stderr]    Compiling keccak v0.1.2
[INFO] [stderr]    Compiling lazy_static v1.4.0
[INFO] [stderr]    Compiling itertools v0.10.5
[INFO] [stderr]    Compiling bitflags v1.3.2
[INFO] [stderr]    Compiling base64 v0.13.0
[INFO] [stderr]    Compiling blake3 v1.3.1
[INFO] [stderr]    Compiling sized-chunks v0.6.5
[INFO] [stderr]    Compiling regex v1.6.0
[INFO] [stderr]    Compiling wasm-bindgen-backend v0.2.83
[INFO] [stderr]    Compiling borsh-derive-internal v0.9.3
[INFO] [stderr]    Compiling borsh-schema-derive-internal v0.9.3
[INFO] [stderr]    Compiling wasm-bindgen-macro-support v0.2.83
[INFO] [stderr]    Compiling thiserror-impl v1.0.37
[INFO] [stderr]    Compiling bytemuck_derive v1.2.1
[INFO] [stderr]    Compiling num-derive v0.3.3
[INFO] [stderr]    Compiling solana-sdk-macro v1.10.40
[INFO] [stderr]    Compiling wasm-bindgen-macro v0.2.83
[INFO] [stderr]    Compiling bytemuck v1.12.1
[INFO] [stderr]    Compiling toml v0.5.9
[INFO] [stderr]    Compiling serde_bytes v0.11.7
[INFO] [stderr]    Compiling bincode v1.3.3
[INFO] [stderr]    Compiling digest v0.9.0
[INFO] [stderr]    Compiling block-buffer v0.9.0
[INFO] [stderr]    Compiling block-buffer v0.10.3
[INFO] [stderr]    Compiling crypto-common v0.1.6
[INFO] [stderr]    Compiling crypto-mac v0.8.0
[INFO] [stderr]    Compiling libsecp256k1-core v0.2.2
[INFO] [stderr]    Compiling hmac v0.8.1
[INFO] [stderr]    Compiling curve25519-dalek v3.2.1
[INFO] [stderr]    Compiling sha2 v0.9.9
[INFO] [stderr]    Compiling digest v0.10.5
[INFO] [stderr]    Compiling hmac-drbg v0.3.0
[INFO] [stderr]    Compiling sha2 v0.10.6
[INFO] [stderr]    Compiling sha3 v0.10.5
[INFO] [stderr]    Compiling proc-macro-crate v0.1.5
[INFO] [stderr]    Compiling anchor-syn v0.25.0
[INFO] [stderr]    Compiling borsh-derive v0.9.3
[INFO] [stderr]    Compiling libsecp256k1-gen-ecmult v0.2.1
[INFO] [stderr]    Compiling libsecp256k1-gen-genmult v0.2.1
[INFO] [stderr]    Compiling libsecp256k1 v0.6.0
[INFO] [stderr]    Compiling borsh v0.9.3
[INFO] [stderr]    Compiling anchor-attribute-access-control v0.25.0
[INFO] [stderr]    Compiling anchor-attribute-program v0.25.0
[INFO] [stderr]    Compiling anchor-attribute-interface v0.25.0
[INFO] [stderr]    Compiling anchor-attribute-state v0.25.0
[INFO] [stderr]    Compiling anchor-attribute-constant v0.25.0
[INFO] [stderr]    Compiling anchor-attribute-account v0.25.0
[INFO] [stderr]    Compiling anchor-attribute-error v0.25.0
[INFO] [stderr]    Compiling anchor-derive-accounts v0.25.0
[INFO] [stderr]    Compiling anchor-attribute-event v0.25.0
[INFO] [stderr]    Compiling anchor-lang v0.25.0
[INFO] [stderr]    Compiling ticket_system v0.1.0 (/opt/rustwide/workdir/programs/ticket_system)
[INFO] [stdout] error[E0583]: file not found for module `errors`
[INFO] [stdout]  --> programs/ticket_system/src/lib.rs:6:1
[INFO] [stdout]   |
[INFO] [stdout] 6 | pub mod errors;
[INFO] [stdout]   | ^^^^^^^^^^^^^^^
[INFO] [stdout]   |
[INFO] [stdout]   = help: to create the module `errors`, create file "programs/ticket_system/src/errors.rs" or "programs/ticket_system/src/errors/mod.rs"
[INFO] [stdout]   = note: if there is a `mod errors` elsewhere in the crate already, import it with `use crate::...` instead
[INFO] [stdout] 
[INFO] [stdout] 
[INFO] [stdout] error[E0432]: unresolved import `crate::errors::ErrorCode`
[INFO] [stdout]  --> programs/ticket_system/src/lib.rs:3:5
[INFO] [stdout]   |
[INFO] [stdout] 3 | use crate::errors::ErrorCode;
[INFO] [stdout]   |     ^^^^^^^^^^^^^^^^^^^^^^^^ no `ErrorCode` in `errors`
[INFO] [stdout]   |
[INFO] [stdout] help: consider importing one of these items instead
[INFO] [stdout]   |
[INFO] [stdout] 3 | use anchor_lang::prelude::ErrorCode;
[INFO] [stdout]   |     ~~~~~~~~~~~~~~~~~~~~~~~~~~~~~~~
[INFO] [stdout] 3 | use crate::error::ErrorCode;
[INFO] [stdout]   |     ~~~~~~~~~~~~~~~~~~~~~~~
[INFO] [stdout] 
[INFO] [stdout] 
[INFO] [stdout] error[E0432]: unresolved import `crate::errors::ErrorCode`
[INFO] [stdout]  --> programs/ticket_system/src/instructions/take_a_ticket.rs:8:5
[INFO] [stdout]   |
[INFO] [stdout] 8 | use crate::errors::ErrorCode;
[INFO] [stdout]   |     ^^^^^^^^^^^^^^^^^^^^^^^^ no `ErrorCode` in `errors`
[INFO] [stdout]   |
[INFO] [stdout] help: consider importing one of these items instead
[INFO] [stdout]   |
[INFO] [stdout] 8 | use anchor_lang::prelude::ErrorCode;
[INFO] [stdout]   |     ~~~~~~~~~~~~~~~~~~~~~~~~~~~~~~~
[INFO] [stdout] 8 | use crate::ErrorCode;
[INFO] [stdout]   |     ~~~~~~~~~~~~~~~~
[INFO] [stdout] 
[INFO] [stdout] 
[INFO] [stdout] error[E0432]: unresolved import `crate::errors::ErrorCode`
[INFO] [stdout]  --> programs/ticket_system/src/instructions/create_system_account.rs:7:5
[INFO] [stdout]   |
[INFO] [stdout] 7 | use crate::errors::ErrorCode;
[INFO] [stdout]   |     ^^^^^^^^^^^^^^^^^^^^^^^^ no `ErrorCode` in `errors`
[INFO] [stdout]   |
[INFO] [stdout] help: consider importing one of these items instead
[INFO] [stdout]   |
[INFO] [stdout] 7 | use anchor_lang::prelude::ErrorCode;
[INFO] [stdout]   |     ~~~~~~~~~~~~~~~~~~~~~~~~~~~~~~~
[INFO] [stdout] 7 | use crate::ErrorCode;
[INFO] [stdout]   |     ~~~~~~~~~~~~~~~~
[INFO] [stdout] 
[INFO] [stdout] 
[INFO] [stdout] error[E0432]: unresolved import `crate::errors::ErrorCode`
[INFO] [stdout]  --> programs/ticket_system/src/instructions/create_event.rs:7:5
[INFO] [stdout]   |
[INFO] [stdout] 7 | use crate::errors::ErrorCode;
[INFO] [stdout]   |     ^^^^^^^^^^^^^^^^^^^^^^^^ no `ErrorCode` in `errors`
[INFO] [stdout]   |
[INFO] [stdout] help: consider importing one of these items instead
[INFO] [stdout]   |
[INFO] [stdout] 7 | use anchor_lang::prelude::ErrorCode;
[INFO] [stdout]   |     ~~~~~~~~~~~~~~~~~~~~~~~~~~~~~~~
[INFO] [stdout] 7 | use crate::ErrorCode;
[INFO] [stdout]   |     ~~~~~~~~~~~~~~~~
[INFO] [stdout] 
[INFO] [stdout] 
[INFO] [stdout] error[E0106]: missing lifetime specifier
[INFO] [stdout]   --> programs/ticket_system/src/instructions/take_a_ticket.rs:36:40
[INFO] [stdout]    |
[INFO] [stdout] 36 |     pub system_account: Account<'info, SystemAccount>,
[INFO] [stdout]    |                                        ^^^^^^^^^^^^^ expected named lifetime parameter
[INFO] [stdout]    |
[INFO] [stdout] help: consider using the `'info` lifetime
[INFO] [stdout]    |
[INFO] [stdout] 36 |     pub system_account: Account<'info, SystemAccount<'info>>,
[INFO] [stdout]    |                                                     +++++++
[INFO] [stdout] 
[INFO] [stdout] 
[INFO] [stdout] error[E0106]: missing lifetime specifier
[INFO] [stdout]   --> programs/ticket_system/src/instructions/create_system_account.rs:27:40
[INFO] [stdout]    |
[INFO] [stdout] 27 |     pub system_account: Account<'info, SystemAccount>,
[INFO] [stdout]    |                                        ^^^^^^^^^^^^^ expected named lifetime parameter
[INFO] [stdout]    |
[INFO] [stdout] help: consider using the `'info` lifetime
[INFO] [stdout]    |
[INFO] [stdout] 27 |     pub system_account: Account<'info, SystemAccount<'info>>,
[INFO] [stdout]    |                                                     +++++++
[INFO] [stdout] 
[INFO] [stdout] 
[INFO] [stdout] error[E0106]: missing lifetime specifier
[INFO] [stdout]   --> programs/ticket_system/src/instructions/create_event.rs:41:40
[INFO] [stdout]    |
[INFO] [stdout] 41 |     pub system_account: Account<'info, SystemAccount>,
[INFO] [stdout]    |                                        ^^^^^^^^^^^^^ expected named lifetime parameter
[INFO] [stdout]    |
[INFO] [stdout] help: consider using the `'info` lifetime
[INFO] [stdout]    |
[INFO] [stdout] 41 |     pub system_account: Account<'info, SystemAccount<'info>>,
[INFO] [stdout]    |                                                     +++++++
[INFO] [stdout] 
[INFO] [stdout] 
[INFO] [stdout] warning: `SystemAccount` is ambiguous
[INFO] [stdout]   --> programs/ticket_system/src/instructions/take_a_ticket.rs:21:38
[INFO] [stdout]    |
[INFO] [stdout] 21 |     let system_account: &mut Account<SystemAccount> = &mut ctx.accounts.system_account;
[INFO] [stdout]    |                                      ^^^^^^^^^^^^^ ambiguous name
[INFO] [stdout]    |
[INFO] [stdout]    = warning: this was previously accepted by the compiler but is being phased out; it will become a hard error in a future release!
[INFO] [stdout]    = note: for more information, see issue #114095 <https://github.com/rust-lang/rust/issues/114095>
[INFO] [stdout]    = note: ambiguous because of multiple glob imports of a name in the same module
[INFO] [stdout] note: `SystemAccount` could refer to the struct imported here
[INFO] [stdout]   --> programs/ticket_system/src/instructions/take_a_ticket.rs:2:5
[INFO] [stdout]    |
[INFO] [stdout] 2  |     prelude::*,
[INFO] [stdout]    |     ^^^^^^^^^^
[INFO] [stdout]    = help: consider adding an explicit import of `SystemAccount` to disambiguate
[INFO] [stdout] note: `SystemAccount` could also refer to the struct imported here
[INFO] [stdout]   --> programs/ticket_system/src/instructions/take_a_ticket.rs:7:5
[INFO] [stdout]    |
[INFO] [stdout] 7  | use crate::state::accounts::*;
[INFO] [stdout]    |     ^^^^^^^^^^^^^^^^^^^^^^^^^
[INFO] [stdout]    = help: consider adding an explicit import of `SystemAccount` to disambiguate
[INFO] [stdout]    = note: `#[warn(ambiguous_glob_imports)]` on by default
[INFO] [stdout] 
[INFO] [stdout] 
[INFO] [stdout] warning: `SystemAccount` is ambiguous
[INFO] [stdout]   --> programs/ticket_system/src/instructions/take_a_ticket.rs:36:40
[INFO] [stdout]    |
[INFO] [stdout] 36 |     pub system_account: Account<'info, SystemAccount>,
[INFO] [stdout]    |                                        ^^^^^^^^^^^^^ ambiguous name
[INFO] [stdout]    |
[INFO] [stdout]    = warning: this was previously accepted by the compiler but is being phased out; it will become a hard error in a future release!
[INFO] [stdout]    = note: for more information, see issue #114095 <https://github.com/rust-lang/rust/issues/114095>
[INFO] [stdout]    = note: ambiguous because of multiple glob imports of a name in the same module
[INFO] [stdout] note: `SystemAccount` could refer to the struct imported here
[INFO] [stdout]   --> programs/ticket_system/src/instructions/take_a_ticket.rs:2:5
[INFO] [stdout]    |
[INFO] [stdout] 2  |     prelude::*,
[INFO] [stdout]    |     ^^^^^^^^^^
[INFO] [stdout]    = help: consider adding an explicit import of `SystemAccount` to disambiguate
[INFO] [stdout] note: `SystemAccount` could also refer to the struct imported here
[INFO] [stdout]   --> programs/ticket_system/src/instructions/take_a_ticket.rs:7:5
[INFO] [stdout]    |
[INFO] [stdout] 7  | use crate::state::accounts::*;
[INFO] [stdout]    |     ^^^^^^^^^^^^^^^^^^^^^^^^^
[INFO] [stdout]    = help: consider adding an explicit import of `SystemAccount` to disambiguate
[INFO] [stdout] 
[INFO] [stdout] 
[INFO] [stdout] warning: unused import: `std::str::FromStr`
[INFO] [stdout]  --> programs/ticket_system/src/instructions/take_a_ticket.rs:6:5
[INFO] [stdout]   |
[INFO] [stdout] 6 | use std::str::FromStr;
[INFO] [stdout]   |     ^^^^^^^^^^^^^^^^^
[INFO] [stdout]   |
[INFO] [stdout]   = note: `#[warn(unused_imports)]` on by default
[INFO] [stdout] 
[INFO] [stdout] 
[INFO] [stdout] warning: `SystemAccount` is ambiguous
[INFO] [stdout]   --> programs/ticket_system/src/instructions/create_system_account.rs:15:38
[INFO] [stdout]    |
[INFO] [stdout] 15 |     let system_account: &mut Account<SystemAccount> = &mut ctx.accounts.system_account;
[INFO] [stdout]    |                                      ^^^^^^^^^^^^^ ambiguous name
[INFO] [stdout]    |
[INFO] [stdout]    = warning: this was previously accepted by the compiler but is being phased out; it will become a hard error in a future release!
[INFO] [stdout]    = note: for more information, see issue #114095 <https://github.com/rust-lang/rust/issues/114095>
[INFO] [stdout]    = note: ambiguous because of multiple glob imports of a name in the same module
[INFO] [stdout] note: `SystemAccount` could refer to the struct imported here
[INFO] [stdout]   --> programs/ticket_system/src/instructions/create_system_account.rs:2:5
[INFO] [stdout]    |
[INFO] [stdout] 2  |     prelude::*,
[INFO] [stdout]    |     ^^^^^^^^^^
[INFO] [stdout]    = help: consider adding an explicit import of `SystemAccount` to disambiguate
[INFO] [stdout] note: `SystemAccount` could also refer to the struct imported here
[INFO] [stdout]   --> programs/ticket_system/src/instructions/create_system_account.rs:6:5
[INFO] [stdout]    |
[INFO] [stdout] 6  | use crate::state::accounts::*;
[INFO] [stdout]    |     ^^^^^^^^^^^^^^^^^^^^^^^^^
[INFO] [stdout]    = help: consider adding an explicit import of `SystemAccount` to disambiguate
[INFO] [stdout] 
[INFO] [stdout] 
[INFO] [stdout] warning: `SystemAccount` is ambiguous
[INFO] [stdout]   --> programs/ticket_system/src/instructions/create_system_account.rs:27:40
[INFO] [stdout]    |
[INFO] [stdout] 27 |     pub system_account: Account<'info, SystemAccount>,
[INFO] [stdout]    |                                        ^^^^^^^^^^^^^ ambiguous name
[INFO] [stdout]    |
[INFO] [stdout]    = warning: this was previously accepted by the compiler but is being phased out; it will become a hard error in a future release!
[INFO] [stdout]    = note: for more information, see issue #114095 <https://github.com/rust-lang/rust/issues/114095>
[INFO] [stdout]    = note: ambiguous because of multiple glob imports of a name in the same module
[INFO] [stdout] note: `SystemAccount` could refer to the struct imported here
[INFO] [stdout]   --> programs/ticket_system/src/instructions/create_system_account.rs:2:5
[INFO] [stdout]    |
[INFO] [stdout] 2  |     prelude::*,
[INFO] [stdout]    |     ^^^^^^^^^^
[INFO] [stdout]    = help: consider adding an explicit import of `SystemAccount` to disambiguate
[INFO] [stdout] note: `SystemAccount` could also refer to the struct imported here
[INFO] [stdout]   --> programs/ticket_system/src/instructions/create_system_account.rs:6:5
[INFO] [stdout]    |
[INFO] [stdout] 6  | use crate::state::accounts::*;
[INFO] [stdout]    |     ^^^^^^^^^^^^^^^^^^^^^^^^^
[INFO] [stdout]    = help: consider adding an explicit import of `SystemAccount` to disambiguate
[INFO] [stdout] 
[INFO] [stdout] 
[INFO] [stdout] warning: unused import: `crate::state::accounts::*`
[INFO] [stdout]  --> programs/ticket_system/src/instructions/create_system_account.rs:6:5
[INFO] [stdout]   |
[INFO] [stdout] 6 | use crate::state::accounts::*;
[INFO] [stdout]   |     ^^^^^^^^^^^^^^^^^^^^^^^^^
[INFO] [stdout] 
[INFO] [stdout] 
[INFO] [stdout] warning: `SystemAccount` is ambiguous
[INFO] [stdout]   --> programs/ticket_system/src/instructions/create_event.rs:22:38
[INFO] [stdout]    |
[INFO] [stdout] 22 |     let system_account: &mut Account<SystemAccount> = &mut ctx.accounts.system_account;
[INFO] [stdout]    |                                      ^^^^^^^^^^^^^ ambiguous name
[INFO] [stdout]    |
[INFO] [stdout]    = warning: this was previously accepted by the compiler but is being phased out; it will become a hard error in a future release!
[INFO] [stdout]    = note: for more information, see issue #114095 <https://github.com/rust-lang/rust/issues/114095>
[INFO] [stdout]    = note: ambiguous because of multiple glob imports of a name in the same module
[INFO] [stdout] note: `SystemAccount` could refer to the struct imported here
[INFO] [stdout]   --> programs/ticket_system/src/instructions/create_event.rs:2:5
[INFO] [stdout]    |
[INFO] [stdout] 2  |     prelude::*,
[INFO] [stdout]    |     ^^^^^^^^^^
[INFO] [stdout]    = help: consider adding an explicit import of `SystemAccount` to disambiguate
[INFO] [stdout] note: `SystemAccount` could also refer to the struct imported here
[INFO] [stdout]   --> programs/ticket_system/src/instructions/create_event.rs:6:5
[INFO] [stdout]    |
[INFO] [stdout] 6  | use crate::state::accounts::*;
[INFO] [stdout]    |     ^^^^^^^^^^^^^^^^^^^^^^^^^
[INFO] [stdout]    = help: consider adding an explicit import of `SystemAccount` to disambiguate
[INFO] [stdout] 
[INFO] [stdout] 
[INFO] [stdout] warning: `SystemAccount` is ambiguous
[INFO] [stdout]   --> programs/ticket_system/src/instructions/create_event.rs:41:40
[INFO] [stdout]    |
[INFO] [stdout] 41 |     pub system_account: Account<'info, SystemAccount>,
[INFO] [stdout]    |                                        ^^^^^^^^^^^^^ ambiguous name
[INFO] [stdout]    |
[INFO] [stdout]    = warning: this was previously accepted by the compiler but is being phased out; it will become a hard error in a future release!
[INFO] [stdout]    = note: for more information, see issue #114095 <https://github.com/rust-lang/rust/issues/114095>
[INFO] [stdout]    = note: ambiguous because of multiple glob imports of a name in the same module
[INFO] [stdout] note: `SystemAccount` could refer to the struct imported here
[INFO] [stdout]   --> programs/ticket_system/src/instructions/create_event.rs:2:5
[INFO] [stdout]    |
[INFO] [stdout] 2  |     prelude::*,
[INFO] [stdout]    |     ^^^^^^^^^^
[INFO] [stdout]    = help: consider adding an explicit import of `SystemAccount` to disambiguate
[INFO] [stdout] note: `SystemAccount` could also refer to the struct imported here
[INFO] [stdout]   --> programs/ticket_system/src/instructions/create_event.rs:6:5
[INFO] [stdout]    |
[INFO] [stdout] 6  | use crate::state::accounts::*;
[INFO] [stdout]    |     ^^^^^^^^^^^^^^^^^^^^^^^^^
[INFO] [stdout]    = help: consider adding an explicit import of `SystemAccount` to disambiguate
[INFO] [stdout] 
[INFO] [stdout] 
[INFO] [stdout] error[E0277]: the trait bound `anchor_lang::prelude::SystemAccount<'info>: anchor_lang::AccountSerialize` is not satisfied
[INFO] [stdout]    --> programs/ticket_system/src/instructions/take_a_ticket.rs:36:25
[INFO] [stdout]     |
[INFO] [stdout] 36  |     pub system_account: Account<'info, SystemAccount>,
[INFO] [stdout]     |                         ^^^^^^^^^^^^^^^^^^^^^^^^^^^^^ the trait `anchor_lang::AccountSerialize` is not implemented for `anchor_lang::prelude::SystemAccount<'info>`
[INFO] [stdout]     |
[INFO] [stdout]     = help: the following other types implement trait `anchor_lang::AccountSerialize`:
[INFO] [stdout]               state::accounts::SystemAccount
[INFO] [stdout]               state::accounts::EventAccount
[INFO] [stdout]               state::accounts::TicketAccount
[INFO] [stdout]               anchor_lang::ProgramData
[INFO] [stdout]               IdlAccount
[INFO] [stdout]               UpgradeableLoaderState
[INFO] [stdout] note: required by a bound in `anchor_lang::prelude::Account`
[INFO] [stdout]    --> /opt/rustwide/cargo-home/registry/src/index.crates.io-6f17d22bba15001f/anchor-lang-0.25.0/src/accounts/account.rs:226:30
[INFO] [stdout]     |
[INFO] [stdout] 226 | pub struct Account<'info, T: AccountSerialize + AccountDeserialize + Owner + Clone> {
[INFO] [stdout]     |                              ^^^^^^^^^^^^^^^^ required by this bound in `Account`
[INFO] [stdout] 
[INFO] [stdout] 
[INFO] [stdout] error[E0277]: the trait bound `anchor_lang::prelude::SystemAccount<'info>: anchor_lang::AccountDeserialize` is not satisfied
[INFO] [stdout]    --> programs/ticket_system/src/instructions/take_a_ticket.rs:36:25
[INFO] [stdout]     |
[INFO] [stdout] 36  |     pub system_account: Account<'info, SystemAccount>,
[INFO] [stdout]     |                         ^^^^^^^^^^^^^^^^^^^^^^^^^^^^^ the trait `anchor_lang::AccountDeserialize` is not implemented for `anchor_lang::prelude::SystemAccount<'info>`
[INFO] [stdout]     |
[INFO] [stdout]     = help: the following other types implement trait `anchor_lang::AccountDeserialize`:
[INFO] [stdout]               state::accounts::SystemAccount
[INFO] [stdout]               state::accounts::EventAccount
[INFO] [stdout]               state::accounts::TicketAccount
[INFO] [stdout]               anchor_lang::ProgramData
[INFO] [stdout]               IdlAccount
[INFO] [stdout]               UpgradeableLoaderState
[INFO] [stdout] note: required by a bound in `anchor_lang::prelude::Account`
[INFO] [stdout]    --> /opt/rustwide/cargo-home/registry/src/index.crates.io-6f17d22bba15001f/anchor-lang-0.25.0/src/accounts/account.rs:226:49
[INFO] [stdout]     |
[INFO] [stdout] 226 | pub struct Account<'info, T: AccountSerialize + AccountDeserialize + Owner + Clone> {
[INFO] [stdout]     |                                                 ^^^^^^^^^^^^^^^^^^ required by this bound in `Account`
[INFO] [stdout] 
[INFO] [stdout] 
[INFO] [stdout] error[E0277]: the trait bound `anchor_lang::prelude::SystemAccount<'info>: anchor_lang::Owner` is not satisfied
[INFO] [stdout]    --> programs/ticket_system/src/instructions/take_a_ticket.rs:36:25
[INFO] [stdout]     |
[INFO] [stdout] 36  |     pub system_account: Account<'info, SystemAccount>,
[INFO] [stdout]     |                         ^^^^^^^^^^^^^^^^^^^^^^^^^^^^^ the trait `anchor_lang::Owner` is not implemented for `anchor_lang::prelude::SystemAccount<'info>`
[INFO] [stdout]     |
[INFO] [stdout]     = help: the following other types implement trait `anchor_lang::Owner`:
[INFO] [stdout]               state::accounts::SystemAccount
[INFO] [stdout]               state::accounts::EventAccount
[INFO] [stdout]               state::accounts::TicketAccount
[INFO] [stdout]               anchor_lang::ProgramData
[INFO] [stdout]               UpgradeableLoaderState
[INFO] [stdout] note: required by a bound in `anchor_lang::prelude::Account`
[INFO] [stdout]    --> /opt/rustwide/cargo-home/registry/src/index.crates.io-6f17d22bba15001f/anchor-lang-0.25.0/src/accounts/account.rs:226:70
[INFO] [stdout]     |
[INFO] [stdout] 226 | pub struct Account<'info, T: AccountSerialize + AccountDeserialize + Owner + Clone> {
[INFO] [stdout]     |                                                                      ^^^^^ required by this bound in `Account`
[INFO] [stdout] 
[INFO] [stdout] 
[INFO] [stdout] error[E0277]: the trait bound `anchor_lang::prelude::SystemAccount<'info>: anchor_lang::AccountSerialize` is not satisfied
[INFO] [stdout]    --> programs/ticket_system/src/instructions/create_system_account.rs:27:25
[INFO] [stdout]     |
[INFO] [stdout] 27  |     pub system_account: Account<'info, SystemAccount>,
[INFO] [stdout]     |                         ^^^^^^^^^^^^^^^^^^^^^^^^^^^^^ the trait `anchor_lang::AccountSerialize` is not implemented for `anchor_lang::prelude::SystemAccount<'info>`
[INFO] [stdout]     |
[INFO] [stdout]     = help: the following other types implement trait `anchor_lang::AccountSerialize`:
[INFO] [stdout]               state::accounts::SystemAccount
[INFO] [stdout]               state::accounts::EventAccount
[INFO] [stdout]               state::accounts::TicketAccount
[INFO] [stdout]               anchor_lang::ProgramData
[INFO] [stdout]               IdlAccount
[INFO] [stdout]               UpgradeableLoaderState
[INFO] [stdout] note: required by a bound in `anchor_lang::prelude::Account`
[INFO] [stdout]    --> /opt/rustwide/cargo-home/registry/src/index.crates.io-6f17d22bba15001f/anchor-lang-0.25.0/src/accounts/account.rs:226:30
[INFO] [stdout]     |
[INFO] [stdout] 226 | pub struct Account<'info, T: AccountSerialize + AccountDeserialize + Owner + Clone> {
[INFO] [stdout]     |                              ^^^^^^^^^^^^^^^^ required by this bound in `Account`
[INFO] [stdout] 
[INFO] [stdout] 
[INFO] [stdout] error[E0277]: the trait bound `anchor_lang::prelude::SystemAccount<'info>: anchor_lang::AccountDeserialize` is not satisfied
[INFO] [stdout]    --> programs/ticket_system/src/instructions/create_system_account.rs:27:25
[INFO] [stdout]     |
[INFO] [stdout] 27  |     pub system_account: Account<'info, SystemAccount>,
[INFO] [stdout]     |                         ^^^^^^^^^^^^^^^^^^^^^^^^^^^^^ the trait `anchor_lang::AccountDeserialize` is not implemented for `anchor_lang::prelude::SystemAccount<'info>`
[INFO] [stdout]     |
[INFO] [stdout]     = help: the following other types implement trait `anchor_lang::AccountDeserialize`:
[INFO] [stdout]               state::accounts::SystemAccount
[INFO] [stdout]               state::accounts::EventAccount
[INFO] [stdout]               state::accounts::TicketAccount
[INFO] [stdout]               anchor_lang::ProgramData
[INFO] [stdout]               IdlAccount
[INFO] [stdout]               UpgradeableLoaderState
[INFO] [stdout] note: required by a bound in `anchor_lang::prelude::Account`
[INFO] [stdout]    --> /opt/rustwide/cargo-home/registry/src/index.crates.io-6f17d22bba15001f/anchor-lang-0.25.0/src/accounts/account.rs:226:49
[INFO] [stdout]     |
[INFO] [stdout] 226 | pub struct Account<'info, T: AccountSerialize + AccountDeserialize + Owner + Clone> {
[INFO] [stdout]     |                                                 ^^^^^^^^^^^^^^^^^^ required by this bound in `Account`
[INFO] [stdout] 
[INFO] [stdout] 
[INFO] [stdout] error[E0277]: the trait bound `anchor_lang::prelude::SystemAccount<'info>: anchor_lang::Owner` is not satisfied
[INFO] [stdout]    --> programs/ticket_system/src/instructions/create_system_account.rs:27:25
[INFO] [stdout]     |
[INFO] [stdout] 27  |     pub system_account: Account<'info, SystemAccount>,
[INFO] [stdout]     |                         ^^^^^^^^^^^^^^^^^^^^^^^^^^^^^ the trait `anchor_lang::Owner` is not implemented for `anchor_lang::prelude::SystemAccount<'info>`
[INFO] [stdout]     |
[INFO] [stdout]     = help: the following other types implement trait `anchor_lang::Owner`:
[INFO] [stdout]               state::accounts::SystemAccount
[INFO] [stdout]               state::accounts::EventAccount
[INFO] [stdout]               state::accounts::TicketAccount
[INFO] [stdout]               anchor_lang::ProgramData
[INFO] [stdout]               UpgradeableLoaderState
[INFO] [stdout] note: required by a bound in `anchor_lang::prelude::Account`
[INFO] [stdout]    --> /opt/rustwide/cargo-home/registry/src/index.crates.io-6f17d22bba15001f/anchor-lang-0.25.0/src/accounts/account.rs:226:70
[INFO] [stdout]     |
[INFO] [stdout] 226 | pub struct Account<'info, T: AccountSerialize + AccountDeserialize + Owner + Clone> {
[INFO] [stdout]     |                                                                      ^^^^^ required by this bound in `Account`
[INFO] [stdout] 
[INFO] [stdout] 
[INFO] [stdout] error[E0277]: the trait bound `anchor_lang::prelude::SystemAccount<'info>: anchor_lang::AccountSerialize` is not satisfied
[INFO] [stdout]    --> programs/ticket_system/src/instructions/create_event.rs:41:25
[INFO] [stdout]     |
[INFO] [stdout] 41  |     pub system_account: Account<'info, SystemAccount>,
[INFO] [stdout]     |                         ^^^^^^^^^^^^^^^^^^^^^^^^^^^^^ the trait `anchor_lang::AccountSerialize` is not implemented for `anchor_lang::prelude::SystemAccount<'info>`
[INFO] [stdout]     |
[INFO] [stdout]     = help: the following other types implement trait `anchor_lang::AccountSerialize`:
[INFO] [stdout]               state::accounts::SystemAccount
[INFO] [stdout]               state::accounts::EventAccount
[INFO] [stdout]               state::accounts::TicketAccount
[INFO] [stdout]               anchor_lang::ProgramData
[INFO] [stdout]               IdlAccount
[INFO] [stdout]               UpgradeableLoaderState
[INFO] [stdout] note: required by a bound in `anchor_lang::prelude::Account`
[INFO] [stdout]    --> /opt/rustwide/cargo-home/registry/src/index.crates.io-6f17d22bba15001f/anchor-lang-0.25.0/src/accounts/account.rs:226:30
[INFO] [stdout]     |
[INFO] [stdout] 226 | pub struct Account<'info, T: AccountSerialize + AccountDeserialize + Owner + Clone> {
[INFO] [stdout]     |                              ^^^^^^^^^^^^^^^^ required by this bound in `Account`
[INFO] [stdout] 
[INFO] [stdout] 
[INFO] [stdout] error[E0277]: the trait bound `anchor_lang::prelude::SystemAccount<'info>: anchor_lang::AccountDeserialize` is not satisfied
[INFO] [stdout]    --> programs/ticket_system/src/instructions/create_event.rs:41:25
[INFO] [stdout]     |
[INFO] [stdout] 41  |     pub system_account: Account<'info, SystemAccount>,
[INFO] [stdout]     |                         ^^^^^^^^^^^^^^^^^^^^^^^^^^^^^ the trait `anchor_lang::AccountDeserialize` is not implemented for `anchor_lang::prelude::SystemAccount<'info>`
[INFO] [stdout]     |
[INFO] [stdout]     = help: the following other types implement trait `anchor_lang::AccountDeserialize`:
[INFO] [stdout]               state::accounts::SystemAccount
[INFO] [stdout]               state::accounts::EventAccount
[INFO] [stdout]               state::accounts::TicketAccount
[INFO] [stdout]               anchor_lang::ProgramData
[INFO] [stdout]               IdlAccount
[INFO] [stdout]               UpgradeableLoaderState
[INFO] [stdout] note: required by a bound in `anchor_lang::prelude::Account`
[INFO] [stdout]    --> /opt/rustwide/cargo-home/registry/src/index.crates.io-6f17d22bba15001f/anchor-lang-0.25.0/src/accounts/account.rs:226:49
[INFO] [stdout]     |
[INFO] [stdout] 226 | pub struct Account<'info, T: AccountSerialize + AccountDeserialize + Owner + Clone> {
[INFO] [stdout]     |                                                 ^^^^^^^^^^^^^^^^^^ required by this bound in `Account`
[INFO] [stdout] 
[INFO] [stdout] 
[INFO] [stdout] error[E0277]: the trait bound `anchor_lang::prelude::SystemAccount<'info>: anchor_lang::Owner` is not satisfied
[INFO] [stdout]    --> programs/ticket_system/src/instructions/create_event.rs:41:25
[INFO] [stdout]     |
[INFO] [stdout] 41  |     pub system_account: Account<'info, SystemAccount>,
[INFO] [stdout]     |                         ^^^^^^^^^^^^^^^^^^^^^^^^^^^^^ the trait `anchor_lang::Owner` is not implemented for `anchor_lang::prelude::SystemAccount<'info>`
[INFO] [stdout]     |
[INFO] [stdout]     = help: the following other types implement trait `anchor_lang::Owner`:
[INFO] [stdout]               state::accounts::SystemAccount
[INFO] [stdout]               state::accounts::EventAccount
[INFO] [stdout]               state::accounts::TicketAccount
[INFO] [stdout]               anchor_lang::ProgramData
[INFO] [stdout]               UpgradeableLoaderState
[INFO] [stdout] note: required by a bound in `anchor_lang::prelude::Account`
[INFO] [stdout]    --> /opt/rustwide/cargo-home/registry/src/index.crates.io-6f17d22bba15001f/anchor-lang-0.25.0/src/accounts/account.rs:226:70
[INFO] [stdout]     |
[INFO] [stdout] 226 | pub struct Account<'info, T: AccountSerialize + AccountDeserialize + Owner + Clone> {
[INFO] [stdout]     |                                                                      ^^^^^ required by this bound in `Account`
[INFO] [stdout] 
[INFO] [stdout] 
[INFO] [stdout] error: aborting due to 17 previous errors; 8 warnings emitted
[INFO] [stdout] 
[INFO] [stdout] 
[INFO] [stdout] Some errors have detailed explanations: E0106, E0277, E0432, E0583.
[INFO] [stdout] 
[INFO] [stdout] For more information about an error, try `rustc --explain E0106`.
[INFO] [stdout] 
[INFO] [stderr] error: could not compile `ticket_system` (lib) due to 18 previous errors; 8 warnings emitted
[INFO] running `Command { std: "docker" "inspect" "5e34b43a9e450c3dcca950c3fc055cce868809e56b6ec7cc962a9ce2b2515dbf", kill_on_drop: false }`
[INFO] running `Command { std: "docker" "rm" "-f" "5e34b43a9e450c3dcca950c3fc055cce868809e56b6ec7cc962a9ce2b2515dbf", kill_on_drop: false }`
[INFO] [stdout] 5e34b43a9e450c3dcca950c3fc055cce868809e56b6ec7cc962a9ce2b2515dbf
