[INFO] cloning repository https://github.com/BlakeWilliams/rust-brainfuck
[INFO] running `Command { std: "git" "-c" "credential.helper=" "-c" "credential.helper=/workspace/cargo-home/bin/git-credential-null" "clone" "--bare" "https://github.com/BlakeWilliams/rust-brainfuck" "/workspace/cache/git-repos/https%3A%2F%2Fgithub.com%2FBlakeWilliams%2Frust-brainfuck", kill_on_drop: false }`
[INFO] [stderr] Cloning into bare repository '/workspace/cache/git-repos/https%3A%2F%2Fgithub.com%2FBlakeWilliams%2Frust-brainfuck'...
[INFO] running `Command { std: "git" "rev-parse" "HEAD", kill_on_drop: false }`
[INFO] [stdout] 2bfffbc4584601297338231f62c9b0669263cbd6
[INFO] testing BlakeWilliams/rust-brainfuck against 1.75.0 for beta-1.76-1
[INFO] running `Command { std: "git" "clone" "/workspace/cache/git-repos/https%3A%2F%2Fgithub.com%2FBlakeWilliams%2Frust-brainfuck" "/workspace/builds/worker-0-tc1/source", kill_on_drop: false }`
[INFO] [stderr] Cloning into '/workspace/builds/worker-0-tc1/source'...
[INFO] [stderr] done.
[INFO] validating manifest of git repo https://github.com/BlakeWilliams/rust-brainfuck on toolchain 1.75.0
[INFO] running `Command { std: CARGO_HOME="/workspace/cargo-home" RUSTUP_HOME="/workspace/rustup-home" "/workspace/cargo-home/bin/cargo" "+1.75.0" "metadata" "--manifest-path" "Cargo.toml" "--no-deps", kill_on_drop: false }`
[INFO] started tweaking git repo https://github.com/BlakeWilliams/rust-brainfuck
[INFO] finished tweaking git repo https://github.com/BlakeWilliams/rust-brainfuck
[INFO] tweaked toml for git repo https://github.com/BlakeWilliams/rust-brainfuck written to /workspace/builds/worker-0-tc1/source/Cargo.toml
[INFO] crate git repo https://github.com/BlakeWilliams/rust-brainfuck already has a lockfile, it will not be regenerated
[INFO] running `Command { std: CARGO_HOME="/workspace/cargo-home" RUSTUP_HOME="/workspace/rustup-home" "/workspace/cargo-home/bin/cargo" "+1.75.0" "fetch" "--manifest-path" "Cargo.toml", kill_on_drop: false }`
[INFO] running `Command { std: "docker" "create" "-v" "/var/lib/crater-agent-workspace/builds/worker-0-tc1/target:/opt/rustwide/target:rw,Z" "-v" "/var/lib/crater-agent-workspace/builds/worker-0-tc1/source:/opt/rustwide/workdir:ro,Z" "-v" "/var/lib/crater-agent-workspace/cargo-home:/opt/rustwide/cargo-home:ro,Z" "-v" "/var/lib/crater-agent-workspace/rustup-home:/opt/rustwide/rustup-home:ro,Z" "-e" "SOURCE_DIR=/opt/rustwide/workdir" "-e" "CARGO_TARGET_DIR=/opt/rustwide/target" "-e" "CARGO_HOME=/opt/rustwide/cargo-home" "-e" "RUSTUP_HOME=/opt/rustwide/rustup-home" "-w" "/opt/rustwide/workdir" "-m" "1610612736" "--user" "0:0" "--network" "none" "ghcr.io/rust-lang/crates-build-env/linux@sha256:2788e3201cd34a07e3172128adcd8b3090168a8e3bcc40d7c032b9dda1df7d1c" "/opt/rustwide/cargo-home/bin/cargo" "+1.75.0" "metadata" "--no-deps" "--format-version=1", kill_on_drop: false }`
[INFO] [stdout] 75d4c4b2b95dc30724736e3233e5bf9d244617d2226fb1daf73f32c4788e002c
[INFO] running `Command { std: "docker" "start" "-a" "75d4c4b2b95dc30724736e3233e5bf9d244617d2226fb1daf73f32c4788e002c", kill_on_drop: false }`
[INFO] running `Command { std: "docker" "inspect" "75d4c4b2b95dc30724736e3233e5bf9d244617d2226fb1daf73f32c4788e002c", kill_on_drop: false }`
[INFO] running `Command { std: "docker" "rm" "-f" "75d4c4b2b95dc30724736e3233e5bf9d244617d2226fb1daf73f32c4788e002c", kill_on_drop: false }`
[INFO] [stdout] 75d4c4b2b95dc30724736e3233e5bf9d244617d2226fb1daf73f32c4788e002c
[INFO] running `Command { std: "docker" "create" "-v" "/var/lib/crater-agent-workspace/builds/worker-0-tc1/target:/opt/rustwide/target:rw,Z" "-v" "/var/lib/crater-agent-workspace/builds/worker-0-tc1/source:/opt/rustwide/workdir:ro,Z" "-v" "/var/lib/crater-agent-workspace/cargo-home:/opt/rustwide/cargo-home:ro,Z" "-v" "/var/lib/crater-agent-workspace/rustup-home:/opt/rustwide/rustup-home:ro,Z" "-e" "SOURCE_DIR=/opt/rustwide/workdir" "-e" "CARGO_TARGET_DIR=/opt/rustwide/target" "-e" "CARGO_INCREMENTAL=0" "-e" "RUST_BACKTRACE=full" "-e" "RUSTFLAGS=--cap-lints=warn" "-e" "RUSTDOCFLAGS=--cap-lints=warn" "-e" "CARGO_HOME=/opt/rustwide/cargo-home" "-e" "RUSTUP_HOME=/opt/rustwide/rustup-home" "-w" "/opt/rustwide/workdir" "-m" "1610612736" "--user" "0:0" "--network" "none" "ghcr.io/rust-lang/crates-build-env/linux@sha256:2788e3201cd34a07e3172128adcd8b3090168a8e3bcc40d7c032b9dda1df7d1c" "/opt/rustwide/cargo-home/bin/cargo" "+1.75.0" "build" "--frozen" "--message-format=json", kill_on_drop: false }`
[INFO] [stdout] 9875f06d564a1fd13276a461c20e97b5940c9129df22cc4fe590eb1c6c6b652d
[INFO] running `Command { std: "docker" "start" "-a" "9875f06d564a1fd13276a461c20e97b5940c9129df22cc4fe590eb1c6c6b652d", kill_on_drop: false }`
[INFO] [stderr]    Compiling brainfuck v0.0.1 (/opt/rustwide/workdir)
[INFO] [stdout] error[E0432]: unresolved import `std::io::stdio::StdinReader`
[INFO] [stdout]  --> src/brainfuck/tape.rs:2:5
[INFO] [stdout]   |
[INFO] [stdout] 2 | use std::io::stdio::StdinReader;
[INFO] [stdout]   |     ^^^^^^^^^^^^^^^^^^^^^^^^^^^ no `StdinReader` in `io::stdio`
[INFO] [stdout] 
[INFO] [stdout] 
[INFO] [stdout] error[E0432]: unresolved import `std::io::File`
[INFO] [stdout]  --> src/brainfuck/program.rs:1:5
[INFO] [stdout]   |
[INFO] [stdout] 1 | use std::io::File;
[INFO] [stdout]   |     ^^^^^^^^^^^^^ no `File` in `io`
[INFO] [stdout]   |
[INFO] [stdout] help: consider importing this struct instead
[INFO] [stdout]   |
[INFO] [stdout] 1 | use std::fs::File;
[INFO] [stdout]   |     ~~~~~~~~~~~~~
[INFO] [stdout] 
[INFO] [stdout] 
[INFO] [stdout] error[E0412]: cannot find type `Path` in this scope
[INFO] [stdout]  --> src/brainfuck/program.rs:9:28
[INFO] [stdout]   |
[INFO] [stdout] 9 |     pub fn new(file_path: &Path) -> Program {
[INFO] [stdout]   |                            ^^^^ not found in this scope
[INFO] [stdout]   |
[INFO] [stdout] help: consider importing this struct
[INFO] [stdout]   |
[INFO] [stdout] 1 + use std::path::Path;
[INFO] [stdout]   |
[INFO] [stdout] 
[INFO] [stdout] 
[INFO] [stdout] error[E0412]: cannot find type `Path` in this scope
[INFO] [stdout]   --> src/brainfuck/program.rs:57:28
[INFO] [stdout]    |
[INFO] [stdout] 57 |     fn read_program(path: &Path) -> Vec<char> {
[INFO] [stdout]    |                            ^^^^ not found in this scope
[INFO] [stdout]    |
[INFO] [stdout] help: consider importing this struct
[INFO] [stdout]    |
[INFO] [stdout] 1  + use std::path::Path;
[INFO] [stdout]    |
[INFO] [stdout] 
[INFO] [stdout] 
[INFO] [stdout] error[E0412]: cannot find type `Path` in this scope
[INFO] [stdout]   --> src/main.rs:35:18
[INFO] [stdout]    |
[INFO] [stdout] 35 | fn get_path() -> Path {
[INFO] [stdout]    |                  ^^^^ not found in this scope
[INFO] [stdout]    |
[INFO] [stdout] help: consider importing this struct
[INFO] [stdout]    |
[INFO] [stdout] 3  + use std::path::Path;
[INFO] [stdout]    |
[INFO] [stdout] 
[INFO] [stdout] 
[INFO] [stdout] error[E0425]: cannot find function `args` in module `std::os`
[INFO] [stdout]   --> src/main.rs:36:25
[INFO] [stdout]    |
[INFO] [stdout] 36 |     let args = std::os::args().clone();
[INFO] [stdout]    |                         ^^^^ not found in `std::os`
[INFO] [stdout]    |
[INFO] [stdout] help: consider importing this function
[INFO] [stdout]    |
[INFO] [stdout] 3  + use std::env::args;
[INFO] [stdout]    |
[INFO] [stdout] help: if you import `args`, refer to it directly
[INFO] [stdout]    |
[INFO] [stdout] 36 -     let args = std::os::args().clone();
[INFO] [stdout] 36 +     let args = args().clone();
[INFO] [stdout]    |
[INFO] [stdout] 
[INFO] [stdout] 
[INFO] [stdout] error[E0425]: cannot find function `args` in module `std::os`
[INFO] [stdout]   --> src/main.rs:42:32
[INFO] [stdout]    |
[INFO] [stdout] 42 |     let path_string = std::os::args()[1].clone();
[INFO] [stdout]    |                                ^^^^ not found in `std::os`
[INFO] [stdout]    |
[INFO] [stdout] help: consider importing this function
[INFO] [stdout]    |
[INFO] [stdout] 3  + use std::env::args;
[INFO] [stdout]    |
[INFO] [stdout] help: if you import `args`, refer to it directly
[INFO] [stdout]    |
[INFO] [stdout] 42 -     let path_string = std::os::args()[1].clone();
[INFO] [stdout] 42 +     let path_string = args()[1].clone();
[INFO] [stdout]    |
[INFO] [stdout] 
[INFO] [stdout] 
[INFO] [stdout] error[E0433]: failed to resolve: use of undeclared type `Path`
[INFO] [stdout]   --> src/main.rs:43:5
[INFO] [stdout]    |
[INFO] [stdout] 43 |     Path::new(path_string)
[INFO] [stdout]    |     ^^^^ use of undeclared type `Path`
[INFO] [stdout]    |
[INFO] [stdout] help: consider importing this struct
[INFO] [stdout]    |
[INFO] [stdout] 3  + use std::path::Path;
[INFO] [stdout]    |
[INFO] [stdout] 
[INFO] [stdout] 
[INFO] [stdout] error[E0603]: module `stdio` is private
[INFO] [stdout]  --> src/brainfuck/tape.rs:2:14
[INFO] [stdout]   |
[INFO] [stdout] 2 | use std::io::stdio::StdinReader;
[INFO] [stdout]   |              ^^^^^ private module
[INFO] [stdout]   |
[INFO] [stdout] note: the module `stdio` is defined here
[INFO] [stdout]  --> /rustc/82e1608dfa6e0b5569232559e3d385fea5a93112/library/std/src/io/mod.rs:342:1
[INFO] [stdout] 
[INFO] [stdout] 
[INFO] [stdout] error: invalid suffix `us` for number literal
[INFO] [stdout]   --> src/brainfuck/tape.rs:12:45
[INFO] [stdout]    |
[INFO] [stdout] 12 |             content: iter::repeat(0u8).take(30_000us).collect(),
[INFO] [stdout]    |                                             ^^^^^^^^ invalid suffix `us`
[INFO] [stdout]    |
[INFO] [stdout]    = help: the suffix must be one of the numeric types (`u32`, `isize`, `f32`, etc.)
[INFO] [stdout] 
[INFO] [stdout] 
[INFO] [stdout] error: aborting due to 10 previous errors
[INFO] [stdout] 
[INFO] [stdout] 
[INFO] [stdout] Some errors have detailed explanations: E0412, E0425, E0432, E0433, E0603.
[INFO] [stdout] 
[INFO] [stdout] For more information about an error, try `rustc --explain E0412`.
[INFO] [stdout] 
[INFO] [stderr] error: could not compile `brainfuck` (bin "brainfuck") due to 11 previous errors
[INFO] running `Command { std: "docker" "inspect" "9875f06d564a1fd13276a461c20e97b5940c9129df22cc4fe590eb1c6c6b652d", kill_on_drop: false }`
[INFO] running `Command { std: "docker" "rm" "-f" "9875f06d564a1fd13276a461c20e97b5940c9129df22cc4fe590eb1c6c6b652d", kill_on_drop: false }`
[INFO] [stdout] 9875f06d564a1fd13276a461c20e97b5940c9129df22cc4fe590eb1c6c6b652d
[INFO] testing BlakeWilliams/rust-brainfuck against beta-2023-12-22 for beta-1.76-1
[INFO] running `Command { std: "git" "clone" "/workspace/cache/git-repos/https%3A%2F%2Fgithub.com%2FBlakeWilliams%2Frust-brainfuck" "/workspace/builds/worker-0-tc2/source", kill_on_drop: false }`
[INFO] [stderr] Cloning into '/workspace/builds/worker-0-tc2/source'...
[INFO] [stderr] done.
[INFO] validating manifest of git repo https://github.com/BlakeWilliams/rust-brainfuck on toolchain beta-2023-12-22
[INFO] running `Command { std: CARGO_HOME="/workspace/cargo-home" RUSTUP_HOME="/workspace/rustup-home" "/workspace/cargo-home/bin/cargo" "+beta-2023-12-22" "metadata" "--manifest-path" "Cargo.toml" "--no-deps", kill_on_drop: false }`
[INFO] started tweaking git repo https://github.com/BlakeWilliams/rust-brainfuck
[INFO] finished tweaking git repo https://github.com/BlakeWilliams/rust-brainfuck
[INFO] tweaked toml for git repo https://github.com/BlakeWilliams/rust-brainfuck written to /workspace/builds/worker-0-tc2/source/Cargo.toml
[INFO] crate git repo https://github.com/BlakeWilliams/rust-brainfuck already has a lockfile, it will not be regenerated
[INFO] running `Command { std: CARGO_HOME="/workspace/cargo-home" RUSTUP_HOME="/workspace/rustup-home" "/workspace/cargo-home/bin/cargo" "+beta-2023-12-22" "fetch" "--manifest-path" "Cargo.toml", kill_on_drop: false }`
[INFO] running `Command { std: "docker" "create" "-v" "/var/lib/crater-agent-workspace/builds/worker-0-tc2/target:/opt/rustwide/target:rw,Z" "-v" "/var/lib/crater-agent-workspace/builds/worker-0-tc2/source:/opt/rustwide/workdir:ro,Z" "-v" "/var/lib/crater-agent-workspace/cargo-home:/opt/rustwide/cargo-home:ro,Z" "-v" "/var/lib/crater-agent-workspace/rustup-home:/opt/rustwide/rustup-home:ro,Z" "-e" "SOURCE_DIR=/opt/rustwide/workdir" "-e" "CARGO_TARGET_DIR=/opt/rustwide/target" "-e" "CARGO_HOME=/opt/rustwide/cargo-home" "-e" "RUSTUP_HOME=/opt/rustwide/rustup-home" "-w" "/opt/rustwide/workdir" "-m" "1610612736" "--user" "0:0" "--network" "none" "ghcr.io/rust-lang/crates-build-env/linux@sha256:2788e3201cd34a07e3172128adcd8b3090168a8e3bcc40d7c032b9dda1df7d1c" "/opt/rustwide/cargo-home/bin/cargo" "+beta-2023-12-22" "metadata" "--no-deps" "--format-version=1", kill_on_drop: false }`
[INFO] [stdout] cda3116eef1cc3cc1aa9410771cf191cac2b205d5fcaf08feeb3e8e38da96b2c
[INFO] running `Command { std: "docker" "start" "-a" "cda3116eef1cc3cc1aa9410771cf191cac2b205d5fcaf08feeb3e8e38da96b2c", kill_on_drop: false }`
[INFO] running `Command { std: "docker" "inspect" "cda3116eef1cc3cc1aa9410771cf191cac2b205d5fcaf08feeb3e8e38da96b2c", kill_on_drop: false }`
[INFO] running `Command { std: "docker" "rm" "-f" "cda3116eef1cc3cc1aa9410771cf191cac2b205d5fcaf08feeb3e8e38da96b2c", kill_on_drop: false }`
[INFO] [stdout] cda3116eef1cc3cc1aa9410771cf191cac2b205d5fcaf08feeb3e8e38da96b2c
[INFO] running `Command { std: "docker" "create" "-v" "/var/lib/crater-agent-workspace/builds/worker-0-tc2/target:/opt/rustwide/target:rw,Z" "-v" "/var/lib/crater-agent-workspace/builds/worker-0-tc2/source:/opt/rustwide/workdir:ro,Z" "-v" "/var/lib/crater-agent-workspace/cargo-home:/opt/rustwide/cargo-home:ro,Z" "-v" "/var/lib/crater-agent-workspace/rustup-home:/opt/rustwide/rustup-home:ro,Z" "-e" "SOURCE_DIR=/opt/rustwide/workdir" "-e" "CARGO_TARGET_DIR=/opt/rustwide/target" "-e" "CARGO_INCREMENTAL=0" "-e" "RUST_BACKTRACE=full" "-e" "RUSTFLAGS=--cap-lints=warn" "-e" "RUSTDOCFLAGS=--cap-lints=warn" "-e" "CARGO_HOME=/opt/rustwide/cargo-home" "-e" "RUSTUP_HOME=/opt/rustwide/rustup-home" "-w" "/opt/rustwide/workdir" "-m" "1610612736" "--user" "0:0" "--network" "none" "ghcr.io/rust-lang/crates-build-env/linux@sha256:2788e3201cd34a07e3172128adcd8b3090168a8e3bcc40d7c032b9dda1df7d1c" "/opt/rustwide/cargo-home/bin/cargo" "+beta-2023-12-22" "build" "--frozen" "--message-format=json", kill_on_drop: false }`
[INFO] [stdout] 6bd671f0571f510c2c5ed5a0c812da2537250308ea08c60a5fd947441c1bccd5
[INFO] running `Command { std: "docker" "start" "-a" "6bd671f0571f510c2c5ed5a0c812da2537250308ea08c60a5fd947441c1bccd5", kill_on_drop: false }`
[INFO] [stderr]    Compiling brainfuck v0.0.1 (/opt/rustwide/workdir)
[INFO] [stdout] error[E0432]: unresolved import `std::io::stdio::StdinReader`
[INFO] [stdout]  --> src/brainfuck/tape.rs:2:5
[INFO] [stdout]   |
[INFO] [stdout] 2 | use std::io::stdio::StdinReader;
[INFO] [stdout]   |     ^^^^^^^^^^^^^^^^^^^^^^^^^^^ no `StdinReader` in `io::stdio`
[INFO] [stdout] 
[INFO] [stdout] 
[INFO] [stdout] error[E0432]: unresolved import `std::io::File`
[INFO] [stdout]  --> src/brainfuck/program.rs:1:5
[INFO] [stdout]   |
[INFO] [stdout] 1 | use std::io::File;
[INFO] [stdout]   |     ^^^^^^^^^^^^^ no `File` in `io`
[INFO] [stdout]   |
[INFO] [stdout] help: consider importing this struct instead
[INFO] [stdout]   |
[INFO] [stdout] 1 | use std::fs::File;
[INFO] [stdout]   |     ~~~~~~~~~~~~~
[INFO] [stdout] 
[INFO] [stdout] 
[INFO] [stdout] error[E0412]: cannot find type `Path` in this scope
[INFO] [stdout]  --> src/brainfuck/program.rs:9:28
[INFO] [stdout]   |
[INFO] [stdout] 9 |     pub fn new(file_path: &Path) -> Program {
[INFO] [stdout]   |                            ^^^^ not found in this scope
[INFO] [stdout]   |
[INFO] [stdout] help: consider importing this struct
[INFO] [stdout]   |
[INFO] [stdout] 1 + use std::path::Path;
[INFO] [stdout]   |
[INFO] [stdout] 
[INFO] [stdout] 
[INFO] [stdout] error[E0412]: cannot find type `Path` in this scope
[INFO] [stdout]   --> src/brainfuck/program.rs:57:28
[INFO] [stdout]    |
[INFO] [stdout] 57 |     fn read_program(path: &Path) -> Vec<char> {
[INFO] [stdout]    |                            ^^^^ not found in this scope
[INFO] [stdout]    |
[INFO] [stdout] help: consider importing this struct
[INFO] [stdout]    |
[INFO] [stdout] 1  + use std::path::Path;
[INFO] [stdout]    |
[INFO] [stdout] 
[INFO] [stdout] 
[INFO] [stdout] error[E0412]: cannot find type `Path` in this scope
[INFO] [stdout]   --> src/main.rs:35:18
[INFO] [stdout]    |
[INFO] [stdout] 35 | fn get_path() -> Path {
[INFO] [stdout]    |                  ^^^^ not found in this scope
[INFO] [stdout]    |
[INFO] [stdout] help: consider importing this struct
[INFO] [stdout]    |
[INFO] [stdout] 3  + use std::path::Path;
[INFO] [stdout]    |
[INFO] [stdout] 
[INFO] [stdout] 
[INFO] [stdout] error[E0425]: cannot find function `args` in module `std::os`
[INFO] [stdout]   --> src/main.rs:36:25
[INFO] [stdout]    |
[INFO] [stdout] 36 |     let args = std::os::args().clone();
[INFO] [stdout]    |                         ^^^^ not found in `std::os`
[INFO] [stdout]    |
[INFO] [stdout] help: consider importing this function
[INFO] [stdout]    |
[INFO] [stdout] 3  + use std::env::args;
[INFO] [stdout]    |
[INFO] [stdout] help: if you import `args`, refer to it directly
[INFO] [stdout]    |
[INFO] [stdout] 36 -     let args = std::os::args().clone();
[INFO] [stdout] 36 +     let args = args().clone();
[INFO] [stdout]    |
[INFO] [stdout] 
[INFO] [stdout] 
[INFO] [stdout] error[E0425]: cannot find function `args` in module `std::os`
[INFO] [stdout]   --> src/main.rs:42:32
[INFO] [stdout]    |
[INFO] [stdout] 42 |     let path_string = std::os::args()[1].clone();
[INFO] [stdout]    |                                ^^^^ not found in `std::os`
[INFO] [stdout]    |
[INFO] [stdout] help: consider importing this function
[INFO] [stdout]    |
[INFO] [stdout] 3  + use std::env::args;
[INFO] [stdout]    |
[INFO] [stdout] help: if you import `args`, refer to it directly
[INFO] [stdout]    |
[INFO] [stdout] 42 -     let path_string = std::os::args()[1].clone();
[INFO] [stdout] 42 +     let path_string = args()[1].clone();
[INFO] [stdout]    |
[INFO] [stdout] 
[INFO] [stdout] 
[INFO] [stdout] error[E0433]: failed to resolve: use of undeclared type `Path`
[INFO] [stdout]   --> src/main.rs:43:5
[INFO] [stdout]    |
[INFO] [stdout] 43 |     Path::new(path_string)
[INFO] [stdout]    |     ^^^^ use of undeclared type `Path`
[INFO] [stdout]    |
[INFO] [stdout] help: consider importing this struct
[INFO] [stdout]    |
[INFO] [stdout] 3  + use std::path::Path;
[INFO] [stdout]    |
[INFO] [stdout] 
[INFO] [stdout] 
[INFO] [stdout] error[E0603]: module `stdio` is private
[INFO] [stdout]  --> src/brainfuck/tape.rs:2:14
[INFO] [stdout]   |
[INFO] [stdout] 2 | use std::io::stdio::StdinReader;
[INFO] [stdout]   |              ^^^^^ private module
[INFO] [stdout]   |
[INFO] [stdout] note: the module `stdio` is defined here
[INFO] [stdout]  --> /rustc/0e09125c6c3c2fd70d7de961bcf0e51575235fad/library/std/src/io/mod.rs:342:1
[INFO] [stdout] 
[INFO] [stdout] 
[INFO] [stdout] error: invalid suffix `us` for number literal
[INFO] [stdout]   --> src/brainfuck/tape.rs:12:45
[INFO] [stdout]    |
[INFO] [stdout] 12 |             content: iter::repeat(0u8).take(30_000us).collect(),
[INFO] [stdout]    |                                             ^^^^^^^^ invalid suffix `us`
[INFO] [stdout]    |
[INFO] [stdout]    = help: the suffix must be one of the numeric types (`u32`, `isize`, `f32`, etc.)
[INFO] [stdout] 
[INFO] [stdout] 
[INFO] [stdout] error: aborting due to 10 previous errors
[INFO] [stdout] 
[INFO] [stdout] 
[INFO] [stdout] Some errors have detailed explanations: E0412, E0425, E0432, E0433, E0603.
[INFO] [stdout] 
[INFO] [stdout] For more information about an error, try `rustc --explain E0412`.
[INFO] [stdout] 
[INFO] [stderr] error: could not compile `brainfuck` (bin "brainfuck") due to 11 previous errors
[INFO] running `Command { std: "docker" "inspect" "6bd671f0571f510c2c5ed5a0c812da2537250308ea08c60a5fd947441c1bccd5", kill_on_drop: false }`
[INFO] running `Command { std: "docker" "rm" "-f" "6bd671f0571f510c2c5ed5a0c812da2537250308ea08c60a5fd947441c1bccd5", kill_on_drop: false }`
[INFO] [stdout] 6bd671f0571f510c2c5ed5a0c812da2537250308ea08c60a5fd947441c1bccd5
