[INFO] cloning repository https://github.com/BlackYoup/release-monitor
[INFO] running `Command { std: "git" "-c" "credential.helper=" "-c" "credential.helper=/workspace/cargo-home/bin/git-credential-null" "clone" "--bare" "https://github.com/BlackYoup/release-monitor" "/workspace/cache/git-repos/https%3A%2F%2Fgithub.com%2FBlackYoup%2Frelease-monitor", kill_on_drop: false }`
[INFO] [stderr] Cloning into bare repository '/workspace/cache/git-repos/https%3A%2F%2Fgithub.com%2FBlackYoup%2Frelease-monitor'...
[INFO] running `Command { std: "git" "rev-parse" "HEAD", kill_on_drop: false }`
[INFO] [stdout] e4a8345e16da9305f0f866b646653cff64d3f880
[INFO] testing BlackYoup/release-monitor against 1.75.0 for beta-1.76-1
[INFO] running `Command { std: "git" "clone" "/workspace/cache/git-repos/https%3A%2F%2Fgithub.com%2FBlackYoup%2Frelease-monitor" "/workspace/builds/worker-6-tc1/source", kill_on_drop: false }`
[INFO] [stderr] Cloning into '/workspace/builds/worker-6-tc1/source'...
[INFO] [stderr] done.
[INFO] validating manifest of git repo https://github.com/BlackYoup/release-monitor on toolchain 1.75.0
[INFO] running `Command { std: CARGO_HOME="/workspace/cargo-home" RUSTUP_HOME="/workspace/rustup-home" "/workspace/cargo-home/bin/cargo" "+1.75.0" "metadata" "--manifest-path" "Cargo.toml" "--no-deps", kill_on_drop: false }`
[INFO] started tweaking git repo https://github.com/BlackYoup/release-monitor
[INFO] finished tweaking git repo https://github.com/BlackYoup/release-monitor
[INFO] tweaked toml for git repo https://github.com/BlackYoup/release-monitor written to /workspace/builds/worker-6-tc1/source/Cargo.toml
[INFO] crate git repo https://github.com/BlackYoup/release-monitor already has a lockfile, it will not be regenerated
[INFO] running `Command { std: CARGO_HOME="/workspace/cargo-home" RUSTUP_HOME="/workspace/rustup-home" "/workspace/cargo-home/bin/cargo" "+1.75.0" "fetch" "--manifest-path" "Cargo.toml", kill_on_drop: false }`
[INFO] [stderr]  Downloading crates ...
[INFO] [stderr]   Downloaded unicase v1.4.0
[INFO] [stderr]   Downloaded rand v0.3.14
[INFO] [stderr]   Downloaded gcc v0.3.35
[INFO] [stderr]   Downloaded pnacl-build-helper v1.4.10
[INFO] [stderr]   Downloaded mime v0.2.2
[INFO] [stderr]   Downloaded bufstream v0.1.2
[INFO] [stderr]   Downloaded tempdir v0.3.5
[INFO] [stderr]   Downloaded num-integer v0.1.32
[INFO] [stderr]   Downloaded num-iter v0.1.32
[INFO] [stderr]   Downloaded num-traits v0.1.36
[INFO] [stderr]   Downloaded separator v0.3.1
[INFO] [stderr]   Downloaded pkg-config v0.3.8
[INFO] [stderr]   Downloaded num v0.1.36
[INFO] [stderr]   Downloaded rustc-serialize v0.3.19
[INFO] [stderr]   Downloaded time v0.1.35
[INFO] [stderr]   Downloaded url v1.2.1
[INFO] [stderr]   Downloaded regex-syntax v0.3.5
[INFO] [stderr]   Downloaded hyper v0.9.10
[INFO] [stderr]   Downloaded unicode-normalization v0.1.2
[INFO] [stderr]   Downloaded lazy_static v0.2.1
[INFO] [stderr]   Downloaded unicode-bidi v0.2.3
[INFO] [stderr]   Downloaded libc v0.2.16
[INFO] [stderr]   Downloaded regex v0.1.77
[INFO] [stderr]   Downloaded idna v0.1.0
[INFO] [stderr]   Downloaded linked-hash-map v0.0.9
[INFO] [stderr]   Downloaded textnonce v0.4.1
[INFO] [stderr]   Downloaded log v0.3.6
[INFO] [stderr]   Downloaded httparse v1.1.2
[INFO] [stderr]   Downloaded scan_fmt v0.1.1
[INFO] [stderr]   Downloaded serde v0.8.12
[INFO] [stderr]   Downloaded bson v0.3.1
[INFO] [stderr]   Downloaded mongodb v0.1.7
[INFO] running `Command { std: "docker" "create" "-v" "/var/lib/crater-agent-workspace/builds/worker-6-tc1/target:/opt/rustwide/target:rw,Z" "-v" "/var/lib/crater-agent-workspace/builds/worker-6-tc1/source:/opt/rustwide/workdir:ro,Z" "-v" "/var/lib/crater-agent-workspace/cargo-home:/opt/rustwide/cargo-home:ro,Z" "-v" "/var/lib/crater-agent-workspace/rustup-home:/opt/rustwide/rustup-home:ro,Z" "-e" "SOURCE_DIR=/opt/rustwide/workdir" "-e" "CARGO_TARGET_DIR=/opt/rustwide/target" "-e" "CARGO_HOME=/opt/rustwide/cargo-home" "-e" "RUSTUP_HOME=/opt/rustwide/rustup-home" "-w" "/opt/rustwide/workdir" "-m" "1610612736" "--user" "0:0" "--network" "none" "ghcr.io/rust-lang/crates-build-env/linux@sha256:2788e3201cd34a07e3172128adcd8b3090168a8e3bcc40d7c032b9dda1df7d1c" "/opt/rustwide/cargo-home/bin/cargo" "+1.75.0" "metadata" "--no-deps" "--format-version=1", kill_on_drop: false }`
[INFO] [stdout] 845a541ba7f04e54d221852ab8311f130a582c523f39437e0a5fdaf32932d508
[INFO] running `Command { std: "docker" "start" "-a" "845a541ba7f04e54d221852ab8311f130a582c523f39437e0a5fdaf32932d508", kill_on_drop: false }`
[INFO] running `Command { std: "docker" "inspect" "845a541ba7f04e54d221852ab8311f130a582c523f39437e0a5fdaf32932d508", kill_on_drop: false }`
[INFO] running `Command { std: "docker" "rm" "-f" "845a541ba7f04e54d221852ab8311f130a582c523f39437e0a5fdaf32932d508", kill_on_drop: false }`
[INFO] [stdout] 845a541ba7f04e54d221852ab8311f130a582c523f39437e0a5fdaf32932d508
[INFO] running `Command { std: "docker" "create" "-v" "/var/lib/crater-agent-workspace/builds/worker-6-tc1/target:/opt/rustwide/target:rw,Z" "-v" "/var/lib/crater-agent-workspace/builds/worker-6-tc1/source:/opt/rustwide/workdir:ro,Z" "-v" "/var/lib/crater-agent-workspace/cargo-home:/opt/rustwide/cargo-home:ro,Z" "-v" "/var/lib/crater-agent-workspace/rustup-home:/opt/rustwide/rustup-home:ro,Z" "-e" "SOURCE_DIR=/opt/rustwide/workdir" "-e" "CARGO_TARGET_DIR=/opt/rustwide/target" "-e" "CARGO_INCREMENTAL=0" "-e" "RUST_BACKTRACE=full" "-e" "RUSTFLAGS=--cap-lints=warn" "-e" "RUSTDOCFLAGS=--cap-lints=warn" "-e" "CARGO_HOME=/opt/rustwide/cargo-home" "-e" "RUSTUP_HOME=/opt/rustwide/rustup-home" "-w" "/opt/rustwide/workdir" "-m" "1610612736" "--user" "0:0" "--network" "none" "ghcr.io/rust-lang/crates-build-env/linux@sha256:2788e3201cd34a07e3172128adcd8b3090168a8e3bcc40d7c032b9dda1df7d1c" "/opt/rustwide/cargo-home/bin/cargo" "+1.75.0" "build" "--frozen" "--message-format=json", kill_on_drop: false }`
[INFO] [stdout] da1a1be16c456970baaef766823030e91e9cf426122027194653de7e210232b3
[INFO] running `Command { std: "docker" "start" "-a" "da1a1be16c456970baaef766823030e91e9cf426122027194653de7e210232b3", kill_on_drop: false }`
[INFO] [stderr]    Compiling libc v0.2.16
[INFO] [stderr]    Compiling winapi-build v0.1.1
[INFO] [stderr]    Compiling gcc v0.3.35
[INFO] [stderr]    Compiling winapi v0.2.8
[INFO] [stderr]    Compiling pkg-config v0.3.8
[INFO] [stderr]    Compiling rustc-serialize v0.3.19
[INFO] [stderr]    Compiling num-traits v0.1.36
[INFO] [stderr]    Compiling semver v0.1.20
[INFO] [stderr]    Compiling matches v0.1.2
[INFO] [stderr]    Compiling log v0.3.6
[INFO] [stderr]    Compiling bitflags v0.7.0
[INFO] [stderr]    Compiling lazy_static v0.2.1
[INFO] [stderr]    Compiling unicode-normalization v0.1.2
[INFO] [stderr]    Compiling byteorder v0.3.13
[INFO] [stderr]    Compiling libc v0.1.12
[INFO] [stderr]    Compiling linked-hash-map v0.0.9
[INFO] [stderr]    Compiling unicode-bidi v0.2.3
[INFO] [stderr]    Compiling serde v0.8.12
[INFO] [stderr]    Compiling httparse v1.1.2
[INFO] [stderr]    Compiling language-tags v0.2.2
[INFO] [stderr]    Compiling kernel32-sys v0.2.2
[INFO] [stdout] error[E0642]: patterns aren't allowed in functions without bodies
[INFO] [stdout]    --> /opt/rustwide/cargo-home/registry/src/index.crates.io-6f17d22bba15001f/rustc-serialize-0.3.19/src/serialize.rs:147:45
[INFO] [stdout]     |
[INFO] [stdout] 147 | ...                   &f_name: &str,
[INFO] [stdout]     |                       ^^^^^^^ pattern not allowed in function without body
[INFO] [stdout] 
[INFO] [stdout] 
[INFO] [stderr]    Compiling hpack v0.2.0
[INFO] [stderr]    Compiling mime v0.2.2
[INFO] [stderr]    Compiling byteorder v0.5.3
[INFO] [stderr]    Compiling rustc_version v0.1.7
[INFO] [stderr]    Compiling rand v0.3.14
[INFO] [stderr]    Compiling memchr v0.1.11
[INFO] [stderr]    Compiling num_cpus v0.2.13
[INFO] [stderr]    Compiling scan_fmt v0.1.1
[INFO] [stderr]    Compiling aho-corasick v0.5.3
[INFO] [stderr]    Compiling num-integer v0.1.32
[INFO] [stderr]    Compiling unicase v1.4.0
[INFO] [stderr]    Compiling openssl-sys v0.7.17
[INFO] [stderr]    Compiling solicit v0.4.4
[INFO] [stderr]    Compiling time v0.1.35
[INFO] [stderr]    Compiling num-iter v0.1.32
[INFO] [stderr]    Compiling thread-id v2.0.0
[INFO] [stderr]    Compiling regex-syntax v0.3.5
[INFO] [stderr]    Compiling openssl-sys-extras v0.7.14
[INFO] [stderr]    Compiling openssl v0.7.14
[INFO] [stderr]    Compiling rust-crypto v0.2.36
[INFO] [stderr]    Compiling num v0.1.36
[INFO] [stderr]    Compiling idna v0.1.0
[INFO] [stderr]    Compiling thread_local v0.2.7
[INFO] [stderr]    Compiling bufstream v0.1.2
[INFO] [stderr]    Compiling chrono v0.2.25
[INFO] [stderr]    Compiling separator v0.3.1
[INFO] [stderr]    Compiling traitobject v0.0.1
[INFO] [stderr]    Compiling utf8-ranges v0.1.3
[INFO] [stderr]    Compiling typeable v0.1.2
[INFO] [stdout] error: aborting due to previous error
[INFO] [stdout] 
[INFO] [stdout] 
[INFO] [stdout] For more information about this error, try `rustc --explain E0642`.
[INFO] [stdout] 
[INFO] [stderr] error: could not compile `rustc-serialize` (lib) due to 2 previous errors; 1 warning emitted
[INFO] [stderr] warning: build failed, waiting for other jobs to finish...
[INFO] [stderr] The following warnings were emitted during compilation:
[INFO] [stderr] 
[INFO] [stderr] warning: openssl-sys-extras@0.7.14: src/openssl_shim.c: In function 'HMAC_Init_ex_shim':
[INFO] [stderr] warning: openssl-sys-extras@0.7.14: src/openssl_shim.c:42:5: warning: 'HMAC_Init_ex' is deprecated: Since OpenSSL 3.0 [-Wdeprecated-declarations]
[INFO] [stderr] warning: openssl-sys-extras@0.7.14:    42 |     return HMAC_Init_ex(ctx, key, key_len, md, impl);
[INFO] [stderr] warning: openssl-sys-extras@0.7.14:       |     ^~~~~~
[INFO] [stderr] warning: openssl-sys-extras@0.7.14: In file included from src/openssl_shim.c:1:
[INFO] [stderr] warning: openssl-sys-extras@0.7.14: /usr/include/openssl/hmac.h:43:27: note: declared here
[INFO] [stderr] warning: openssl-sys-extras@0.7.14:    43 | OSSL_DEPRECATEDIN_3_0 int HMAC_Init_ex(HMAC_CTX *ctx, const void *key, int len,
[INFO] [stderr] warning: openssl-sys-extras@0.7.14:       |                           ^~~~~~~~~~~~
[INFO] [stderr] warning: openssl-sys-extras@0.7.14: src/openssl_shim.c: In function 'HMAC_Update_shim':
[INFO] [stderr] warning: openssl-sys-extras@0.7.14: src/openssl_shim.c:46:5: warning: 'HMAC_Update' is deprecated: Since OpenSSL 3.0 [-Wdeprecated-declarations]
[INFO] [stderr] warning: openssl-sys-extras@0.7.14:    46 |     return HMAC_Update(ctx, data, len);
[INFO] [stderr] warning: openssl-sys-extras@0.7.14:       |     ^~~~~~
[INFO] [stderr] warning: openssl-sys-extras@0.7.14: In file included from src/openssl_shim.c:1:
[INFO] [stderr] warning: openssl-sys-extras@0.7.14: /usr/include/openssl/hmac.h:45:27: note: declared here
[INFO] [stderr] warning: openssl-sys-extras@0.7.14:    45 | OSSL_DEPRECATEDIN_3_0 int HMAC_Update(HMAC_CTX *ctx, const unsigned char *data,
[INFO] [stderr] warning: openssl-sys-extras@0.7.14:       |                           ^~~~~~~~~~~
[INFO] [stderr] warning: openssl-sys-extras@0.7.14: src/openssl_shim.c: In function 'HMAC_Final_shim':
[INFO] [stderr] warning: openssl-sys-extras@0.7.14: src/openssl_shim.c:50:5: warning: 'HMAC_Final' is deprecated: Since OpenSSL 3.0 [-Wdeprecated-declarations]
[INFO] [stderr] warning: openssl-sys-extras@0.7.14:    50 |     return HMAC_Final(ctx, md, len);
[INFO] [stderr] warning: openssl-sys-extras@0.7.14:       |     ^~~~~~
[INFO] [stderr] warning: openssl-sys-extras@0.7.14: In file included from src/openssl_shim.c:1:
[INFO] [stderr] warning: openssl-sys-extras@0.7.14: /usr/include/openssl/hmac.h:47:27: note: declared here
[INFO] [stderr] warning: openssl-sys-extras@0.7.14:    47 | OSSL_DEPRECATEDIN_3_0 int HMAC_Final(HMAC_CTX *ctx, unsigned char *md,
[INFO] [stderr] warning: openssl-sys-extras@0.7.14:       |                           ^~~~~~~~~~
[INFO] [stderr] warning: openssl-sys-extras@0.7.14: src/openssl_shim.c: In function 'DH_new_from_params':
[INFO] [stderr] warning: openssl-sys-extras@0.7.14: src/openssl_shim.c:129:5: warning: 'DH_new' is deprecated: Since OpenSSL 3.0 [-Wdeprecated-declarations]
[INFO] [stderr] warning: openssl-sys-extras@0.7.14:   129 |     if ((dh = DH_new()) == NULL) {
[INFO] [stderr] warning: openssl-sys-extras@0.7.14:       |     ^~
[INFO] [stderr] warning: openssl-sys-extras@0.7.14: In file included from /usr/include/openssl/dsa.h:51,
[INFO] [stderr] warning: openssl-sys-extras@0.7.14:                  from /usr/include/openssl/x509.h:37,
[INFO] [stderr] warning: openssl-sys-extras@0.7.14:                  from /usr/include/openssl/ssl.h:31,
[INFO] [stderr] warning: openssl-sys-extras@0.7.14:                  from src/openssl_shim.c:2:
[INFO] [stderr] warning: openssl-sys-extras@0.7.14: /usr/include/openssl/dh.h:203:27: note: declared here
[INFO] [stderr] warning: openssl-sys-extras@0.7.14:   203 | OSSL_DEPRECATEDIN_3_0 DH *DH_new(void);
[INFO] [stderr] warning: openssl-sys-extras@0.7.14:       |                           ^~~~~~
[INFO] [stderr] warning: openssl-sys-extras@0.7.14: src/openssl_shim.c:132:7: error: invalid use of incomplete typedef 'DH' {aka 'struct dh_st'}
[INFO] [stderr] warning: openssl-sys-extras@0.7.14:   132 |     dh->p = p;
[INFO] [stderr] warning: openssl-sys-extras@0.7.14:       |       ^~
[INFO] [stderr] warning: openssl-sys-extras@0.7.14: src/openssl_shim.c:133:7: error: invalid use of incomplete typedef 'DH' {aka 'struct dh_st'}
[INFO] [stderr] warning: openssl-sys-extras@0.7.14:   133 |     dh->g = g;
[INFO] [stderr] warning: openssl-sys-extras@0.7.14:       |       ^~
[INFO] [stderr] warning: openssl-sys-extras@0.7.14: src/openssl_shim.c:134:7: error: invalid use of incomplete typedef 'DH' {aka 'struct dh_st'}
[INFO] [stderr] warning: openssl-sys-extras@0.7.14:   134 |     dh->q = q;
[INFO] [stderr] warning: openssl-sys-extras@0.7.14:       |       ^~
[INFO] [stderr] warning: openssl-sys-extras@0.7.14: src/openssl_shim.c: In function 'X509_get_extensions_shim':
[INFO] [stderr] warning: openssl-sys-extras@0.7.14: src/openssl_shim.c:143:13: error: invalid use of incomplete typedef 'X509' {aka 'struct x509_st'}
[INFO] [stderr] warning: openssl-sys-extras@0.7.14:   143 |     return x->cert_info ? x->cert_info->extensions : NULL;
[INFO] [stderr] warning: openssl-sys-extras@0.7.14:       |             ^~
[INFO] [stderr] warning: openssl-sys-extras@0.7.14: src/openssl_shim.c:143:28: error: invalid use of incomplete typedef 'X509' {aka 'struct x509_st'}
[INFO] [stderr] warning: openssl-sys-extras@0.7.14:   143 |     return x->cert_info ? x->cert_info->extensions : NULL;
[INFO] [stderr] warning: openssl-sys-extras@0.7.14:       |                            ^~
[INFO] [stderr] 
[INFO] [stderr] error: failed to run custom build command for `openssl-sys-extras v0.7.14`
[INFO] [stderr] note: To improve backtraces for build dependencies, set the CARGO_PROFILE_DEV_BUILD_OVERRIDE_DEBUG=true environment variable to enable debug information generation.
[INFO] [stderr] 
[INFO] [stderr] Caused by:
[INFO] [stderr]   process didn't exit successfully: `/opt/rustwide/target/debug/build/openssl-sys-extras-3ecfcf1210e1cd62/build-script-build` (exit status: 101)
[INFO] [stderr]   --- stdout
[INFO] [stderr]   TARGET = Some("x86_64-unknown-linux-gnu")
[INFO] [stderr]   OPT_LEVEL = Some("0")
[INFO] [stderr]   PROFILE = Some("debug")
[INFO] [stderr]   TARGET = Some("x86_64-unknown-linux-gnu")
[INFO] [stderr]   debug=true opt-level=0
[INFO] [stderr]   HOST = Some("x86_64-unknown-linux-gnu")
[INFO] [stderr]   TARGET = Some("x86_64-unknown-linux-gnu")
[INFO] [stderr]   TARGET = Some("x86_64-unknown-linux-gnu")
[INFO] [stderr]   HOST = Some("x86_64-unknown-linux-gnu")
[INFO] [stderr]   CC_x86_64-unknown-linux-gnu = None
[INFO] [stderr]   CC_x86_64_unknown_linux_gnu = None
[INFO] [stderr]   HOST_CC = None
[INFO] [stderr]   CC = None
[INFO] [stderr]   HOST = Some("x86_64-unknown-linux-gnu")
[INFO] [stderr]   TARGET = Some("x86_64-unknown-linux-gnu")
[INFO] [stderr]   HOST = Some("x86_64-unknown-linux-gnu")
[INFO] [stderr]   CFLAGS_x86_64-unknown-linux-gnu = None
[INFO] [stderr]   CFLAGS_x86_64_unknown_linux_gnu = None
[INFO] [stderr]   HOST_CFLAGS = None
[INFO] [stderr]   CFLAGS = None
[INFO] [stderr]   running: "cc" "-O0" "-ffunction-sections" "-fdata-sections" "-g" "-m64" "-fPIC" "-o" "/opt/rustwide/target/debug/build/openssl-sys-extras-0da2a7fb4394903d/out/src/openssl_shim.o" "-c" "src/openssl_shim.c"
[INFO] [stderr]   cargo:warning=src/openssl_shim.c: In function 'HMAC_Init_ex_shim':
[INFO] [stderr]   cargo:warning=src/openssl_shim.c:42:5: warning: 'HMAC_Init_ex' is deprecated: Since OpenSSL 3.0 [-Wdeprecated-declarations]
[INFO] [stderr]   cargo:warning=   42 |     return HMAC_Init_ex(ctx, key, key_len, md, impl);
[INFO] [stderr]   cargo:warning=      |     ^~~~~~
[INFO] [stderr]   cargo:warning=In file included from src/openssl_shim.c:1:
[INFO] [stderr]   cargo:warning=/usr/include/openssl/hmac.h:43:27: note: declared here
[INFO] [stderr]   cargo:warning=   43 | OSSL_DEPRECATEDIN_3_0 int HMAC_Init_ex(HMAC_CTX *ctx, const void *key, int len,
[INFO] [stderr]   cargo:warning=      |                           ^~~~~~~~~~~~
[INFO] [stderr]   cargo:warning=src/openssl_shim.c: In function 'HMAC_Update_shim':
[INFO] [stderr]   cargo:warning=src/openssl_shim.c:46:5: warning: 'HMAC_Update' is deprecated: Since OpenSSL 3.0 [-Wdeprecated-declarations]
[INFO] [stderr]   cargo:warning=   46 |     return HMAC_Update(ctx, data, len);
[INFO] [stderr]   cargo:warning=      |     ^~~~~~
[INFO] [stderr]   cargo:warning=In file included from src/openssl_shim.c:1:
[INFO] [stderr]   cargo:warning=/usr/include/openssl/hmac.h:45:27: note: declared here
[INFO] [stderr]   cargo:warning=   45 | OSSL_DEPRECATEDIN_3_0 int HMAC_Update(HMAC_CTX *ctx, const unsigned char *data,
[INFO] [stderr]   cargo:warning=      |                           ^~~~~~~~~~~
[INFO] [stderr]   cargo:warning=src/openssl_shim.c: In function 'HMAC_Final_shim':
[INFO] [stderr]   cargo:warning=src/openssl_shim.c:50:5: warning: 'HMAC_Final' is deprecated: Since OpenSSL 3.0 [-Wdeprecated-declarations]
[INFO] [stderr]   cargo:warning=   50 |     return HMAC_Final(ctx, md, len);
[INFO] [stderr]   cargo:warning=      |     ^~~~~~
[INFO] [stderr]   cargo:warning=In file included from src/openssl_shim.c:1:
[INFO] [stderr]   cargo:warning=/usr/include/openssl/hmac.h:47:27: note: declared here
[INFO] [stderr]   cargo:warning=   47 | OSSL_DEPRECATEDIN_3_0 int HMAC_Final(HMAC_CTX *ctx, unsigned char *md,
[INFO] [stderr]   cargo:warning=      |                           ^~~~~~~~~~
[INFO] [stderr]   cargo:warning=src/openssl_shim.c: In function 'DH_new_from_params':
[INFO] [stderr]   cargo:warning=src/openssl_shim.c:129:5: warning: 'DH_new' is deprecated: Since OpenSSL 3.0 [-Wdeprecated-declarations]
[INFO] [stderr]   cargo:warning=  129 |     if ((dh = DH_new()) == NULL) {
[INFO] [stderr]   cargo:warning=      |     ^~
[INFO] [stderr]   cargo:warning=In file included from /usr/include/openssl/dsa.h:51,
[INFO] [stderr]   cargo:warning=                 from /usr/include/openssl/x509.h:37,
[INFO] [stderr]   cargo:warning=                 from /usr/include/openssl/ssl.h:31,
[INFO] [stderr]   cargo:warning=                 from src/openssl_shim.c:2:
[INFO] [stderr]   cargo:warning=/usr/include/openssl/dh.h:203:27: note: declared here
[INFO] [stderr]   cargo:warning=  203 | OSSL_DEPRECATEDIN_3_0 DH *DH_new(void);
[INFO] [stderr]   cargo:warning=      |                           ^~~~~~
[INFO] [stderr]   cargo:warning=src/openssl_shim.c:132:7: error: invalid use of incomplete typedef 'DH' {aka 'struct dh_st'}
[INFO] [stderr]   cargo:warning=  132 |     dh->p = p;
[INFO] [stderr]   cargo:warning=      |       ^~
[INFO] [stderr]   cargo:warning=src/openssl_shim.c:133:7: error: invalid use of incomplete typedef 'DH' {aka 'struct dh_st'}
[INFO] [stderr]   cargo:warning=  133 |     dh->g = g;
[INFO] [stderr]   cargo:warning=      |       ^~
[INFO] [stderr]   cargo:warning=src/openssl_shim.c:134:7: error: invalid use of incomplete typedef 'DH' {aka 'struct dh_st'}
[INFO] [stderr]   cargo:warning=  134 |     dh->q = q;
[INFO] [stderr]   cargo:warning=      |       ^~
[INFO] [stderr]   cargo:warning=src/openssl_shim.c: In function 'X509_get_extensions_shim':
[INFO] [stderr]   cargo:warning=src/openssl_shim.c:143:13: error: invalid use of incomplete typedef 'X509' {aka 'struct x509_st'}
[INFO] [stderr]   cargo:warning=  143 |     return x->cert_info ? x->cert_info->extensions : NULL;
[INFO] [stderr]   cargo:warning=      |             ^~
[INFO] [stderr]   cargo:warning=src/openssl_shim.c:143:28: error: invalid use of incomplete typedef 'X509' {aka 'struct x509_st'}
[INFO] [stderr]   cargo:warning=  143 |     return x->cert_info ? x->cert_info->extensions : NULL;
[INFO] [stderr]   cargo:warning=      |                            ^~
[INFO] [stderr]   ExitStatus(unix_wait_status(256))
[INFO] [stderr] 
[INFO] [stderr] 
[INFO] [stderr]   command did not execute successfully, got: exit status: 1
[INFO] [stderr] 
[INFO] [stderr] 
[INFO] [stderr] 
[INFO] [stderr]   --- stderr
[INFO] [stderr]   thread 'main' panicked at /opt/rustwide/cargo-home/registry/src/index.crates.io-6f17d22bba15001f/gcc-0.3.35/src/lib.rs:897:5:
[INFO] [stderr]   explicit panic
[INFO] [stderr]   stack backtrace:
[INFO] [stderr]      0:     0x564cf3de3f3c - std::backtrace_rs::backtrace::libunwind::trace::ha637c64ce894333a
[INFO] [stderr]                                  at /rustc/82e1608dfa6e0b5569232559e3d385fea5a93112/library/std/src/../../backtrace/src/backtrace/libunwind.rs:104:5
[INFO] [stderr]      1:     0x564cf3de3f3c - std::backtrace_rs::backtrace::trace_unsynchronized::h47f62dea28e0c88d
[INFO] [stderr]                                  at /rustc/82e1608dfa6e0b5569232559e3d385fea5a93112/library/std/src/../../backtrace/src/backtrace/mod.rs:66:5
[INFO] [stderr]      2:     0x564cf3de3f3c - std::sys_common::backtrace::_print_fmt::h9eef0abe20ede486
[INFO] [stderr]                                  at /rustc/82e1608dfa6e0b5569232559e3d385fea5a93112/library/std/src/sys_common/backtrace.rs:67:5
[INFO] [stderr]      3:     0x564cf3de3f3c - <std::sys_common::backtrace::_print::DisplayBacktrace as core::fmt::Display>::fmt::hed7f999df88cc644
[INFO] [stderr]                                  at /rustc/82e1608dfa6e0b5569232559e3d385fea5a93112/library/std/src/sys_common/backtrace.rs:44:22
[INFO] [stderr]      4:     0x564cf3e09340 - core::fmt::rt::Argument::fmt::h1539a9308b8d058d
[INFO] [stderr]                                  at /rustc/82e1608dfa6e0b5569232559e3d385fea5a93112/library/core/src/fmt/rt.rs:142:9
[INFO] [stderr]      5:     0x564cf3e09340 - core::fmt::write::h3a39390d8560d9c9
[INFO] [stderr]                                  at /rustc/82e1608dfa6e0b5569232559e3d385fea5a93112/library/core/src/fmt/mod.rs:1120:17
[INFO] [stderr]      6:     0x564cf3de14df - std::io::Write::write_fmt::h5fc9997dfe05f882
[INFO] [stderr]                                  at /rustc/82e1608dfa6e0b5569232559e3d385fea5a93112/library/std/src/io/mod.rs:1762:15
[INFO] [stderr]      7:     0x564cf3de3d24 - std::sys_common::backtrace::_print::h894006fb5c6f3d45
[INFO] [stderr]                                  at /rustc/82e1608dfa6e0b5569232559e3d385fea5a93112/library/std/src/sys_common/backtrace.rs:47:5
[INFO] [stderr]      8:     0x564cf3de3d24 - std::sys_common::backtrace::print::h23a2d212c6fff936
[INFO] [stderr]                                  at /rustc/82e1608dfa6e0b5569232559e3d385fea5a93112/library/std/src/sys_common/backtrace.rs:34:9
[INFO] [stderr]      9:     0x564cf3de5447 - std::panicking::default_hook::{{closure}}::h8a1d2ee00185001a
[INFO] [stderr]     10:     0x564cf3de51af - std::panicking::default_hook::h6038f2eba384e475
[INFO] [stderr]                                  at /rustc/82e1608dfa6e0b5569232559e3d385fea5a93112/library/std/src/panicking.rs:292:9
[INFO] [stderr]     11:     0x564cf3de58c8 - std::panicking::rust_panic_with_hook::h2b5517d590cab22e
[INFO] [stderr]                                  at /rustc/82e1608dfa6e0b5569232559e3d385fea5a93112/library/std/src/panicking.rs:779:13
[INFO] [stderr]     12:     0x564cf3da585e - std::panicking::begin_panic::{{closure}}::h54790ec534e4e0f3
[INFO] [stderr]     13:     0x564cf3dc080a - std::sys_common::backtrace::__rust_end_short_backtrace::hc09bac29c2dcf4c1
[INFO] [stderr]     14:     0x564cf3da57db - std::panicking::begin_panic::h29c3fdcee9c9cda1
[INFO] [stderr]     15:     0x564cf3db78f6 - gcc::fail::h0058abd107845fe8
[INFO] [stderr]     16:     0x564cf3db746d - gcc::run::h9d6566164c2def76
[INFO] [stderr]     17:     0x564cf3db016e - gcc::Config::compile_object::hc3da1227c1aaff6b
[INFO] [stderr]     18:     0x564cf3dafa36 - gcc::Config::compile_objects::hfa5cb83abc282045
[INFO] [stderr]     19:     0x564cf3daed65 - gcc::Config::compile::hfe3ff89883357d6d
[INFO] [stderr]     20:     0x564cf3da31d9 - build_script_build::main::h1e104c0afa7fea08
[INFO] [stderr]     21:     0x564cf3da2773 - core::ops::function::FnOnce::call_once::hded027cd9cf09890
[INFO] [stderr]     22:     0x564cf3da1fe6 - std::sys_common::backtrace::__rust_begin_short_backtrace::hab601b009779129b
[INFO] [stderr]     23:     0x564cf3da2419 - std::rt::lang_start::{{closure}}::hfe784f259a08c4f7
[INFO] [stderr]     24:     0x564cf3ddd917 - core::ops::function::impls::<impl core::ops::function::FnOnce<A> for &F>::call_once::hd95060ecd5e1ca24
[INFO] [stderr]                                  at /rustc/82e1608dfa6e0b5569232559e3d385fea5a93112/library/core/src/ops/function.rs:284:13
[INFO] [stderr]     25:     0x564cf3ddd917 - std::panicking::try::do_call::h6e8cf51db32a6e4b
[INFO] [stderr]                                  at /rustc/82e1608dfa6e0b5569232559e3d385fea5a93112/library/std/src/panicking.rs:552:40
[INFO] [stderr]     26:     0x564cf3ddd917 - std::panicking::try::h3a52eefe24fe3c29
[INFO] [stderr]                                  at /rustc/82e1608dfa6e0b5569232559e3d385fea5a93112/library/std/src/panicking.rs:516:19
[INFO] [stderr]     27:     0x564cf3ddd917 - std::panic::catch_unwind::h24c28c23c02c3841
[INFO] [stderr]                                  at /rustc/82e1608dfa6e0b5569232559e3d385fea5a93112/library/std/src/panic.rs:142:14
[INFO] [stderr]     28:     0x564cf3ddd917 - std::rt::lang_start_internal::{{closure}}::h705d3c9cbc06ef47
[INFO] [stderr]                                  at /rustc/82e1608dfa6e0b5569232559e3d385fea5a93112/library/std/src/rt.rs:148:48
[INFO] [stderr]     29:     0x564cf3ddd917 - std::panicking::try::do_call::ha21f52ba13158470
[INFO] [stderr]                                  at /rustc/82e1608dfa6e0b5569232559e3d385fea5a93112/library/std/src/panicking.rs:552:40
[INFO] [stderr]     30:     0x564cf3ddd917 - std::panicking::try::h5581346bf6aeb1f8
[INFO] [stderr]                                  at /rustc/82e1608dfa6e0b5569232559e3d385fea5a93112/library/std/src/panicking.rs:516:19
[INFO] [stderr]     31:     0x564cf3ddd917 - std::panic::catch_unwind::h7919645a6b72e25b
[INFO] [stderr]                                  at /rustc/82e1608dfa6e0b5569232559e3d385fea5a93112/library/std/src/panic.rs:142:14
[INFO] [stderr]     32:     0x564cf3ddd917 - std::rt::lang_start_internal::h12de51168669836e
[INFO] [stderr]                                  at /rustc/82e1608dfa6e0b5569232559e3d385fea5a93112/library/std/src/rt.rs:148:20
[INFO] [stderr]     33:     0x564cf3da23f7 - std::rt::lang_start::h7f158cbdc466ec1d
[INFO] [stderr]     34:     0x564cf3da4785 - main
[INFO] [stderr]     35:     0x7eff149e2d90 - <unknown>
[INFO] [stderr]     36:     0x7eff149e2e40 - __libc_start_main
[INFO] [stderr]     37:     0x564cf3da1d45 - _start
[INFO] [stderr]     38:                0x0 - <unknown>
[INFO] [stderr] The following warnings were emitted during compilation:
[INFO] [stderr] 
[INFO] [stderr] warning: openssl@0.7.14: src/c_helpers.c: In function 'rust_SSL_clone':
[INFO] [stderr] warning: openssl@0.7.14: src/c_helpers.c:4:5: warning: implicit declaration of function 'CRYPTO_add' [-Wimplicit-function-declaration]
[INFO] [stderr] warning: openssl@0.7.14:     4 |     CRYPTO_add(&ssl->references, 1, CRYPTO_LOCK_SSL);
[INFO] [stderr] warning: openssl@0.7.14:       |     ^~~~~~~~~~
[INFO] [stderr] warning: openssl@0.7.14: src/c_helpers.c:4:20: error: invalid use of incomplete typedef 'SSL' {aka 'struct ssl_st'}
[INFO] [stderr] warning: openssl@0.7.14:     4 |     CRYPTO_add(&ssl->references, 1, CRYPTO_LOCK_SSL);
[INFO] [stderr] warning: openssl@0.7.14:       |                    ^~
[INFO] [stderr] warning: openssl@0.7.14: src/c_helpers.c:4:37: error: 'CRYPTO_LOCK_SSL' undeclared (first use in this function); did you mean 'CRYPTO_LOCK'?
[INFO] [stderr] warning: openssl@0.7.14:     4 |     CRYPTO_add(&ssl->references, 1, CRYPTO_LOCK_SSL);
[INFO] [stderr] warning: openssl@0.7.14:       |                                     ^~~~~~~~~~~~~~~
[INFO] [stderr] warning: openssl@0.7.14:       |                                     CRYPTO_LOCK
[INFO] [stderr] warning: openssl@0.7.14: src/c_helpers.c:4:37: note: each undeclared identifier is reported only once for each function it appears in
[INFO] [stderr] warning: openssl@0.7.14: src/c_helpers.c: In function 'rust_SSL_CTX_clone':
[INFO] [stderr] warning: openssl@0.7.14: src/c_helpers.c:8:20: error: invalid use of incomplete typedef 'SSL_CTX' {aka 'struct ssl_ctx_st'}
[INFO] [stderr] warning: openssl@0.7.14:     8 |     CRYPTO_add(&ctx->references,1,CRYPTO_LOCK_SSL_CTX);
[INFO] [stderr] warning: openssl@0.7.14:       |                    ^~
[INFO] [stderr] warning: openssl@0.7.14: src/c_helpers.c:8:35: error: 'CRYPTO_LOCK_SSL_CTX' undeclared (first use in this function); did you mean 'CRYPTO_EX_INDEX_SSL_CTX'?
[INFO] [stderr] warning: openssl@0.7.14:     8 |     CRYPTO_add(&ctx->references,1,CRYPTO_LOCK_SSL_CTX);
[INFO] [stderr] warning: openssl@0.7.14:       |                                   ^~~~~~~~~~~~~~~~~~~
[INFO] [stderr] warning: openssl@0.7.14:       |                                   CRYPTO_EX_INDEX_SSL_CTX
[INFO] [stderr] warning: openssl@0.7.14: src/c_helpers.c: In function 'rust_X509_clone':
[INFO] [stderr] warning: openssl@0.7.14: src/c_helpers.c:12:21: error: invalid use of incomplete typedef 'X509' {aka 'struct x509_st'}
[INFO] [stderr] warning: openssl@0.7.14:    12 |     CRYPTO_add(&x509->references,1,CRYPTO_LOCK_X509);
[INFO] [stderr] warning: openssl@0.7.14:       |                     ^~
[INFO] [stderr] warning: openssl@0.7.14: src/c_helpers.c:12:36: error: 'CRYPTO_LOCK_X509' undeclared (first use in this function); did you mean 'CRYPTO_LOCK'?
[INFO] [stderr] warning: openssl@0.7.14:    12 |     CRYPTO_add(&x509->references,1,CRYPTO_LOCK_X509);
[INFO] [stderr] warning: openssl@0.7.14:       |                                    ^~~~~~~~~~~~~~~~
[INFO] [stderr] warning: openssl@0.7.14:       |                                    CRYPTO_LOCK
[INFO] [stderr] 
[INFO] [stderr] error: failed to run custom build command for `openssl v0.7.14`
[INFO] [stderr] note: To improve backtraces for build dependencies, set the CARGO_PROFILE_DEV_BUILD_OVERRIDE_DEBUG=true environment variable to enable debug information generation.
[INFO] [stderr] 
[INFO] [stderr] Caused by:
[INFO] [stderr]   process didn't exit successfully: `/opt/rustwide/target/debug/build/openssl-6193d195f9006ac6/build-script-build` (exit status: 101)
[INFO] [stderr]   --- stdout
[INFO] [stderr]   TARGET = Some("x86_64-unknown-linux-gnu")
[INFO] [stderr]   OPT_LEVEL = Some("0")
[INFO] [stderr]   PROFILE = Some("debug")
[INFO] [stderr]   TARGET = Some("x86_64-unknown-linux-gnu")
[INFO] [stderr]   debug=true opt-level=0
[INFO] [stderr]   HOST = Some("x86_64-unknown-linux-gnu")
[INFO] [stderr]   TARGET = Some("x86_64-unknown-linux-gnu")
[INFO] [stderr]   TARGET = Some("x86_64-unknown-linux-gnu")
[INFO] [stderr]   HOST = Some("x86_64-unknown-linux-gnu")
[INFO] [stderr]   CC_x86_64-unknown-linux-gnu = None
[INFO] [stderr]   CC_x86_64_unknown_linux_gnu = None
[INFO] [stderr]   HOST_CC = None
[INFO] [stderr]   CC = None
[INFO] [stderr]   HOST = Some("x86_64-unknown-linux-gnu")
[INFO] [stderr]   TARGET = Some("x86_64-unknown-linux-gnu")
[INFO] [stderr]   HOST = Some("x86_64-unknown-linux-gnu")
[INFO] [stderr]   CFLAGS_x86_64-unknown-linux-gnu = None
[INFO] [stderr]   CFLAGS_x86_64_unknown_linux_gnu = None
[INFO] [stderr]   HOST_CFLAGS = None
[INFO] [stderr]   CFLAGS = None
[INFO] [stderr]   running: "cc" "-O0" "-ffunction-sections" "-fdata-sections" "-g" "-m64" "-fPIC" "-o" "/opt/rustwide/target/debug/build/openssl-d8ed727f838e4a15/out/src/c_helpers.o" "-c" "src/c_helpers.c"
[INFO] [stderr]   cargo:warning=src/c_helpers.c: In function 'rust_SSL_clone':
[INFO] [stderr]   cargo:warning=src/c_helpers.c:4:5: warning: implicit declaration of function 'CRYPTO_add' [-Wimplicit-function-declaration]
[INFO] [stderr]   cargo:warning=    4 |     CRYPTO_add(&ssl->references, 1, CRYPTO_LOCK_SSL);
[INFO] [stderr]   cargo:warning=      |     ^~~~~~~~~~
[INFO] [stderr]   cargo:warning=src/c_helpers.c:4:20: error: invalid use of incomplete typedef 'SSL' {aka 'struct ssl_st'}
[INFO] [stderr]   cargo:warning=    4 |     CRYPTO_add(&ssl->references, 1, CRYPTO_LOCK_SSL);
[INFO] [stderr]   cargo:warning=      |                    ^~
[INFO] [stderr]   cargo:warning=src/c_helpers.c:4:37: error: 'CRYPTO_LOCK_SSL' undeclared (first use in this function); did you mean 'CRYPTO_LOCK'?
[INFO] [stderr]   cargo:warning=    4 |     CRYPTO_add(&ssl->references, 1, CRYPTO_LOCK_SSL);
[INFO] [stderr]   cargo:warning=      |                                     ^~~~~~~~~~~~~~~
[INFO] [stderr]   cargo:warning=      |                                     CRYPTO_LOCK
[INFO] [stderr]   cargo:warning=src/c_helpers.c:4:37: note: each undeclared identifier is reported only once for each function it appears in
[INFO] [stderr]   cargo:warning=src/c_helpers.c: In function 'rust_SSL_CTX_clone':
[INFO] [stderr]   cargo:warning=src/c_helpers.c:8:20: error: invalid use of incomplete typedef 'SSL_CTX' {aka 'struct ssl_ctx_st'}
[INFO] [stderr]   cargo:warning=    8 |     CRYPTO_add(&ctx->references,1,CRYPTO_LOCK_SSL_CTX);
[INFO] [stderr]   cargo:warning=      |                    ^~
[INFO] [stderr]   cargo:warning=src/c_helpers.c:8:35: error: 'CRYPTO_LOCK_SSL_CTX' undeclared (first use in this function); did you mean 'CRYPTO_EX_INDEX_SSL_CTX'?
[INFO] [stderr]   cargo:warning=    8 |     CRYPTO_add(&ctx->references,1,CRYPTO_LOCK_SSL_CTX);
[INFO] [stderr]   cargo:warning=      |                                   ^~~~~~~~~~~~~~~~~~~
[INFO] [stderr]   cargo:warning=      |                                   CRYPTO_EX_INDEX_SSL_CTX
[INFO] [stderr]   cargo:warning=src/c_helpers.c: In function 'rust_X509_clone':
[INFO] [stderr]   cargo:warning=src/c_helpers.c:12:21: error: invalid use of incomplete typedef 'X509' {aka 'struct x509_st'}
[INFO] [stderr]   cargo:warning=   12 |     CRYPTO_add(&x509->references,1,CRYPTO_LOCK_X509);
[INFO] [stderr]   cargo:warning=      |                     ^~
[INFO] [stderr]   cargo:warning=src/c_helpers.c:12:36: error: 'CRYPTO_LOCK_X509' undeclared (first use in this function); did you mean 'CRYPTO_LOCK'?
[INFO] [stderr]   cargo:warning=   12 |     CRYPTO_add(&x509->references,1,CRYPTO_LOCK_X509);
[INFO] [stderr]   cargo:warning=      |                                    ^~~~~~~~~~~~~~~~
[INFO] [stderr]   cargo:warning=      |                                    CRYPTO_LOCK
[INFO] [stderr]   ExitStatus(unix_wait_status(256))
[INFO] [stderr] 
[INFO] [stderr] 
[INFO] [stderr]   command did not execute successfully, got: exit status: 1
[INFO] [stderr] 
[INFO] [stderr] 
[INFO] [stderr] 
[INFO] [stderr]   --- stderr
[INFO] [stderr]   thread 'main' panicked at /opt/rustwide/cargo-home/registry/src/index.crates.io-6f17d22bba15001f/gcc-0.3.35/src/lib.rs:897:5:
[INFO] [stderr]   explicit panic
[INFO] [stderr]   stack backtrace:
[INFO] [stderr]      0:     0x5623c279a9fc - std::backtrace_rs::backtrace::libunwind::trace::ha637c64ce894333a
[INFO] [stderr]                                  at /rustc/82e1608dfa6e0b5569232559e3d385fea5a93112/library/std/src/../../backtrace/src/backtrace/libunwind.rs:104:5
[INFO] [stderr]      1:     0x5623c279a9fc - std::backtrace_rs::backtrace::trace_unsynchronized::h47f62dea28e0c88d
[INFO] [stderr]                                  at /rustc/82e1608dfa6e0b5569232559e3d385fea5a93112/library/std/src/../../backtrace/src/backtrace/mod.rs:66:5
[INFO] [stderr]      2:     0x5623c279a9fc - std::sys_common::backtrace::_print_fmt::h9eef0abe20ede486
[INFO] [stderr]                                  at /rustc/82e1608dfa6e0b5569232559e3d385fea5a93112/library/std/src/sys_common/backtrace.rs:67:5
[INFO] [stderr]      3:     0x5623c279a9fc - <std::sys_common::backtrace::_print::DisplayBacktrace as core::fmt::Display>::fmt::hed7f999df88cc644
[INFO] [stderr]                                  at /rustc/82e1608dfa6e0b5569232559e3d385fea5a93112/library/std/src/sys_common/backtrace.rs:44:22
[INFO] [stderr]      4:     0x5623c27bfe00 - core::fmt::rt::Argument::fmt::h1539a9308b8d058d
[INFO] [stderr]                                  at /rustc/82e1608dfa6e0b5569232559e3d385fea5a93112/library/core/src/fmt/rt.rs:142:9
[INFO] [stderr]      5:     0x5623c27bfe00 - core::fmt::write::h3a39390d8560d9c9
[INFO] [stderr]                                  at /rustc/82e1608dfa6e0b5569232559e3d385fea5a93112/library/core/src/fmt/mod.rs:1120:17
[INFO] [stderr]      6:     0x5623c2797fcf - std::io::Write::write_fmt::h5fc9997dfe05f882
[INFO] [stderr]                                  at /rustc/82e1608dfa6e0b5569232559e3d385fea5a93112/library/std/src/io/mod.rs:1762:15
[INFO] [stderr]      7:     0x5623c279a7e4 - std::sys_common::backtrace::_print::h894006fb5c6f3d45
[INFO] [stderr]                                  at /rustc/82e1608dfa6e0b5569232559e3d385fea5a93112/library/std/src/sys_common/backtrace.rs:47:5
[INFO] [stderr]      8:     0x5623c279a7e4 - std::sys_common::backtrace::print::h23a2d212c6fff936
[INFO] [stderr]                                  at /rustc/82e1608dfa6e0b5569232559e3d385fea5a93112/library/std/src/sys_common/backtrace.rs:34:9
[INFO] [stderr]      9:     0x5623c279bf07 - std::panicking::default_hook::{{closure}}::h8a1d2ee00185001a
[INFO] [stderr]     10:     0x5623c279bc6f - std::panicking::default_hook::h6038f2eba384e475
[INFO] [stderr]                                  at /rustc/82e1608dfa6e0b5569232559e3d385fea5a93112/library/std/src/panicking.rs:292:9
[INFO] [stderr]     11:     0x5623c279c388 - std::panicking::rust_panic_with_hook::h2b5517d590cab22e
[INFO] [stderr]                                  at /rustc/82e1608dfa6e0b5569232559e3d385fea5a93112/library/std/src/panicking.rs:779:13
[INFO] [stderr]     12:     0x5623c275c47e - std::panicking::begin_panic::{{closure}}::h54790ec534e4e0f3
[INFO] [stderr]     13:     0x5623c277742a - std::sys_common::backtrace::__rust_end_short_backtrace::hc09bac29c2dcf4c1
[INFO] [stderr]     14:     0x5623c275c3fb - std::panicking::begin_panic::h29c3fdcee9c9cda1
[INFO] [stderr]     15:     0x5623c276e516 - gcc::fail::h0058abd107845fe8
[INFO] [stderr]     16:     0x5623c276e08d - gcc::run::h9d6566164c2def76
[INFO] [stderr]     17:     0x5623c2766d8e - gcc::Config::compile_object::hc3da1227c1aaff6b
[INFO] [stderr]     18:     0x5623c2766656 - gcc::Config::compile_objects::hfa5cb83abc282045
[INFO] [stderr]     19:     0x5623c2765985 - gcc::Config::compile::hfe3ff89883357d6d
[INFO] [stderr]     20:     0x5623c275b36c - build_script_build::main::h875045573eb8ca4b
[INFO] [stderr]     21:     0x5623c275b003 - core::ops::function::FnOnce::call_once::h7f20b4e528db7da4
[INFO] [stderr]     22:     0x5623c275aec6 - std::sys_common::backtrace::__rust_begin_short_backtrace::h549da41151de2473
[INFO] [stderr]     23:     0x5623c275af19 - std::rt::lang_start::{{closure}}::h134fb393cf3d4d30
[INFO] [stderr]     24:     0x5623c2794537 - core::ops::function::impls::<impl core::ops::function::FnOnce<A> for &F>::call_once::hd95060ecd5e1ca24
[INFO] [stderr]                                  at /rustc/82e1608dfa6e0b5569232559e3d385fea5a93112/library/core/src/ops/function.rs:284:13
[INFO] [stderr]     25:     0x5623c2794537 - std::panicking::try::do_call::h6e8cf51db32a6e4b
[INFO] [stderr]                                  at /rustc/82e1608dfa6e0b5569232559e3d385fea5a93112/library/std/src/panicking.rs:552:40
[INFO] [stderr]     26:     0x5623c2794537 - std::panicking::try::h3a52eefe24fe3c29
[INFO] [stderr]                                  at /rustc/82e1608dfa6e0b5569232559e3d385fea5a93112/library/std/src/panicking.rs:516:19
[INFO] [stderr]     27:     0x5623c2794537 - std::panic::catch_unwind::h24c28c23c02c3841
[INFO] [stderr]                                  at /rustc/82e1608dfa6e0b5569232559e3d385fea5a93112/library/std/src/panic.rs:142:14
[INFO] [stderr]     28:     0x5623c2794537 - std::rt::lang_start_internal::{{closure}}::h705d3c9cbc06ef47
[INFO] [stderr]                                  at /rustc/82e1608dfa6e0b5569232559e3d385fea5a93112/library/std/src/rt.rs:148:48
[INFO] [stderr]     29:     0x5623c2794537 - std::panicking::try::do_call::ha21f52ba13158470
[INFO] [stderr]                                  at /rustc/82e1608dfa6e0b5569232559e3d385fea5a93112/library/std/src/panicking.rs:552:40
[INFO] [stderr]     30:     0x5623c2794537 - std::panicking::try::h5581346bf6aeb1f8
[INFO] [stderr]                                  at /rustc/82e1608dfa6e0b5569232559e3d385fea5a93112/library/std/src/panicking.rs:516:19
[INFO] [stderr]     31:     0x5623c2794537 - std::panic::catch_unwind::h7919645a6b72e25b
[INFO] [stderr]                                  at /rustc/82e1608dfa6e0b5569232559e3d385fea5a93112/library/std/src/panic.rs:142:14
[INFO] [stderr]     32:     0x5623c2794537 - std::rt::lang_start_internal::h12de51168669836e
[INFO] [stderr]                                  at /rustc/82e1608dfa6e0b5569232559e3d385fea5a93112/library/std/src/rt.rs:148:20
[INFO] [stderr]     33:     0x5623c275aef7 - std::rt::lang_start::h0baf9eeca898a7d6
[INFO] [stderr]     34:     0x5623c275b3a5 - main
[INFO] [stderr]     35:     0x7f8768aecd90 - <unknown>
[INFO] [stderr]     36:     0x7f8768aece40 - __libc_start_main
[INFO] [stderr]     37:     0x5623c275ad45 - _start
[INFO] [stderr]     38:                0x0 - <unknown>
[INFO] running `Command { std: "docker" "inspect" "da1a1be16c456970baaef766823030e91e9cf426122027194653de7e210232b3", kill_on_drop: false }`
[INFO] running `Command { std: "docker" "rm" "-f" "da1a1be16c456970baaef766823030e91e9cf426122027194653de7e210232b3", kill_on_drop: false }`
[INFO] [stdout] da1a1be16c456970baaef766823030e91e9cf426122027194653de7e210232b3
[INFO] testing BlackYoup/release-monitor against beta-2023-12-22 for beta-1.76-1
[INFO] running `Command { std: "git" "clone" "/workspace/cache/git-repos/https%3A%2F%2Fgithub.com%2FBlackYoup%2Frelease-monitor" "/workspace/builds/worker-6-tc2/source", kill_on_drop: false }`
[INFO] [stderr] Cloning into '/workspace/builds/worker-6-tc2/source'...
[INFO] [stderr] done.
[INFO] validating manifest of git repo https://github.com/BlackYoup/release-monitor on toolchain beta-2023-12-22
[INFO] running `Command { std: CARGO_HOME="/workspace/cargo-home" RUSTUP_HOME="/workspace/rustup-home" "/workspace/cargo-home/bin/cargo" "+beta-2023-12-22" "metadata" "--manifest-path" "Cargo.toml" "--no-deps", kill_on_drop: false }`
[INFO] started tweaking git repo https://github.com/BlackYoup/release-monitor
[INFO] finished tweaking git repo https://github.com/BlackYoup/release-monitor
[INFO] tweaked toml for git repo https://github.com/BlackYoup/release-monitor written to /workspace/builds/worker-6-tc2/source/Cargo.toml
[INFO] crate git repo https://github.com/BlackYoup/release-monitor already has a lockfile, it will not be regenerated
[INFO] running `Command { std: CARGO_HOME="/workspace/cargo-home" RUSTUP_HOME="/workspace/rustup-home" "/workspace/cargo-home/bin/cargo" "+beta-2023-12-22" "fetch" "--manifest-path" "Cargo.toml", kill_on_drop: false }`
[INFO] running `Command { std: "docker" "create" "-v" "/var/lib/crater-agent-workspace/builds/worker-6-tc2/target:/opt/rustwide/target:rw,Z" "-v" "/var/lib/crater-agent-workspace/builds/worker-6-tc2/source:/opt/rustwide/workdir:ro,Z" "-v" "/var/lib/crater-agent-workspace/cargo-home:/opt/rustwide/cargo-home:ro,Z" "-v" "/var/lib/crater-agent-workspace/rustup-home:/opt/rustwide/rustup-home:ro,Z" "-e" "SOURCE_DIR=/opt/rustwide/workdir" "-e" "CARGO_TARGET_DIR=/opt/rustwide/target" "-e" "CARGO_HOME=/opt/rustwide/cargo-home" "-e" "RUSTUP_HOME=/opt/rustwide/rustup-home" "-w" "/opt/rustwide/workdir" "-m" "1610612736" "--user" "0:0" "--network" "none" "ghcr.io/rust-lang/crates-build-env/linux@sha256:2788e3201cd34a07e3172128adcd8b3090168a8e3bcc40d7c032b9dda1df7d1c" "/opt/rustwide/cargo-home/bin/cargo" "+beta-2023-12-22" "metadata" "--no-deps" "--format-version=1", kill_on_drop: false }`
[INFO] [stdout] 5326fdbaf4f9a48135147fd3439fe0559b9c086a421dc76888199519a1577e60
[INFO] running `Command { std: "docker" "start" "-a" "5326fdbaf4f9a48135147fd3439fe0559b9c086a421dc76888199519a1577e60", kill_on_drop: false }`
[INFO] running `Command { std: "docker" "inspect" "5326fdbaf4f9a48135147fd3439fe0559b9c086a421dc76888199519a1577e60", kill_on_drop: false }`
[INFO] running `Command { std: "docker" "rm" "-f" "5326fdbaf4f9a48135147fd3439fe0559b9c086a421dc76888199519a1577e60", kill_on_drop: false }`
[INFO] [stdout] 5326fdbaf4f9a48135147fd3439fe0559b9c086a421dc76888199519a1577e60
[INFO] running `Command { std: "docker" "create" "-v" "/var/lib/crater-agent-workspace/builds/worker-6-tc2/target:/opt/rustwide/target:rw,Z" "-v" "/var/lib/crater-agent-workspace/builds/worker-6-tc2/source:/opt/rustwide/workdir:ro,Z" "-v" "/var/lib/crater-agent-workspace/cargo-home:/opt/rustwide/cargo-home:ro,Z" "-v" "/var/lib/crater-agent-workspace/rustup-home:/opt/rustwide/rustup-home:ro,Z" "-e" "SOURCE_DIR=/opt/rustwide/workdir" "-e" "CARGO_TARGET_DIR=/opt/rustwide/target" "-e" "CARGO_INCREMENTAL=0" "-e" "RUST_BACKTRACE=full" "-e" "RUSTFLAGS=--cap-lints=warn" "-e" "RUSTDOCFLAGS=--cap-lints=warn" "-e" "CARGO_HOME=/opt/rustwide/cargo-home" "-e" "RUSTUP_HOME=/opt/rustwide/rustup-home" "-w" "/opt/rustwide/workdir" "-m" "1610612736" "--user" "0:0" "--network" "none" "ghcr.io/rust-lang/crates-build-env/linux@sha256:2788e3201cd34a07e3172128adcd8b3090168a8e3bcc40d7c032b9dda1df7d1c" "/opt/rustwide/cargo-home/bin/cargo" "+beta-2023-12-22" "build" "--frozen" "--message-format=json", kill_on_drop: false }`
[INFO] [stdout] a1b0528a71b6fd4267cb5b388ba411a0b6d1ec64dea992770b6545293911c599
[INFO] running `Command { std: "docker" "start" "-a" "a1b0528a71b6fd4267cb5b388ba411a0b6d1ec64dea992770b6545293911c599", kill_on_drop: false }`
[INFO] [stderr]    Compiling libc v0.2.16
[INFO] [stderr]    Compiling gcc v0.3.35
[INFO] [stderr]    Compiling winapi-build v0.1.1
[INFO] [stderr]    Compiling winapi v0.2.8
[INFO] [stderr]    Compiling pkg-config v0.3.8
[INFO] [stderr]    Compiling num-traits v0.1.36
[INFO] [stderr]    Compiling rustc-serialize v0.3.19
[INFO] [stderr]    Compiling matches v0.1.2
[INFO] [stderr]    Compiling semver v0.1.20
[INFO] [stderr]    Compiling lazy_static v0.2.1
[INFO] [stderr]    Compiling log v0.3.6
[INFO] [stderr]    Compiling bitflags v0.7.0
[INFO] [stderr]    Compiling unicode-normalization v0.1.2
[INFO] [stderr]    Compiling linked-hash-map v0.0.9
[INFO] [stderr]    Compiling byteorder v0.3.13
[INFO] [stderr]    Compiling serde v0.8.12
[INFO] [stderr]    Compiling unicode-bidi v0.2.3
[INFO] [stderr]    Compiling libc v0.1.12
[INFO] [stderr]    Compiling httparse v1.1.2
[INFO] [stderr]    Compiling utf8-ranges v0.1.3
[INFO] [stderr]    Compiling kernel32-sys v0.2.2
[INFO] [stdout] error[E0642]: patterns aren't allowed in functions without bodies
[INFO] [stdout]    --> /opt/rustwide/cargo-home/registry/src/index.crates.io-6f17d22bba15001f/rustc-serialize-0.3.19/src/serialize.rs:147:45
[INFO] [stdout]     |
[INFO] [stdout] 147 | ...                   &f_name: &str,
[INFO] [stdout]     |                       ^^^^^^^ pattern not allowed in function without body
[INFO] [stdout] 
[INFO] [stdout] 
[INFO] [stderr]    Compiling hpack v0.2.0
[INFO] [stderr]    Compiling mime v0.2.2
[INFO] [stderr]    Compiling scan_fmt v0.1.1
[INFO] [stderr]    Compiling rustc_version v0.1.7
[INFO] [stderr]    Compiling rand v0.3.14
[INFO] [stderr]    Compiling memchr v0.1.11
[INFO] [stderr]    Compiling num_cpus v0.2.13
[INFO] [stderr]    Compiling aho-corasick v0.5.3
[INFO] [stdout] error[E0310]: the parameter type `T` may not live long enough
[INFO] [stdout]    --> /opt/rustwide/cargo-home/registry/src/index.crates.io-6f17d22bba15001f/rustc-serialize-0.3.19/src/serialize.rs:454:5
[INFO] [stdout]     |
[INFO] [stdout] 454 |     fn decode<D: Decoder>(d: &mut D) -> Result<Cow<'static, T>, D::Error> {
[INFO] [stdout]     |     ^^^^^^^^^^^^^^^^^^^^^^^^^^^^^^^^^^^^^^^^^^^^^^^^^^^^^^^^^^^^^^^^^^^^^
[INFO] [stdout]     |     |
[INFO] [stdout]     |     the parameter type `T` must be valid for the static lifetime...
[INFO] [stdout]     |     ...so that the type `T` will meet its required lifetime bounds...
[INFO] [stdout]     |
[INFO] [stdout] note: ...that is required by this bound
[INFO] [stdout]    --> /rustc/0e09125c6c3c2fd70d7de961bcf0e51575235fad/library/alloc/src/borrow.rs:180:30
[INFO] [stdout] help: consider adding an explicit lifetime bound
[INFO] [stdout]     |
[INFO] [stdout] 450 | impl<'a, T: ?Sized + 'static> Decodable for Cow<'a, T>
[INFO] [stdout]     |                    +++++++++
[INFO] [stdout] 
[INFO] [stdout] 
[INFO] [stderr]    Compiling solicit v0.4.4
[INFO] [stderr]    Compiling openssl-sys v0.7.17
[INFO] [stderr]    Compiling separator v0.3.1
[INFO] [stderr]    Compiling num-integer v0.1.32
[INFO] [stderr]    Compiling unicase v1.4.0
[INFO] [stderr]    Compiling typeable v0.1.2
[INFO] [stderr]    Compiling time v0.1.35
[INFO] [stderr]    Compiling num-iter v0.1.32
[INFO] [stderr]    Compiling thread-id v2.0.0
[INFO] [stderr]    Compiling byteorder v0.5.3
[INFO] [stderr]    Compiling openssl-sys-extras v0.7.14
[INFO] [stderr]    Compiling openssl v0.7.14
[INFO] [stderr]    Compiling rust-crypto v0.2.36
[INFO] [stderr]    Compiling idna v0.1.0
[INFO] [stderr]    Compiling num v0.1.36
[INFO] [stderr]    Compiling thread_local v0.2.7
[INFO] [stderr]    Compiling regex-syntax v0.3.5
[INFO] [stderr]    Compiling language-tags v0.2.2
[INFO] [stderr]    Compiling bufstream v0.1.2
[INFO] [stderr]    Compiling traitobject v0.0.1
[INFO] [stderr]    Compiling chrono v0.2.25
[INFO] [stdout] error: aborting due to 2 previous errors
[INFO] [stdout] 
[INFO] [stdout] 
[INFO] [stdout] Some errors have detailed explanations: E0310, E0642.
[INFO] [stdout] 
[INFO] [stdout] For more information about an error, try `rustc --explain E0310`.
[INFO] [stdout] 
[INFO] [stderr] error: could not compile `rustc-serialize` (lib) due to 3 previous errors
[INFO] [stderr] warning: build failed, waiting for other jobs to finish...
[INFO] [stderr] The following warnings were emitted during compilation:
[INFO] [stderr] 
[INFO] [stderr] warning: openssl-sys-extras@0.7.14: src/openssl_shim.c: In function 'HMAC_Init_ex_shim':
[INFO] [stderr] warning: openssl-sys-extras@0.7.14: src/openssl_shim.c:42:5: warning: 'HMAC_Init_ex' is deprecated: Since OpenSSL 3.0 [-Wdeprecated-declarations]
[INFO] [stderr] warning: openssl-sys-extras@0.7.14:    42 |     return HMAC_Init_ex(ctx, key, key_len, md, impl);
[INFO] [stderr] warning: openssl-sys-extras@0.7.14:       |     ^~~~~~
[INFO] [stderr] warning: openssl-sys-extras@0.7.14: In file included from src/openssl_shim.c:1:
[INFO] [stderr] warning: openssl-sys-extras@0.7.14: /usr/include/openssl/hmac.h:43:27: note: declared here
[INFO] [stderr] warning: openssl-sys-extras@0.7.14:    43 | OSSL_DEPRECATEDIN_3_0 int HMAC_Init_ex(HMAC_CTX *ctx, const void *key, int len,
[INFO] [stderr] warning: openssl-sys-extras@0.7.14:       |                           ^~~~~~~~~~~~
[INFO] [stderr] warning: openssl-sys-extras@0.7.14: src/openssl_shim.c: In function 'HMAC_Update_shim':
[INFO] [stderr] warning: openssl-sys-extras@0.7.14: src/openssl_shim.c:46:5: warning: 'HMAC_Update' is deprecated: Since OpenSSL 3.0 [-Wdeprecated-declarations]
[INFO] [stderr] warning: openssl-sys-extras@0.7.14:    46 |     return HMAC_Update(ctx, data, len);
[INFO] [stderr] warning: openssl-sys-extras@0.7.14:       |     ^~~~~~
[INFO] [stderr] warning: openssl-sys-extras@0.7.14: In file included from src/openssl_shim.c:1:
[INFO] [stderr] warning: openssl-sys-extras@0.7.14: /usr/include/openssl/hmac.h:45:27: note: declared here
[INFO] [stderr] warning: openssl-sys-extras@0.7.14:    45 | OSSL_DEPRECATEDIN_3_0 int HMAC_Update(HMAC_CTX *ctx, const unsigned char *data,
[INFO] [stderr] warning: openssl-sys-extras@0.7.14:       |                           ^~~~~~~~~~~
[INFO] [stderr] warning: openssl-sys-extras@0.7.14: src/openssl_shim.c: In function 'HMAC_Final_shim':
[INFO] [stderr] warning: openssl-sys-extras@0.7.14: src/openssl_shim.c:50:5: warning: 'HMAC_Final' is deprecated: Since OpenSSL 3.0 [-Wdeprecated-declarations]
[INFO] [stderr] warning: openssl-sys-extras@0.7.14:    50 |     return HMAC_Final(ctx, md, len);
[INFO] [stderr] warning: openssl-sys-extras@0.7.14:       |     ^~~~~~
[INFO] [stderr] warning: openssl-sys-extras@0.7.14: In file included from src/openssl_shim.c:1:
[INFO] [stderr] warning: openssl-sys-extras@0.7.14: /usr/include/openssl/hmac.h:47:27: note: declared here
[INFO] [stderr] warning: openssl-sys-extras@0.7.14:    47 | OSSL_DEPRECATEDIN_3_0 int HMAC_Final(HMAC_CTX *ctx, unsigned char *md,
[INFO] [stderr] warning: openssl-sys-extras@0.7.14:       |                           ^~~~~~~~~~
[INFO] [stderr] warning: openssl-sys-extras@0.7.14: src/openssl_shim.c: In function 'DH_new_from_params':
[INFO] [stderr] warning: openssl-sys-extras@0.7.14: src/openssl_shim.c:129:5: warning: 'DH_new' is deprecated: Since OpenSSL 3.0 [-Wdeprecated-declarations]
[INFO] [stderr] warning: openssl-sys-extras@0.7.14:   129 |     if ((dh = DH_new()) == NULL) {
[INFO] [stderr] warning: openssl-sys-extras@0.7.14:       |     ^~
[INFO] [stderr] warning: openssl-sys-extras@0.7.14: In file included from /usr/include/openssl/dsa.h:51,
[INFO] [stderr] warning: openssl-sys-extras@0.7.14:                  from /usr/include/openssl/x509.h:37,
[INFO] [stderr] warning: openssl-sys-extras@0.7.14:                  from /usr/include/openssl/ssl.h:31,
[INFO] [stderr] warning: openssl-sys-extras@0.7.14:                  from src/openssl_shim.c:2:
[INFO] [stderr] warning: openssl-sys-extras@0.7.14: /usr/include/openssl/dh.h:203:27: note: declared here
[INFO] [stderr] warning: openssl-sys-extras@0.7.14:   203 | OSSL_DEPRECATEDIN_3_0 DH *DH_new(void);
[INFO] [stderr] warning: openssl-sys-extras@0.7.14:       |                           ^~~~~~
[INFO] [stderr] warning: openssl-sys-extras@0.7.14: src/openssl_shim.c:132:7: error: invalid use of incomplete typedef 'DH' {aka 'struct dh_st'}
[INFO] [stderr] warning: openssl-sys-extras@0.7.14:   132 |     dh->p = p;
[INFO] [stderr] warning: openssl-sys-extras@0.7.14:       |       ^~
[INFO] [stderr] warning: openssl-sys-extras@0.7.14: src/openssl_shim.c:133:7: error: invalid use of incomplete typedef 'DH' {aka 'struct dh_st'}
[INFO] [stderr] warning: openssl-sys-extras@0.7.14:   133 |     dh->g = g;
[INFO] [stderr] warning: openssl-sys-extras@0.7.14:       |       ^~
[INFO] [stderr] warning: openssl-sys-extras@0.7.14: src/openssl_shim.c:134:7: error: invalid use of incomplete typedef 'DH' {aka 'struct dh_st'}
[INFO] [stderr] warning: openssl-sys-extras@0.7.14:   134 |     dh->q = q;
[INFO] [stderr] warning: openssl-sys-extras@0.7.14:       |       ^~
[INFO] [stderr] warning: openssl-sys-extras@0.7.14: src/openssl_shim.c: In function 'X509_get_extensions_shim':
[INFO] [stderr] warning: openssl-sys-extras@0.7.14: src/openssl_shim.c:143:13: error: invalid use of incomplete typedef 'X509' {aka 'struct x509_st'}
[INFO] [stderr] warning: openssl-sys-extras@0.7.14:   143 |     return x->cert_info ? x->cert_info->extensions : NULL;
[INFO] [stderr] warning: openssl-sys-extras@0.7.14:       |             ^~
[INFO] [stderr] warning: openssl-sys-extras@0.7.14: src/openssl_shim.c:143:28: error: invalid use of incomplete typedef 'X509' {aka 'struct x509_st'}
[INFO] [stderr] warning: openssl-sys-extras@0.7.14:   143 |     return x->cert_info ? x->cert_info->extensions : NULL;
[INFO] [stderr] warning: openssl-sys-extras@0.7.14:       |                            ^~
[INFO] [stderr] 
[INFO] [stderr] error: failed to run custom build command for `openssl-sys-extras v0.7.14`
[INFO] [stderr] note: To improve backtraces for build dependencies, set the CARGO_PROFILE_DEV_BUILD_OVERRIDE_DEBUG=true environment variable to enable debug information generation.
[INFO] [stderr] 
[INFO] [stderr] Caused by:
[INFO] [stderr]   process didn't exit successfully: `/opt/rustwide/target/debug/build/openssl-sys-extras-f9650c48f9740511/build-script-build` (exit status: 101)
[INFO] [stderr]   --- stdout
[INFO] [stderr]   TARGET = Some("x86_64-unknown-linux-gnu")
[INFO] [stderr]   OPT_LEVEL = Some("0")
[INFO] [stderr]   PROFILE = Some("debug")
[INFO] [stderr]   TARGET = Some("x86_64-unknown-linux-gnu")
[INFO] [stderr]   debug=true opt-level=0
[INFO] [stderr]   HOST = Some("x86_64-unknown-linux-gnu")
[INFO] [stderr]   TARGET = Some("x86_64-unknown-linux-gnu")
[INFO] [stderr]   TARGET = Some("x86_64-unknown-linux-gnu")
[INFO] [stderr]   HOST = Some("x86_64-unknown-linux-gnu")
[INFO] [stderr]   CC_x86_64-unknown-linux-gnu = None
[INFO] [stderr]   CC_x86_64_unknown_linux_gnu = None
[INFO] [stderr]   HOST_CC = None
[INFO] [stderr]   CC = None
[INFO] [stderr]   HOST = Some("x86_64-unknown-linux-gnu")
[INFO] [stderr]   TARGET = Some("x86_64-unknown-linux-gnu")
[INFO] [stderr]   HOST = Some("x86_64-unknown-linux-gnu")
[INFO] [stderr]   CFLAGS_x86_64-unknown-linux-gnu = None
[INFO] [stderr]   CFLAGS_x86_64_unknown_linux_gnu = None
[INFO] [stderr]   HOST_CFLAGS = None
[INFO] [stderr]   CFLAGS = None
[INFO] [stderr]   running: "cc" "-O0" "-ffunction-sections" "-fdata-sections" "-g" "-m64" "-fPIC" "-o" "/opt/rustwide/target/debug/build/openssl-sys-extras-66cbab84321471d6/out/src/openssl_shim.o" "-c" "src/openssl_shim.c"
[INFO] [stderr]   cargo:warning=src/openssl_shim.c: In function 'HMAC_Init_ex_shim':
[INFO] [stderr]   cargo:warning=src/openssl_shim.c:42:5: warning: 'HMAC_Init_ex' is deprecated: Since OpenSSL 3.0 [-Wdeprecated-declarations]
[INFO] [stderr]   cargo:warning=   42 |     return HMAC_Init_ex(ctx, key, key_len, md, impl);
[INFO] [stderr]   cargo:warning=      |     ^~~~~~
[INFO] [stderr]   cargo:warning=In file included from src/openssl_shim.c:1:
[INFO] [stderr]   cargo:warning=/usr/include/openssl/hmac.h:43:27: note: declared here
[INFO] [stderr]   cargo:warning=   43 | OSSL_DEPRECATEDIN_3_0 int HMAC_Init_ex(HMAC_CTX *ctx, const void *key, int len,
[INFO] [stderr]   cargo:warning=      |                           ^~~~~~~~~~~~
[INFO] [stderr]   cargo:warning=src/openssl_shim.c: In function 'HMAC_Update_shim':
[INFO] [stderr]   cargo:warning=src/openssl_shim.c:46:5: warning: 'HMAC_Update' is deprecated: Since OpenSSL 3.0 [-Wdeprecated-declarations]
[INFO] [stderr]   cargo:warning=   46 |     return HMAC_Update(ctx, data, len);
[INFO] [stderr]   cargo:warning=      |     ^~~~~~
[INFO] [stderr]   cargo:warning=In file included from src/openssl_shim.c:1:
[INFO] [stderr]   cargo:warning=/usr/include/openssl/hmac.h:45:27: note: declared here
[INFO] [stderr]   cargo:warning=   45 | OSSL_DEPRECATEDIN_3_0 int HMAC_Update(HMAC_CTX *ctx, const unsigned char *data,
[INFO] [stderr]   cargo:warning=      |                           ^~~~~~~~~~~
[INFO] [stderr]   cargo:warning=src/openssl_shim.c: In function 'HMAC_Final_shim':
[INFO] [stderr]   cargo:warning=src/openssl_shim.c:50:5: warning: 'HMAC_Final' is deprecated: Since OpenSSL 3.0 [-Wdeprecated-declarations]
[INFO] [stderr]   cargo:warning=   50 |     return HMAC_Final(ctx, md, len);
[INFO] [stderr]   cargo:warning=      |     ^~~~~~
[INFO] [stderr]   cargo:warning=In file included from src/openssl_shim.c:1:
[INFO] [stderr]   cargo:warning=/usr/include/openssl/hmac.h:47:27: note: declared here
[INFO] [stderr]   cargo:warning=   47 | OSSL_DEPRECATEDIN_3_0 int HMAC_Final(HMAC_CTX *ctx, unsigned char *md,
[INFO] [stderr]   cargo:warning=      |                           ^~~~~~~~~~
[INFO] [stderr]   cargo:warning=src/openssl_shim.c: In function 'DH_new_from_params':
[INFO] [stderr]   cargo:warning=src/openssl_shim.c:129:5: warning: 'DH_new' is deprecated: Since OpenSSL 3.0 [-Wdeprecated-declarations]
[INFO] [stderr]   cargo:warning=  129 |     if ((dh = DH_new()) == NULL) {
[INFO] [stderr]   cargo:warning=      |     ^~
[INFO] [stderr]   cargo:warning=In file included from /usr/include/openssl/dsa.h:51,
[INFO] [stderr]   cargo:warning=                 from /usr/include/openssl/x509.h:37,
[INFO] [stderr]   cargo:warning=                 from /usr/include/openssl/ssl.h:31,
[INFO] [stderr]   cargo:warning=                 from src/openssl_shim.c:2:
[INFO] [stderr]   cargo:warning=/usr/include/openssl/dh.h:203:27: note: declared here
[INFO] [stderr]   cargo:warning=  203 | OSSL_DEPRECATEDIN_3_0 DH *DH_new(void);
[INFO] [stderr]   cargo:warning=      |                           ^~~~~~
[INFO] [stderr]   cargo:warning=src/openssl_shim.c:132:7: error: invalid use of incomplete typedef 'DH' {aka 'struct dh_st'}
[INFO] [stderr]   cargo:warning=  132 |     dh->p = p;
[INFO] [stderr]   cargo:warning=      |       ^~
[INFO] [stderr]   cargo:warning=src/openssl_shim.c:133:7: error: invalid use of incomplete typedef 'DH' {aka 'struct dh_st'}
[INFO] [stderr]   cargo:warning=  133 |     dh->g = g;
[INFO] [stderr]   cargo:warning=      |       ^~
[INFO] [stderr]   cargo:warning=src/openssl_shim.c:134:7: error: invalid use of incomplete typedef 'DH' {aka 'struct dh_st'}
[INFO] [stderr]   cargo:warning=  134 |     dh->q = q;
[INFO] [stderr]   cargo:warning=      |       ^~
[INFO] [stderr]   cargo:warning=src/openssl_shim.c: In function 'X509_get_extensions_shim':
[INFO] [stderr]   cargo:warning=src/openssl_shim.c:143:13: error: invalid use of incomplete typedef 'X509' {aka 'struct x509_st'}
[INFO] [stderr]   cargo:warning=  143 |     return x->cert_info ? x->cert_info->extensions : NULL;
[INFO] [stderr]   cargo:warning=      |             ^~
[INFO] [stderr]   cargo:warning=src/openssl_shim.c:143:28: error: invalid use of incomplete typedef 'X509' {aka 'struct x509_st'}
[INFO] [stderr]   cargo:warning=  143 |     return x->cert_info ? x->cert_info->extensions : NULL;
[INFO] [stderr]   cargo:warning=      |                            ^~
[INFO] [stderr]   ExitStatus(unix_wait_status(256))
[INFO] [stderr] 
[INFO] [stderr] 
[INFO] [stderr]   command did not execute successfully, got: exit status: 1
[INFO] [stderr] 
[INFO] [stderr] 
[INFO] [stderr] 
[INFO] [stderr]   --- stderr
[INFO] [stderr]   thread 'main' panicked at /opt/rustwide/cargo-home/registry/src/index.crates.io-6f17d22bba15001f/gcc-0.3.35/src/lib.rs:897:5:
[INFO] [stderr]   explicit panic
[INFO] [stderr]   stack backtrace:
[INFO] [stderr]      0:     0x560d1e84d6b6 - std::backtrace_rs::backtrace::libunwind::trace::h261606ad26a499c1
[INFO] [stderr]                                  at /rustc/0e09125c6c3c2fd70d7de961bcf0e51575235fad/library/std/src/../../backtrace/src/backtrace/libunwind.rs:104:5
[INFO] [stderr]      1:     0x560d1e84d6b6 - std::backtrace_rs::backtrace::trace_unsynchronized::hd183f0625477fb28
[INFO] [stderr]                                  at /rustc/0e09125c6c3c2fd70d7de961bcf0e51575235fad/library/std/src/../../backtrace/src/backtrace/mod.rs:66:5
[INFO] [stderr]      2:     0x560d1e84d6b6 - std::sys_common::backtrace::_print_fmt::hd7f8fef21b4eda67
[INFO] [stderr]                                  at /rustc/0e09125c6c3c2fd70d7de961bcf0e51575235fad/library/std/src/sys_common/backtrace.rs:68:5
[INFO] [stderr]      3:     0x560d1e84d6b6 - <std::sys_common::backtrace::_print::DisplayBacktrace as core::fmt::Display>::fmt::h623d9b51f2f453f1
[INFO] [stderr]                                  at /rustc/0e09125c6c3c2fd70d7de961bcf0e51575235fad/library/std/src/sys_common/backtrace.rs:44:22
[INFO] [stderr]      4:     0x560d1e871e00 - core::fmt::rt::Argument::fmt::h9f417ac76a86f368
[INFO] [stderr]                                  at /rustc/0e09125c6c3c2fd70d7de961bcf0e51575235fad/library/core/src/fmt/rt.rs:142:9
[INFO] [stderr]      5:     0x560d1e871e00 - core::fmt::write::hc9b6faf4ac2aeff7
[INFO] [stderr]                                  at /rustc/0e09125c6c3c2fd70d7de961bcf0e51575235fad/library/core/src/fmt/mod.rs:1120:17
[INFO] [stderr]      6:     0x560d1e84ad6f - std::io::Write::write_fmt::hfead1eee52c2e65e
[INFO] [stderr]                                  at /rustc/0e09125c6c3c2fd70d7de961bcf0e51575235fad/library/std/src/io/mod.rs:1810:15
[INFO] [stderr]      7:     0x560d1e84d494 - std::sys_common::backtrace::_print::hd5d66399c7df88a2
[INFO] [stderr]                                  at /rustc/0e09125c6c3c2fd70d7de961bcf0e51575235fad/library/std/src/sys_common/backtrace.rs:47:5
[INFO] [stderr]      8:     0x560d1e84d494 - std::sys_common::backtrace::print::he81ed2da642d37e5
[INFO] [stderr]                                  at /rustc/0e09125c6c3c2fd70d7de961bcf0e51575235fad/library/std/src/sys_common/backtrace.rs:34:9
[INFO] [stderr]      9:     0x560d1e84ec07 - std::panicking::default_hook::{{closure}}::h85773f4fa117163d
[INFO] [stderr]     10:     0x560d1e84e969 - std::panicking::default_hook::h6a1694a91d09b278
[INFO] [stderr]                                  at /rustc/0e09125c6c3c2fd70d7de961bcf0e51575235fad/library/std/src/panicking.rs:292:9
[INFO] [stderr]     11:     0x560d1e84f098 - std::panicking::rust_panic_with_hook::h0a7ad96e90f7145b
[INFO] [stderr]                                  at /rustc/0e09125c6c3c2fd70d7de961bcf0e51575235fad/library/std/src/panicking.rs:779:13
[INFO] [stderr]     12:     0x560d1e82733e - std::panicking::begin_panic::{{closure}}::hdef7a7cad58a410a
[INFO] [stderr]     13:     0x560d1e824b7a - std::sys_common::backtrace::__rust_end_short_backtrace::hd0cfd13c7981465b
[INFO] [stderr]     14:     0x560d1e8272bb - std::panicking::begin_panic::h85c9f488c78011bd
[INFO] [stderr]     15:     0x560d1e81f4f6 - gcc::fail::hc5aa1a0669b344a5
[INFO] [stderr]     16:     0x560d1e81f06f - gcc::run::hc06380f62f036a7c
[INFO] [stderr]     17:     0x560d1e817d97 - gcc::Config::compile_object::hdb40e2c51e42b937
[INFO] [stderr]     18:     0x560d1e817666 - gcc::Config::compile_objects::hc17a24aa86c1b9ec
[INFO] [stderr]     19:     0x560d1e81698c - gcc::Config::compile::h934a2f6fd3878ea7
[INFO] [stderr]     20:     0x560d1e80c25b - build_script_build::main::h7271e0cfb3a6f75f
[INFO] [stderr]     21:     0x560d1e80b763 - core::ops::function::FnOnce::call_once::h33535f2bd5667e90
[INFO] [stderr]     22:     0x560d1e80b016 - std::sys_common::backtrace::__rust_begin_short_backtrace::hb4ea1755235d6fa1
[INFO] [stderr]     23:     0x560d1e80b449 - std::rt::lang_start::{{closure}}::h5e53b86e0edd5f08
[INFO] [stderr]     24:     0x560d1e846f21 - core::ops::function::impls::<impl core::ops::function::FnOnce<A> for &F>::call_once::h4eb4c5e1620f29b0
[INFO] [stderr]                                  at /rustc/0e09125c6c3c2fd70d7de961bcf0e51575235fad/library/core/src/ops/function.rs:284:13
[INFO] [stderr]     25:     0x560d1e846f21 - std::panicking::try::do_call::h73fd26535faffcdf
[INFO] [stderr]                                  at /rustc/0e09125c6c3c2fd70d7de961bcf0e51575235fad/library/std/src/panicking.rs:552:40
[INFO] [stderr]     26:     0x560d1e846f21 - std::panicking::try::h77ff1d98f0fb9f39
[INFO] [stderr]                                  at /rustc/0e09125c6c3c2fd70d7de961bcf0e51575235fad/library/std/src/panicking.rs:516:19
[INFO] [stderr]     27:     0x560d1e846f21 - std::panic::catch_unwind::hab3caf2448b95e37
[INFO] [stderr]                                  at /rustc/0e09125c6c3c2fd70d7de961bcf0e51575235fad/library/std/src/panic.rs:142:14
[INFO] [stderr]     28:     0x560d1e846f21 - std::rt::lang_start_internal::{{closure}}::h8086711f9c783f78
[INFO] [stderr]                                  at /rustc/0e09125c6c3c2fd70d7de961bcf0e51575235fad/library/std/src/rt.rs:148:48
[INFO] [stderr]     29:     0x560d1e846f21 - std::panicking::try::do_call::hf920d4dc291cd6ca
[INFO] [stderr]                                  at /rustc/0e09125c6c3c2fd70d7de961bcf0e51575235fad/library/std/src/panicking.rs:552:40
[INFO] [stderr]     30:     0x560d1e846f21 - std::panicking::try::h2b806ccc0a85db74
[INFO] [stderr]                                  at /rustc/0e09125c6c3c2fd70d7de961bcf0e51575235fad/library/std/src/panicking.rs:516:19
[INFO] [stderr]     31:     0x560d1e846f21 - std::panic::catch_unwind::h038489539c507df2
[INFO] [stderr]                                  at /rustc/0e09125c6c3c2fd70d7de961bcf0e51575235fad/library/std/src/panic.rs:142:14
[INFO] [stderr]     32:     0x560d1e846f21 - std::rt::lang_start_internal::h28503b88912e8a5c
[INFO] [stderr]                                  at /rustc/0e09125c6c3c2fd70d7de961bcf0e51575235fad/library/std/src/rt.rs:148:20
[INFO] [stderr]     33:     0x560d1e80b427 - std::rt::lang_start::ha38ecaaf5c5ba226
[INFO] [stderr]     34:     0x560d1e80d805 - main
[INFO] [stderr]     35:     0x7fcb4b87ad90 - <unknown>
[INFO] [stderr]     36:     0x7fcb4b87ae40 - __libc_start_main
[INFO] [stderr]     37:     0x560d1e80ad75 - _start
[INFO] [stderr]     38:                0x0 - <unknown>
[INFO] [stderr] The following warnings were emitted during compilation:
[INFO] [stderr] 
[INFO] [stderr] warning: openssl@0.7.14: src/c_helpers.c: In function 'rust_SSL_clone':
[INFO] [stderr] warning: openssl@0.7.14: src/c_helpers.c:4:5: warning: implicit declaration of function 'CRYPTO_add' [-Wimplicit-function-declaration]
[INFO] [stderr] warning: openssl@0.7.14:     4 |     CRYPTO_add(&ssl->references, 1, CRYPTO_LOCK_SSL);
[INFO] [stderr] warning: openssl@0.7.14:       |     ^~~~~~~~~~
[INFO] [stderr] warning: openssl@0.7.14: src/c_helpers.c:4:20: error: invalid use of incomplete typedef 'SSL' {aka 'struct ssl_st'}
[INFO] [stderr] warning: openssl@0.7.14:     4 |     CRYPTO_add(&ssl->references, 1, CRYPTO_LOCK_SSL);
[INFO] [stderr] warning: openssl@0.7.14:       |                    ^~
[INFO] [stderr] warning: openssl@0.7.14: src/c_helpers.c:4:37: error: 'CRYPTO_LOCK_SSL' undeclared (first use in this function); did you mean 'CRYPTO_LOCK'?
[INFO] [stderr] warning: openssl@0.7.14:     4 |     CRYPTO_add(&ssl->references, 1, CRYPTO_LOCK_SSL);
[INFO] [stderr] warning: openssl@0.7.14:       |                                     ^~~~~~~~~~~~~~~
[INFO] [stderr] warning: openssl@0.7.14:       |                                     CRYPTO_LOCK
[INFO] [stderr] warning: openssl@0.7.14: src/c_helpers.c:4:37: note: each undeclared identifier is reported only once for each function it appears in
[INFO] [stderr] warning: openssl@0.7.14: src/c_helpers.c: In function 'rust_SSL_CTX_clone':
[INFO] [stderr] warning: openssl@0.7.14: src/c_helpers.c:8:20: error: invalid use of incomplete typedef 'SSL_CTX' {aka 'struct ssl_ctx_st'}
[INFO] [stderr] warning: openssl@0.7.14:     8 |     CRYPTO_add(&ctx->references,1,CRYPTO_LOCK_SSL_CTX);
[INFO] [stderr] warning: openssl@0.7.14:       |                    ^~
[INFO] [stderr] warning: openssl@0.7.14: src/c_helpers.c:8:35: error: 'CRYPTO_LOCK_SSL_CTX' undeclared (first use in this function); did you mean 'CRYPTO_EX_INDEX_SSL_CTX'?
[INFO] [stderr] warning: openssl@0.7.14:     8 |     CRYPTO_add(&ctx->references,1,CRYPTO_LOCK_SSL_CTX);
[INFO] [stderr] warning: openssl@0.7.14:       |                                   ^~~~~~~~~~~~~~~~~~~
[INFO] [stderr] warning: openssl@0.7.14:       |                                   CRYPTO_EX_INDEX_SSL_CTX
[INFO] [stderr] warning: openssl@0.7.14: src/c_helpers.c: In function 'rust_X509_clone':
[INFO] [stderr] warning: openssl@0.7.14: src/c_helpers.c:12:21: error: invalid use of incomplete typedef 'X509' {aka 'struct x509_st'}
[INFO] [stderr] warning: openssl@0.7.14:    12 |     CRYPTO_add(&x509->references,1,CRYPTO_LOCK_X509);
[INFO] [stderr] warning: openssl@0.7.14:       |                     ^~
[INFO] [stderr] warning: openssl@0.7.14: src/c_helpers.c:12:36: error: 'CRYPTO_LOCK_X509' undeclared (first use in this function); did you mean 'CRYPTO_LOCK'?
[INFO] [stderr] warning: openssl@0.7.14:    12 |     CRYPTO_add(&x509->references,1,CRYPTO_LOCK_X509);
[INFO] [stderr] warning: openssl@0.7.14:       |                                    ^~~~~~~~~~~~~~~~
[INFO] [stderr] warning: openssl@0.7.14:       |                                    CRYPTO_LOCK
[INFO] [stderr] 
[INFO] [stderr] error: failed to run custom build command for `openssl v0.7.14`
[INFO] [stderr] note: To improve backtraces for build dependencies, set the CARGO_PROFILE_DEV_BUILD_OVERRIDE_DEBUG=true environment variable to enable debug information generation.
[INFO] [stderr] 
[INFO] [stderr] Caused by:
[INFO] [stderr]   process didn't exit successfully: `/opt/rustwide/target/debug/build/openssl-bcaba53a8e4ac0c6/build-script-build` (exit status: 101)
[INFO] [stderr]   --- stdout
[INFO] [stderr]   TARGET = Some("x86_64-unknown-linux-gnu")
[INFO] [stderr]   OPT_LEVEL = Some("0")
[INFO] [stderr]   PROFILE = Some("debug")
[INFO] [stderr]   TARGET = Some("x86_64-unknown-linux-gnu")
[INFO] [stderr]   debug=true opt-level=0
[INFO] [stderr]   HOST = Some("x86_64-unknown-linux-gnu")
[INFO] [stderr]   TARGET = Some("x86_64-unknown-linux-gnu")
[INFO] [stderr]   TARGET = Some("x86_64-unknown-linux-gnu")
[INFO] [stderr]   HOST = Some("x86_64-unknown-linux-gnu")
[INFO] [stderr]   CC_x86_64-unknown-linux-gnu = None
[INFO] [stderr]   CC_x86_64_unknown_linux_gnu = None
[INFO] [stderr]   HOST_CC = None
[INFO] [stderr]   CC = None
[INFO] [stderr]   HOST = Some("x86_64-unknown-linux-gnu")
[INFO] [stderr]   TARGET = Some("x86_64-unknown-linux-gnu")
[INFO] [stderr]   HOST = Some("x86_64-unknown-linux-gnu")
[INFO] [stderr]   CFLAGS_x86_64-unknown-linux-gnu = None
[INFO] [stderr]   CFLAGS_x86_64_unknown_linux_gnu = None
[INFO] [stderr]   HOST_CFLAGS = None
[INFO] [stderr]   CFLAGS = None
[INFO] [stderr]   running: "cc" "-O0" "-ffunction-sections" "-fdata-sections" "-g" "-m64" "-fPIC" "-o" "/opt/rustwide/target/debug/build/openssl-4886b0b45ce83bd8/out/src/c_helpers.o" "-c" "src/c_helpers.c"
[INFO] [stderr]   cargo:warning=src/c_helpers.c: In function 'rust_SSL_clone':
[INFO] [stderr]   cargo:warning=src/c_helpers.c:4:5: warning: implicit declaration of function 'CRYPTO_add' [-Wimplicit-function-declaration]
[INFO] [stderr]   cargo:warning=    4 |     CRYPTO_add(&ssl->references, 1, CRYPTO_LOCK_SSL);
[INFO] [stderr]   cargo:warning=      |     ^~~~~~~~~~
[INFO] [stderr]   cargo:warning=src/c_helpers.c:4:20: error: invalid use of incomplete typedef 'SSL' {aka 'struct ssl_st'}
[INFO] [stderr]   cargo:warning=    4 |     CRYPTO_add(&ssl->references, 1, CRYPTO_LOCK_SSL);
[INFO] [stderr]   cargo:warning=      |                    ^~
[INFO] [stderr]   cargo:warning=src/c_helpers.c:4:37: error: 'CRYPTO_LOCK_SSL' undeclared (first use in this function); did you mean 'CRYPTO_LOCK'?
[INFO] [stderr]   cargo:warning=    4 |     CRYPTO_add(&ssl->references, 1, CRYPTO_LOCK_SSL);
[INFO] [stderr]   cargo:warning=      |                                     ^~~~~~~~~~~~~~~
[INFO] [stderr]   cargo:warning=      |                                     CRYPTO_LOCK
[INFO] [stderr]   cargo:warning=src/c_helpers.c:4:37: note: each undeclared identifier is reported only once for each function it appears in
[INFO] [stderr]   cargo:warning=src/c_helpers.c: In function 'rust_SSL_CTX_clone':
[INFO] [stderr]   cargo:warning=src/c_helpers.c:8:20: error: invalid use of incomplete typedef 'SSL_CTX' {aka 'struct ssl_ctx_st'}
[INFO] [stderr]   cargo:warning=    8 |     CRYPTO_add(&ctx->references,1,CRYPTO_LOCK_SSL_CTX);
[INFO] [stderr]   cargo:warning=      |                    ^~
[INFO] [stderr]   cargo:warning=src/c_helpers.c:8:35: error: 'CRYPTO_LOCK_SSL_CTX' undeclared (first use in this function); did you mean 'CRYPTO_EX_INDEX_SSL_CTX'?
[INFO] [stderr]   cargo:warning=    8 |     CRYPTO_add(&ctx->references,1,CRYPTO_LOCK_SSL_CTX);
[INFO] [stderr]   cargo:warning=      |                                   ^~~~~~~~~~~~~~~~~~~
[INFO] [stderr]   cargo:warning=      |                                   CRYPTO_EX_INDEX_SSL_CTX
[INFO] [stderr]   cargo:warning=src/c_helpers.c: In function 'rust_X509_clone':
[INFO] [stderr]   cargo:warning=src/c_helpers.c:12:21: error: invalid use of incomplete typedef 'X509' {aka 'struct x509_st'}
[INFO] [stderr]   cargo:warning=   12 |     CRYPTO_add(&x509->references,1,CRYPTO_LOCK_X509);
[INFO] [stderr]   cargo:warning=      |                     ^~
[INFO] [stderr]   cargo:warning=src/c_helpers.c:12:36: error: 'CRYPTO_LOCK_X509' undeclared (first use in this function); did you mean 'CRYPTO_LOCK'?
[INFO] [stderr]   cargo:warning=   12 |     CRYPTO_add(&x509->references,1,CRYPTO_LOCK_X509);
[INFO] [stderr]   cargo:warning=      |                                    ^~~~~~~~~~~~~~~~
[INFO] [stderr]   cargo:warning=      |                                    CRYPTO_LOCK
[INFO] [stderr]   ExitStatus(unix_wait_status(256))
[INFO] [stderr] 
[INFO] [stderr] 
[INFO] [stderr]   command did not execute successfully, got: exit status: 1
[INFO] [stderr] 
[INFO] [stderr] 
[INFO] [stderr] 
[INFO] [stderr]   --- stderr
[INFO] [stderr]   thread 'main' panicked at /opt/rustwide/cargo-home/registry/src/index.crates.io-6f17d22bba15001f/gcc-0.3.35/src/lib.rs:897:5:
[INFO] [stderr]   explicit panic
[INFO] [stderr]   stack backtrace:
[INFO] [stderr]      0:     0x56104aa15166 - std::backtrace_rs::backtrace::libunwind::trace::h261606ad26a499c1
[INFO] [stderr]                                  at /rustc/0e09125c6c3c2fd70d7de961bcf0e51575235fad/library/std/src/../../backtrace/src/backtrace/libunwind.rs:104:5
[INFO] [stderr]      1:     0x56104aa15166 - std::backtrace_rs::backtrace::trace_unsynchronized::hd183f0625477fb28
[INFO] [stderr]                                  at /rustc/0e09125c6c3c2fd70d7de961bcf0e51575235fad/library/std/src/../../backtrace/src/backtrace/mod.rs:66:5
[INFO] [stderr]      2:     0x56104aa15166 - std::sys_common::backtrace::_print_fmt::hd7f8fef21b4eda67
[INFO] [stderr]                                  at /rustc/0e09125c6c3c2fd70d7de961bcf0e51575235fad/library/std/src/sys_common/backtrace.rs:68:5
[INFO] [stderr]      3:     0x56104aa15166 - <std::sys_common::backtrace::_print::DisplayBacktrace as core::fmt::Display>::fmt::h623d9b51f2f453f1
[INFO] [stderr]                                  at /rustc/0e09125c6c3c2fd70d7de961bcf0e51575235fad/library/std/src/sys_common/backtrace.rs:44:22
[INFO] [stderr]      4:     0x56104aa398b0 - core::fmt::rt::Argument::fmt::h9f417ac76a86f368
[INFO] [stderr]                                  at /rustc/0e09125c6c3c2fd70d7de961bcf0e51575235fad/library/core/src/fmt/rt.rs:142:9
[INFO] [stderr]      5:     0x56104aa398b0 - core::fmt::write::hc9b6faf4ac2aeff7
[INFO] [stderr]                                  at /rustc/0e09125c6c3c2fd70d7de961bcf0e51575235fad/library/core/src/fmt/mod.rs:1120:17
[INFO] [stderr]      6:     0x56104aa1283f - std::io::Write::write_fmt::hfead1eee52c2e65e
[INFO] [stderr]                                  at /rustc/0e09125c6c3c2fd70d7de961bcf0e51575235fad/library/std/src/io/mod.rs:1810:15
[INFO] [stderr]      7:     0x56104aa14f44 - std::sys_common::backtrace::_print::hd5d66399c7df88a2
[INFO] [stderr]                                  at /rustc/0e09125c6c3c2fd70d7de961bcf0e51575235fad/library/std/src/sys_common/backtrace.rs:47:5
[INFO] [stderr]      8:     0x56104aa14f44 - std::sys_common::backtrace::print::he81ed2da642d37e5
[INFO] [stderr]                                  at /rustc/0e09125c6c3c2fd70d7de961bcf0e51575235fad/library/std/src/sys_common/backtrace.rs:34:9
[INFO] [stderr]      9:     0x56104aa166b7 - std::panicking::default_hook::{{closure}}::h85773f4fa117163d
[INFO] [stderr]     10:     0x56104aa16419 - std::panicking::default_hook::h6a1694a91d09b278
[INFO] [stderr]                                  at /rustc/0e09125c6c3c2fd70d7de961bcf0e51575235fad/library/std/src/panicking.rs:292:9
[INFO] [stderr]     11:     0x56104aa16b48 - std::panicking::rust_panic_with_hook::h0a7ad96e90f7145b
[INFO] [stderr]                                  at /rustc/0e09125c6c3c2fd70d7de961bcf0e51575235fad/library/std/src/panicking.rs:779:13
[INFO] [stderr]     12:     0x56104a9eef3e - std::panicking::begin_panic::{{closure}}::hdef7a7cad58a410a
[INFO] [stderr]     13:     0x56104a9ec77a - std::sys_common::backtrace::__rust_end_short_backtrace::hd0cfd13c7981465b
[INFO] [stderr]     14:     0x56104a9eeebb - std::panicking::begin_panic::h85c9f488c78011bd
[INFO] [stderr]     15:     0x56104a9e70f6 - gcc::fail::hc5aa1a0669b344a5
[INFO] [stderr]     16:     0x56104a9e6c6f - gcc::run::hc06380f62f036a7c
[INFO] [stderr]     17:     0x56104a9df997 - gcc::Config::compile_object::hdb40e2c51e42b937
[INFO] [stderr]     18:     0x56104a9df266 - gcc::Config::compile_objects::hc17a24aa86c1b9ec
[INFO] [stderr]     19:     0x56104a9de58c - gcc::Config::compile::h934a2f6fd3878ea7
[INFO] [stderr]     20:     0x56104a9d53ce - build_script_build::main::h09d6e2fa1252fb7b
[INFO] [stderr]     21:     0x56104a9d5033 - core::ops::function::FnOnce::call_once::h06536887f0fd5846
[INFO] [stderr]     22:     0x56104a9d4ef6 - std::sys_common::backtrace::__rust_begin_short_backtrace::h906d5635ddc8f0a0
[INFO] [stderr]     23:     0x56104a9d4f49 - std::rt::lang_start::{{closure}}::hf2cf9d19e8eb9345
[INFO] [stderr]     24:     0x56104aa0eb21 - core::ops::function::impls::<impl core::ops::function::FnOnce<A> for &F>::call_once::h4eb4c5e1620f29b0
[INFO] [stderr]                                  at /rustc/0e09125c6c3c2fd70d7de961bcf0e51575235fad/library/core/src/ops/function.rs:284:13
[INFO] [stderr]     25:     0x56104aa0eb21 - std::panicking::try::do_call::h73fd26535faffcdf
[INFO] [stderr]                                  at /rustc/0e09125c6c3c2fd70d7de961bcf0e51575235fad/library/std/src/panicking.rs:552:40
[INFO] [stderr]     26:     0x56104aa0eb21 - std::panicking::try::h77ff1d98f0fb9f39
[INFO] [stderr]                                  at /rustc/0e09125c6c3c2fd70d7de961bcf0e51575235fad/library/std/src/panicking.rs:516:19
[INFO] [stderr]     27:     0x56104aa0eb21 - std::panic::catch_unwind::hab3caf2448b95e37
[INFO] [stderr]                                  at /rustc/0e09125c6c3c2fd70d7de961bcf0e51575235fad/library/std/src/panic.rs:142:14
[INFO] [stderr]     28:     0x56104aa0eb21 - std::rt::lang_start_internal::{{closure}}::h8086711f9c783f78
[INFO] [stderr]                                  at /rustc/0e09125c6c3c2fd70d7de961bcf0e51575235fad/library/std/src/rt.rs:148:48
[INFO] [stderr]     29:     0x56104aa0eb21 - std::panicking::try::do_call::hf920d4dc291cd6ca
[INFO] [stderr]                                  at /rustc/0e09125c6c3c2fd70d7de961bcf0e51575235fad/library/std/src/panicking.rs:552:40
[INFO] [stderr]     30:     0x56104aa0eb21 - std::panicking::try::h2b806ccc0a85db74
[INFO] [stderr]                                  at /rustc/0e09125c6c3c2fd70d7de961bcf0e51575235fad/library/std/src/panicking.rs:516:19
[INFO] [stderr]     31:     0x56104aa0eb21 - std::panic::catch_unwind::h038489539c507df2
[INFO] [stderr]                                  at /rustc/0e09125c6c3c2fd70d7de961bcf0e51575235fad/library/std/src/panic.rs:142:14
[INFO] [stderr]     32:     0x56104aa0eb21 - std::rt::lang_start_internal::h28503b88912e8a5c
[INFO] [stderr]                                  at /rustc/0e09125c6c3c2fd70d7de961bcf0e51575235fad/library/std/src/rt.rs:148:20
[INFO] [stderr]     33:     0x56104a9d4f27 - std::rt::lang_start::hf3e3ed1520141dc3
[INFO] [stderr]     34:     0x56104a9d5405 - main
[INFO] [stderr]     35:     0x7ff41933cd90 - <unknown>
[INFO] [stderr]     36:     0x7ff41933ce40 - __libc_start_main
[INFO] [stderr]     37:     0x56104a9d4d75 - _start
[INFO] [stderr]     38:                0x0 - <unknown>
[INFO] running `Command { std: "docker" "inspect" "a1b0528a71b6fd4267cb5b388ba411a0b6d1ec64dea992770b6545293911c599", kill_on_drop: false }`
[INFO] running `Command { std: "docker" "rm" "-f" "a1b0528a71b6fd4267cb5b388ba411a0b6d1ec64dea992770b6545293911c599", kill_on_drop: false }`
[INFO] [stdout] a1b0528a71b6fd4267cb5b388ba411a0b6d1ec64dea992770b6545293911c599
