[INFO] cloning repository https://github.com/Birbe/jvm
[INFO] running `Command { std: "git" "-c" "credential.helper=" "-c" "credential.helper=/workspace/cargo-home/bin/git-credential-null" "clone" "--bare" "https://github.com/Birbe/jvm" "/workspace/cache/git-repos/https%3A%2F%2Fgithub.com%2FBirbe%2Fjvm", kill_on_drop: false }`
[INFO] [stderr] Cloning into bare repository '/workspace/cache/git-repos/https%3A%2F%2Fgithub.com%2FBirbe%2Fjvm'...
[INFO] running `Command { std: "git" "rev-parse" "HEAD", kill_on_drop: false }`
[INFO] [stdout] a4f42dcfff9cd6dbc471b499f8db1d07252b68cd
[INFO] testing Birbe/jvm against 1.75.0 for beta-1.76-1
[INFO] running `Command { std: "git" "clone" "/workspace/cache/git-repos/https%3A%2F%2Fgithub.com%2FBirbe%2Fjvm" "/workspace/builds/worker-1-tc1/source", kill_on_drop: false }`
[INFO] [stderr] Cloning into '/workspace/builds/worker-1-tc1/source'...
[INFO] [stderr] done.
[INFO] validating manifest of git repo https://github.com/Birbe/jvm on toolchain 1.75.0
[INFO] running `Command { std: CARGO_HOME="/workspace/cargo-home" RUSTUP_HOME="/workspace/rustup-home" "/workspace/cargo-home/bin/cargo" "+1.75.0" "metadata" "--manifest-path" "Cargo.toml" "--no-deps", kill_on_drop: false }`
[INFO] started tweaking git repo https://github.com/Birbe/jvm
[INFO] finished tweaking git repo https://github.com/Birbe/jvm
[INFO] tweaked toml for git repo https://github.com/Birbe/jvm written to /workspace/builds/worker-1-tc1/source/Cargo.toml
[INFO] running `Command { std: CARGO_HOME="/workspace/cargo-home" RUSTUP_HOME="/workspace/rustup-home" "/workspace/cargo-home/bin/cargo" "+1.75.0" "generate-lockfile" "--manifest-path" "Cargo.toml", kill_on_drop: false }`
[INFO] [stderr] warning: virtual workspace defaulting to `resolver = "1"` despite one or more workspace members being on edition 2021 which implies `resolver = "2"`
[INFO] [stderr] note: to keep the current resolver, specify `workspace.resolver = "1"` in the workspace root's manifest
[INFO] [stderr] note: to use the edition 2021 resolver, specify `workspace.resolver = "2"` in the workspace root's manifest
[INFO] [stderr] note: for more details see https://doc.rust-lang.org/cargo/reference/resolver.html#resolver-versions
[INFO] [stderr]     Updating crates.io index
[INFO] running `Command { std: CARGO_HOME="/workspace/cargo-home" RUSTUP_HOME="/workspace/rustup-home" "/workspace/cargo-home/bin/cargo" "+1.75.0" "fetch" "--manifest-path" "Cargo.toml", kill_on_drop: false }`
[INFO] [stderr] warning: virtual workspace defaulting to `resolver = "1"` despite one or more workspace members being on edition 2021 which implies `resolver = "2"`
[INFO] [stderr] note: to keep the current resolver, specify `workspace.resolver = "1"` in the workspace root's manifest
[INFO] [stderr] note: to use the edition 2021 resolver, specify `workspace.resolver = "2"` in the workspace root's manifest
[INFO] [stderr] note: for more details see https://doc.rust-lang.org/cargo/reference/resolver.html#resolver-versions
[INFO] [stderr]     Blocking waiting for file lock on package cache
[INFO] [stderr]  Downloading crates ...
[INFO] [stderr]   Downloaded wasmtime-fiber v10.0.2
[INFO] [stderr]   Downloaded cranelift-control v0.97.2
[INFO] [stderr]   Downloaded wasmtime-jit-debug v10.0.2
[INFO] [stderr]   Downloaded wasmtime-jit-icache-coherence v10.0.2
[INFO] [stderr]   Downloaded cranelift-codegen-shared v0.97.2
[INFO] [stderr]   Downloaded wasmtime-cranelift-shared v10.0.2
[INFO] [stderr]   Downloaded cranelift-native v0.97.2
[INFO] [stderr]   Downloaded wasmtime-wit-bindgen v10.0.2
[INFO] [stderr]   Downloaded wasmtime-jit v10.0.2
[INFO] [stderr]   Downloaded cranelift-frontend v0.97.2
[INFO] [stderr]   Downloaded wasmtime-cache v10.0.2
[INFO] [stderr]   Downloaded wasmtime-cranelift v10.0.2
[INFO] [stderr]   Downloaded wasmtime v10.0.2
[INFO] [stderr]   Downloaded cranelift-codegen v0.97.2
[INFO] [stderr]   Downloaded cranelift-wasm v0.97.2
[INFO] [stderr]   Downloaded wasmtime-runtime v10.0.2
[INFO] [stderr]   Downloaded wasmtime-component-macro v10.0.2
[INFO] [stderr]   Downloaded cranelift-bforest v0.97.2
[INFO] [stderr]   Downloaded wasmtime-asm-macros v10.0.2
[INFO] [stderr]   Downloaded discrim-codegen v0.1.2
[INFO] [stderr]   Downloaded cranelift-module v0.97.2
[INFO] [stderr]   Downloaded cranelift v0.97.2
[INFO] [stderr]   Downloaded discrim v0.1.2
[INFO] [stderr]   Downloaded cranelift-jit v0.97.2
[INFO] [stderr]   Downloaded cranelift-isle v0.97.2
[INFO] [stderr]   Downloaded cesu8str v0.2.4
[INFO] [stderr]   Downloaded cranelift-codegen-meta v0.97.2
[INFO] running `Command { std: "docker" "create" "-v" "/var/lib/crater-agent-workspace/builds/worker-1-tc1/target:/opt/rustwide/target:rw,Z" "-v" "/var/lib/crater-agent-workspace/builds/worker-1-tc1/source:/opt/rustwide/workdir:ro,Z" "-v" "/var/lib/crater-agent-workspace/cargo-home:/opt/rustwide/cargo-home:ro,Z" "-v" "/var/lib/crater-agent-workspace/rustup-home:/opt/rustwide/rustup-home:ro,Z" "-e" "SOURCE_DIR=/opt/rustwide/workdir" "-e" "CARGO_TARGET_DIR=/opt/rustwide/target" "-e" "CARGO_HOME=/opt/rustwide/cargo-home" "-e" "RUSTUP_HOME=/opt/rustwide/rustup-home" "-w" "/opt/rustwide/workdir" "-m" "1610612736" "--user" "0:0" "--network" "none" "ghcr.io/rust-lang/crates-build-env/linux@sha256:2788e3201cd34a07e3172128adcd8b3090168a8e3bcc40d7c032b9dda1df7d1c" "/opt/rustwide/cargo-home/bin/cargo" "+1.75.0" "metadata" "--no-deps" "--format-version=1", kill_on_drop: false }`
[INFO] [stdout] b0aa4cd2e908b1a58d84c47a35d4e99be5dfc5cda69ffcdabfe110fbe2f95d64
[INFO] running `Command { std: "docker" "start" "-a" "b0aa4cd2e908b1a58d84c47a35d4e99be5dfc5cda69ffcdabfe110fbe2f95d64", kill_on_drop: false }`
[INFO] running `Command { std: "docker" "inspect" "b0aa4cd2e908b1a58d84c47a35d4e99be5dfc5cda69ffcdabfe110fbe2f95d64", kill_on_drop: false }`
[INFO] running `Command { std: "docker" "rm" "-f" "b0aa4cd2e908b1a58d84c47a35d4e99be5dfc5cda69ffcdabfe110fbe2f95d64", kill_on_drop: false }`
[INFO] [stdout] b0aa4cd2e908b1a58d84c47a35d4e99be5dfc5cda69ffcdabfe110fbe2f95d64
[INFO] running `Command { std: "docker" "create" "-v" "/var/lib/crater-agent-workspace/builds/worker-1-tc1/target:/opt/rustwide/target:rw,Z" "-v" "/var/lib/crater-agent-workspace/builds/worker-1-tc1/source:/opt/rustwide/workdir:ro,Z" "-v" "/var/lib/crater-agent-workspace/cargo-home:/opt/rustwide/cargo-home:ro,Z" "-v" "/var/lib/crater-agent-workspace/rustup-home:/opt/rustwide/rustup-home:ro,Z" "-e" "SOURCE_DIR=/opt/rustwide/workdir" "-e" "CARGO_TARGET_DIR=/opt/rustwide/target" "-e" "CARGO_INCREMENTAL=0" "-e" "RUST_BACKTRACE=full" "-e" "RUSTFLAGS=--cap-lints=warn" "-e" "RUSTDOCFLAGS=--cap-lints=warn" "-e" "CARGO_HOME=/opt/rustwide/cargo-home" "-e" "RUSTUP_HOME=/opt/rustwide/rustup-home" "-w" "/opt/rustwide/workdir" "-m" "1610612736" "--user" "0:0" "--network" "none" "ghcr.io/rust-lang/crates-build-env/linux@sha256:2788e3201cd34a07e3172128adcd8b3090168a8e3bcc40d7c032b9dda1df7d1c" "/opt/rustwide/cargo-home/bin/cargo" "+1.75.0" "build" "--frozen" "--message-format=json", kill_on_drop: false }`
[INFO] [stdout] 8d89cefab7ecb99f6861a609e3e15743c03c6647c328666b3af1de980da6486c
[INFO] running `Command { std: "docker" "start" "-a" "8d89cefab7ecb99f6861a609e3e15743c03c6647c328666b3af1de980da6486c", kill_on_drop: false }`
[INFO] [stderr] warning: virtual workspace defaulting to `resolver = "1"` despite one or more workspace members being on edition 2021 which implies `resolver = "2"`
[INFO] [stderr] note: to keep the current resolver, specify `workspace.resolver = "1"` in the workspace root's manifest
[INFO] [stderr] note: to use the edition 2021 resolver, specify `workspace.resolver = "2"` in the workspace root's manifest
[INFO] [stderr] note: for more details see https://doc.rust-lang.org/cargo/reference/resolver.html#resolver-versions
[INFO] [stderr]    Compiling libc v0.2.151
[INFO] [stderr]    Compiling proc-macro2 v1.0.75
[INFO] [stderr]    Compiling unicode-ident v1.0.12
[INFO] [stderr]    Compiling cfg-if v1.0.0
[INFO] [stderr]    Compiling autocfg v1.1.0
[INFO] [stderr]    Compiling serde v1.0.194
[INFO] [stderr]    Compiling version_check v0.9.4
[INFO] [stderr]    Compiling hashbrown v0.12.3
[INFO] [stderr]    Compiling once_cell v1.19.0
[INFO] [stderr]    Compiling log v0.4.20
[INFO] [stderr]    Compiling zerocopy v0.7.32
[INFO] [stderr]    Compiling memchr v2.7.1
[INFO] [stderr]    Compiling fallible-iterator v0.2.0
[INFO] [stderr]    Compiling stable_deref_trait v1.2.0
[INFO] [stderr]    Compiling target-lexicon v0.12.13
[INFO] [stderr]    Compiling cranelift-isle v0.97.2
[INFO] [stderr]    Compiling semver v1.0.21
[INFO] [stderr]    Compiling anyhow v1.0.79
[INFO] [stderr]    Compiling smallvec v1.11.2
[INFO] [stderr]    Compiling cranelift-codegen-shared v0.97.2
[INFO] [stderr]    Compiling cranelift-codegen-meta v0.97.2
[INFO] [stderr]    Compiling arbitrary v1.3.2
[INFO] [stderr]    Compiling indexmap v1.9.3
[INFO] [stderr]    Compiling ahash v0.8.7
[INFO] [stderr]    Compiling rustc-hash v1.1.0
[INFO] [stderr]    Compiling slice-group-by v0.3.1
[INFO] [stderr]    Compiling crc32fast v1.3.2
[INFO] [stderr]    Compiling bitflags v2.4.1
[INFO] [stderr]    Compiling bumpalo v3.14.0
[INFO] [stderr]    Compiling thiserror v1.0.56
[INFO] [stderr]    Compiling rustix v0.38.28
[INFO] [stderr]    Compiling linux-raw-sys v0.4.12
[INFO] [stderr]    Compiling typenum v1.17.0
[INFO] [stderr]    Compiling quote v1.0.35
[INFO] [stderr]    Compiling hashbrown v0.13.2
[INFO] [stderr]    Compiling bitflags v1.3.2
[INFO] [stderr]    Compiling syn v2.0.48
[INFO] [stderr]    Compiling io-lifetimes v1.0.11
[INFO] [stderr]    Compiling generic-array v0.14.7
[INFO] [stderr]    Compiling rustix v0.37.27
[INFO] [stderr]    Compiling pkg-config v0.3.28
[INFO] [stderr]    Compiling paste v1.0.14
[INFO] [stderr]    Compiling linux-raw-sys v0.3.8
[INFO] [stderr]    Compiling cranelift-control v0.97.2
[INFO] [stderr]    Compiling crossbeam-utils v0.8.18
[INFO] [stderr]    Compiling regalloc2 v0.9.3
[INFO] [stderr]    Compiling aho-corasick v1.1.2
[INFO] [stderr]    Compiling regex-syntax v0.8.2
[INFO] [stderr]    Compiling memoffset v0.8.0
[INFO] [stderr]    Compiling zstd-safe v5.0.2+zstd.1.5.2
[INFO] [stderr]    Compiling ppv-lite86 v0.2.17
[INFO] [stderr]    Compiling jobserver v0.1.27
[INFO] [stderr]    Compiling getrandom v0.2.11
[INFO] [stderr]    Compiling either v1.9.0
[INFO] [stderr]    Compiling byteorder v1.5.0
[INFO] [stderr]    Compiling leb128 v0.2.5
[INFO] [stderr]    Compiling rand_core v0.6.4
[INFO] [stderr]    Compiling cc v1.0.83
[INFO] [stderr]    Compiling crossbeam-epoch v0.9.17
[INFO] [stderr]    Compiling rand_chacha v0.3.1
[INFO] [stderr]    Compiling wasmtime-asm-macros v10.0.2
[INFO] [stderr]    Compiling termcolor v1.4.0
[INFO] [stderr]    Compiling cpp_demangle v0.3.5
[INFO] [stderr]    Compiling humantime v2.1.0
[INFO] [stderr]    Compiling syn v1.0.109
[INFO] [stderr]    Compiling regex-automata v0.4.3
[INFO] [stderr]    Compiling crypto-common v0.1.6
[INFO] [stderr]    Compiling block-buffer v0.10.4
[INFO] [stderr]    Compiling rayon-core v1.12.0
[INFO] [stderr]    Compiling serde_json v1.0.111
[INFO] [stderr]    Compiling crossbeam-deque v0.8.4
[INFO] [stderr]    Compiling rand v0.8.5
[INFO] [stderr]    Compiling digest v0.10.7
[INFO] [stderr]    Compiling wasm-encoder v0.38.1
[INFO] [stderr]    Compiling itertools v0.10.5
[INFO] [stderr]    Compiling wasmtime-jit-icache-coherence v10.0.2
[INFO] [stderr]    Compiling dirs-sys-next v0.1.2
[INFO] [stderr]    Compiling lock_api v0.4.11
[INFO] [stderr]    Compiling wasmtime-cache v10.0.2
[INFO] [stderr]    Compiling is-terminal v0.4.10
[INFO] [stderr]    Compiling memfd v0.6.4
[INFO] [stderr]    Compiling unicode-width v0.1.11
[INFO] [stderr]    Compiling sptr v0.3.2
[INFO] [stderr]    Compiling itoa v1.0.10
[INFO] [stderr]    Compiling ryu v1.0.16
[INFO] [stderr]    Compiling cpufeatures v0.2.12
[INFO] [stderr]    Compiling hashbrown v0.14.3
[INFO] [stderr]    Compiling uuid v1.6.1
[INFO] [stderr]    Compiling parking_lot_core v0.9.9
[INFO] [stderr]    Compiling async-trait v0.1.77
[INFO] [stderr]    Compiling zstd-sys v2.0.9+zstd.1.5.5
[INFO] [stderr]    Compiling wasmtime-fiber v10.0.2
[INFO] [stderr]    Compiling cranelift-codegen v0.97.2
[INFO] [stderr]    Compiling ittapi-sys v0.3.5
[INFO] [stderr]    Compiling wasmtime-runtime v10.0.2
[INFO] [stderr]    Compiling psm v0.1.21
[INFO] [stderr]    Compiling equivalent v1.0.1
[INFO] [stderr]    Compiling wast v69.0.1
[INFO] [stderr]    Compiling indexmap v2.1.0
[INFO] [stderr]    Compiling debugid v0.8.0
[INFO] [stderr]    Compiling sha2 v0.10.8
[INFO] [stderr]    Compiling directories-next v2.0.0
[INFO] [stderr]    Compiling fxhash v0.2.1
[INFO] [stderr]    Compiling rustc-demangle v0.1.23
[INFO] [stderr]    Compiling scopeguard v1.2.0
[INFO] [stderr]    Compiling base64 v0.21.5
[INFO] [stderr]    Compiling wasmparser v0.118.1
[INFO] [stderr]    Compiling rayon v1.8.0
[INFO] [stderr]    Compiling jvm_types v0.1.0 (/opt/rustwide/workdir/jvm_types)
[INFO] [stderr]    Compiling region v2.2.0
[INFO] [stderr]    Compiling lazy_static v1.4.0
[INFO] [stderr]    Compiling parking_lot v0.12.1
[INFO] [stderr]    Compiling wasm-encoder v0.29.0
[INFO] [stderr]    Compiling colored v2.1.0
[INFO] [stderr]    Compiling cesu8str v0.2.4
[INFO] [stdout] error[E0554]: `#![feature]` may not be used on the stable release channel
[INFO] [stdout]  --> /opt/rustwide/cargo-home/registry/src/index.crates.io-6f17d22bba15001f/cesu8str-0.2.4/src/lib.rs:1:1
[INFO] [stdout]   |
[INFO] [stdout] 1 | #![feature(portable_simd)]
[INFO] [stdout]   | ^^^^^^^^^^^^^^^^^^^^^^^^^^
[INFO] [stdout] 
[INFO] [stdout] 
[INFO] [stdout] error[E0554]: `#![feature]` may not be used on the stable release channel
[INFO] [stdout]  --> /opt/rustwide/cargo-home/registry/src/index.crates.io-6f17d22bba15001f/cesu8str-0.2.4/src/lib.rs:2:1
[INFO] [stdout]   |
[INFO] [stdout] 2 | #![feature(const_ptr_read)]
[INFO] [stdout]   | ^^^^^^^^^^^^^^^^^^^^^^^^^^^
[INFO] [stdout] 
[INFO] [stdout] 
[INFO] [stdout] error[E0554]: `#![feature]` may not be used on the stable release channel
[INFO] [stdout]  --> /opt/rustwide/cargo-home/registry/src/index.crates.io-6f17d22bba15001f/cesu8str-0.2.4/src/lib.rs:3:1
[INFO] [stdout]   |
[INFO] [stdout] 3 | #![feature(const_trait_impl)]
[INFO] [stdout]   | ^^^^^^^^^^^^^^^^^^^^^^^^^^^^^
[INFO] [stdout] 
[INFO] [stdout] 
[INFO] [stdout] error[E0554]: `#![feature]` may not be used on the stable release channel
[INFO] [stdout]  --> /opt/rustwide/cargo-home/registry/src/index.crates.io-6f17d22bba15001f/cesu8str-0.2.4/src/lib.rs:4:1
[INFO] [stdout]   |
[INFO] [stdout] 4 | #![feature(const_deref)]
[INFO] [stdout]   | ^^^^^^^^^^^^^^^^^^^^^^^^
[INFO] [stdout] 
[INFO] [stdout] 
[INFO] [stdout] error[E0554]: `#![feature]` may not be used on the stable release channel
[INFO] [stdout]  --> /opt/rustwide/cargo-home/registry/src/index.crates.io-6f17d22bba15001f/cesu8str-0.2.4/src/lib.rs:5:1
[INFO] [stdout]   |
[INFO] [stdout] 5 | #![feature(assert_matches)]
[INFO] [stdout]   | ^^^^^^^^^^^^^^^^^^^^^^^^^^^
[INFO] [stdout] 
[INFO] [stdout] 
[INFO] [stdout] error[E0554]: `#![feature]` may not be used on the stable release channel
[INFO] [stdout]  --> /opt/rustwide/cargo-home/registry/src/index.crates.io-6f17d22bba15001f/cesu8str-0.2.4/src/lib.rs:6:1
[INFO] [stdout]   |
[INFO] [stdout] 6 | #![feature(round_char_boundary)]
[INFO] [stdout]   | ^^^^^^^^^^^^^^^^^^^^^^^^^^^^^^^^
[INFO] [stdout] 
[INFO] [stdout] 
[INFO] [stdout] error[E0554]: `#![feature]` may not be used on the stable release channel
[INFO] [stdout]  --> /opt/rustwide/cargo-home/registry/src/index.crates.io-6f17d22bba15001f/cesu8str-0.2.4/src/lib.rs:1:12
[INFO] [stdout]   |
[INFO] [stdout] 1 | #![feature(portable_simd)]
[INFO] [stdout]   |            ^^^^^^^^^^^^^
[INFO] [stdout] 
[INFO] [stdout] 
[INFO] [stdout] error[E0554]: `#![feature]` may not be used on the stable release channel
[INFO] [stdout]  --> /opt/rustwide/cargo-home/registry/src/index.crates.io-6f17d22bba15001f/cesu8str-0.2.4/src/lib.rs:2:12
[INFO] [stdout]   |
[INFO] [stdout] 2 | #![feature(const_ptr_read)]
[INFO] [stdout]   |            ^^^^^^^^^^^^^^
[INFO] [stdout] 
[INFO] [stdout] 
[INFO] [stdout] error[E0554]: `#![feature]` may not be used on the stable release channel
[INFO] [stdout]  --> /opt/rustwide/cargo-home/registry/src/index.crates.io-6f17d22bba15001f/cesu8str-0.2.4/src/lib.rs:4:12
[INFO] [stdout]   |
[INFO] [stdout] 4 | #![feature(const_deref)]
[INFO] [stdout]   |            ^^^^^^^^^^^
[INFO] [stdout] 
[INFO] [stdout] 
[INFO] [stdout] error[E0554]: `#![feature]` may not be used on the stable release channel
[INFO] [stdout]  --> /opt/rustwide/cargo-home/registry/src/index.crates.io-6f17d22bba15001f/cesu8str-0.2.4/src/lib.rs:5:12
[INFO] [stdout]   |
[INFO] [stdout] 5 | #![feature(assert_matches)]
[INFO] [stdout]   |            ^^^^^^^^^^^^^^
[INFO] [stdout] 
[INFO] [stdout] 
[INFO] [stdout] error[E0554]: `#![feature]` may not be used on the stable release channel
[INFO] [stdout]  --> /opt/rustwide/cargo-home/registry/src/index.crates.io-6f17d22bba15001f/cesu8str-0.2.4/src/lib.rs:6:12
[INFO] [stdout]   |
[INFO] [stdout] 6 | #![feature(round_char_boundary)]
[INFO] [stdout]   |            ^^^^^^^^^^^^^^^^^^^
[INFO] [stdout] 
[INFO] [stdout] 
[INFO] [stdout] error[E0635]: unknown feature `const_deref`
[INFO] [stdout]  --> /opt/rustwide/cargo-home/registry/src/index.crates.io-6f17d22bba15001f/cesu8str-0.2.4/src/lib.rs:4:12
[INFO] [stdout]   |
[INFO] [stdout] 4 | #![feature(const_deref)]
[INFO] [stdout]   |            ^^^^^^^^^^^
[INFO] [stdout] 
[INFO] [stdout] 
[INFO] [stderr]    Compiling arrayvec v0.7.4
[INFO] [stdout] error: aborting due to 12 previous errors
[INFO] [stdout] 
[INFO] [stdout] 
[INFO] [stderr] error: could not compile `cesu8str` (lib) due to 13 previous errors
[INFO] [stdout] Some errors have detailed explanations: E0554, E0635.
[INFO] [stdout] 
[INFO] [stderr] warning: build failed, waiting for other jobs to finish...
[INFO] [stdout] For more information about an error, try `rustc --explain E0554`.
[INFO] [stdout] 
[INFO] running `Command { std: "docker" "inspect" "8d89cefab7ecb99f6861a609e3e15743c03c6647c328666b3af1de980da6486c", kill_on_drop: false }`
[INFO] running `Command { std: "docker" "rm" "-f" "8d89cefab7ecb99f6861a609e3e15743c03c6647c328666b3af1de980da6486c", kill_on_drop: false }`
[INFO] [stdout] 8d89cefab7ecb99f6861a609e3e15743c03c6647c328666b3af1de980da6486c
