[INFO] cloning repository https://github.com/BinJu/hq
[INFO] running `Command { std: "git" "-c" "credential.helper=" "-c" "credential.helper=/workspace/cargo-home/bin/git-credential-null" "clone" "--bare" "https://github.com/BinJu/hq" "/workspace/cache/git-repos/https%3A%2F%2Fgithub.com%2FBinJu%2Fhq", kill_on_drop: false }`
[INFO] [stderr] Cloning into bare repository '/workspace/cache/git-repos/https%3A%2F%2Fgithub.com%2FBinJu%2Fhq'...
[INFO] running `Command { std: "git" "rev-parse" "HEAD", kill_on_drop: false }`
[INFO] [stdout] 33e616d25766a9299f65fe1d42ea262b8d8286f0
[INFO] testing BinJu/hq against 1.75.0 for beta-1.76-1
[INFO] running `Command { std: "git" "clone" "/workspace/cache/git-repos/https%3A%2F%2Fgithub.com%2FBinJu%2Fhq" "/workspace/builds/worker-5-tc1/source", kill_on_drop: false }`
[INFO] [stderr] Cloning into '/workspace/builds/worker-5-tc1/source'...
[INFO] [stderr] done.
[INFO] validating manifest of git repo https://github.com/BinJu/hq on toolchain 1.75.0
[INFO] running `Command { std: CARGO_HOME="/workspace/cargo-home" RUSTUP_HOME="/workspace/rustup-home" "/workspace/cargo-home/bin/cargo" "+1.75.0" "metadata" "--manifest-path" "Cargo.toml" "--no-deps", kill_on_drop: false }`
[INFO] started tweaking git repo https://github.com/BinJu/hq
[INFO] finished tweaking git repo https://github.com/BinJu/hq
[INFO] tweaked toml for git repo https://github.com/BinJu/hq written to /workspace/builds/worker-5-tc1/source/Cargo.toml
[INFO] crate git repo https://github.com/BinJu/hq already has a lockfile, it will not be regenerated
[INFO] running `Command { std: CARGO_HOME="/workspace/cargo-home" RUSTUP_HOME="/workspace/rustup-home" "/workspace/cargo-home/bin/cargo" "+1.75.0" "fetch" "--manifest-path" "Cargo.toml", kill_on_drop: false }`
[INFO] [stderr]     Updating crates.io index
[INFO] [stderr]  Downloading crates ...
[INFO] [stderr]   Downloaded indextree v4.6.0
[INFO] [stderr]   Downloaded skyscraper v0.5.0
[INFO] running `Command { std: "docker" "create" "-v" "/var/lib/crater-agent-workspace/builds/worker-5-tc1/target:/opt/rustwide/target:rw,Z" "-v" "/var/lib/crater-agent-workspace/builds/worker-5-tc1/source:/opt/rustwide/workdir:ro,Z" "-v" "/var/lib/crater-agent-workspace/cargo-home:/opt/rustwide/cargo-home:ro,Z" "-v" "/var/lib/crater-agent-workspace/rustup-home:/opt/rustwide/rustup-home:ro,Z" "-e" "SOURCE_DIR=/opt/rustwide/workdir" "-e" "CARGO_TARGET_DIR=/opt/rustwide/target" "-e" "CARGO_HOME=/opt/rustwide/cargo-home" "-e" "RUSTUP_HOME=/opt/rustwide/rustup-home" "-w" "/opt/rustwide/workdir" "-m" "1610612736" "--user" "0:0" "--network" "none" "ghcr.io/rust-lang/crates-build-env/linux@sha256:2788e3201cd34a07e3172128adcd8b3090168a8e3bcc40d7c032b9dda1df7d1c" "/opt/rustwide/cargo-home/bin/cargo" "+1.75.0" "metadata" "--no-deps" "--format-version=1", kill_on_drop: false }`
[INFO] [stdout] 0179c7c2b423dd548c431df18990b23e3e17abb29850d357b01943d25d105e81
[INFO] running `Command { std: "docker" "start" "-a" "0179c7c2b423dd548c431df18990b23e3e17abb29850d357b01943d25d105e81", kill_on_drop: false }`
[INFO] running `Command { std: "docker" "inspect" "0179c7c2b423dd548c431df18990b23e3e17abb29850d357b01943d25d105e81", kill_on_drop: false }`
[INFO] running `Command { std: "docker" "rm" "-f" "0179c7c2b423dd548c431df18990b23e3e17abb29850d357b01943d25d105e81", kill_on_drop: false }`
[INFO] [stdout] 0179c7c2b423dd548c431df18990b23e3e17abb29850d357b01943d25d105e81
[INFO] running `Command { std: "docker" "create" "-v" "/var/lib/crater-agent-workspace/builds/worker-5-tc1/target:/opt/rustwide/target:rw,Z" "-v" "/var/lib/crater-agent-workspace/builds/worker-5-tc1/source:/opt/rustwide/workdir:ro,Z" "-v" "/var/lib/crater-agent-workspace/cargo-home:/opt/rustwide/cargo-home:ro,Z" "-v" "/var/lib/crater-agent-workspace/rustup-home:/opt/rustwide/rustup-home:ro,Z" "-e" "SOURCE_DIR=/opt/rustwide/workdir" "-e" "CARGO_TARGET_DIR=/opt/rustwide/target" "-e" "CARGO_INCREMENTAL=0" "-e" "RUST_BACKTRACE=full" "-e" "RUSTFLAGS=--cap-lints=warn" "-e" "RUSTDOCFLAGS=--cap-lints=warn" "-e" "CARGO_HOME=/opt/rustwide/cargo-home" "-e" "RUSTUP_HOME=/opt/rustwide/rustup-home" "-w" "/opt/rustwide/workdir" "-m" "1610612736" "--user" "0:0" "--network" "none" "ghcr.io/rust-lang/crates-build-env/linux@sha256:2788e3201cd34a07e3172128adcd8b3090168a8e3bcc40d7c032b9dda1df7d1c" "/opt/rustwide/cargo-home/bin/cargo" "+1.75.0" "build" "--frozen" "--message-format=json", kill_on_drop: false }`
[INFO] [stdout] 0dd9a16b7a924a1d2be17066301dab0dcd7c8ee55ee130288412ccc9d6c5ee3f
[INFO] running `Command { std: "docker" "start" "-a" "0dd9a16b7a924a1d2be17066301dab0dcd7c8ee55ee130288412ccc9d6c5ee3f", kill_on_drop: false }`
[INFO] [stderr]    Compiling libc v0.2.147
[INFO] [stderr]    Compiling siphasher v0.3.10
[INFO] [stderr]    Compiling ppv-lite86 v0.2.17
[INFO] [stderr]    Compiling once_cell v1.18.0
[INFO] [stderr]    Compiling pkg-config v0.3.27
[INFO] [stderr]    Compiling vcpkg v0.2.15
[INFO] [stderr]    Compiling log v0.4.19
[INFO] [stderr]    Compiling serde v1.0.171
[INFO] [stderr]    Compiling syn v1.0.109
[INFO] [stderr]    Compiling slab v0.4.9
[INFO] [stderr]    Compiling new_debug_unreachable v1.0.4
[INFO] [stderr]    Compiling syn v2.0.26
[INFO] [stderr]    Compiling tokio v1.32.0
[INFO] [stderr]    Compiling indexmap v1.9.3
[INFO] [stderr]    Compiling foreign-types-shared v0.1.1
[INFO] [stderr]    Compiling openssl v0.10.56
[INFO] [stderr]    Compiling futures-util v0.3.28
[INFO] [stderr]    Compiling foreign-types v0.3.2
[INFO] [stderr]    Compiling native-tls v0.2.11
[INFO] [stderr]    Compiling phf_shared v0.10.0
[INFO] [stderr]    Compiling tracing-core v0.1.31
[INFO] [stderr]    Compiling phf_shared v0.11.2
[INFO] [stderr]    Compiling hashbrown v0.12.3
[INFO] [stderr]    Compiling tinyvec_macros v0.1.1
[INFO] [stderr]    Compiling futures-io v0.3.28
[INFO] [stderr]    Compiling precomputed-hash v0.1.1
[INFO] [stderr]    Compiling mac v0.1.1
[INFO] [stderr]    Compiling tinyvec v1.6.0
[INFO] [stderr]    Compiling phf v0.10.1
[INFO] [stderr]    Compiling futf v0.1.5
[INFO] [stderr]    Compiling utf-8 v0.7.6
[INFO] [stderr]    Compiling openssl-probe v0.1.5
[INFO] [stderr]    Compiling dtoa v1.0.9
[INFO] [stderr]    Compiling ahash v0.8.3
[INFO] [stderr]    Compiling tendril v0.4.3
[INFO] [stderr]    Compiling tracing v0.1.37
[INFO] [stderr]    Compiling stable_deref_trait v1.2.0
[INFO] [stderr]    Compiling dtoa-short v0.3.4
[INFO] [stderr]    Compiling thiserror v1.0.47
[INFO] [stderr]    Compiling unicode-bidi v0.3.13
[INFO] [stderr]    Compiling servo_arc v0.3.0
[INFO] [stderr]    Compiling fxhash v0.2.1
[INFO] [stderr]    Compiling getrandom v0.2.10
[INFO] [stderr]    Compiling unicode-width v0.1.10
[INFO] [stderr]    Compiling bitflags v2.3.3
[INFO] [stderr]    Compiling getopts v0.2.21
[INFO] [stderr]    Compiling encoding_rs v0.8.33
[INFO] [stderr]    Compiling ipnet v2.8.0
[INFO] [stderr]    Compiling indextree v4.6.0
[INFO] [stderr]    Compiling base64 v0.21.2
[INFO] [stderr]    Compiling ego-tree v0.6.2
[INFO] [stderr]    Compiling cc v1.0.83
[INFO] [stderr]    Compiling rand_core v0.6.4
[INFO] [stderr]    Compiling unicode-normalization v0.1.22
[INFO] [stderr]    Compiling rand_chacha v0.3.1
[INFO] [stderr]    Compiling rand v0.8.5
[INFO] [stderr]    Compiling idna v0.4.0
[INFO] [stderr]    Compiling openssl-sys v0.9.91
[INFO] [stderr]    Compiling url v2.4.0
[INFO] [stderr]    Compiling phf_generator v0.10.0
[INFO] [stderr]    Compiling phf_generator v0.11.2
[INFO] [stderr]    Compiling phf_codegen v0.10.0
[INFO] [stderr]    Compiling string_cache_codegen v0.5.2
[INFO] [stderr]    Compiling selectors v0.25.0
[INFO] [stderr]    Compiling markup5ever v0.11.0
[INFO] [stderr]    Compiling string_cache v0.8.7
[INFO] [stderr]    Compiling serde_urlencoded v0.7.1
[INFO] [stderr]    Compiling tokio-util v0.7.8
[INFO] [stderr]    Compiling h2 v0.3.21
[INFO] [stderr]    Compiling openssl-macros v0.1.1
[INFO] [stderr]    Compiling phf_macros v0.11.2
[INFO] [stderr]    Compiling cssparser-macros v0.6.1
[INFO] [stderr]    Compiling thiserror-impl v1.0.47
[INFO] [stderr]    Compiling html5ever v0.26.0
[INFO] [stderr]    Compiling derive_more v0.99.17
[INFO] [stderr]    Compiling phf v0.11.2
[INFO] [stderr]    Compiling cssparser v0.31.2
[INFO] [stderr]    Compiling skyscraper v0.5.0
[INFO] [stderr]    Compiling hyper v0.14.27
[INFO] [stderr]    Compiling scraper v0.17.1
[INFO] [stderr]    Compiling tokio-native-tls v0.3.1
[INFO] [stderr]    Compiling hyper-tls v0.5.0
[INFO] [stderr]    Compiling reqwest v0.11.20
[INFO] [stderr]    Compiling hq v0.1.0 (/opt/rustwide/workdir)
[INFO] [stdout] warning: unused import: `default`
[INFO] [stdout]  --> src/query.rs:4:49
[INFO] [stdout]   |
[INFO] [stdout] 4 | use std::{io::Result, io::Error, io::ErrorKind, default, collections::HashMap, env::Args};
[INFO] [stdout]   |                                                 ^^^^^^^
[INFO] [stdout]   |
[INFO] [stdout]   = note: `#[warn(unused_imports)]` on by default
[INFO] [stdout] 
[INFO] [stdout] 
[INFO] [stdout] warning: unused variable: `e`
[INFO] [stdout]   --> src/query.rs:18:167
[INFO] [stdout]    |
[INFO] [stdout] 18 | ...r {}", url, e)))?.text().map_err(|e| Error::new(ErrorKind::InvalidData, format!("failed to get text from {}", url)))
[INFO] [stdout]    |                                      ^ help: if this is intentional, prefix it with an underscore: `_e`
[INFO] [stdout]    |
[INFO] [stdout]    = note: `#[warn(unused_variables)]` on by default
[INFO] [stdout] 
[INFO] [stdout] 
[INFO] [stdout] warning: associated function `new` is never used
[INFO] [stdout]   --> src/query.rs:39:8
[INFO] [stdout]    |
[INFO] [stdout] 34 | impl InputParam {
[INFO] [stdout]    | --------------- associated function in this implementation
[INFO] [stdout] ...
[INFO] [stdout] 39 |     fn new(data_source: DataSource, node_selector: NodeSelector) -> Self {
[INFO] [stdout]    |        ^^^
[INFO] [stdout]    |
[INFO] [stdout]    = note: `#[warn(dead_code)]` on by default
[INFO] [stdout] 
[INFO] [stdout] 
[INFO] [stdout] warning: 3 warnings emitted
[INFO] [stdout] 
[INFO] [stdout] 
[INFO] [stdout] warning: unused import: `default`
[INFO] [stdout]  --> src/query.rs:4:49
[INFO] [stdout]   |
[INFO] [stdout] 4 | use std::{io::Result, io::Error, io::ErrorKind, default, collections::HashMap, env::Args};
[INFO] [stdout]   |                                                 ^^^^^^^
[INFO] [stdout]   |
[INFO] [stdout]   = note: `#[warn(unused_imports)]` on by default
[INFO] [stdout] 
[INFO] [stdout] 
[INFO] [stdout] warning: unused variable: `e`
[INFO] [stdout]   --> src/query.rs:18:167
[INFO] [stdout]    |
[INFO] [stdout] 18 | ...r {}", url, e)))?.text().map_err(|e| Error::new(ErrorKind::InvalidData, format!("failed to get text from {}", url)))
[INFO] [stdout]    |                                      ^ help: if this is intentional, prefix it with an underscore: `_e`
[INFO] [stdout]    |
[INFO] [stdout]    = note: `#[warn(unused_variables)]` on by default
[INFO] [stdout] 
[INFO] [stdout] 
[INFO] [stdout] warning: associated functions `default` and `new` are never used
[INFO] [stdout]   --> src/query.rs:35:12
[INFO] [stdout]    |
[INFO] [stdout] 34 | impl InputParam {
[INFO] [stdout]    | --------------- associated functions in this implementation
[INFO] [stdout] 35 |     pub fn default() -> Self {
[INFO] [stdout]    |            ^^^^^^^
[INFO] [stdout] ...
[INFO] [stdout] 39 |     fn new(data_source: DataSource, node_selector: NodeSelector) -> Self {
[INFO] [stdout]    |        ^^^
[INFO] [stdout]    |
[INFO] [stdout]    = note: `#[warn(dead_code)]` on by default
[INFO] [stdout] 
[INFO] [stdout] 
[INFO] [stdout] warning: 3 warnings emitted
[INFO] [stdout] 
[INFO] [stdout] 
[INFO] [stderr]     Finished dev [unoptimized + debuginfo] target(s) in 15.82s
[INFO] running `Command { std: "docker" "inspect" "0dd9a16b7a924a1d2be17066301dab0dcd7c8ee55ee130288412ccc9d6c5ee3f", kill_on_drop: false }`
[INFO] running `Command { std: "docker" "rm" "-f" "0dd9a16b7a924a1d2be17066301dab0dcd7c8ee55ee130288412ccc9d6c5ee3f", kill_on_drop: false }`
[INFO] [stdout] 0dd9a16b7a924a1d2be17066301dab0dcd7c8ee55ee130288412ccc9d6c5ee3f
[INFO] running `Command { std: "docker" "create" "-v" "/var/lib/crater-agent-workspace/builds/worker-5-tc1/target:/opt/rustwide/target:rw,Z" "-v" "/var/lib/crater-agent-workspace/builds/worker-5-tc1/source:/opt/rustwide/workdir:ro,Z" "-v" "/var/lib/crater-agent-workspace/cargo-home:/opt/rustwide/cargo-home:ro,Z" "-v" "/var/lib/crater-agent-workspace/rustup-home:/opt/rustwide/rustup-home:ro,Z" "-e" "SOURCE_DIR=/opt/rustwide/workdir" "-e" "CARGO_TARGET_DIR=/opt/rustwide/target" "-e" "CARGO_INCREMENTAL=0" "-e" "RUST_BACKTRACE=full" "-e" "RUSTFLAGS=--cap-lints=warn" "-e" "RUSTDOCFLAGS=--cap-lints=warn" "-e" "CARGO_HOME=/opt/rustwide/cargo-home" "-e" "RUSTUP_HOME=/opt/rustwide/rustup-home" "-w" "/opt/rustwide/workdir" "-m" "1610612736" "--user" "0:0" "--network" "none" "ghcr.io/rust-lang/crates-build-env/linux@sha256:2788e3201cd34a07e3172128adcd8b3090168a8e3bcc40d7c032b9dda1df7d1c" "/opt/rustwide/cargo-home/bin/cargo" "+1.75.0" "test" "--frozen" "--no-run" "--message-format=json", kill_on_drop: false }`
[INFO] [stdout] 53a71468cdcc5c82e0d2307c54adc59794fb028e99aecfd49d4ca53f0400ae4c
[INFO] running `Command { std: "docker" "start" "-a" "53a71468cdcc5c82e0d2307c54adc59794fb028e99aecfd49d4ca53f0400ae4c", kill_on_drop: false }`
[INFO] [stdout] warning: unused import: `default`
[INFO] [stdout]  --> src/query.rs:4:49
[INFO] [stdout]   |
[INFO] [stdout] 4 | use std::{io::Result, io::Error, io::ErrorKind, default, collections::HashMap, env::Args};
[INFO] [stdout]   |                                                 ^^^^^^^
[INFO] [stdout]   |
[INFO] [stdout]   = note: `#[warn(unused_imports)]` on by default
[INFO] [stdout] 
[INFO] [stdout] 
[INFO] [stdout] warning: unused variable: `e`
[INFO] [stdout]   --> src/query.rs:18:167
[INFO] [stdout]    |
[INFO] [stdout] 18 | ...r {}", url, e)))?.text().map_err(|e| Error::new(ErrorKind::InvalidData, format!("failed to get text from {}", url)))
[INFO] [stdout]    |                                      ^ help: if this is intentional, prefix it with an underscore: `_e`
[INFO] [stdout]    |
[INFO] [stdout]    = note: `#[warn(unused_variables)]` on by default
[INFO] [stdout] 
[INFO] [stdout] 
[INFO] [stderr]    Compiling hq v0.1.0 (/opt/rustwide/workdir)
[INFO] [stdout] warning: associated function `new` is never used
[INFO] [stdout]   --> src/query.rs:39:8
[INFO] [stdout]    |
[INFO] [stdout] 34 | impl InputParam {
[INFO] [stdout]    | --------------- associated function in this implementation
[INFO] [stdout] ...
[INFO] [stdout] 39 |     fn new(data_source: DataSource, node_selector: NodeSelector) -> Self {
[INFO] [stdout]    |        ^^^
[INFO] [stdout]    |
[INFO] [stdout]    = note: `#[warn(dead_code)]` on by default
[INFO] [stdout] 
[INFO] [stdout] 
[INFO] [stdout] warning: 3 warnings emitted
[INFO] [stdout] 
[INFO] [stdout] 
[INFO] [stdout] warning: unused import: `default`
[INFO] [stdout]  --> src/query.rs:4:49
[INFO] [stdout]   |
[INFO] [stdout] 4 | use std::{io::Result, io::Error, io::ErrorKind, default, collections::HashMap, env::Args};
[INFO] [stdout]   |                                                 ^^^^^^^
[INFO] [stdout]   |
[INFO] [stdout]   = note: `#[warn(unused_imports)]` on by default
[INFO] [stdout] 
[INFO] [stdout] 
[INFO] [stdout] warning: unused variable: `e`
[INFO] [stdout]   --> src/query.rs:18:167
[INFO] [stdout]    |
[INFO] [stdout] 18 | ...r {}", url, e)))?.text().map_err(|e| Error::new(ErrorKind::InvalidData, format!("failed to get text from {}", url)))
[INFO] [stdout]    |                                      ^ help: if this is intentional, prefix it with an underscore: `_e`
[INFO] [stdout]    |
[INFO] [stdout]    = note: `#[warn(unused_variables)]` on by default
[INFO] [stdout] 
[INFO] [stdout] 
[INFO] [stdout] warning: associated functions `default` and `new` are never used
[INFO] [stdout]   --> src/query.rs:35:12
[INFO] [stdout]    |
[INFO] [stdout] 34 | impl InputParam {
[INFO] [stdout]    | --------------- associated functions in this implementation
[INFO] [stdout] 35 |     pub fn default() -> Self {
[INFO] [stdout]    |            ^^^^^^^
[INFO] [stdout] ...
[INFO] [stdout] 39 |     fn new(data_source: DataSource, node_selector: NodeSelector) -> Self {
[INFO] [stdout]    |        ^^^
[INFO] [stdout]    |
[INFO] [stdout]    = note: `#[warn(dead_code)]` on by default
[INFO] [stdout] 
[INFO] [stdout] 
[INFO] [stdout] warning: 3 warnings emitted
[INFO] [stdout] 
[INFO] [stdout] 
[INFO] [stdout] warning: unused import: `default`
[INFO] [stdout]  --> src/query.rs:4:49
[INFO] [stdout]   |
[INFO] [stdout] 4 | use std::{io::Result, io::Error, io::ErrorKind, default, collections::HashMap, env::Args};
[INFO] [stdout]   |                                                 ^^^^^^^
[INFO] [stdout]   |
[INFO] [stdout]   = note: `#[warn(unused_imports)]` on by default
[INFO] [stdout] 
[INFO] [stdout] 
[INFO] [stdout] warning: unused import: `default`
[INFO] [stdout]  --> src/query.rs:4:49
[INFO] [stdout]   |
[INFO] [stdout] 4 | use std::{io::Result, io::Error, io::ErrorKind, default, collections::HashMap, env::Args};
[INFO] [stdout]   |                                                 ^^^^^^^
[INFO] [stdout]   |
[INFO] [stdout]   = note: `#[warn(unused_imports)]` on by default
[INFO] [stdout] 
[INFO] [stdout] 
[INFO] [stdout] error[E0277]: the trait bound `query::InputParam: From<String>` is not satisfied
[INFO] [stdout]    --> src/query.rs:121:21
[INFO] [stdout]     |
[INFO] [stdout] 121 |         let input = InputParam::try_from(String::from("--url https://www.google.com --css div")).expect("failed to parse input");
[INFO] [stdout]     |                     ^^^^^^^^^^ the trait `From<String>` is not implemented for `query::InputParam`
[INFO] [stdout]     |
[INFO] [stdout]     = help: the trait `TryFrom<Args>` is implemented for `query::InputParam`
[INFO] [stdout]     = help: for that trait implementation, expected `Args`, found `String`
[INFO] [stdout]     = note: required for `String` to implement `Into<query::InputParam>`
[INFO] [stdout]     = note: required for `query::InputParam` to implement `TryFrom<String>`
[INFO] [stdout] 
[INFO] [stdout] 
[INFO] [stdout] error[E0277]: the trait bound `query::InputParam: From<String>` is not satisfied
[INFO] [stdout]    --> src/query.rs:121:21
[INFO] [stdout]     |
[INFO] [stdout] 121 |         let input = InputParam::try_from(String::from("--url https://www.google.com --css div")).expect("failed to parse input");
[INFO] [stdout]     |                     ^^^^^^^^^^ the trait `From<String>` is not implemented for `query::InputParam`
[INFO] [stdout]     |
[INFO] [stdout]     = help: the trait `TryFrom<Args>` is implemented for `query::InputParam`
[INFO] [stdout]     = help: for that trait implementation, expected `Args`, found `String`
[INFO] [stdout]     = note: required for `String` to implement `Into<query::InputParam>`
[INFO] [stdout]     = note: required for `query::InputParam` to implement `TryFrom<String>`
[INFO] [stdout] 
[INFO] [stdout] 
[INFO] [stdout] error[E0277]: the trait bound `query::InputParam: From<String>` is not satisfied
[INFO] [stdout]    --> src/query.rs:121:21
[INFO] [stdout]     |
[INFO] [stdout] 121 |         let input = InputParam::try_from(String::from("--url https://www.google.com --css div")).expect("failed to parse input");
[INFO] [stdout]     |                     ^^^^^^^^^^^^^^^^^^^^^^^^^^^^^^^^^^^^^^^^^^^^^^^^^^^^^^^^^^^^^^^^^^^^^^^^^^^^ the trait `From<String>` is not implemented for `query::InputParam`
[INFO] [stdout]     |
[INFO] [stdout]     = help: the trait `TryFrom<Args>` is implemented for `query::InputParam`
[INFO] [stdout]     = help: for that trait implementation, expected `Args`, found `String`
[INFO] [stdout]     = note: required for `String` to implement `Into<query::InputParam>`
[INFO] [stdout]     = note: required for `query::InputParam` to implement `TryFrom<String>`
[INFO] [stdout] 
[INFO] [stdout] 
[INFO] [stdout] error[E0277]: the trait bound `query::InputParam: From<String>` is not satisfied
[INFO] [stdout]    --> src/query.rs:121:21
[INFO] [stdout]     |
[INFO] [stdout] 121 |         let input = InputParam::try_from(String::from("--url https://www.google.com --css div")).expect("failed to parse input");
[INFO] [stdout]     |                     ^^^^^^^^^^^^^^^^^^^^^^^^^^^^^^^^^^^^^^^^^^^^^^^^^^^^^^^^^^^^^^^^^^^^^^^^^^^^ the trait `From<String>` is not implemented for `query::InputParam`
[INFO] [stdout]     |
[INFO] [stdout]     = help: the trait `TryFrom<Args>` is implemented for `query::InputParam`
[INFO] [stdout]     = help: for that trait implementation, expected `Args`, found `String`
[INFO] [stdout]     = note: required for `String` to implement `Into<query::InputParam>`
[INFO] [stdout]     = note: required for `query::InputParam` to implement `TryFrom<String>`
[INFO] [stdout] 
[INFO] [stdout] 
[INFO] [stdout] error[E0277]: the trait bound `query::InputParam: From<String>` is not satisfied
[INFO] [stdout]    --> src/query.rs:127:21
[INFO] [stdout]     |
[INFO] [stdout] 127 |         let input = InputParam::try_from(String::from("-u https://www.google.com -x /div")).expect("failed to parse input");
[INFO] [stdout]     |                     ^^^^^^^^^^ the trait `From<String>` is not implemented for `query::InputParam`
[INFO] [stdout]     |
[INFO] [stdout]     = help: the trait `TryFrom<Args>` is implemented for `query::InputParam`
[INFO] [stdout]     = help: for that trait implementation, expected `Args`, found `String`
[INFO] [stdout]     = note: required for `String` to implement `Into<query::InputParam>`
[INFO] [stdout]     = note: required for `query::InputParam` to implement `TryFrom<String>`
[INFO] [stdout] 
[INFO] [stdout] 
[INFO] [stdout] error[E0277]: the trait bound `query::InputParam: From<String>` is not satisfied
[INFO] [stdout]    --> src/query.rs:127:21
[INFO] [stdout]     |
[INFO] [stdout] 127 |         let input = InputParam::try_from(String::from("-u https://www.google.com -x /div")).expect("failed to parse input");
[INFO] [stdout]     |                     ^^^^^^^^^^ the trait `From<String>` is not implemented for `query::InputParam`
[INFO] [stdout]     |
[INFO] [stdout]     = help: the trait `TryFrom<Args>` is implemented for `query::InputParam`
[INFO] [stdout]     = help: for that trait implementation, expected `Args`, found `String`
[INFO] [stdout]     = note: required for `String` to implement `Into<query::InputParam>`
[INFO] [stdout]     = note: required for `query::InputParam` to implement `TryFrom<String>`
[INFO] [stdout] 
[INFO] [stdout] 
[INFO] [stdout] error[E0277]: the trait bound `query::InputParam: From<String>` is not satisfied
[INFO] [stdout]    --> src/query.rs:127:21
[INFO] [stdout]     |
[INFO] [stdout] 127 |         let input = InputParam::try_from(String::from("-u https://www.google.com -x /div")).expect("failed to parse input");
[INFO] [stdout]     |                     ^^^^^^^^^^^^^^^^^^^^^^^^^^^^^^^^^^^^^^^^^^^^^^^^^^^^^^^^^^^^^^^^^^^^^^^ the trait `From<String>` is not implemented for `query::InputParam`
[INFO] [stdout]     |
[INFO] [stdout]     = help: the trait `TryFrom<Args>` is implemented for `query::InputParam`
[INFO] [stdout]     = help: for that trait implementation, expected `Args`, found `String`
[INFO] [stdout]     = note: required for `String` to implement `Into<query::InputParam>`
[INFO] [stdout]     = note: required for `query::InputParam` to implement `TryFrom<String>`
[INFO] [stdout] 
[INFO] [stdout] 
[INFO] [stdout] error[E0277]: the trait bound `query::InputParam: From<String>` is not satisfied
[INFO] [stdout]    --> src/query.rs:127:21
[INFO] [stdout]     |
[INFO] [stdout] 127 |         let input = InputParam::try_from(String::from("-u https://www.google.com -x /div")).expect("failed to parse input");
[INFO] [stdout]     |                     ^^^^^^^^^^^^^^^^^^^^^^^^^^^^^^^^^^^^^^^^^^^^^^^^^^^^^^^^^^^^^^^^^^^^^^^ the trait `From<String>` is not implemented for `query::InputParam`
[INFO] [stdout]     |
[INFO] [stdout]     = help: the trait `TryFrom<Args>` is implemented for `query::InputParam`
[INFO] [stdout]     = help: for that trait implementation, expected `Args`, found `String`
[INFO] [stdout]     = note: required for `String` to implement `Into<query::InputParam>`
[INFO] [stdout]     = note: required for `query::InputParam` to implement `TryFrom<String>`
[INFO] [stdout] 
[INFO] [stdout] 
[INFO] [stdout] error: aborting due to 4 previous errors; 1 warning emitted
[INFO] [stdout] 
[INFO] [stdout] 
[INFO] [stdout] For more information about this error, try `rustc --explain E0277`.
[INFO] [stdout] 
[INFO] [stdout] error: aborting due to 4 previous errors; 1 warning emitted
[INFO] [stdout] 
[INFO] [stdout] 
[INFO] [stdout] For more information about this error, try `rustc --explain E0277`.
[INFO] [stdout] 
[INFO] [stderr] error: could not compile `hq` (lib test) due to 5 previous errors; 1 warning emitted
[INFO] [stderr] warning: build failed, waiting for other jobs to finish...
[INFO] [stderr] error: could not compile `hq` (bin "hq" test) due to 5 previous errors; 1 warning emitted
[INFO] running `Command { std: "docker" "inspect" "53a71468cdcc5c82e0d2307c54adc59794fb028e99aecfd49d4ca53f0400ae4c", kill_on_drop: false }`
[INFO] running `Command { std: "docker" "rm" "-f" "53a71468cdcc5c82e0d2307c54adc59794fb028e99aecfd49d4ca53f0400ae4c", kill_on_drop: false }`
[INFO] [stdout] 53a71468cdcc5c82e0d2307c54adc59794fb028e99aecfd49d4ca53f0400ae4c
