[INFO] cloning repository https://github.com/BennyTheDev/ord-unrecognized-even-tag-unbound-and-negative-op66-2ndinputs-regular-filtered
[INFO] running `Command { std: "git" "-c" "credential.helper=" "-c" "credential.helper=/workspace/cargo-home/bin/git-credential-null" "clone" "--bare" "https://github.com/BennyTheDev/ord-unrecognized-even-tag-unbound-and-negative-op66-2ndinputs-regular-filtered" "/workspace/cache/git-repos/https%3A%2F%2Fgithub.com%2FBennyTheDev%2Ford-unrecognized-even-tag-unbound-and-negative-op66-2ndinputs-regular-filtered", kill_on_drop: false }`
[INFO] [stderr] Cloning into bare repository '/workspace/cache/git-repos/https%3A%2F%2Fgithub.com%2FBennyTheDev%2Ford-unrecognized-even-tag-unbound-and-negative-op66-2ndinputs-regular-filtered'...
[INFO] running `Command { std: "git" "rev-parse" "HEAD", kill_on_drop: false }`
[INFO] [stdout] 7972c9bb13fe86d0012970a5d5ba96e167c99b5d
[INFO] testing BennyTheDev/ord-unrecognized-even-tag-unbound-and-negative-op66-2ndinputs-regular-filtered against 1.75.0 for beta-1.76-1
[INFO] running `Command { std: "git" "clone" "/workspace/cache/git-repos/https%3A%2F%2Fgithub.com%2FBennyTheDev%2Ford-unrecognized-even-tag-unbound-and-negative-op66-2ndinputs-regular-filtered" "/workspace/builds/worker-1-tc1/source", kill_on_drop: false }`
[INFO] [stderr] Cloning into '/workspace/builds/worker-1-tc1/source'...
[INFO] [stderr] done.
[INFO] validating manifest of git repo https://github.com/BennyTheDev/ord-unrecognized-even-tag-unbound-and-negative-op66-2ndinputs-regular-filtered on toolchain 1.75.0
[INFO] running `Command { std: CARGO_HOME="/workspace/cargo-home" RUSTUP_HOME="/workspace/rustup-home" "/workspace/cargo-home/bin/cargo" "+1.75.0" "metadata" "--manifest-path" "Cargo.toml" "--no-deps", kill_on_drop: false }`
[INFO] started tweaking git repo https://github.com/BennyTheDev/ord-unrecognized-even-tag-unbound-and-negative-op66-2ndinputs-regular-filtered
[INFO] removed 0 missing tests
[INFO] finished tweaking git repo https://github.com/BennyTheDev/ord-unrecognized-even-tag-unbound-and-negative-op66-2ndinputs-regular-filtered
[INFO] tweaked toml for git repo https://github.com/BennyTheDev/ord-unrecognized-even-tag-unbound-and-negative-op66-2ndinputs-regular-filtered written to /workspace/builds/worker-1-tc1/source/Cargo.toml
[INFO] crate git repo https://github.com/BennyTheDev/ord-unrecognized-even-tag-unbound-and-negative-op66-2ndinputs-regular-filtered already has a lockfile, it will not be regenerated
[INFO] running `Command { std: CARGO_HOME="/workspace/cargo-home" RUSTUP_HOME="/workspace/rustup-home" "/workspace/cargo-home/bin/cargo" "+1.75.0" "fetch" "--manifest-path" "Cargo.toml", kill_on_drop: false }`
[INFO] [stderr]     Updating crates.io index
[INFO] [stderr]  Downloading crates ...
[INFO] [stderr]   Downloaded ord-bitcoincore-rpc-json v0.16.5
[INFO] [stderr]   Downloaded unindent v0.2.1
[INFO] [stderr]   Downloaded atom_syndication v0.12.1
[INFO] [stderr]   Downloaded ord-bitcoincore-rpc v0.16.5
[INFO] [stderr]   Downloaded never v0.1.0
[INFO] [stderr]   Downloaded html-escaper v0.2.0
[INFO] [stderr]   Downloaded rust-embed-utils v7.5.0
[INFO] [stderr]   Downloaded executable-path v1.0.0
[INFO] [stderr]   Downloaded async-dup v1.2.2
[INFO] [stderr]   Downloaded ctrlc v3.2.5
[INFO] [stderr]   Downloaded jsonrpc v0.14.1
[INFO] [stderr]   Downloaded simple-mutex v1.1.5
[INFO] [stderr]   Downloaded serde v1.0.162
[INFO] [stderr]   Downloaded openssl v0.10.52
[INFO] [stderr]   Downloaded libc v0.2.143
[INFO] [stderr]   Downloaded rust-embed v6.6.1
[INFO] [stderr]   Downloaded miniscript v9.0.1
[INFO] [stderr]   Downloaded webpki-roots v0.23.0
[INFO] [stderr]   Downloaded rustls v0.21.1
[INFO] [stderr]   Downloaded rust-embed-impl v6.5.0
[INFO] [stderr]   Downloaded redb v0.13.0
[INFO] [stderr]   Downloaded bitcoin v0.29.2
[INFO] [stderr]   Downloaded openssl-sys v0.9.87
[INFO] [stderr]   Downloaded rustls-acme v0.7.1
[INFO] [stderr]   Downloaded axum-server v0.5.0
[INFO] [stderr]   Downloaded new_mime_guess v4.0.1
[INFO] [stderr]   Downloaded serde_derive v1.0.162
[INFO] [stderr]   Downloaded pyo3-build-config v0.18.3
[INFO] [stderr]   Downloaded async-h1 v2.3.3
[INFO] [stderr]   Downloaded tokio-rustls v0.24.0
[INFO] [stderr]   Downloaded rustls-webpki v0.100.1
[INFO] [stderr]   Downloaded diligent-date-parser v0.1.4
[INFO] [stderr]   Downloaded boilerplate v0.2.5
[INFO] [stderr]   Downloaded mp4 v0.13.0
[INFO] [stderr]   Downloaded rss v2.0.3
[INFO] [stderr]   Downloaded jsonrpc-derive v18.0.0
[INFO] [stderr]   Downloaded jsonrpc-http-server v18.0.0
[INFO] [stderr]   Downloaded jsonrpc-server-utils v18.0.0
[INFO] running `Command { std: "docker" "create" "-v" "/var/lib/crater-agent-workspace/builds/worker-1-tc1/target:/opt/rustwide/target:rw,Z" "-v" "/var/lib/crater-agent-workspace/builds/worker-1-tc1/source:/opt/rustwide/workdir:ro,Z" "-v" "/var/lib/crater-agent-workspace/cargo-home:/opt/rustwide/cargo-home:ro,Z" "-v" "/var/lib/crater-agent-workspace/rustup-home:/opt/rustwide/rustup-home:ro,Z" "-e" "SOURCE_DIR=/opt/rustwide/workdir" "-e" "CARGO_TARGET_DIR=/opt/rustwide/target" "-e" "CARGO_HOME=/opt/rustwide/cargo-home" "-e" "RUSTUP_HOME=/opt/rustwide/rustup-home" "-w" "/opt/rustwide/workdir" "-m" "1610612736" "--user" "0:0" "--network" "none" "ghcr.io/rust-lang/crates-build-env/linux@sha256:2788e3201cd34a07e3172128adcd8b3090168a8e3bcc40d7c032b9dda1df7d1c" "/opt/rustwide/cargo-home/bin/cargo" "+1.75.0" "metadata" "--no-deps" "--format-version=1", kill_on_drop: false }`
[INFO] [stdout] b1abfb4109f6bc420ccc1de0bf7bd09db7cd1c2cb3348dc08b80774fe9bc6f2f
[INFO] running `Command { std: "docker" "start" "-a" "b1abfb4109f6bc420ccc1de0bf7bd09db7cd1c2cb3348dc08b80774fe9bc6f2f", kill_on_drop: false }`
[INFO] running `Command { std: "docker" "inspect" "b1abfb4109f6bc420ccc1de0bf7bd09db7cd1c2cb3348dc08b80774fe9bc6f2f", kill_on_drop: false }`
[INFO] running `Command { std: "docker" "rm" "-f" "b1abfb4109f6bc420ccc1de0bf7bd09db7cd1c2cb3348dc08b80774fe9bc6f2f", kill_on_drop: false }`
[INFO] [stdout] b1abfb4109f6bc420ccc1de0bf7bd09db7cd1c2cb3348dc08b80774fe9bc6f2f
[INFO] running `Command { std: "docker" "create" "-v" "/var/lib/crater-agent-workspace/builds/worker-1-tc1/target:/opt/rustwide/target:rw,Z" "-v" "/var/lib/crater-agent-workspace/builds/worker-1-tc1/source:/opt/rustwide/workdir:ro,Z" "-v" "/var/lib/crater-agent-workspace/cargo-home:/opt/rustwide/cargo-home:ro,Z" "-v" "/var/lib/crater-agent-workspace/rustup-home:/opt/rustwide/rustup-home:ro,Z" "-e" "SOURCE_DIR=/opt/rustwide/workdir" "-e" "CARGO_TARGET_DIR=/opt/rustwide/target" "-e" "CARGO_INCREMENTAL=0" "-e" "RUST_BACKTRACE=full" "-e" "RUSTFLAGS=--cap-lints=warn" "-e" "RUSTDOCFLAGS=--cap-lints=warn" "-e" "CARGO_HOME=/opt/rustwide/cargo-home" "-e" "RUSTUP_HOME=/opt/rustwide/rustup-home" "-w" "/opt/rustwide/workdir" "-m" "1610612736" "--user" "0:0" "--network" "none" "ghcr.io/rust-lang/crates-build-env/linux@sha256:2788e3201cd34a07e3172128adcd8b3090168a8e3bcc40d7c032b9dda1df7d1c" "/opt/rustwide/cargo-home/bin/cargo" "+1.75.0" "build" "--frozen" "--message-format=json", kill_on_drop: false }`
[INFO] [stdout] ca56d4079b7a50e884a507f3197bb69cfa18d7c36981057a026ab39823e76605
[INFO] running `Command { std: "docker" "start" "-a" "ca56d4079b7a50e884a507f3197bb69cfa18d7c36981057a026ab39823e76605", kill_on_drop: false }`
[INFO] [stderr]    Compiling proc-macro2 v1.0.56
[INFO] [stderr]    Compiling libc v0.2.143
[INFO] [stderr]    Compiling log v0.4.17
[INFO] [stderr]    Compiling cc v1.0.79
[INFO] [stderr]    Compiling value-bag v1.0.0-alpha.9
[INFO] [stderr]    Compiling serde_derive v1.0.162
[INFO] [stderr]    Compiling serde v1.0.162
[INFO] [stderr]    Compiling crossbeam-utils v0.8.15
[INFO] [stderr]    Compiling num-traits v0.2.15
[INFO] [stderr]    Compiling io-lifetimes v1.0.10
[INFO] [stderr]    Compiling rustix v0.37.19
[INFO] [stderr]    Compiling fastrand v1.9.0
[INFO] [stderr]    Compiling tokio v1.28.0
[INFO] [stderr]    Compiling linux-raw-sys v0.3.7
[INFO] [stderr]    Compiling parking v2.1.0
[INFO] [stderr]    Compiling waker-fn v1.1.0
[INFO] [stderr]    Compiling async-lock v2.7.0
[INFO] [stderr]    Compiling futures-lite v1.13.0
[INFO] [stderr]    Compiling num-integer v0.1.45
[INFO] [stderr]    Compiling cpufeatures v0.2.7
[INFO] [stderr]    Compiling polling v2.8.0
[INFO] [stderr]    Compiling base64 v0.13.1
[INFO] [stderr]    Compiling subtle v2.4.1
[INFO] [stderr]    Compiling async-io v1.13.0
[INFO] [stderr]    Compiling spin v0.5.2
[INFO] [stderr]    Compiling strsim v0.10.0
[INFO] [stderr]    Compiling untrusted v0.7.1
[INFO] [stderr]    Compiling serde_json v1.0.96
[INFO] [stderr]    Compiling async-task v4.4.0
[INFO] [stderr]    Compiling standback v0.2.17
[INFO] [stderr]    Compiling quote v1.0.26
[INFO] [stderr]    Compiling percent-encoding v2.2.0
[INFO] [stderr]    Compiling proc-macro-hack v0.5.20+deprecated
[INFO] [stderr]    Compiling atomic-waker v1.1.1
[INFO] [stderr]    Compiling concurrent-queue v2.2.0
[INFO] [stderr]    Compiling ident_case v1.0.1
[INFO] [stderr]    Compiling cipher v0.2.5
[INFO] [stderr]    Compiling target-lexicon v0.12.7
[INFO] [stderr]    Compiling syn v1.0.109
[INFO] [stderr]    Compiling syn v2.0.15
[INFO] [stderr]    Compiling getrandom v0.1.16
[INFO] [stderr]    Compiling rustversion v1.0.12
[INFO] [stderr]    Compiling async-channel v1.8.0
[INFO] [stderr]    Compiling digest v0.10.6
[INFO] [stderr]    Compiling time v0.3.21
[INFO] [stderr]    Compiling universal-hash v0.4.1
[INFO] [stderr]    Compiling digest v0.9.0
[INFO] [stderr]    Compiling num-bigint v0.4.3
[INFO] [stderr]    Compiling unicode-xid v0.2.4
[INFO] [stderr]    Compiling cpuid-bool v0.2.0
[INFO] [stderr]    Compiling const_fn v0.4.9
[INFO] [stderr]    Compiling async-executor v1.5.1
[INFO] [stderr]    Compiling polyval v0.4.5
[INFO] [stderr]    Compiling aes-soft v0.6.4
[INFO] [stderr]    Compiling form_urlencoded v1.1.0
[INFO] [stderr]    Compiling socket2 v0.4.9
[INFO] [stderr]    Compiling num_cpus v1.15.0
[INFO] [stderr]    Compiling getrandom v0.2.9
[INFO] [stderr]    Compiling rand_core v0.6.4
[INFO] [stderr]    Compiling ring v0.16.20
[INFO] [stderr]    Compiling secp256k1-sys v0.6.1
[INFO] [stderr]    Compiling backtrace v0.3.67
[INFO] [stderr]    Compiling rand_chacha v0.3.1
[INFO] [stderr]    Compiling rand v0.8.5
[INFO] [stderr]    Compiling crypto-mac v0.10.1
[INFO] [stderr]    Compiling http-body v0.4.5
[INFO] [stderr]    Compiling time v0.2.27
[INFO] [stderr]    Compiling rustls v0.21.1
[INFO] [stderr]    Compiling gimli v0.27.2
[INFO] [stderr]    Compiling pyo3-build-config v0.18.3
[INFO] [stderr]    Compiling hmac v0.10.1
[INFO] [stderr]    Compiling rand_core v0.5.1
[INFO] [stderr]    Compiling aes v0.6.0
[INFO] [stderr]    Compiling time v0.1.45
[INFO] [stderr]    Compiling ghash v0.3.1
[INFO] [stderr]    Compiling rusticata-macros v4.1.0
[INFO] [stderr]    Compiling ctr v0.6.0
[INFO] [stderr]    Compiling miniz_oxide v0.6.2
[INFO] [stderr]    Compiling block-buffer v0.9.0
[INFO] [stderr]    Compiling aead v0.3.2
[INFO] [stderr]    Compiling object v0.30.3
[INFO] [stderr]    Compiling cookie v0.14.4
[INFO] [stderr]    Compiling signal-hook v0.3.15
[INFO] [stderr]    Compiling anyhow v1.0.71
[INFO] [stderr]    Compiling rustc-demangle v0.1.23
[INFO] [stderr]    Compiling iana-time-zone v0.1.56
[INFO] [stderr]    Compiling async-trait v0.1.68
[INFO] [stderr]    Compiling chrono v0.4.24
[INFO] [stderr]    Compiling idna v0.3.0
[INFO] [stderr]    Compiling aes-gcm v0.8.0
[INFO] [stderr]    Compiling sha2 v0.9.9
[INFO] [stderr]    Compiling hkdf v0.10.0
[INFO] [stderr]    Compiling rand_chacha v0.2.2
[INFO] [stderr]    Compiling signal-hook-registry v1.4.1
[INFO] [stderr]    Compiling async-fs v1.6.0
[INFO] [stderr]    Compiling async-process v1.7.0
[INFO] [stderr]    Compiling async-net v1.7.0
[INFO] [stderr]    Compiling same-file v1.0.6
[INFO] [stderr]    Compiling http-types v2.12.0
[INFO] [stderr]    Compiling bech32 v0.9.1
[INFO] [stderr]    Compiling oid-registry v0.4.0
[INFO] [stderr]    Compiling walkdir v2.3.3
[INFO] [stderr]    Compiling rand v0.7.3
[INFO] [stderr]    Compiling proc-macro-error-attr v1.0.4
[INFO] [stderr]    Compiling axum-core v0.3.4
[INFO] [stderr]    Compiling sha2 v0.10.6
[INFO] [stderr]    Compiling new_mime_guess v4.0.1
[INFO] [stderr]    Compiling simple-mutex v1.1.5
[INFO] [stderr]    Compiling num-rational v0.4.1
[INFO] [stderr]    Compiling infer v0.2.3
[INFO] [stderr]    Compiling base64 v0.21.0
[INFO] [stderr]    Compiling portable-atomic v0.3.19
[INFO] [stderr]    Compiling rustls-pemfile v1.0.2
[INFO] [stderr]    Compiling rust-embed-utils v7.5.0
[INFO] [stderr]    Compiling async-dup v1.2.2
[INFO] [stderr]    Compiling quick-xml v0.28.2
[INFO] [stderr]    Compiling diligent-date-parser v0.1.4
[INFO] [stderr]    Compiling axum v0.6.18
[INFO] [stderr]    Compiling yasna v0.5.2
[INFO] [stderr]    Compiling sys-info v0.9.1
[INFO] [stderr]    Compiling sha1 v0.10.5
[INFO] [stderr]    Compiling redb v0.13.0
[INFO] [stderr]    Compiling mime_guess v2.0.4
[INFO] [stderr]    Compiling pem v1.1.1
[INFO] [stderr]    Compiling headers-core v0.2.0
[INFO] [stderr]    Compiling addr2line v0.19.0
[INFO] [stderr]    Compiling aho-corasick v1.0.1
[INFO] [stderr]    Compiling option-ext v0.2.0
[INFO] [stderr]    Compiling os_str_bytes v6.5.0
[INFO] [stderr]    Compiling data-encoding v2.3.3
[INFO] [stderr]    Compiling never v0.1.0
[INFO] [stderr]    Compiling unicode-width v0.1.10
[INFO] [stderr]    Compiling regex-syntax v0.7.1
[INFO] [stderr]    Compiling arc-swap v1.6.0
[INFO] [stderr]    Compiling static_assertions v1.1.0
[INFO] [stderr]    Compiling clap_lex v0.2.4
[INFO] [stderr]    Compiling console v0.15.5
[INFO] [stderr]    Compiling nix v0.26.2
[INFO] [stderr]    Compiling dirs-sys v0.4.1
[INFO] [stderr]    Compiling rustls-webpki v0.100.1
[INFO] [stderr]    Compiling sct v0.7.0
[INFO] [stderr]    Compiling rcgen v0.10.0
[INFO] [stderr]    Compiling darling_core v0.14.4
[INFO] [stderr]    Compiling synstructure v0.12.6
[INFO] [stderr]    Compiling proc-macro-error v1.0.4
[INFO] [stderr]    Compiling webpki-roots v0.23.0
[INFO] [stderr]    Compiling headers v0.3.8
[INFO] [stderr]    Compiling is-terminal v0.4.7
[INFO] [stderr]    Compiling atty v0.2.14
[INFO] [stderr]    Compiling textwrap v0.16.0
[INFO] [stderr]    Compiling matchit v0.7.0
[INFO] [stderr]    Compiling http-range-header v0.3.0
[INFO] [stderr]    Compiling number_prefix v0.4.0
[INFO] [stderr]    Compiling unsafe-libyaml v0.2.8
[INFO] [stderr]    Compiling indicatif v0.17.3
[INFO] [stderr]    Compiling tokio-macros v2.1.0
[INFO] [stderr]    Compiling futures-macro v0.3.28
[INFO] [stderr]    Compiling thiserror-impl v1.0.40
[INFO] [stderr]    Compiling displaydoc v0.2.4
[INFO] [stderr]    Compiling ctrlc v3.2.5
[INFO] [stderr]    Compiling dirs v5.0.1
[INFO] [stderr]    Compiling tempfile v3.5.0
[INFO] [stderr]    Compiling html-escaper v0.2.0
[INFO] [stderr]    Compiling regex v1.8.1
[INFO] [stderr]    Compiling futures-util v0.3.28
[INFO] [stderr]    Compiling ctor v0.1.26
[INFO] [stderr]    Compiling darling_macro v0.14.4
[INFO] [stderr]    Compiling time-macros-impl v0.1.2
[INFO] [stderr]    Compiling asn1-rs-impl v0.1.0
[INFO] [stderr]    Compiling pin-project-internal v1.0.12
[INFO] [stderr]    Compiling thiserror v1.0.40
[INFO] [stderr]    Compiling asn1-rs-derive v0.1.0
[INFO] [stderr]    Compiling rust-embed-impl v6.5.0
[INFO] [stderr]    Compiling clap_derive v3.2.25
[INFO] [stderr]    Compiling derive_more v0.99.17
[INFO] [stderr]    Compiling time-macros v0.1.1
[INFO] [stderr]    Compiling darling v0.14.4
[INFO] [stderr]    Compiling derive_builder_core v0.12.0
[INFO] [stderr]    Compiling rust-embed v6.6.1
[INFO] [stderr]    Compiling boilerplate v0.2.5
[INFO] [stderr]    Compiling asn1-rs v0.3.1
[INFO] [stderr]    Compiling mio v0.8.6
[INFO] [stderr]    Compiling tracing v0.1.37
[INFO] [stderr]    Compiling blocking v1.3.1
[INFO] [stderr]    Compiling pin-project v1.0.12
[INFO] [stderr]    Compiling want v0.3.0
[INFO] [stderr]    Compiling async-global-executor v2.3.1
[INFO] [stderr]    Compiling kv-log-macro v1.0.7
[INFO] [stderr]    Compiling derive_builder_macro v0.12.0
[INFO] [stderr]    Compiling async-std v1.12.0
[INFO] [stderr]    Compiling der-parser v7.0.0
[INFO] [stderr]    Compiling futures-executor v0.3.28
[INFO] [stderr]    Compiling derive_builder v0.12.0
[INFO] [stderr]    Compiling atom_syndication v0.12.1
[INFO] [stderr]    Compiling x509-parser v0.13.2
[INFO] [stderr]    Compiling smol v1.3.0
[INFO] [stderr]    Compiling futures v0.3.28
[INFO] [stderr]    Compiling clap v3.2.25
[INFO] [stderr]    Compiling env_logger v0.10.0
[INFO] [stderr]    Compiling rss v2.0.3
[INFO] [stderr]    Compiling futures-rustls v0.24.0
[INFO] [stderr]    Compiling bitcoin_hashes v0.11.0
[INFO] [stderr]    Compiling serde_urlencoded v0.7.1
[INFO] [stderr]    Compiling serde_qs v0.8.5
[INFO] [stderr]    Compiling url v2.3.1
[INFO] [stderr]    Compiling serde_path_to_error v0.1.11
[INFO] [stderr]    Compiling serde_yaml v0.9.21
[INFO] [stderr]    Compiling tokio-util v0.7.8
[INFO] [stderr]    Compiling tokio-rustls v0.24.0
[INFO] [stderr]    Compiling tower v0.4.13
[INFO] [stderr]    Compiling async-compression v0.3.15
[INFO] [stderr]    Compiling tokio-stream v0.1.14
[INFO] [stderr]    Compiling secp256k1 v0.24.3
[INFO] [stderr]    Compiling bip39 v2.0.0
[INFO] [stderr]    Compiling h2 v0.3.18
[INFO] [stderr]    Compiling tower-http v0.4.0
[INFO] [stderr]    Compiling jsonrpc v0.14.1
[INFO] [stderr]    Compiling mp4 v0.13.0
[INFO] [stderr]    Compiling bitcoin v0.29.2
[INFO] [stderr]    Compiling async-h1 v2.3.3
[INFO] [stderr]    Compiling ord-bitcoincore-rpc-json v0.16.5
[INFO] [stderr]    Compiling miniscript v9.0.1
[INFO] [stderr]    Compiling hyper v0.14.26
[INFO] [stderr]    Compiling ord-bitcoincore-rpc v0.16.5
[INFO] [stderr]    Compiling axum-server v0.5.0
[INFO] [stderr]    Compiling rustls-acme v0.7.1
[INFO] [stderr]    Compiling ord v0.5.2 (/opt/rustwide/workdir)
[INFO] [stdout] warning: variant `ManuallyCursed` is never constructed
[INFO] [stdout]    --> src/inscription.rs:185:3
[INFO] [stdout]     |
[INFO] [stdout] 179 | pub(crate) enum InscriptionError {
[INFO] [stdout]     |                 ---------------- variant in this enum
[INFO] [stdout] ...
[INFO] [stdout] 185 |   ManuallyCursed(Inscription),
[INFO] [stdout]     |   ^^^^^^^^^^^^^^
[INFO] [stdout]     |
[INFO] [stdout]     = note: `InscriptionError` has a derived impl for the trait `Debug`, but this is intentionally ignored during dead code analysis
[INFO] [stdout]     = note: `#[warn(dead_code)]` on by default
[INFO] [stdout] 
[INFO] [stdout] 
[INFO] [stdout] warning: 1 warning emitted
[INFO] [stdout] 
[INFO] [stdout] 
[INFO] [stderr]     Finished dev [unoptimized + debuginfo] target(s) in 1m 53s
[INFO] running `Command { std: "docker" "inspect" "ca56d4079b7a50e884a507f3197bb69cfa18d7c36981057a026ab39823e76605", kill_on_drop: false }`
[INFO] running `Command { std: "docker" "rm" "-f" "ca56d4079b7a50e884a507f3197bb69cfa18d7c36981057a026ab39823e76605", kill_on_drop: false }`
[INFO] [stdout] ca56d4079b7a50e884a507f3197bb69cfa18d7c36981057a026ab39823e76605
[INFO] running `Command { std: "docker" "create" "-v" "/var/lib/crater-agent-workspace/builds/worker-1-tc1/target:/opt/rustwide/target:rw,Z" "-v" "/var/lib/crater-agent-workspace/builds/worker-1-tc1/source:/opt/rustwide/workdir:ro,Z" "-v" "/var/lib/crater-agent-workspace/cargo-home:/opt/rustwide/cargo-home:ro,Z" "-v" "/var/lib/crater-agent-workspace/rustup-home:/opt/rustwide/rustup-home:ro,Z" "-e" "SOURCE_DIR=/opt/rustwide/workdir" "-e" "CARGO_TARGET_DIR=/opt/rustwide/target" "-e" "CARGO_INCREMENTAL=0" "-e" "RUST_BACKTRACE=full" "-e" "RUSTFLAGS=--cap-lints=warn" "-e" "RUSTDOCFLAGS=--cap-lints=warn" "-e" "CARGO_HOME=/opt/rustwide/cargo-home" "-e" "RUSTUP_HOME=/opt/rustwide/rustup-home" "-w" "/opt/rustwide/workdir" "-m" "1610612736" "--user" "0:0" "--network" "none" "ghcr.io/rust-lang/crates-build-env/linux@sha256:2788e3201cd34a07e3172128adcd8b3090168a8e3bcc40d7c032b9dda1df7d1c" "/opt/rustwide/cargo-home/bin/cargo" "+1.75.0" "test" "--frozen" "--no-run" "--message-format=json", kill_on_drop: false }`
[INFO] [stdout] 1d01576806f1f54d89796e143c0808635d0608dda6798f8105b0d71c040db12f
[INFO] running `Command { std: "docker" "start" "-a" "1d01576806f1f54d89796e143c0808635d0608dda6798f8105b0d71c040db12f", kill_on_drop: false }`
[INFO] [stderr]    Compiling syn v1.0.109
[INFO] [stderr]    Compiling openssl-sys v0.9.87
[INFO] [stderr]    Compiling futures-executor v0.3.28
[INFO] [stderr]    Compiling foreign-types-shared v0.1.1
[INFO] [stderr]    Compiling openssl v0.10.52
[INFO] [stderr]    Compiling openssl-macros v0.1.1
[INFO] [stderr]    Compiling serde v1.0.162
[INFO] [stderr]    Compiling native-tls v0.2.11
[INFO] [stderr]    Compiling openssl-probe v0.1.5
[INFO] [stderr]    Compiling parking_lot_core v0.8.6
[INFO] [stderr]    Compiling aho-corasick v0.7.20
[INFO] [stderr]    Compiling bstr v1.4.0
[INFO] [stderr]    Compiling instant v0.1.12
[INFO] [stderr]    Compiling foreign-types v0.3.2
[INFO] [stderr]    Compiling net2 v0.2.38
[INFO] [stderr]    Compiling ipnet v2.7.2
[INFO] [stderr]    Compiling diff v0.1.13
[INFO] [stderr]    Compiling yansi v0.5.1
[INFO] [stderr]    Compiling unindent v0.2.1
[INFO] [stderr]    Compiling executable-path v1.0.0
[INFO] [stderr]    Compiling futures v0.3.28
[INFO] [stderr]    Compiling pretty_assertions v1.3.0
[INFO] [stderr]    Compiling parking_lot v0.11.2
[INFO] [stderr]    Compiling toml v0.5.11
[INFO] [stderr]    Compiling proc-macro-crate v0.1.5
[INFO] [stderr]    Compiling darling_core v0.14.4
[INFO] [stderr]    Compiling synstructure v0.12.6
[INFO] [stderr]    Compiling proc-macro-error v1.0.4
[INFO] [stderr]    Compiling ctor v0.1.26
[INFO] [stderr]    Compiling time-macros-impl v0.1.2
[INFO] [stderr]    Compiling asn1-rs-impl v0.1.0
[INFO] [stderr]    Compiling pin-project-internal v1.0.12
[INFO] [stderr]    Compiling asn1-rs-derive v0.1.0
[INFO] [stderr]    Compiling clap_derive v3.2.25
[INFO] [stderr]    Compiling rust-embed-impl v6.5.0
[INFO] [stderr]    Compiling derive_more v0.99.17
[INFO] [stderr]    Compiling jsonrpc-derive v18.0.0
[INFO] [stderr]    Compiling time-macros v0.1.1
[INFO] [stderr]    Compiling time v0.2.27
[INFO] [stderr]    Compiling asn1-rs v0.3.1
[INFO] [stderr]    Compiling value-bag v1.0.0-alpha.9
[INFO] [stderr]    Compiling rust-embed v6.6.1
[INFO] [stderr]    Compiling darling_macro v0.14.4
[INFO] [stderr]    Compiling log v0.4.17
[INFO] [stderr]    Compiling pin-project v1.0.12
[INFO] [stderr]    Compiling mio v0.8.6
[INFO] [stderr]    Compiling tracing v0.1.37
[INFO] [stderr]    Compiling polling v2.8.0
[INFO] [stderr]    Compiling want v0.3.0
[INFO] [stderr]    Compiling blocking v1.3.1
[INFO] [stderr]    Compiling rustls v0.21.1
[INFO] [stderr]    Compiling kv-log-macro v1.0.7
[INFO] [stderr]    Compiling cookie v0.14.4
[INFO] [stderr]    Compiling ord-bitcoincore-rpc v0.16.5
[INFO] [stderr]    Compiling async-io v1.13.0
[INFO] [stderr]    Compiling async-fs v1.6.0
[INFO] [stderr]    Compiling darling v0.14.4
[INFO] [stderr]    Compiling tokio v1.28.0
[INFO] [stderr]    Compiling derive_builder_core v0.12.0
[INFO] [stderr]    Compiling oid-registry v0.4.0
[INFO] [stderr]    Compiling der-parser v7.0.0
[INFO] [stderr]    Compiling globset v0.4.10
[INFO] [stderr]    Compiling jsonrpc-core v18.0.0
[INFO] [stderr]    Compiling boilerplate v0.2.5
[INFO] [stderr]    Compiling clap v3.2.25
[INFO] [stderr]    Compiling async-global-executor v2.3.1
[INFO] [stderr]    Compiling async-net v1.7.0
[INFO] [stderr]    Compiling async-process v1.7.0
[INFO] [stderr]    Compiling env_logger v0.10.0
[INFO] [stderr]    Compiling async-std v1.12.0
[INFO] [stderr]    Compiling smol v1.3.0
[INFO] [stderr]    Compiling x509-parser v0.13.2
[INFO] [stderr]    Compiling derive_builder_macro v0.12.0
[INFO] [stderr]    Compiling futures-rustls v0.24.0
[INFO] [stderr]    Compiling derive_builder v0.12.0
[INFO] [stderr]    Compiling atom_syndication v0.12.1
[INFO] [stderr]    Compiling http-types v2.12.0
[INFO] [stderr]    Compiling rss v2.0.3
[INFO] [stderr]    Compiling tokio-util v0.7.8
[INFO] [stderr]    Compiling tokio-stream v0.1.14
[INFO] [stderr]    Compiling tokio-rustls v0.24.0
[INFO] [stderr]    Compiling async-compression v0.3.15
[INFO] [stderr]    Compiling tokio-util v0.6.10
[INFO] [stderr]    Compiling tower v0.4.13
[INFO] [stderr]    Compiling tokio-native-tls v0.3.1
[INFO] [stderr]    Compiling async-h1 v2.3.3
[INFO] [stderr]    Compiling jsonrpc-server-utils v18.0.0
[INFO] [stderr]    Compiling h2 v0.3.18
[INFO] [stderr]    Compiling tower-http v0.4.0
[INFO] [stderr]    Compiling hyper v0.14.26
[INFO] [stderr]    Compiling axum-server v0.5.0
[INFO] [stderr]    Compiling hyper-tls v0.5.0
[INFO] [stderr]    Compiling axum v0.6.18
[INFO] [stderr]    Compiling jsonrpc-http-server v18.0.0
[INFO] [stderr]    Compiling reqwest v0.11.17
[INFO] [stderr]    Compiling rustls-acme v0.7.1
[INFO] [stderr]    Compiling test-bitcoincore-rpc v0.0.1 (/opt/rustwide/workdir/test-bitcoincore-rpc)
[INFO] [stderr]    Compiling ord v0.5.2 (/opt/rustwide/workdir)
[INFO] [stdout] warning: variant `ManuallyCursed` is never constructed
[INFO] [stdout]    --> src/inscription.rs:185:3
[INFO] [stdout]     |
[INFO] [stdout] 179 | pub(crate) enum InscriptionError {
[INFO] [stdout]     |                 ---------------- variant in this enum
[INFO] [stdout] ...
[INFO] [stdout] 185 |   ManuallyCursed(Inscription),
[INFO] [stdout]     |   ^^^^^^^^^^^^^^
[INFO] [stdout]     |
[INFO] [stdout]     = note: `InscriptionError` has a derived impl for the trait `Debug`, but this is intentionally ignored during dead code analysis
[INFO] [stdout]     = note: `#[warn(dead_code)]` on by default
[INFO] [stdout] 
[INFO] [stdout] 
[INFO] [stdout] error[E0061]: this function takes 3 arguments but 2 arguments were supplied
[INFO] [stdout]    --> src/test.rs:109:3
[INFO] [stdout]     |
[INFO] [stdout] 109 |   Inscription::new(Some(content_type.into()), Some(body.as_ref().into()))
[INFO] [stdout]     |   ^^^^^^^^^^^^^^^^------------------------------------------------------- an argument of type `bool` is missing
[INFO] [stdout]     |
[INFO] [stdout] note: associated function defined here
[INFO] [stdout]    --> src/inscription.rs:29:17
[INFO] [stdout]     |
[INFO] [stdout] 29  |   pub(crate) fn new(content_type: Option<Vec<u8>>, body: Option<Vec<u8>>, is_op66 : bool) -> Self {
[INFO] [stdout]     |                 ^^^ -----------------------------  ---------------------  --------------
[INFO] [stdout] help: provide the argument
[INFO] [stdout]     |
[INFO] [stdout] 109 |   Inscription::new(Some(content_type.into()), Some(body.as_ref().into()), /* bool */)
[INFO] [stdout]     |                   ~~~~~~~~~~~~~~~~~~~~~~~~~~~~~~~~~~~~~~~~~~~~~~~~~~~~~~~~~~~~~~~~~~~
[INFO] [stdout] 
[INFO] [stdout] 
[INFO] [stdout] error[E0061]: this function takes 3 arguments but 2 arguments were supplied
[INFO] [stdout]     --> src/subcommand/server.rs:2030:32
[INFO] [stdout]      |
[INFO] [stdout] 2030 |         Server::content_response(Inscription::new(
[INFO] [stdout]      |  ________________________________^^^^^^^^^^^^^^^^-
[INFO] [stdout] 2031 | |         Some("text/plain".as_bytes().to_vec()),
[INFO] [stdout] 2032 | |         None
[INFO] [stdout] 2033 | |       )),
[INFO] [stdout]      | |_______- an argument of type `bool` is missing
[INFO] [stdout]      |
[INFO] [stdout] note: associated function defined here
[INFO] [stdout]     --> src/inscription.rs:29:17
[INFO] [stdout]      |
[INFO] [stdout] 29   |   pub(crate) fn new(content_type: Option<Vec<u8>>, body: Option<Vec<u8>>, is_op66 : bool) -> Self {
[INFO] [stdout]      |                 ^^^ -----------------------------  ---------------------  --------------
[INFO] [stdout] help: provide the argument
[INFO] [stdout]      |
[INFO] [stdout] 2030 |       Server::content_response(Inscription::new(Some("text/plain".as_bytes().to_vec()), None, /* bool */)),
[INFO] [stdout]      |                                                ~~~~~~~~~~~~~~~~~~~~~~~~~~~~~~~~~~~~~~~~~~~~~~~~~~~~~~~~~~
[INFO] [stdout] 
[INFO] [stdout] 
[INFO] [stdout] error[E0061]: this function takes 3 arguments but 2 arguments were supplied
[INFO] [stdout]     --> src/subcommand/server.rs:2040:52
[INFO] [stdout]      |
[INFO] [stdout] 2040 |       let (headers, body) = Server::content_response(Inscription::new(
[INFO] [stdout]      |  ____________________________________________________^^^^^^^^^^^^^^^^-
[INFO] [stdout] 2041 | |       Some("text/plain".as_bytes().to_vec()),
[INFO] [stdout] 2042 | |       Some(vec![1, 2, 3]),
[INFO] [stdout] 2043 | |     ))
[INFO] [stdout]      | |_____- an argument of type `bool` is missing
[INFO] [stdout]      |
[INFO] [stdout] note: associated function defined here
[INFO] [stdout]     --> src/inscription.rs:29:17
[INFO] [stdout]      |
[INFO] [stdout] 29   |   pub(crate) fn new(content_type: Option<Vec<u8>>, body: Option<Vec<u8>>, is_op66 : bool) -> Self {
[INFO] [stdout]      |                 ^^^ -----------------------------  ---------------------  --------------
[INFO] [stdout] help: provide the argument
[INFO] [stdout]      |
[INFO] [stdout] 2040 |     let (headers, body) = Server::content_response(Inscription::new(Some("text/plain".as_bytes().to_vec()), Some(vec![1, 2, 3]), /* bool */))
[INFO] [stdout]      |                                                                    ~~~~~~~~~~~~~~~~~~~~~~~~~~~~~~~~~~~~~~~~~~~~~~~~~~~~~~~~~~~~~~~~~~~~~~~~~
[INFO] [stdout] 
[INFO] [stdout] 
[INFO] [stdout] error[E0061]: this function takes 3 arguments but 2 arguments were supplied
[INFO] [stdout]     --> src/subcommand/server.rs:2053:32
[INFO] [stdout]      |
[INFO] [stdout] 2053 |       Server::content_response(Inscription::new(None, Some(Vec::new()))).unwrap();
[INFO] [stdout]      |                                ^^^^^^^^^^^^^^^^------------------------ an argument of type `bool` is missing
[INFO] [stdout]      |
[INFO] [stdout] note: associated function defined here
[INFO] [stdout]     --> src/inscription.rs:29:17
[INFO] [stdout]      |
[INFO] [stdout] 29   |   pub(crate) fn new(content_type: Option<Vec<u8>>, body: Option<Vec<u8>>, is_op66 : bool) -> Self {
[INFO] [stdout]      |                 ^^^ -----------------------------  ---------------------  --------------
[INFO] [stdout] help: provide the argument
[INFO] [stdout]      |
[INFO] [stdout] 2053 |       Server::content_response(Inscription::new(None, Some(Vec::new()), /* bool */)).unwrap();
[INFO] [stdout]      |                                                ~~~~~~~~~~~~~~~~~~~~~~~~~~~~~~~~~~~~
[INFO] [stdout] 
[INFO] [stdout] 
[INFO] [stdout] error[E0061]: this function takes 3 arguments but 2 arguments were supplied
[INFO] [stdout]     --> src/subcommand/server.rs:2351:16
[INFO] [stdout]      |
[INFO] [stdout] 2351 |       witness: Inscription::new(Some("foo/bar".as_bytes().to_vec()), None).to_witness(),
[INFO] [stdout]      |                ^^^^^^^^^^^^^^^^------------------------------------------- an argument of type `bool` is missing
[INFO] [stdout]      |
[INFO] [stdout] note: associated function defined here
[INFO] [stdout]     --> src/inscription.rs:29:17
[INFO] [stdout]      |
[INFO] [stdout] 29   |   pub(crate) fn new(content_type: Option<Vec<u8>>, body: Option<Vec<u8>>, is_op66 : bool) -> Self {
[INFO] [stdout]      |                 ^^^ -----------------------------  ---------------------  --------------
[INFO] [stdout] help: provide the argument
[INFO] [stdout]      |
[INFO] [stdout] 2351 |       witness: Inscription::new(Some("foo/bar".as_bytes().to_vec()), None, /* bool */).to_witness(),
[INFO] [stdout]      |                                ~~~~~~~~~~~~~~~~~~~~~~~~~~~~~~~~~~~~~~~~~~~~~~~~~~~~~~~
[INFO] [stdout] 
[INFO] [stdout] 
[INFO] [stdout] error[E0061]: this function takes 3 arguments but 2 arguments were supplied
[INFO] [stdout]     --> src/subcommand/server.rs:2373:16
[INFO] [stdout]      |
[INFO] [stdout] 2373 |       witness: Inscription::new(Some("image/png".as_bytes().to_vec()), None).to_witness(),
[INFO] [stdout]      |                ^^^^^^^^^^^^^^^^--------------------------------------------- an argument of type `bool` is missing
[INFO] [stdout]      |
[INFO] [stdout] note: associated function defined here
[INFO] [stdout]     --> src/inscription.rs:29:17
[INFO] [stdout]      |
[INFO] [stdout] 29   |   pub(crate) fn new(content_type: Option<Vec<u8>>, body: Option<Vec<u8>>, is_op66 : bool) -> Self {
[INFO] [stdout]      |                 ^^^ -----------------------------  ---------------------  --------------
[INFO] [stdout] help: provide the argument
[INFO] [stdout]      |
[INFO] [stdout] 2373 |       witness: Inscription::new(Some("image/png".as_bytes().to_vec()), None, /* bool */).to_witness(),
[INFO] [stdout]      |                                ~~~~~~~~~~~~~~~~~~~~~~~~~~~~~~~~~~~~~~~~~~~~~~~~~~~~~~~~~
[INFO] [stdout] 
[INFO] [stdout] 
[INFO] [stdout] error: aborting due to 6 previous errors
[INFO] [stdout] 
[INFO] [stdout] 
[INFO] [stdout] For more information about this error, try `rustc --explain E0061`.
[INFO] [stdout] 
[INFO] [stderr] error: could not compile `ord` (lib test) due to 7 previous errors
[INFO] [stderr] warning: build failed, waiting for other jobs to finish...
[INFO] [stdout] warning: 1 warning emitted
[INFO] [stdout] 
[INFO] [stdout] 
[INFO] running `Command { std: "docker" "inspect" "1d01576806f1f54d89796e143c0808635d0608dda6798f8105b0d71c040db12f", kill_on_drop: false }`
[INFO] running `Command { std: "docker" "rm" "-f" "1d01576806f1f54d89796e143c0808635d0608dda6798f8105b0d71c040db12f", kill_on_drop: false }`
[INFO] [stdout] 1d01576806f1f54d89796e143c0808635d0608dda6798f8105b0d71c040db12f
[INFO] testing BennyTheDev/ord-unrecognized-even-tag-unbound-and-negative-op66-2ndinputs-regular-filtered against beta-2023-12-22 for beta-1.76-1
[INFO] running `Command { std: "git" "clone" "/workspace/cache/git-repos/https%3A%2F%2Fgithub.com%2FBennyTheDev%2Ford-unrecognized-even-tag-unbound-and-negative-op66-2ndinputs-regular-filtered" "/workspace/builds/worker-1-tc2/source", kill_on_drop: false }`
[INFO] [stderr] Cloning into '/workspace/builds/worker-1-tc2/source'...
[INFO] [stderr] done.
[INFO] validating manifest of git repo https://github.com/BennyTheDev/ord-unrecognized-even-tag-unbound-and-negative-op66-2ndinputs-regular-filtered on toolchain beta-2023-12-22
[INFO] running `Command { std: CARGO_HOME="/workspace/cargo-home" RUSTUP_HOME="/workspace/rustup-home" "/workspace/cargo-home/bin/cargo" "+beta-2023-12-22" "metadata" "--manifest-path" "Cargo.toml" "--no-deps", kill_on_drop: false }`
[INFO] started tweaking git repo https://github.com/BennyTheDev/ord-unrecognized-even-tag-unbound-and-negative-op66-2ndinputs-regular-filtered
[INFO] removed 0 missing tests
[INFO] finished tweaking git repo https://github.com/BennyTheDev/ord-unrecognized-even-tag-unbound-and-negative-op66-2ndinputs-regular-filtered
[INFO] tweaked toml for git repo https://github.com/BennyTheDev/ord-unrecognized-even-tag-unbound-and-negative-op66-2ndinputs-regular-filtered written to /workspace/builds/worker-1-tc2/source/Cargo.toml
[INFO] crate git repo https://github.com/BennyTheDev/ord-unrecognized-even-tag-unbound-and-negative-op66-2ndinputs-regular-filtered already has a lockfile, it will not be regenerated
[INFO] running `Command { std: CARGO_HOME="/workspace/cargo-home" RUSTUP_HOME="/workspace/rustup-home" "/workspace/cargo-home/bin/cargo" "+beta-2023-12-22" "fetch" "--manifest-path" "Cargo.toml", kill_on_drop: false }`
[INFO] running `Command { std: "docker" "create" "-v" "/var/lib/crater-agent-workspace/builds/worker-1-tc2/target:/opt/rustwide/target:rw,Z" "-v" "/var/lib/crater-agent-workspace/builds/worker-1-tc2/source:/opt/rustwide/workdir:ro,Z" "-v" "/var/lib/crater-agent-workspace/cargo-home:/opt/rustwide/cargo-home:ro,Z" "-v" "/var/lib/crater-agent-workspace/rustup-home:/opt/rustwide/rustup-home:ro,Z" "-e" "SOURCE_DIR=/opt/rustwide/workdir" "-e" "CARGO_TARGET_DIR=/opt/rustwide/target" "-e" "CARGO_HOME=/opt/rustwide/cargo-home" "-e" "RUSTUP_HOME=/opt/rustwide/rustup-home" "-w" "/opt/rustwide/workdir" "-m" "1610612736" "--user" "0:0" "--network" "none" "ghcr.io/rust-lang/crates-build-env/linux@sha256:2788e3201cd34a07e3172128adcd8b3090168a8e3bcc40d7c032b9dda1df7d1c" "/opt/rustwide/cargo-home/bin/cargo" "+beta-2023-12-22" "metadata" "--no-deps" "--format-version=1", kill_on_drop: false }`
[INFO] [stdout] 9b16d5289fd622289d3df7c5a8f363d4d10578c9a23a77ed8e2f271427379adb
[INFO] running `Command { std: "docker" "start" "-a" "9b16d5289fd622289d3df7c5a8f363d4d10578c9a23a77ed8e2f271427379adb", kill_on_drop: false }`
[INFO] running `Command { std: "docker" "inspect" "9b16d5289fd622289d3df7c5a8f363d4d10578c9a23a77ed8e2f271427379adb", kill_on_drop: false }`
[INFO] running `Command { std: "docker" "rm" "-f" "9b16d5289fd622289d3df7c5a8f363d4d10578c9a23a77ed8e2f271427379adb", kill_on_drop: false }`
[INFO] [stdout] 9b16d5289fd622289d3df7c5a8f363d4d10578c9a23a77ed8e2f271427379adb
[INFO] running `Command { std: "docker" "create" "-v" "/var/lib/crater-agent-workspace/builds/worker-1-tc2/target:/opt/rustwide/target:rw,Z" "-v" "/var/lib/crater-agent-workspace/builds/worker-1-tc2/source:/opt/rustwide/workdir:ro,Z" "-v" "/var/lib/crater-agent-workspace/cargo-home:/opt/rustwide/cargo-home:ro,Z" "-v" "/var/lib/crater-agent-workspace/rustup-home:/opt/rustwide/rustup-home:ro,Z" "-e" "SOURCE_DIR=/opt/rustwide/workdir" "-e" "CARGO_TARGET_DIR=/opt/rustwide/target" "-e" "CARGO_INCREMENTAL=0" "-e" "RUST_BACKTRACE=full" "-e" "RUSTFLAGS=--cap-lints=warn" "-e" "RUSTDOCFLAGS=--cap-lints=warn" "-e" "CARGO_HOME=/opt/rustwide/cargo-home" "-e" "RUSTUP_HOME=/opt/rustwide/rustup-home" "-w" "/opt/rustwide/workdir" "-m" "1610612736" "--user" "0:0" "--network" "none" "ghcr.io/rust-lang/crates-build-env/linux@sha256:2788e3201cd34a07e3172128adcd8b3090168a8e3bcc40d7c032b9dda1df7d1c" "/opt/rustwide/cargo-home/bin/cargo" "+beta-2023-12-22" "build" "--frozen" "--message-format=json", kill_on_drop: false }`
[INFO] [stdout] de099c795f959e4f8848738c82a8bb66bcf13d36b58bb062b4b2eaa1f9fd50d5
[INFO] running `Command { std: "docker" "start" "-a" "de099c795f959e4f8848738c82a8bb66bcf13d36b58bb062b4b2eaa1f9fd50d5", kill_on_drop: false }`
[INFO] [stderr]    Compiling proc-macro2 v1.0.56
[INFO] [stderr]    Compiling libc v0.2.143
[INFO] [stderr]    Compiling log v0.4.17
[INFO] [stderr]    Compiling cc v1.0.79
[INFO] [stderr]    Compiling value-bag v1.0.0-alpha.9
[INFO] [stderr]    Compiling serde_derive v1.0.162
[INFO] [stderr]    Compiling serde v1.0.162
[INFO] [stderr]    Compiling crossbeam-utils v0.8.15
[INFO] [stderr]    Compiling num-traits v0.2.15
[INFO] [stderr]    Compiling io-lifetimes v1.0.10
[INFO] [stderr]    Compiling fastrand v1.9.0
[INFO] [stderr]    Compiling rustix v0.37.19
[INFO] [stderr]    Compiling tokio v1.28.0
[INFO] [stderr]    Compiling waker-fn v1.1.0
[INFO] [stderr]    Compiling linux-raw-sys v0.3.7
[INFO] [stderr]    Compiling parking v2.1.0
[INFO] [stderr]    Compiling async-lock v2.7.0
[INFO] [stderr]    Compiling futures-lite v1.13.0
[INFO] [stderr]    Compiling num-integer v0.1.45
[INFO] [stderr]    Compiling cpufeatures v0.2.7
[INFO] [stderr]    Compiling polling v2.8.0
[INFO] [stderr]    Compiling base64 v0.13.1
[INFO] [stderr]    Compiling subtle v2.4.1
[INFO] [stderr]    Compiling async-io v1.13.0
[INFO] [stderr]    Compiling spin v0.5.2
[INFO] [stderr]    Compiling untrusted v0.7.1
[INFO] [stderr]    Compiling strsim v0.10.0
[INFO] [stderr]    Compiling serde_json v1.0.96
[INFO] [stderr]    Compiling async-task v4.4.0
[INFO] [stderr]    Compiling standback v0.2.17
[INFO] [stderr]    Compiling ident_case v1.0.1
[INFO] [stderr]    Compiling atomic-waker v1.1.1
[INFO] [stderr]    Compiling proc-macro-hack v0.5.20+deprecated
[INFO] [stderr]    Compiling percent-encoding v2.2.0
[INFO] [stderr]    Compiling cipher v0.2.5
[INFO] [stderr]    Compiling getrandom v0.1.16
[INFO] [stderr]    Compiling target-lexicon v0.12.7
[INFO] [stderr]    Compiling concurrent-queue v2.2.0
[INFO] [stderr]    Compiling rustversion v1.0.12
[INFO] [stderr]    Compiling quote v1.0.26
[INFO] [stderr]    Compiling async-channel v1.8.0
[INFO] [stderr]    Compiling digest v0.10.6
[INFO] [stderr]    Compiling time v0.3.21
[INFO] [stderr]    Compiling universal-hash v0.4.1
[INFO] [stderr]    Compiling digest v0.9.0
[INFO] [stderr]    Compiling syn v1.0.109
[INFO] [stderr]    Compiling syn v2.0.15
[INFO] [stderr]    Compiling num-bigint v0.4.3
[INFO] [stderr]    Compiling unicode-xid v0.2.4
[INFO] [stderr]    Compiling const_fn v0.4.9
[INFO] [stderr]    Compiling cpuid-bool v0.2.0
[INFO] [stderr]    Compiling async-executor v1.5.1
[INFO] [stderr]    Compiling aes-soft v0.6.4
[INFO] [stderr]    Compiling polyval v0.4.5
[INFO] [stderr]    Compiling form_urlencoded v1.1.0
[INFO] [stderr]    Compiling ring v0.16.20
[INFO] [stderr]    Compiling secp256k1-sys v0.6.1
[INFO] [stderr]    Compiling backtrace v0.3.67
[INFO] [stderr]    Compiling crypto-mac v0.10.1
[INFO] [stderr]    Compiling http-body v0.4.5
[INFO] [stderr]    Compiling time v0.2.27
[INFO] [stderr]    Compiling rustls v0.21.1
[INFO] [stderr]    Compiling gimli v0.27.2
[INFO] [stderr]    Compiling pyo3-build-config v0.18.3
[INFO] [stderr]    Compiling hmac v0.10.1
[INFO] [stderr]    Compiling socket2 v0.4.9
[INFO] [stderr]    Compiling getrandom v0.2.9
[INFO] [stderr]    Compiling num_cpus v1.15.0
[INFO] [stderr]    Compiling rand_core v0.6.4
[INFO] [stderr]    Compiling rand_core v0.5.1
[INFO] [stderr]    Compiling time v0.1.45
[INFO] [stderr]    Compiling rand_chacha v0.3.1
[INFO] [stderr]    Compiling aes v0.6.0
[INFO] [stderr]    Compiling ghash v0.3.1
[INFO] [stderr]    Compiling rusticata-macros v4.1.0
[INFO] [stderr]    Compiling ctr v0.6.0
[INFO] [stderr]    Compiling rand v0.8.5
[INFO] [stderr]    Compiling miniz_oxide v0.6.2
[INFO] [stderr]    Compiling block-buffer v0.9.0
[INFO] [stderr]    Compiling aead v0.3.2
[INFO] [stderr]    Compiling object v0.30.3
[INFO] [stderr]    Compiling cookie v0.14.4
[INFO] [stderr]    Compiling anyhow v1.0.71
[INFO] [stderr]    Compiling async-trait v0.1.68
[INFO] [stderr]    Compiling signal-hook v0.3.15
[INFO] [stderr]    Compiling iana-time-zone v0.1.56
[INFO] [stderr]    Compiling rustc-demangle v0.1.23
[INFO] [stderr]    Compiling idna v0.3.0
[INFO] [stderr]    Compiling chrono v0.4.24
[INFO] [stderr]    Compiling aes-gcm v0.8.0
[INFO] [stderr]    Compiling sha2 v0.9.9
[INFO] [stderr]    Compiling rand_chacha v0.2.2
[INFO] [stderr]    Compiling hkdf v0.10.0
[INFO] [stderr]    Compiling signal-hook-registry v1.4.1
[INFO] [stderr]    Compiling async-process v1.7.0
[INFO] [stderr]    Compiling async-fs v1.6.0
[INFO] [stderr]    Compiling async-net v1.7.0
[INFO] [stderr]    Compiling oid-registry v0.4.0
[INFO] [stderr]    Compiling same-file v1.0.6
[INFO] [stderr]    Compiling bech32 v0.9.1
[INFO] [stderr]    Compiling http-types v2.12.0
[INFO] [stderr]    Compiling walkdir v2.3.3
[INFO] [stderr]    Compiling rand v0.7.3
[INFO] [stderr]    Compiling proc-macro-error-attr v1.0.4
[INFO] [stderr]    Compiling addr2line v0.19.0
[INFO] [stderr]    Compiling axum-core v0.3.4
[INFO] [stderr]    Compiling sha2 v0.10.6
[INFO] [stderr]    Compiling new_mime_guess v4.0.1
[INFO] [stderr]    Compiling simple-mutex v1.1.5
[INFO] [stderr]    Compiling num-rational v0.4.1
[INFO] [stderr]    Compiling base64 v0.21.0
[INFO] [stderr]    Compiling infer v0.2.3
[INFO] [stderr]    Compiling portable-atomic v0.3.19
[INFO] [stderr]    Compiling rust-embed-utils v7.5.0
[INFO] [stderr]    Compiling async-dup v1.2.2
[INFO] [stderr]    Compiling quick-xml v0.28.2
[INFO] [stderr]    Compiling diligent-date-parser v0.1.4
[INFO] [stderr]    Compiling rustls-pemfile v1.0.2
[INFO] [stderr]    Compiling yasna v0.5.2
[INFO] [stderr]    Compiling axum v0.6.18
[INFO] [stderr]    Compiling sys-info v0.9.1
[INFO] [stderr]    Compiling sha1 v0.10.5
[INFO] [stderr]    Compiling mime_guess v2.0.4
[INFO] [stderr]    Compiling pem v1.1.1
[INFO] [stderr]    Compiling headers-core v0.2.0
[INFO] [stderr]    Compiling darling_core v0.14.4
[INFO] [stderr]    Compiling synstructure v0.12.6
[INFO] [stderr]    Compiling redb v0.13.0
[INFO] [stderr]    Compiling proc-macro-error v1.0.4
[INFO] [stderr]    Compiling aho-corasick v1.0.1
[INFO] [stderr]    Compiling data-encoding v2.3.3
[INFO] [stderr]    Compiling static_assertions v1.1.0
[INFO] [stderr]    Compiling arc-swap v1.6.0
[INFO] [stderr]    Compiling unicode-width v0.1.10
[INFO] [stderr]    Compiling option-ext v0.2.0
[INFO] [stderr]    Compiling os_str_bytes v6.5.0
[INFO] [stderr]    Compiling regex-syntax v0.7.1
[INFO] [stderr]    Compiling never v0.1.0
[INFO] [stderr]    Compiling clap_lex v0.2.4
[INFO] [stderr]    Compiling console v0.15.5
[INFO] [stderr]    Compiling dirs-sys v0.4.1
[INFO] [stderr]    Compiling nix v0.26.2
[INFO] [stderr]    Compiling rustls-webpki v0.100.1
[INFO] [stderr]    Compiling sct v0.7.0
[INFO] [stderr]    Compiling rcgen v0.10.0
[INFO] [stderr]    Compiling headers v0.3.8
[INFO] [stderr]    Compiling webpki-roots v0.23.0
[INFO] [stderr]    Compiling tokio-macros v2.1.0
[INFO] [stderr]    Compiling futures-macro v0.3.28
[INFO] [stderr]    Compiling thiserror-impl v1.0.40
[INFO] [stderr]    Compiling displaydoc v0.2.4
[INFO] [stderr]    Compiling is-terminal v0.4.7
[INFO] [stderr]    Compiling atty v0.2.14
[INFO] [stderr]    Compiling http-range-header v0.3.0
[INFO] [stderr]    Compiling unsafe-libyaml v0.2.8
[INFO] [stderr]    Compiling matchit v0.7.0
[INFO] [stderr]    Compiling textwrap v0.16.0
[INFO] [stderr]    Compiling number_prefix v0.4.0
[INFO] [stderr]    Compiling ctrlc v3.2.5
[INFO] [stderr]    Compiling regex v1.8.1
[INFO] [stderr]    Compiling indicatif v0.17.3
[INFO] [stderr]    Compiling dirs v5.0.1
[INFO] [stderr]    Compiling tempfile v3.5.0
[INFO] [stderr]    Compiling html-escaper v0.2.0
[INFO] [stderr]    Compiling futures-util v0.3.28
[INFO] [stderr]    Compiling ctor v0.1.26
[INFO] [stderr]    Compiling darling_macro v0.14.4
[INFO] [stderr]    Compiling time-macros-impl v0.1.2
[INFO] [stderr]    Compiling asn1-rs-derive v0.1.0
[INFO] [stderr]    Compiling asn1-rs-impl v0.1.0
[INFO] [stderr]    Compiling pin-project-internal v1.0.12
[INFO] [stderr]    Compiling clap_derive v3.2.25
[INFO] [stderr]    Compiling rust-embed-impl v6.5.0
[INFO] [stderr]    Compiling thiserror v1.0.40
[INFO] [stderr]    Compiling derive_more v0.99.17
[INFO] [stderr]    Compiling darling v0.14.4
[INFO] [stderr]    Compiling derive_builder_core v0.12.0
[INFO] [stderr]    Compiling boilerplate v0.2.5
[INFO] [stderr]    Compiling asn1-rs v0.3.1
[INFO] [stderr]    Compiling time-macros v0.1.1
[INFO] [stderr]    Compiling rust-embed v6.6.1
[INFO] [stderr]    Compiling mio v0.8.6
[INFO] [stderr]    Compiling tracing v0.1.37
[INFO] [stderr]    Compiling blocking v1.3.1
[INFO] [stderr]    Compiling pin-project v1.0.12
[INFO] [stderr]    Compiling kv-log-macro v1.0.7
[INFO] [stderr]    Compiling want v0.3.0
[INFO] [stderr]    Compiling async-global-executor v2.3.1
[INFO] [stderr]    Compiling derive_builder_macro v0.12.0
[INFO] [stderr]    Compiling der-parser v7.0.0
[INFO] [stderr]    Compiling async-std v1.12.0
[INFO] [stderr]    Compiling futures-executor v0.3.28
[INFO] [stderr]    Compiling derive_builder v0.12.0
[INFO] [stderr]    Compiling atom_syndication v0.12.1
[INFO] [stderr]    Compiling futures v0.3.28
[INFO] [stderr]    Compiling x509-parser v0.13.2
[INFO] [stderr]    Compiling clap v3.2.25
[INFO] [stderr]    Compiling env_logger v0.10.0
[INFO] [stderr]    Compiling smol v1.3.0
[INFO] [stderr]    Compiling rss v2.0.3
[INFO] [stderr]    Compiling futures-rustls v0.24.0
[INFO] [stderr]    Compiling bitcoin_hashes v0.11.0
[INFO] [stderr]    Compiling serde_urlencoded v0.7.1
[INFO] [stderr]    Compiling url v2.3.1
[INFO] [stderr]    Compiling serde_qs v0.8.5
[INFO] [stderr]    Compiling serde_path_to_error v0.1.11
[INFO] [stderr]    Compiling serde_yaml v0.9.21
[INFO] [stderr]    Compiling jsonrpc v0.14.1
[INFO] [stderr]    Compiling mp4 v0.13.0
[INFO] [stderr]    Compiling secp256k1 v0.24.3
[INFO] [stderr]    Compiling bip39 v2.0.0
[INFO] [stderr]    Compiling tokio-util v0.7.8
[INFO] [stderr]    Compiling tokio-rustls v0.24.0
[INFO] [stderr]    Compiling async-compression v0.3.15
[INFO] [stderr]    Compiling tower v0.4.13
[INFO] [stderr]    Compiling tokio-stream v0.1.14
[INFO] [stderr]    Compiling bitcoin v0.29.2
[INFO] [stderr]    Compiling h2 v0.3.18
[INFO] [stderr]    Compiling tower-http v0.4.0
[INFO] [stderr]    Compiling async-h1 v2.3.3
[INFO] [stderr]    Compiling hyper v0.14.26
[INFO] [stderr]    Compiling ord-bitcoincore-rpc-json v0.16.5
[INFO] [stderr]    Compiling miniscript v9.0.1
[INFO] [stderr]    Compiling ord-bitcoincore-rpc v0.16.5
[INFO] [stderr]    Compiling axum-server v0.5.0
[INFO] [stderr]    Compiling rustls-acme v0.7.1
[INFO] [stderr]    Compiling ord v0.5.2 (/opt/rustwide/workdir)
[INFO] [stdout] warning: variant `ManuallyCursed` is never constructed
[INFO] [stdout]    --> src/inscription.rs:185:3
[INFO] [stdout]     |
[INFO] [stdout] 179 | pub(crate) enum InscriptionError {
[INFO] [stdout]     |                 ---------------- variant in this enum
[INFO] [stdout] ...
[INFO] [stdout] 185 |   ManuallyCursed(Inscription),
[INFO] [stdout]     |   ^^^^^^^^^^^^^^
[INFO] [stdout]     |
[INFO] [stdout]     = note: `InscriptionError` has a derived impl for the trait `Debug`, but this is intentionally ignored during dead code analysis
[INFO] [stdout]     = note: `#[warn(dead_code)]` on by default
[INFO] [stdout] 
[INFO] [stdout] 
[INFO] [stdout] warning: 1 warning emitted
[INFO] [stdout] 
[INFO] [stdout] 
[INFO] [stderr]     Finished dev [unoptimized + debuginfo] target(s) in 1m 01s
[INFO] running `Command { std: "docker" "inspect" "de099c795f959e4f8848738c82a8bb66bcf13d36b58bb062b4b2eaa1f9fd50d5", kill_on_drop: false }`
[INFO] running `Command { std: "docker" "rm" "-f" "de099c795f959e4f8848738c82a8bb66bcf13d36b58bb062b4b2eaa1f9fd50d5", kill_on_drop: false }`
[INFO] [stdout] de099c795f959e4f8848738c82a8bb66bcf13d36b58bb062b4b2eaa1f9fd50d5
[INFO] running `Command { std: "docker" "create" "-v" "/var/lib/crater-agent-workspace/builds/worker-1-tc2/target:/opt/rustwide/target:rw,Z" "-v" "/var/lib/crater-agent-workspace/builds/worker-1-tc2/source:/opt/rustwide/workdir:ro,Z" "-v" "/var/lib/crater-agent-workspace/cargo-home:/opt/rustwide/cargo-home:ro,Z" "-v" "/var/lib/crater-agent-workspace/rustup-home:/opt/rustwide/rustup-home:ro,Z" "-e" "SOURCE_DIR=/opt/rustwide/workdir" "-e" "CARGO_TARGET_DIR=/opt/rustwide/target" "-e" "CARGO_INCREMENTAL=0" "-e" "RUST_BACKTRACE=full" "-e" "RUSTFLAGS=--cap-lints=warn" "-e" "RUSTDOCFLAGS=--cap-lints=warn" "-e" "CARGO_HOME=/opt/rustwide/cargo-home" "-e" "RUSTUP_HOME=/opt/rustwide/rustup-home" "-w" "/opt/rustwide/workdir" "-m" "1610612736" "--user" "0:0" "--network" "none" "ghcr.io/rust-lang/crates-build-env/linux@sha256:2788e3201cd34a07e3172128adcd8b3090168a8e3bcc40d7c032b9dda1df7d1c" "/opt/rustwide/cargo-home/bin/cargo" "+beta-2023-12-22" "test" "--frozen" "--no-run" "--message-format=json", kill_on_drop: false }`
[INFO] [stdout] 1d8580ea111f13fb83af0ffced7a4f19c0ba082df2698f6c6c6d1121bb510309
[INFO] running `Command { std: "docker" "start" "-a" "1d8580ea111f13fb83af0ffced7a4f19c0ba082df2698f6c6c6d1121bb510309", kill_on_drop: false }`
[INFO] [stderr]    Compiling syn v1.0.109
[INFO] [stderr]    Compiling openssl-sys v0.9.87
[INFO] [stderr]    Compiling futures-executor v0.3.28
[INFO] [stderr]    Compiling openssl v0.10.52
[INFO] [stderr]    Compiling foreign-types-shared v0.1.1
[INFO] [stderr]    Compiling openssl-macros v0.1.1
[INFO] [stderr]    Compiling native-tls v0.2.11
[INFO] [stderr]    Compiling serde v1.0.162
[INFO] [stderr]    Compiling openssl-probe v0.1.5
[INFO] [stderr]    Compiling parking_lot_core v0.8.6
[INFO] [stderr]    Compiling aho-corasick v0.7.20
[INFO] [stderr]    Compiling bstr v1.4.0
[INFO] [stderr]    Compiling instant v0.1.12
[INFO] [stderr]    Compiling net2 v0.2.38
[INFO] [stderr]    Compiling ipnet v2.7.2
[INFO] [stderr]    Compiling diff v0.1.13
[INFO] [stderr]    Compiling foreign-types v0.3.2
[INFO] [stderr]    Compiling yansi v0.5.1
[INFO] [stderr]    Compiling executable-path v1.0.0
[INFO] [stderr]    Compiling futures v0.3.28
[INFO] [stderr]    Compiling unindent v0.2.1
[INFO] [stderr]    Compiling pretty_assertions v1.3.0
[INFO] [stderr]    Compiling parking_lot v0.11.2
[INFO] [stderr]    Compiling toml v0.5.11
[INFO] [stderr]    Compiling darling_core v0.14.4
[INFO] [stderr]    Compiling synstructure v0.12.6
[INFO] [stderr]    Compiling proc-macro-error v1.0.4
[INFO] [stderr]    Compiling proc-macro-crate v0.1.5
[INFO] [stderr]    Compiling ctor v0.1.26
[INFO] [stderr]    Compiling time-macros-impl v0.1.2
[INFO] [stderr]    Compiling asn1-rs-derive v0.1.0
[INFO] [stderr]    Compiling pin-project-internal v1.0.12
[INFO] [stderr]    Compiling asn1-rs-impl v0.1.0
[INFO] [stderr]    Compiling clap_derive v3.2.25
[INFO] [stderr]    Compiling rust-embed-impl v6.5.0
[INFO] [stderr]    Compiling derive_more v0.99.17
[INFO] [stderr]    Compiling jsonrpc-derive v18.0.0
[INFO] [stderr]    Compiling time-macros v0.1.1
[INFO] [stderr]    Compiling time v0.2.27
[INFO] [stderr]    Compiling value-bag v1.0.0-alpha.9
[INFO] [stderr]    Compiling asn1-rs v0.3.1
[INFO] [stderr]    Compiling darling_macro v0.14.4
[INFO] [stderr]    Compiling rust-embed v6.6.1
[INFO] [stderr]    Compiling log v0.4.17
[INFO] [stderr]    Compiling mio v0.8.6
[INFO] [stderr]    Compiling tracing v0.1.37
[INFO] [stderr]    Compiling polling v2.8.0
[INFO] [stderr]    Compiling want v0.3.0
[INFO] [stderr]    Compiling async-io v1.13.0
[INFO] [stderr]    Compiling blocking v1.3.1
[INFO] [stderr]    Compiling pin-project v1.0.12
[INFO] [stderr]    Compiling tokio v1.28.0
[INFO] [stderr]    Compiling kv-log-macro v1.0.7
[INFO] [stderr]    Compiling rustls v0.21.1
[INFO] [stderr]    Compiling cookie v0.14.4
[INFO] [stderr]    Compiling darling v0.14.4
[INFO] [stderr]    Compiling derive_builder_core v0.12.0
[INFO] [stderr]    Compiling async-fs v1.6.0
[INFO] [stderr]    Compiling ord-bitcoincore-rpc v0.16.5
[INFO] [stderr]    Compiling jsonrpc-core v18.0.0
[INFO] [stderr]    Compiling globset v0.4.10
[INFO] [stderr]    Compiling boilerplate v0.2.5
[INFO] [stderr]    Compiling async-global-executor v2.3.1
[INFO] [stderr]    Compiling async-process v1.7.0
[INFO] [stderr]    Compiling async-net v1.7.0
[INFO] [stderr]    Compiling async-std v1.12.0
[INFO] [stderr]    Compiling der-parser v7.0.0
[INFO] [stderr]    Compiling oid-registry v0.4.0
[INFO] [stderr]    Compiling smol v1.3.0
[INFO] [stderr]    Compiling clap v3.2.25
[INFO] [stderr]    Compiling env_logger v0.10.0
[INFO] [stderr]    Compiling derive_builder_macro v0.12.0
[INFO] [stderr]    Compiling x509-parser v0.13.2
[INFO] [stderr]    Compiling derive_builder v0.12.0
[INFO] [stderr]    Compiling atom_syndication v0.12.1
[INFO] [stderr]    Compiling futures-rustls v0.24.0
[INFO] [stderr]    Compiling http-types v2.12.0
[INFO] [stderr]    Compiling rss v2.0.3
[INFO] [stderr]    Compiling tokio-util v0.7.8
[INFO] [stderr]    Compiling tokio-stream v0.1.14
[INFO] [stderr]    Compiling tokio-rustls v0.24.0
[INFO] [stderr]    Compiling tokio-native-tls v0.3.1
[INFO] [stderr]    Compiling async-compression v0.3.15
[INFO] [stderr]    Compiling tokio-util v0.6.10
[INFO] [stderr]    Compiling tower v0.4.13
[INFO] [stderr]    Compiling async-h1 v2.3.3
[INFO] [stderr]    Compiling jsonrpc-server-utils v18.0.0
[INFO] [stderr]    Compiling h2 v0.3.18
[INFO] [stderr]    Compiling tower-http v0.4.0
[INFO] [stderr]    Compiling hyper v0.14.26
[INFO] [stderr]    Compiling axum-server v0.5.0
[INFO] [stderr]    Compiling hyper-tls v0.5.0
[INFO] [stderr]    Compiling axum v0.6.18
[INFO] [stderr]    Compiling jsonrpc-http-server v18.0.0
[INFO] [stderr]    Compiling reqwest v0.11.17
[INFO] [stderr]    Compiling rustls-acme v0.7.1
[INFO] [stderr]    Compiling test-bitcoincore-rpc v0.0.1 (/opt/rustwide/workdir/test-bitcoincore-rpc)
[INFO] [stderr]    Compiling ord v0.5.2 (/opt/rustwide/workdir)
[INFO] [stdout] warning: variant `ManuallyCursed` is never constructed
[INFO] [stdout]    --> src/inscription.rs:185:3
[INFO] [stdout]     |
[INFO] [stdout] 179 | pub(crate) enum InscriptionError {
[INFO] [stdout]     |                 ---------------- variant in this enum
[INFO] [stdout] ...
[INFO] [stdout] 185 |   ManuallyCursed(Inscription),
[INFO] [stdout]     |   ^^^^^^^^^^^^^^
[INFO] [stdout]     |
[INFO] [stdout]     = note: `InscriptionError` has a derived impl for the trait `Debug`, but this is intentionally ignored during dead code analysis
[INFO] [stdout]     = note: `#[warn(dead_code)]` on by default
[INFO] [stdout] 
[INFO] [stdout] 
[INFO] [stdout] error[E0061]: this function takes 3 arguments but 2 arguments were supplied
[INFO] [stdout]    --> src/test.rs:109:3
[INFO] [stdout]     |
[INFO] [stdout] 109 |   Inscription::new(Some(content_type.into()), Some(body.as_ref().into()))
[INFO] [stdout]     |   ^^^^^^^^^^^^^^^^------------------------------------------------------- an argument of type `bool` is missing
[INFO] [stdout]     |
[INFO] [stdout] note: associated function defined here
[INFO] [stdout]    --> src/inscription.rs:29:17
[INFO] [stdout]     |
[INFO] [stdout] 29  |   pub(crate) fn new(content_type: Option<Vec<u8>>, body: Option<Vec<u8>>, is_op66 : bool) -> Self {
[INFO] [stdout]     |                 ^^^ -----------------------------  ---------------------  --------------
[INFO] [stdout] help: provide the argument
[INFO] [stdout]     |
[INFO] [stdout] 109 |   Inscription::new(Some(content_type.into()), Some(body.as_ref().into()), /* bool */)
[INFO] [stdout]     |                   ~~~~~~~~~~~~~~~~~~~~~~~~~~~~~~~~~~~~~~~~~~~~~~~~~~~~~~~~~~~~~~~~~~~
[INFO] [stdout] 
[INFO] [stdout] 
[INFO] [stdout] error[E0061]: this function takes 3 arguments but 2 arguments were supplied
[INFO] [stdout]     --> src/subcommand/server.rs:2030:32
[INFO] [stdout]      |
[INFO] [stdout] 2030 |         Server::content_response(Inscription::new(
[INFO] [stdout]      |  ________________________________^^^^^^^^^^^^^^^^-
[INFO] [stdout] 2031 | |         Some("text/plain".as_bytes().to_vec()),
[INFO] [stdout] 2032 | |         None
[INFO] [stdout] 2033 | |       )),
[INFO] [stdout]      | |_______- an argument of type `bool` is missing
[INFO] [stdout]      |
[INFO] [stdout] note: associated function defined here
[INFO] [stdout]     --> src/inscription.rs:29:17
[INFO] [stdout]      |
[INFO] [stdout] 29   |   pub(crate) fn new(content_type: Option<Vec<u8>>, body: Option<Vec<u8>>, is_op66 : bool) -> Self {
[INFO] [stdout]      |                 ^^^ -----------------------------  ---------------------  --------------
[INFO] [stdout] help: provide the argument
[INFO] [stdout]      |
[INFO] [stdout] 2030 |       Server::content_response(Inscription::new(Some("text/plain".as_bytes().to_vec()), None, /* bool */)),
[INFO] [stdout]      |                                                ~~~~~~~~~~~~~~~~~~~~~~~~~~~~~~~~~~~~~~~~~~~~~~~~~~~~~~~~~~
[INFO] [stdout] 
[INFO] [stdout] 
[INFO] [stdout] error[E0061]: this function takes 3 arguments but 2 arguments were supplied
[INFO] [stdout]     --> src/subcommand/server.rs:2040:52
[INFO] [stdout]      |
[INFO] [stdout] 2040 |       let (headers, body) = Server::content_response(Inscription::new(
[INFO] [stdout]      |  ____________________________________________________^^^^^^^^^^^^^^^^-
[INFO] [stdout] 2041 | |       Some("text/plain".as_bytes().to_vec()),
[INFO] [stdout] 2042 | |       Some(vec![1, 2, 3]),
[INFO] [stdout] 2043 | |     ))
[INFO] [stdout]      | |_____- an argument of type `bool` is missing
[INFO] [stdout]      |
[INFO] [stdout] note: associated function defined here
[INFO] [stdout]     --> src/inscription.rs:29:17
[INFO] [stdout]      |
[INFO] [stdout] 29   |   pub(crate) fn new(content_type: Option<Vec<u8>>, body: Option<Vec<u8>>, is_op66 : bool) -> Self {
[INFO] [stdout]      |                 ^^^ -----------------------------  ---------------------  --------------
[INFO] [stdout] help: provide the argument
[INFO] [stdout]      |
[INFO] [stdout] 2040 |     let (headers, body) = Server::content_response(Inscription::new(Some("text/plain".as_bytes().to_vec()), Some(vec![1, 2, 3]), /* bool */))
[INFO] [stdout]      |                                                                    ~~~~~~~~~~~~~~~~~~~~~~~~~~~~~~~~~~~~~~~~~~~~~~~~~~~~~~~~~~~~~~~~~~~~~~~~~
[INFO] [stdout] 
[INFO] [stdout] 
[INFO] [stdout] error[E0061]: this function takes 3 arguments but 2 arguments were supplied
[INFO] [stdout]     --> src/subcommand/server.rs:2053:32
[INFO] [stdout]      |
[INFO] [stdout] 2053 |       Server::content_response(Inscription::new(None, Some(Vec::new()))).unwrap();
[INFO] [stdout]      |                                ^^^^^^^^^^^^^^^^------------------------ an argument of type `bool` is missing
[INFO] [stdout]      |
[INFO] [stdout] note: associated function defined here
[INFO] [stdout]     --> src/inscription.rs:29:17
[INFO] [stdout]      |
[INFO] [stdout] 29   |   pub(crate) fn new(content_type: Option<Vec<u8>>, body: Option<Vec<u8>>, is_op66 : bool) -> Self {
[INFO] [stdout]      |                 ^^^ -----------------------------  ---------------------  --------------
[INFO] [stdout] help: provide the argument
[INFO] [stdout]      |
[INFO] [stdout] 2053 |       Server::content_response(Inscription::new(None, Some(Vec::new()), /* bool */)).unwrap();
[INFO] [stdout]      |                                                ~~~~~~~~~~~~~~~~~~~~~~~~~~~~~~~~~~~~
[INFO] [stdout] 
[INFO] [stdout] 
[INFO] [stdout] error[E0061]: this function takes 3 arguments but 2 arguments were supplied
[INFO] [stdout]     --> src/subcommand/server.rs:2351:16
[INFO] [stdout]      |
[INFO] [stdout] 2351 |       witness: Inscription::new(Some("foo/bar".as_bytes().to_vec()), None).to_witness(),
[INFO] [stdout]      |                ^^^^^^^^^^^^^^^^------------------------------------------- an argument of type `bool` is missing
[INFO] [stdout]      |
[INFO] [stdout] note: associated function defined here
[INFO] [stdout]     --> src/inscription.rs:29:17
[INFO] [stdout]      |
[INFO] [stdout] 29   |   pub(crate) fn new(content_type: Option<Vec<u8>>, body: Option<Vec<u8>>, is_op66 : bool) -> Self {
[INFO] [stdout]      |                 ^^^ -----------------------------  ---------------------  --------------
[INFO] [stdout] help: provide the argument
[INFO] [stdout]      |
[INFO] [stdout] 2351 |       witness: Inscription::new(Some("foo/bar".as_bytes().to_vec()), None, /* bool */).to_witness(),
[INFO] [stdout]      |                                ~~~~~~~~~~~~~~~~~~~~~~~~~~~~~~~~~~~~~~~~~~~~~~~~~~~~~~~
[INFO] [stdout] 
[INFO] [stdout] 
[INFO] [stdout] error[E0061]: this function takes 3 arguments but 2 arguments were supplied
[INFO] [stdout]     --> src/subcommand/server.rs:2373:16
[INFO] [stdout]      |
[INFO] [stdout] 2373 |       witness: Inscription::new(Some("image/png".as_bytes().to_vec()), None).to_witness(),
[INFO] [stdout]      |                ^^^^^^^^^^^^^^^^--------------------------------------------- an argument of type `bool` is missing
[INFO] [stdout]      |
[INFO] [stdout] note: associated function defined here
[INFO] [stdout]     --> src/inscription.rs:29:17
[INFO] [stdout]      |
[INFO] [stdout] 29   |   pub(crate) fn new(content_type: Option<Vec<u8>>, body: Option<Vec<u8>>, is_op66 : bool) -> Self {
[INFO] [stdout]      |                 ^^^ -----------------------------  ---------------------  --------------
[INFO] [stdout] help: provide the argument
[INFO] [stdout]      |
[INFO] [stdout] 2373 |       witness: Inscription::new(Some("image/png".as_bytes().to_vec()), None, /* bool */).to_witness(),
[INFO] [stdout]      |                                ~~~~~~~~~~~~~~~~~~~~~~~~~~~~~~~~~~~~~~~~~~~~~~~~~~~~~~~~~
[INFO] [stdout] 
[INFO] [stdout] 
[INFO] [stdout] error: aborting due to 6 previous errors
[INFO] [stdout] 
[INFO] [stdout] 
[INFO] [stdout] For more information about this error, try `rustc --explain E0061`.
[INFO] [stdout] 
[INFO] [stderr] error: could not compile `ord` (lib test) due to 7 previous errors
[INFO] [stderr] warning: build failed, waiting for other jobs to finish...
[INFO] [stdout] warning: 1 warning emitted
[INFO] [stdout] 
[INFO] [stdout] 
[INFO] running `Command { std: "docker" "inspect" "1d8580ea111f13fb83af0ffced7a4f19c0ba082df2698f6c6c6d1121bb510309", kill_on_drop: false }`
[INFO] running `Command { std: "docker" "rm" "-f" "1d8580ea111f13fb83af0ffced7a4f19c0ba082df2698f6c6c6d1121bb510309", kill_on_drop: false }`
[INFO] [stdout] 1d8580ea111f13fb83af0ffced7a4f19c0ba082df2698f6c6c6d1121bb510309
