[INFO] cloning repository https://github.com/BenBergman/robotron
[INFO] running `Command { std: "git" "-c" "credential.helper=" "-c" "credential.helper=/workspace/cargo-home/bin/git-credential-null" "clone" "--bare" "https://github.com/BenBergman/robotron" "/workspace/cache/git-repos/https%3A%2F%2Fgithub.com%2FBenBergman%2Frobotron", kill_on_drop: false }`
[INFO] [stderr] Cloning into bare repository '/workspace/cache/git-repos/https%3A%2F%2Fgithub.com%2FBenBergman%2Frobotron'...
[INFO] running `Command { std: "git" "rev-parse" "HEAD", kill_on_drop: false }`
[INFO] [stdout] aa21168af66c82c73e6504cb3b9c25a3824871dc
[INFO] testing BenBergman/robotron against 1.75.0 for beta-1.76-1
[INFO] running `Command { std: "git" "clone" "/workspace/cache/git-repos/https%3A%2F%2Fgithub.com%2FBenBergman%2Frobotron" "/workspace/builds/worker-2-tc1/source", kill_on_drop: false }`
[INFO] [stderr] Cloning into '/workspace/builds/worker-2-tc1/source'...
[INFO] [stderr] done.
[INFO] validating manifest of git repo https://github.com/BenBergman/robotron on toolchain 1.75.0
[INFO] running `Command { std: CARGO_HOME="/workspace/cargo-home" RUSTUP_HOME="/workspace/rustup-home" "/workspace/cargo-home/bin/cargo" "+1.75.0" "metadata" "--manifest-path" "Cargo.toml" "--no-deps", kill_on_drop: false }`
[INFO] started tweaking git repo https://github.com/BenBergman/robotron
[INFO] finished tweaking git repo https://github.com/BenBergman/robotron
[INFO] tweaked toml for git repo https://github.com/BenBergman/robotron written to /workspace/builds/worker-2-tc1/source/Cargo.toml
[INFO] crate git repo https://github.com/BenBergman/robotron already has a lockfile, it will not be regenerated
[INFO] running `Command { std: CARGO_HOME="/workspace/cargo-home" RUSTUP_HOME="/workspace/rustup-home" "/workspace/cargo-home/bin/cargo" "+1.75.0" "fetch" "--manifest-path" "Cargo.toml", kill_on_drop: false }`
[INFO] [stderr]     Updating git repository `https://github.com/andresilva/cask.git`
[INFO] [stderr]     Updating git repository `https://github.com/jwilm/chatbot.git`
[INFO] [stderr]     Updating crates.io index
[INFO] [stderr]  Downloading crates ...
[INFO] [stderr]   Downloaded rand v0.3.22
[INFO] [stderr]   Downloaded arrayvec v0.4.7
[INFO] [stderr]   Downloaded tokio-timer v0.2.4
[INFO] [stderr]   Downloaded hyper-native-tls v0.2.4
[INFO] [stderr]   Downloaded version_check v0.1.3
[INFO] [stderr]   Downloaded cfg-if v0.1.3
[INFO] [stderr]   Downloaded bufstream v0.1.3
[INFO] [stderr]   Downloaded dtoa v0.4.2
[INFO] [stderr]   Downloaded memchr v2.0.1
[INFO] [stderr]   Downloaded proc-macro2 v0.4.6
[INFO] [stderr]   Downloaded serde v1.0.66
[INFO] [stderr]   Downloaded regex-syntax v0.6.1
[INFO] [stderr]   Downloaded winapi v0.3.5
[INFO] [stderr]   Downloaded backtrace-sys v0.1.23
[INFO] [stderr]   Downloaded tokio v0.1.7
[INFO] [stderr]   Downloaded futures v0.1.21
[INFO] [stderr]   Downloaded unicode-normalization v0.1.7
[INFO] [stderr]   Downloaded libc v0.2.42
[INFO] [stderr]   Downloaded idna v0.1.4
[INFO] [stderr]   Downloaded utf-8 v0.7.2
[INFO] [stderr]   Downloaded crossbeam-utils v0.3.2
[INFO] [stderr]   Downloaded mio v0.6.14
[INFO] [stderr]   Downloaded reqwest v0.4.0
[INFO] [stderr]   Downloaded toml v0.4.6
[INFO] [stderr]   Downloaded serde_derive v1.0.66
[INFO] [stderr]   Downloaded syn v0.14.2
[INFO] [stderr]   Downloaded hyper v0.10.13
[INFO] [stderr]   Downloaded tungstenite v0.2.4
[INFO] [stderr]   Downloaded slack v0.18.0
[INFO] [stderr]   Downloaded byteorder v1.2.3
[INFO] [stderr]   Downloaded openssl-sys v0.9.33
[INFO] [stderr]   Downloaded url v1.7.0
[INFO] [stderr]   Downloaded regex v1.0.1
[INFO] [stderr]   Downloaded httparse v1.3.1
[INFO] [stderr]   Downloaded chrono v0.4.4
[INFO] [stderr]   Downloaded irc v0.12.8
[INFO] [stderr]   Downloaded rustc-demangle v0.1.8
[INFO] [stderr]   Downloaded serde_json v1.0.22
[INFO] [stderr]   Downloaded crossbeam-epoch v0.4.3
[INFO] [stderr]   Downloaded tokio-threadpool v0.1.4
[INFO] [stderr]   Downloaded tokio-io v0.1.7
[INFO] [stderr]   Downloaded num-traits v0.2.5
[INFO] [stderr]   Downloaded redox_syscall v0.1.40
[INFO] [stderr]   Downloaded log v0.4.2
[INFO] [stderr]   Downloaded schannel v0.1.12
[INFO] [stderr]   Downloaded security-framework v0.1.16
[INFO] [stderr]   Downloaded native-tls v0.1.5
[INFO] [stderr]   Downloaded bytes v0.4.8
[INFO] [stderr]   Downloaded aho-corasick v0.6.4
[INFO] [stderr]   Downloaded getopts v0.2.17
[INFO] [stderr]   Downloaded backtrace v0.3.8
[INFO] [stderr]   Downloaded itoa v0.4.1
[INFO] [stderr]   Downloaded crossbeam-deque v0.3.1
[INFO] [stderr]   Downloaded lazycell v0.6.0
[INFO] [stderr]   Downloaded net2 v0.2.32
[INFO] [stderr]   Downloaded slack_api v0.17.0
[INFO] [stderr]   Downloaded slab v0.4.0
[INFO] [stderr]   Downloaded tokio-tls v0.1.4
[INFO] [stderr]   Downloaded time v0.1.40
[INFO] [stderr]   Downloaded serde_urlencoded v0.4.3
[INFO] [stderr]   Downloaded thread_local v0.3.5
[INFO] [stderr]   Downloaded twox-hash v1.1.0
[INFO] [stderr]   Downloaded quote v0.6.3
[INFO] [stderr]   Downloaded tokio-tcp v0.1.0
[INFO] [stderr]   Downloaded tokio-codec v0.1.0
[INFO] [stderr]   Downloaded tokio-udp v0.1.1
[INFO] [stderr]   Downloaded tokio-reactor v0.1.2
[INFO] [stderr]   Downloaded vcpkg v0.2.4
[INFO] [stderr]   Downloaded matches v0.1.6
[INFO] [stderr]   Downloaded tokio-mockstream v1.1.0
[INFO] [stderr]   Downloaded security-framework-sys v0.1.16
[INFO] [stderr]   Downloaded tokio-fs v0.1.1
[INFO] [stderr]   Downloaded ucd-util v0.1.1
[INFO] [stderr]   Downloaded tokio-executor v0.1.2
[INFO] running `Command { std: "docker" "create" "-v" "/var/lib/crater-agent-workspace/builds/worker-2-tc1/target:/opt/rustwide/target:rw,Z" "-v" "/var/lib/crater-agent-workspace/builds/worker-2-tc1/source:/opt/rustwide/workdir:ro,Z" "-v" "/var/lib/crater-agent-workspace/cargo-home:/opt/rustwide/cargo-home:ro,Z" "-v" "/var/lib/crater-agent-workspace/rustup-home:/opt/rustwide/rustup-home:ro,Z" "-e" "SOURCE_DIR=/opt/rustwide/workdir" "-e" "CARGO_TARGET_DIR=/opt/rustwide/target" "-e" "CARGO_HOME=/opt/rustwide/cargo-home" "-e" "RUSTUP_HOME=/opt/rustwide/rustup-home" "-w" "/opt/rustwide/workdir" "-m" "1610612736" "--user" "0:0" "--network" "none" "ghcr.io/rust-lang/crates-build-env/linux@sha256:2788e3201cd34a07e3172128adcd8b3090168a8e3bcc40d7c032b9dda1df7d1c" "/opt/rustwide/cargo-home/bin/cargo" "+1.75.0" "metadata" "--no-deps" "--format-version=1", kill_on_drop: false }`
[INFO] [stdout] cd8ad4fa1661af80a2e7ec24b223d5a5102bf58695cff562bea4cfe6ebf3d2e1
[INFO] running `Command { std: "docker" "start" "-a" "cd8ad4fa1661af80a2e7ec24b223d5a5102bf58695cff562bea4cfe6ebf3d2e1", kill_on_drop: false }`
[INFO] running `Command { std: "docker" "inspect" "cd8ad4fa1661af80a2e7ec24b223d5a5102bf58695cff562bea4cfe6ebf3d2e1", kill_on_drop: false }`
[INFO] running `Command { std: "docker" "rm" "-f" "cd8ad4fa1661af80a2e7ec24b223d5a5102bf58695cff562bea4cfe6ebf3d2e1", kill_on_drop: false }`
[INFO] [stdout] cd8ad4fa1661af80a2e7ec24b223d5a5102bf58695cff562bea4cfe6ebf3d2e1
[INFO] running `Command { std: "docker" "create" "-v" "/var/lib/crater-agent-workspace/builds/worker-2-tc1/target:/opt/rustwide/target:rw,Z" "-v" "/var/lib/crater-agent-workspace/builds/worker-2-tc1/source:/opt/rustwide/workdir:ro,Z" "-v" "/var/lib/crater-agent-workspace/cargo-home:/opt/rustwide/cargo-home:ro,Z" "-v" "/var/lib/crater-agent-workspace/rustup-home:/opt/rustwide/rustup-home:ro,Z" "-e" "SOURCE_DIR=/opt/rustwide/workdir" "-e" "CARGO_TARGET_DIR=/opt/rustwide/target" "-e" "CARGO_INCREMENTAL=0" "-e" "RUST_BACKTRACE=full" "-e" "RUSTFLAGS=--cap-lints=warn" "-e" "RUSTDOCFLAGS=--cap-lints=warn" "-e" "CARGO_HOME=/opt/rustwide/cargo-home" "-e" "RUSTUP_HOME=/opt/rustwide/rustup-home" "-w" "/opt/rustwide/workdir" "-m" "1610612736" "--user" "0:0" "--network" "none" "ghcr.io/rust-lang/crates-build-env/linux@sha256:2788e3201cd34a07e3172128adcd8b3090168a8e3bcc40d7c032b9dda1df7d1c" "/opt/rustwide/cargo-home/bin/cargo" "+1.75.0" "build" "--frozen" "--message-format=json", kill_on_drop: false }`
[INFO] [stdout] 2e5fd0ca2de0409c1791e1ce14b7f6177baf1ce6e112c59b869c17a0a1a15850
[INFO] running `Command { std: "docker" "start" "-a" "2e5fd0ca2de0409c1791e1ce14b7f6177baf1ce6e112c59b869c17a0a1a15850", kill_on_drop: false }`
[INFO] [stderr]    Compiling libc v0.2.42
[INFO] [stderr]    Compiling cfg-if v0.1.3
[INFO] [stderr]    Compiling byteorder v1.2.3
[INFO] [stderr]    Compiling lazy_static v1.0.1
[INFO] [stderr]    Compiling cc v1.0.17
[INFO] [stderr]    Compiling futures v0.1.21
[INFO] [stderr]    Compiling pkg-config v0.3.11
[INFO] [stderr]    Compiling openssl v0.9.24
[INFO] [stderr]    Compiling log v0.4.2
[INFO] [stderr]    Compiling num-traits v0.2.5
[INFO] [stderr]    Compiling foreign-types-shared v0.1.1
[INFO] [stderr]    Compiling matches v0.1.6
[INFO] [stderr]    Compiling unicode-bidi v0.3.4
[INFO] [stderr]    Compiling log v0.3.9
[INFO] [stderr]    Compiling foreign-types v0.3.2
[INFO] [stderr]    Compiling bitflags v0.9.1
[INFO] [stderr]    Compiling lazy_static v0.2.11
[INFO] [stderr]    Compiling unicode-normalization v0.1.7
[INFO] [stderr]    Compiling nodrop v0.1.12
[INFO] [stderr]    Compiling arrayvec v0.4.7
[INFO] [stderr]    Compiling crossbeam-utils v0.3.2
[INFO] [stderr]    Compiling iovec v0.1.2
[INFO] [stderr]    Compiling rand v0.4.2
[INFO] [stderr]    Compiling bytes v0.4.8
[INFO] [stderr]    Compiling num_cpus v1.8.0
[INFO] [stderr]    Compiling openssl-sys v0.9.33
[INFO] [stderr]    Compiling time v0.1.40
[INFO] [stderr]    Compiling net2 v0.2.32
[INFO] [stderr]    Compiling version_check v0.1.3
[INFO] [stderr]    Compiling tokio-executor v0.1.2
[INFO] [stderr]    Compiling tokio-io v0.1.7
[INFO] [stderr]    Compiling memoffset v0.2.1
[INFO] [stderr]    Compiling percent-encoding v1.0.1
[INFO] [stderr]    Compiling slab v0.4.0
[INFO] [stderr]    Compiling lazycell v0.6.0
[INFO] [stderr]    Compiling scopeguard v0.3.3
[INFO] [stderr]    Compiling httparse v1.3.1
[INFO] [stderr]    Compiling mio v0.6.14
[INFO] [stderr]    Compiling unicase v1.4.2
[INFO] [stderr] The following warnings were emitted during compilation:
[INFO] [stderr] 
[INFO] [stderr] warning: openssl-sys@0.9.33: /opt/rustwide/target/debug/build/openssl-sys-f748f7bb9ecb32a7/out/expando.c:4:24: error: pasting "RUST_VERSION_OPENSSL_" and "(" does not give a valid preprocessing token
[INFO] [stderr] warning: openssl-sys@0.9.33:     4 | #define VERSION2(n, v) RUST_VERSION_ ## n ## _ ## v
[INFO] [stderr] warning: openssl-sys@0.9.33:       |                        ^~~~~~~~~~~~~
[INFO] [stderr] warning: openssl-sys@0.9.33: /opt/rustwide/target/debug/build/openssl-sys-f748f7bb9ecb32a7/out/expando.c:5:23: note: in expansion of macro 'VERSION2'
[INFO] [stderr] warning: openssl-sys@0.9.33:     5 | #define VERSION(n, v) VERSION2(n, v)
[INFO] [stderr] warning: openssl-sys@0.9.33:       |                       ^~~~~~~~
[INFO] [stderr] warning: openssl-sys@0.9.33: /opt/rustwide/target/debug/build/openssl-sys-f748f7bb9ecb32a7/out/expando.c:7:1: note: in expansion of macro 'VERSION'
[INFO] [stderr] warning: openssl-sys@0.9.33:     7 | VERSION(OPENSSL, OPENSSL_VERSION_NUMBER)
[INFO] [stderr] warning: openssl-sys@0.9.33:       | ^~~~~~~
[INFO] [stderr] 
[INFO] [stderr] error: failed to run custom build command for `openssl-sys v0.9.33`
[INFO] [stderr] note: To improve backtraces for build dependencies, set the CARGO_PROFILE_DEV_BUILD_OVERRIDE_DEBUG=true environment variable to enable debug information generation.
[INFO] [stderr] 
[INFO] [stderr] Caused by:
[INFO] [stderr]   process didn't exit successfully: `/opt/rustwide/target/debug/build/openssl-sys-a4304c9c757a7503/build-script-main` (exit status: 101)
[INFO] [stderr]   --- stdout
[INFO] [stderr]   cargo:rerun-if-env-changed=X86_64_UNKNOWN_LINUX_GNU_OPENSSL_LIB_DIR
[INFO] [stderr]   cargo:rerun-if-env-changed=OPENSSL_LIB_DIR
[INFO] [stderr]   cargo:rerun-if-env-changed=X86_64_UNKNOWN_LINUX_GNU_OPENSSL_INCLUDE_DIR
[INFO] [stderr]   cargo:rerun-if-env-changed=OPENSSL_INCLUDE_DIR
[INFO] [stderr]   cargo:rerun-if-env-changed=X86_64_UNKNOWN_LINUX_GNU_OPENSSL_DIR
[INFO] [stderr]   cargo:rerun-if-env-changed=OPENSSL_DIR
[INFO] [stderr]   cargo:rustc-link-lib=ssl
[INFO] [stderr]   cargo:rustc-link-lib=crypto
[INFO] [stderr]   OPT_LEVEL = Some("0")
[INFO] [stderr]   TARGET = Some("x86_64-unknown-linux-gnu")
[INFO] [stderr]   HOST = Some("x86_64-unknown-linux-gnu")
[INFO] [stderr]   TARGET = Some("x86_64-unknown-linux-gnu")
[INFO] [stderr]   TARGET = Some("x86_64-unknown-linux-gnu")
[INFO] [stderr]   HOST = Some("x86_64-unknown-linux-gnu")
[INFO] [stderr]   CC_x86_64-unknown-linux-gnu = None
[INFO] [stderr]   CC_x86_64_unknown_linux_gnu = None
[INFO] [stderr]   HOST_CC = None
[INFO] [stderr]   CC = None
[INFO] [stderr]   HOST = Some("x86_64-unknown-linux-gnu")
[INFO] [stderr]   TARGET = Some("x86_64-unknown-linux-gnu")
[INFO] [stderr]   HOST = Some("x86_64-unknown-linux-gnu")
[INFO] [stderr]   CFLAGS_x86_64-unknown-linux-gnu = None
[INFO] [stderr]   CFLAGS_x86_64_unknown_linux_gnu = None
[INFO] [stderr]   HOST_CFLAGS = None
[INFO] [stderr]   CFLAGS = None
[INFO] [stderr]   DEBUG = Some("true")
[INFO] [stderr]   running: "cc" "-O0" "-ffunction-sections" "-fdata-sections" "-fPIC" "-g" "-m64" "-Wall" "-Wextra" "-E" "/opt/rustwide/target/debug/build/openssl-sys-f748f7bb9ecb32a7/out/expando.c"
[INFO] [stderr]   cargo:warning=/opt/rustwide/target/debug/build/openssl-sys-f748f7bb9ecb32a7/out/expando.c:4:24: error: pasting "RUST_VERSION_OPENSSL_" and "(" does not give a valid preprocessing token
[INFO] [stderr]   cargo:warning=    4 | #define VERSION2(n, v) RUST_VERSION_ ## n ## _ ## v
[INFO] [stderr]   cargo:warning=      |                        ^~~~~~~~~~~~~
[INFO] [stderr]   cargo:warning=/opt/rustwide/target/debug/build/openssl-sys-f748f7bb9ecb32a7/out/expando.c:5:23: note: in expansion of macro 'VERSION2'
[INFO] [stderr]   cargo:warning=    5 | #define VERSION(n, v) VERSION2(n, v)
[INFO] [stderr]   cargo:warning=      |                       ^~~~~~~~
[INFO] [stderr]   cargo:warning=/opt/rustwide/target/debug/build/openssl-sys-f748f7bb9ecb32a7/out/expando.c:7:1: note: in expansion of macro 'VERSION'
[INFO] [stderr]   cargo:warning=    7 | VERSION(OPENSSL, OPENSSL_VERSION_NUMBER)
[INFO] [stderr]   cargo:warning=      | ^~~~~~~
[INFO] [stderr]   exit status: 1
[INFO] [stderr] 
[INFO] [stderr]   --- stderr
[INFO] [stderr]   thread 'main' panicked at /opt/rustwide/cargo-home/registry/src/index.crates.io-6f17d22bba15001f/openssl-sys-0.9.33/build/main.rs:379:13:
[INFO] [stderr] 
[INFO] [stderr]   Header expansion error:
[INFO] [stderr]   Error { kind: ToolExecError, message: "Command \"cc\" \"-O0\" \"-ffunction-sections\" \"-fdata-sections\" \"-fPIC\" \"-g\" \"-m64\" \"-Wall\" \"-Wextra\" \"-E\" \"/opt/rustwide/target/debug/build/openssl-sys-f748f7bb9ecb32a7/out/expando.c\" with args \"cc\" did not execute successfully (status code exit status: 1)." }
[INFO] [stderr] 
[INFO] [stderr]   Failed to find OpenSSL development headers.
[INFO] [stderr] 
[INFO] [stderr]   You can try fixing this setting the `OPENSSL_DIR` environment variable
[INFO] [stderr]   pointing to your OpenSSL installation or installing OpenSSL headers package
[INFO] [stderr]   specific to your distribution:
[INFO] [stderr] 
[INFO] [stderr]       # On Ubuntu
[INFO] [stderr]       sudo apt-get install libssl-dev
[INFO] [stderr]       # On Arch Linux
[INFO] [stderr]       sudo pacman -S openssl
[INFO] [stderr]       # On Fedora
[INFO] [stderr]       sudo dnf install openssl-devel
[INFO] [stderr] 
[INFO] [stderr]   See rust-openssl README for more information:
[INFO] [stderr] 
[INFO] [stderr]       https://github.com/sfackler/rust-openssl#linux
[INFO] [stderr] 
[INFO] [stderr]   stack backtrace:
[INFO] [stderr]      0:     0x55887c5360ec - std::backtrace_rs::backtrace::libunwind::trace::ha637c64ce894333a
[INFO] [stderr]                                  at /rustc/82e1608dfa6e0b5569232559e3d385fea5a93112/library/std/src/../../backtrace/src/backtrace/libunwind.rs:104:5
[INFO] [stderr]      1:     0x55887c5360ec - std::backtrace_rs::backtrace::trace_unsynchronized::h47f62dea28e0c88d
[INFO] [stderr]                                  at /rustc/82e1608dfa6e0b5569232559e3d385fea5a93112/library/std/src/../../backtrace/src/backtrace/mod.rs:66:5
[INFO] [stderr]      2:     0x55887c5360ec - std::sys_common::backtrace::_print_fmt::h9eef0abe20ede486
[INFO] [stderr]                                  at /rustc/82e1608dfa6e0b5569232559e3d385fea5a93112/library/std/src/sys_common/backtrace.rs:67:5
[INFO] [stderr]      3:     0x55887c5360ec - <std::sys_common::backtrace::_print::DisplayBacktrace as core::fmt::Display>::fmt::hed7f999df88cc644
[INFO] [stderr]                                  at /rustc/82e1608dfa6e0b5569232559e3d385fea5a93112/library/std/src/sys_common/backtrace.rs:44:22
[INFO] [stderr]      4:     0x55887c55c220 - core::fmt::rt::Argument::fmt::h1539a9308b8d058d
[INFO] [stderr]                                  at /rustc/82e1608dfa6e0b5569232559e3d385fea5a93112/library/core/src/fmt/rt.rs:142:9
[INFO] [stderr]      5:     0x55887c55c220 - core::fmt::write::h3a39390d8560d9c9
[INFO] [stderr]                                  at /rustc/82e1608dfa6e0b5569232559e3d385fea5a93112/library/core/src/fmt/mod.rs:1120:17
[INFO] [stderr]      6:     0x55887c533a2f - std::io::Write::write_fmt::h5fc9997dfe05f882
[INFO] [stderr]                                  at /rustc/82e1608dfa6e0b5569232559e3d385fea5a93112/library/std/src/io/mod.rs:1762:15
[INFO] [stderr]      7:     0x55887c535ed4 - std::sys_common::backtrace::_print::h894006fb5c6f3d45
[INFO] [stderr]                                  at /rustc/82e1608dfa6e0b5569232559e3d385fea5a93112/library/std/src/sys_common/backtrace.rs:47:5
[INFO] [stderr]      8:     0x55887c535ed4 - std::sys_common::backtrace::print::h23a2d212c6fff936
[INFO] [stderr]                                  at /rustc/82e1608dfa6e0b5569232559e3d385fea5a93112/library/std/src/sys_common/backtrace.rs:34:9
[INFO] [stderr]      9:     0x55887c5376e7 - std::panicking::default_hook::{{closure}}::h8a1d2ee00185001a
[INFO] [stderr]     10:     0x55887c53744f - std::panicking::default_hook::h6038f2eba384e475
[INFO] [stderr]                                  at /rustc/82e1608dfa6e0b5569232559e3d385fea5a93112/library/std/src/panicking.rs:292:9
[INFO] [stderr]     11:     0x55887c537b68 - std::panicking::rust_panic_with_hook::h2b5517d590cab22e
[INFO] [stderr]                                  at /rustc/82e1608dfa6e0b5569232559e3d385fea5a93112/library/std/src/panicking.rs:779:13
[INFO] [stderr]     12:     0x55887c537a4e - std::panicking::begin_panic_handler::{{closure}}::h233112c06e0ef43e
[INFO] [stderr]                                  at /rustc/82e1608dfa6e0b5569232559e3d385fea5a93112/library/std/src/panicking.rs:657:13
[INFO] [stderr]     13:     0x55887c5365b6 - std::sys_common::backtrace::__rust_end_short_backtrace::h6e893f24d7ebbff8
[INFO] [stderr]                                  at /rustc/82e1608dfa6e0b5569232559e3d385fea5a93112/library/std/src/sys_common/backtrace.rs:170:18
[INFO] [stderr]     14:     0x55887c5377b2 - rust_begin_unwind
[INFO] [stderr]                                  at /rustc/82e1608dfa6e0b5569232559e3d385fea5a93112/library/std/src/panicking.rs:645:5
[INFO] [stderr]     15:     0x55887c4ba685 - core::panicking::panic_fmt::hbf0e066aabfa482c
[INFO] [stderr]                                  at /rustc/82e1608dfa6e0b5569232559e3d385fea5a93112/library/core/src/panicking.rs:72:14
[INFO] [stderr]     16:     0x55887c4c312f - build_script_main::validate_headers::h977215fc161bc1b3
[INFO] [stderr]     17:     0x55887c4c18ff - build_script_main::try_pkg_config::he34f8c1dcceba917
[INFO] [stderr]     18:     0x55887c4c07c4 - build_script_main::find_openssl_dir::h8c286a800d1121d0
[INFO] [stderr]     19:     0x55887c4c0638 - build_script_main::main::{{closure}}::h95b83fc843043f77
[INFO] [stderr]     20:     0x55887c4bc9d9 - core::option::Option<T>::unwrap_or_else::h380e857dfbf24448
[INFO] [stderr]     21:     0x55887c4bf6f1 - build_script_main::main::h37cc54214b91f7a3
[INFO] [stderr]     22:     0x55887c4bbf33 - core::ops::function::FnOnce::call_once::h70107c0b05de6168
[INFO] [stderr]     23:     0x55887c4c4ba6 - std::sys_common::backtrace::__rust_begin_short_backtrace::hb4423216f3c48f76
[INFO] [stderr]     24:     0x55887c4bba39 - std::rt::lang_start::{{closure}}::h963f959219821e5c
[INFO] [stderr]     25:     0x55887c52ff77 - core::ops::function::impls::<impl core::ops::function::FnOnce<A> for &F>::call_once::hd95060ecd5e1ca24
[INFO] [stderr]                                  at /rustc/82e1608dfa6e0b5569232559e3d385fea5a93112/library/core/src/ops/function.rs:284:13
[INFO] [stderr]     26:     0x55887c52ff77 - std::panicking::try::do_call::h6e8cf51db32a6e4b
[INFO] [stderr]                                  at /rustc/82e1608dfa6e0b5569232559e3d385fea5a93112/library/std/src/panicking.rs:552:40
[INFO] [stderr]     27:     0x55887c52ff77 - std::panicking::try::h3a52eefe24fe3c29
[INFO] [stderr]                                  at /rustc/82e1608dfa6e0b5569232559e3d385fea5a93112/library/std/src/panicking.rs:516:19
[INFO] [stderr]     28:     0x55887c52ff77 - std::panic::catch_unwind::h24c28c23c02c3841
[INFO] [stderr]                                  at /rustc/82e1608dfa6e0b5569232559e3d385fea5a93112/library/std/src/panic.rs:142:14
[INFO] [stderr]     29:     0x55887c52ff77 - std::rt::lang_start_internal::{{closure}}::h705d3c9cbc06ef47
[INFO] [stderr]                                  at /rustc/82e1608dfa6e0b5569232559e3d385fea5a93112/library/std/src/rt.rs:148:48
[INFO] [stderr]     30:     0x55887c52ff77 - std::panicking::try::do_call::ha21f52ba13158470
[INFO] [stderr]                                  at /rustc/82e1608dfa6e0b5569232559e3d385fea5a93112/library/std/src/panicking.rs:552:40
[INFO] [stderr]     31:     0x55887c52ff77 - std::panicking::try::h5581346bf6aeb1f8
[INFO] [stderr]                                  at /rustc/82e1608dfa6e0b5569232559e3d385fea5a93112/library/std/src/panicking.rs:516:19
[INFO] [stderr]     32:     0x55887c52ff77 - std::panic::catch_unwind::h7919645a6b72e25b
[INFO] [stderr]                                  at /rustc/82e1608dfa6e0b5569232559e3d385fea5a93112/library/std/src/panic.rs:142:14
[INFO] [stderr]     33:     0x55887c52ff77 - std::rt::lang_start_internal::h12de51168669836e
[INFO] [stderr]                                  at /rustc/82e1608dfa6e0b5569232559e3d385fea5a93112/library/std/src/rt.rs:148:20
[INFO] [stderr]     34:     0x55887c4bba17 - std::rt::lang_start::h5424a5aa08bbf9ea
[INFO] [stderr]     35:     0x55887c4c4335 - main
[INFO] [stderr]     36:     0x7f45cd17cd90 - <unknown>
[INFO] [stderr]     37:     0x7f45cd17ce40 - __libc_start_main
[INFO] [stderr]     38:     0x55887c4bae95 - _start
[INFO] [stderr]     39:                0x0 - <unknown>
[INFO] [stderr] warning: build failed, waiting for other jobs to finish...
[INFO] running `Command { std: "docker" "inspect" "2e5fd0ca2de0409c1791e1ce14b7f6177baf1ce6e112c59b869c17a0a1a15850", kill_on_drop: false }`
[INFO] running `Command { std: "docker" "rm" "-f" "2e5fd0ca2de0409c1791e1ce14b7f6177baf1ce6e112c59b869c17a0a1a15850", kill_on_drop: false }`
[INFO] [stdout] 2e5fd0ca2de0409c1791e1ce14b7f6177baf1ce6e112c59b869c17a0a1a15850
[INFO] testing BenBergman/robotron against beta-2023-12-22 for beta-1.76-1
[INFO] running `Command { std: "git" "clone" "/workspace/cache/git-repos/https%3A%2F%2Fgithub.com%2FBenBergman%2Frobotron" "/workspace/builds/worker-2-tc2/source", kill_on_drop: false }`
[INFO] [stderr] Cloning into '/workspace/builds/worker-2-tc2/source'...
[INFO] [stderr] done.
[INFO] validating manifest of git repo https://github.com/BenBergman/robotron on toolchain beta-2023-12-22
[INFO] running `Command { std: CARGO_HOME="/workspace/cargo-home" RUSTUP_HOME="/workspace/rustup-home" "/workspace/cargo-home/bin/cargo" "+beta-2023-12-22" "metadata" "--manifest-path" "Cargo.toml" "--no-deps", kill_on_drop: false }`
[INFO] started tweaking git repo https://github.com/BenBergman/robotron
[INFO] finished tweaking git repo https://github.com/BenBergman/robotron
[INFO] tweaked toml for git repo https://github.com/BenBergman/robotron written to /workspace/builds/worker-2-tc2/source/Cargo.toml
[INFO] crate git repo https://github.com/BenBergman/robotron already has a lockfile, it will not be regenerated
[INFO] running `Command { std: CARGO_HOME="/workspace/cargo-home" RUSTUP_HOME="/workspace/rustup-home" "/workspace/cargo-home/bin/cargo" "+beta-2023-12-22" "fetch" "--manifest-path" "Cargo.toml", kill_on_drop: false }`
[INFO] running `Command { std: "docker" "create" "-v" "/var/lib/crater-agent-workspace/builds/worker-2-tc2/target:/opt/rustwide/target:rw,Z" "-v" "/var/lib/crater-agent-workspace/builds/worker-2-tc2/source:/opt/rustwide/workdir:ro,Z" "-v" "/var/lib/crater-agent-workspace/cargo-home:/opt/rustwide/cargo-home:ro,Z" "-v" "/var/lib/crater-agent-workspace/rustup-home:/opt/rustwide/rustup-home:ro,Z" "-e" "SOURCE_DIR=/opt/rustwide/workdir" "-e" "CARGO_TARGET_DIR=/opt/rustwide/target" "-e" "CARGO_HOME=/opt/rustwide/cargo-home" "-e" "RUSTUP_HOME=/opt/rustwide/rustup-home" "-w" "/opt/rustwide/workdir" "-m" "1610612736" "--user" "0:0" "--network" "none" "ghcr.io/rust-lang/crates-build-env/linux@sha256:2788e3201cd34a07e3172128adcd8b3090168a8e3bcc40d7c032b9dda1df7d1c" "/opt/rustwide/cargo-home/bin/cargo" "+beta-2023-12-22" "metadata" "--no-deps" "--format-version=1", kill_on_drop: false }`
[INFO] [stdout] 9d2c2a6b30ab8fc68aba3793094cfe5220700090fdbda2ed80d08ebd861c9185
[INFO] running `Command { std: "docker" "start" "-a" "9d2c2a6b30ab8fc68aba3793094cfe5220700090fdbda2ed80d08ebd861c9185", kill_on_drop: false }`
[INFO] running `Command { std: "docker" "inspect" "9d2c2a6b30ab8fc68aba3793094cfe5220700090fdbda2ed80d08ebd861c9185", kill_on_drop: false }`
[INFO] running `Command { std: "docker" "rm" "-f" "9d2c2a6b30ab8fc68aba3793094cfe5220700090fdbda2ed80d08ebd861c9185", kill_on_drop: false }`
[INFO] [stdout] 9d2c2a6b30ab8fc68aba3793094cfe5220700090fdbda2ed80d08ebd861c9185
[INFO] running `Command { std: "docker" "create" "-v" "/var/lib/crater-agent-workspace/builds/worker-2-tc2/target:/opt/rustwide/target:rw,Z" "-v" "/var/lib/crater-agent-workspace/builds/worker-2-tc2/source:/opt/rustwide/workdir:ro,Z" "-v" "/var/lib/crater-agent-workspace/cargo-home:/opt/rustwide/cargo-home:ro,Z" "-v" "/var/lib/crater-agent-workspace/rustup-home:/opt/rustwide/rustup-home:ro,Z" "-e" "SOURCE_DIR=/opt/rustwide/workdir" "-e" "CARGO_TARGET_DIR=/opt/rustwide/target" "-e" "CARGO_INCREMENTAL=0" "-e" "RUST_BACKTRACE=full" "-e" "RUSTFLAGS=--cap-lints=warn" "-e" "RUSTDOCFLAGS=--cap-lints=warn" "-e" "CARGO_HOME=/opt/rustwide/cargo-home" "-e" "RUSTUP_HOME=/opt/rustwide/rustup-home" "-w" "/opt/rustwide/workdir" "-m" "1610612736" "--user" "0:0" "--network" "none" "ghcr.io/rust-lang/crates-build-env/linux@sha256:2788e3201cd34a07e3172128adcd8b3090168a8e3bcc40d7c032b9dda1df7d1c" "/opt/rustwide/cargo-home/bin/cargo" "+beta-2023-12-22" "build" "--frozen" "--message-format=json", kill_on_drop: false }`
[INFO] [stdout] 03049873672b43f00977dd70ea1709fae0549a7017331349451f7abe8b6b5dcf
[INFO] running `Command { std: "docker" "start" "-a" "03049873672b43f00977dd70ea1709fae0549a7017331349451f7abe8b6b5dcf", kill_on_drop: false }`
[INFO] [stderr]    Compiling libc v0.2.42
[INFO] [stderr]    Compiling cfg-if v0.1.3
[INFO] [stderr]    Compiling byteorder v1.2.3
[INFO] [stderr]    Compiling lazy_static v1.0.1
[INFO] [stderr]    Compiling cc v1.0.17
[INFO] [stderr]    Compiling futures v0.1.21
[INFO] [stderr]    Compiling pkg-config v0.3.11
[INFO] [stderr]    Compiling matches v0.1.6
[INFO] [stderr]    Compiling foreign-types-shared v0.1.1
[INFO] [stderr]    Compiling log v0.4.2
[INFO] [stderr]    Compiling openssl v0.9.24
[INFO] [stderr]    Compiling num-traits v0.2.5
[INFO] [stderr]    Compiling log v0.3.9
[INFO] [stderr]    Compiling foreign-types v0.3.2
[INFO] [stderr]    Compiling unicode-bidi v0.3.4
[INFO] [stderr]    Compiling unicode-normalization v0.1.7
[INFO] [stderr]    Compiling iovec v0.1.2
[INFO] [stderr]    Compiling num_cpus v1.8.0
[INFO] [stderr]    Compiling bytes v0.4.8
[INFO] [stderr]    Compiling rand v0.4.2
[INFO] [stderr]    Compiling bitflags v0.9.1
[INFO] [stderr]    Compiling nodrop v0.1.12
[INFO] [stderr]    Compiling lazy_static v0.2.11
[INFO] [stderr]    Compiling arrayvec v0.4.7
[INFO] [stderr]    Compiling openssl-sys v0.9.33
[INFO] [stderr]    Compiling time v0.1.40
[INFO] [stderr]    Compiling net2 v0.2.32
[INFO] [stderr]    Compiling crossbeam-utils v0.3.2
[INFO] [stderr]    Compiling memoffset v0.2.1
[INFO] [stderr]    Compiling slab v0.4.0
[INFO] [stderr]    Compiling tokio-executor v0.1.2
[INFO] [stderr]    Compiling tokio-io v0.1.7
[INFO] [stderr] The following warnings were emitted during compilation:
[INFO] [stderr] 
[INFO] [stderr] warning: openssl-sys@0.9.33: /opt/rustwide/target/debug/build/openssl-sys-c7f1476665d74797/out/expando.c:4:24: error: pasting "RUST_VERSION_OPENSSL_" and "(" does not give a valid preprocessing token
[INFO] [stderr] warning: openssl-sys@0.9.33:     4 | #define VERSION2(n, v) RUST_VERSION_ ## n ## _ ## v
[INFO] [stderr] warning: openssl-sys@0.9.33:       |                        ^~~~~~~~~~~~~
[INFO] [stderr] warning: openssl-sys@0.9.33: /opt/rustwide/target/debug/build/openssl-sys-c7f1476665d74797/out/expando.c:5:23: note: in expansion of macro 'VERSION2'
[INFO] [stderr] warning: openssl-sys@0.9.33:     5 | #define VERSION(n, v) VERSION2(n, v)
[INFO] [stderr] warning: openssl-sys@0.9.33:       |                       ^~~~~~~~
[INFO] [stderr] warning: openssl-sys@0.9.33: /opt/rustwide/target/debug/build/openssl-sys-c7f1476665d74797/out/expando.c:7:1: note: in expansion of macro 'VERSION'
[INFO] [stderr] warning: openssl-sys@0.9.33:     7 | VERSION(OPENSSL, OPENSSL_VERSION_NUMBER)
[INFO] [stderr] warning: openssl-sys@0.9.33:       | ^~~~~~~
[INFO] [stderr] 
[INFO] [stderr] error: failed to run custom build command for `openssl-sys v0.9.33`
[INFO] [stderr] note: To improve backtraces for build dependencies, set the CARGO_PROFILE_DEV_BUILD_OVERRIDE_DEBUG=true environment variable to enable debug information generation.
[INFO] [stderr] 
[INFO] [stderr] Caused by:
[INFO] [stderr]   process didn't exit successfully: `/opt/rustwide/target/debug/build/openssl-sys-ad30d83925e082c6/build-script-main` (exit status: 101)
[INFO] [stderr]   --- stdout
[INFO] [stderr]   cargo:rerun-if-env-changed=X86_64_UNKNOWN_LINUX_GNU_OPENSSL_LIB_DIR
[INFO] [stderr]   cargo:rerun-if-env-changed=OPENSSL_LIB_DIR
[INFO] [stderr]   cargo:rerun-if-env-changed=X86_64_UNKNOWN_LINUX_GNU_OPENSSL_INCLUDE_DIR
[INFO] [stderr]   cargo:rerun-if-env-changed=OPENSSL_INCLUDE_DIR
[INFO] [stderr]   cargo:rerun-if-env-changed=X86_64_UNKNOWN_LINUX_GNU_OPENSSL_DIR
[INFO] [stderr]   cargo:rerun-if-env-changed=OPENSSL_DIR
[INFO] [stderr]   cargo:rustc-link-lib=ssl
[INFO] [stderr]   cargo:rustc-link-lib=crypto
[INFO] [stderr]   OPT_LEVEL = Some("0")
[INFO] [stderr]   TARGET = Some("x86_64-unknown-linux-gnu")
[INFO] [stderr]   HOST = Some("x86_64-unknown-linux-gnu")
[INFO] [stderr]   TARGET = Some("x86_64-unknown-linux-gnu")
[INFO] [stderr]   TARGET = Some("x86_64-unknown-linux-gnu")
[INFO] [stderr]   HOST = Some("x86_64-unknown-linux-gnu")
[INFO] [stderr]   CC_x86_64-unknown-linux-gnu = None
[INFO] [stderr]   CC_x86_64_unknown_linux_gnu = None
[INFO] [stderr]   HOST_CC = None
[INFO] [stderr]   CC = None
[INFO] [stderr]   HOST = Some("x86_64-unknown-linux-gnu")
[INFO] [stderr]   TARGET = Some("x86_64-unknown-linux-gnu")
[INFO] [stderr]   HOST = Some("x86_64-unknown-linux-gnu")
[INFO] [stderr]   CFLAGS_x86_64-unknown-linux-gnu = None
[INFO] [stderr]   CFLAGS_x86_64_unknown_linux_gnu = None
[INFO] [stderr]   HOST_CFLAGS = None
[INFO] [stderr]   CFLAGS = None
[INFO] [stderr]   DEBUG = Some("true")
[INFO] [stderr]   running: "cc" "-O0" "-ffunction-sections" "-fdata-sections" "-fPIC" "-g" "-m64" "-Wall" "-Wextra" "-E" "/opt/rustwide/target/debug/build/openssl-sys-c7f1476665d74797/out/expando.c"
[INFO] [stderr]   cargo:warning=/opt/rustwide/target/debug/build/openssl-sys-c7f1476665d74797/out/expando.c:4:24: error: pasting "RUST_VERSION_OPENSSL_" and "(" does not give a valid preprocessing token
[INFO] [stderr]   cargo:warning=    4 | #define VERSION2(n, v) RUST_VERSION_ ## n ## _ ## v
[INFO] [stderr]   cargo:warning=      |                        ^~~~~~~~~~~~~
[INFO] [stderr]   cargo:warning=/opt/rustwide/target/debug/build/openssl-sys-c7f1476665d74797/out/expando.c:5:23: note: in expansion of macro 'VERSION2'
[INFO] [stderr]   cargo:warning=    5 | #define VERSION(n, v) VERSION2(n, v)
[INFO] [stderr]   cargo:warning=      |                       ^~~~~~~~
[INFO] [stderr]   cargo:warning=/opt/rustwide/target/debug/build/openssl-sys-c7f1476665d74797/out/expando.c:7:1: note: in expansion of macro 'VERSION'
[INFO] [stderr]   cargo:warning=    7 | VERSION(OPENSSL, OPENSSL_VERSION_NUMBER)
[INFO] [stderr]   cargo:warning=      | ^~~~~~~
[INFO] [stderr]   exit status: 1
[INFO] [stderr] 
[INFO] [stderr]   --- stderr
[INFO] [stderr]   thread 'main' panicked at /opt/rustwide/cargo-home/registry/src/index.crates.io-6f17d22bba15001f/openssl-sys-0.9.33/build/main.rs:379:13:
[INFO] [stderr] 
[INFO] [stderr]   Header expansion error:
[INFO] [stderr]   Error { kind: ToolExecError, message: "Command \"cc\" \"-O0\" \"-ffunction-sections\" \"-fdata-sections\" \"-fPIC\" \"-g\" \"-m64\" \"-Wall\" \"-Wextra\" \"-E\" \"/opt/rustwide/target/debug/build/openssl-sys-c7f1476665d74797/out/expando.c\" with args \"cc\" did not execute successfully (status code exit status: 1)." }
[INFO] [stderr] 
[INFO] [stderr]   Failed to find OpenSSL development headers.
[INFO] [stderr] 
[INFO] [stderr]   You can try fixing this setting the `OPENSSL_DIR` environment variable
[INFO] [stderr]   pointing to your OpenSSL installation or installing OpenSSL headers package
[INFO] [stderr]   specific to your distribution:
[INFO] [stderr] 
[INFO] [stderr]       # On Ubuntu
[INFO] [stderr]       sudo apt-get install libssl-dev
[INFO] [stderr]       # On Arch Linux
[INFO] [stderr]       sudo pacman -S openssl
[INFO] [stderr]       # On Fedora
[INFO] [stderr]       sudo dnf install openssl-devel
[INFO] [stderr] 
[INFO] [stderr]   See rust-openssl README for more information:
[INFO] [stderr] 
[INFO] [stderr]       https://github.com/sfackler/rust-openssl#linux
[INFO] [stderr] 
[INFO] [stderr]   stack backtrace:
[INFO] [stderr]      0:     0x55b35de2ccc6 - std::backtrace_rs::backtrace::libunwind::trace::h261606ad26a499c1
[INFO] [stderr]                                  at /rustc/0e09125c6c3c2fd70d7de961bcf0e51575235fad/library/std/src/../../backtrace/src/backtrace/libunwind.rs:104:5
[INFO] [stderr]      1:     0x55b35de2ccc6 - std::backtrace_rs::backtrace::trace_unsynchronized::hd183f0625477fb28
[INFO] [stderr]                                  at /rustc/0e09125c6c3c2fd70d7de961bcf0e51575235fad/library/std/src/../../backtrace/src/backtrace/mod.rs:66:5
[INFO] [stderr]      2:     0x55b35de2ccc6 - std::sys_common::backtrace::_print_fmt::hd7f8fef21b4eda67
[INFO] [stderr]                                  at /rustc/0e09125c6c3c2fd70d7de961bcf0e51575235fad/library/std/src/sys_common/backtrace.rs:68:5
[INFO] [stderr]      3:     0x55b35de2ccc6 - <std::sys_common::backtrace::_print::DisplayBacktrace as core::fmt::Display>::fmt::h623d9b51f2f453f1
[INFO] [stderr]                                  at /rustc/0e09125c6c3c2fd70d7de961bcf0e51575235fad/library/std/src/sys_common/backtrace.rs:44:22
[INFO] [stderr]      4:     0x55b35de521e0 - core::fmt::rt::Argument::fmt::h9f417ac76a86f368
[INFO] [stderr]                                  at /rustc/0e09125c6c3c2fd70d7de961bcf0e51575235fad/library/core/src/fmt/rt.rs:142:9
[INFO] [stderr]      5:     0x55b35de521e0 - core::fmt::write::hc9b6faf4ac2aeff7
[INFO] [stderr]                                  at /rustc/0e09125c6c3c2fd70d7de961bcf0e51575235fad/library/core/src/fmt/mod.rs:1120:17
[INFO] [stderr]      6:     0x55b35de2a72f - std::io::Write::write_fmt::hfead1eee52c2e65e
[INFO] [stderr]                                  at /rustc/0e09125c6c3c2fd70d7de961bcf0e51575235fad/library/std/src/io/mod.rs:1810:15
[INFO] [stderr]      7:     0x55b35de2caa4 - std::sys_common::backtrace::_print::hd5d66399c7df88a2
[INFO] [stderr]                                  at /rustc/0e09125c6c3c2fd70d7de961bcf0e51575235fad/library/std/src/sys_common/backtrace.rs:47:5
[INFO] [stderr]      8:     0x55b35de2caa4 - std::sys_common::backtrace::print::he81ed2da642d37e5
[INFO] [stderr]                                  at /rustc/0e09125c6c3c2fd70d7de961bcf0e51575235fad/library/std/src/sys_common/backtrace.rs:34:9
[INFO] [stderr]      9:     0x55b35de2e387 - std::panicking::default_hook::{{closure}}::h85773f4fa117163d
[INFO] [stderr]     10:     0x55b35de2e0e9 - std::panicking::default_hook::h6a1694a91d09b278
[INFO] [stderr]                                  at /rustc/0e09125c6c3c2fd70d7de961bcf0e51575235fad/library/std/src/panicking.rs:292:9
[INFO] [stderr]     11:     0x55b35de2e818 - std::panicking::rust_panic_with_hook::h0a7ad96e90f7145b
[INFO] [stderr]                                  at /rustc/0e09125c6c3c2fd70d7de961bcf0e51575235fad/library/std/src/panicking.rs:779:13
[INFO] [stderr]     12:     0x55b35de2e6f2 - std::panicking::begin_panic_handler::{{closure}}::h7919090525c6485e
[INFO] [stderr]                                  at /rustc/0e09125c6c3c2fd70d7de961bcf0e51575235fad/library/std/src/panicking.rs:657:13
[INFO] [stderr]     13:     0x55b35de2d1c6 - std::sys_common::backtrace::__rust_end_short_backtrace::hf3289479464f7dfe
[INFO] [stderr]                                  at /rustc/0e09125c6c3c2fd70d7de961bcf0e51575235fad/library/std/src/sys_common/backtrace.rs:171:18
[INFO] [stderr]     14:     0x55b35de2e450 - rust_begin_unwind
[INFO] [stderr]                                  at /rustc/0e09125c6c3c2fd70d7de961bcf0e51575235fad/library/std/src/panicking.rs:645:5
[INFO] [stderr]     15:     0x55b35ddb0685 - core::panicking::panic_fmt::hcc9f77c5c132af55
[INFO] [stderr]                                  at /rustc/0e09125c6c3c2fd70d7de961bcf0e51575235fad/library/core/src/panicking.rs:72:14
[INFO] [stderr]     16:     0x55b35ddb8aa7 - build_script_main::validate_headers::h943f829d846ea038
[INFO] [stderr]     17:     0x55b35ddb7275 - build_script_main::try_pkg_config::h0241d354e88e98c9
[INFO] [stderr]     18:     0x55b35ddb6124 - build_script_main::find_openssl_dir::h1bdf09b118c5559a
[INFO] [stderr]     19:     0x55b35ddb5f98 - build_script_main::main::{{closure}}::ha7fd2562d1f2c6f9
[INFO] [stderr]     20:     0x55b35ddb2a7f - core::option::Option<T>::unwrap_or_else::h0f1ea4501b831af3
[INFO] [stderr]     21:     0x55b35ddb505f - build_script_main::main::h1cd0b4e60cafb947
[INFO] [stderr]     22:     0x55b35ddb1d23 - core::ops::function::FnOnce::call_once::hda1b849479c632c5
[INFO] [stderr]     23:     0x55b35ddb12f6 - std::sys_common::backtrace::__rust_begin_short_backtrace::ha82d7174dd227af2
[INFO] [stderr]     24:     0x55b35ddba869 - std::rt::lang_start::{{closure}}::hd0cdf5468ef997e2
[INFO] [stderr]     25:     0x55b35de26a21 - core::ops::function::impls::<impl core::ops::function::FnOnce<A> for &F>::call_once::h4eb4c5e1620f29b0
[INFO] [stderr]                                  at /rustc/0e09125c6c3c2fd70d7de961bcf0e51575235fad/library/core/src/ops/function.rs:284:13
[INFO] [stderr]     26:     0x55b35de26a21 - std::panicking::try::do_call::h73fd26535faffcdf
[INFO] [stderr]                                  at /rustc/0e09125c6c3c2fd70d7de961bcf0e51575235fad/library/std/src/panicking.rs:552:40
[INFO] [stderr]     27:     0x55b35de26a21 - std::panicking::try::h77ff1d98f0fb9f39
[INFO] [stderr]                                  at /rustc/0e09125c6c3c2fd70d7de961bcf0e51575235fad/library/std/src/panicking.rs:516:19
[INFO] [stderr]     28:     0x55b35de26a21 - std::panic::catch_unwind::hab3caf2448b95e37
[INFO] [stderr]                                  at /rustc/0e09125c6c3c2fd70d7de961bcf0e51575235fad/library/std/src/panic.rs:142:14
[INFO] [stderr]     29:     0x55b35de26a21 - std::rt::lang_start_internal::{{closure}}::h8086711f9c783f78
[INFO] [stderr]                                  at /rustc/0e09125c6c3c2fd70d7de961bcf0e51575235fad/library/std/src/rt.rs:148:48
[INFO] [stderr]     30:     0x55b35de26a21 - std::panicking::try::do_call::hf920d4dc291cd6ca
[INFO] [stderr]                                  at /rustc/0e09125c6c3c2fd70d7de961bcf0e51575235fad/library/std/src/panicking.rs:552:40
[INFO] [stderr]     31:     0x55b35de26a21 - std::panicking::try::h2b806ccc0a85db74
[INFO] [stderr]                                  at /rustc/0e09125c6c3c2fd70d7de961bcf0e51575235fad/library/std/src/panicking.rs:516:19
[INFO] [stderr]     32:     0x55b35de26a21 - std::panic::catch_unwind::h038489539c507df2
[INFO] [stderr]                                  at /rustc/0e09125c6c3c2fd70d7de961bcf0e51575235fad/library/std/src/panic.rs:142:14
[INFO] [stderr]     33:     0x55b35de26a21 - std::rt::lang_start_internal::h28503b88912e8a5c
[INFO] [stderr]                                  at /rustc/0e09125c6c3c2fd70d7de961bcf0e51575235fad/library/std/src/rt.rs:148:20
[INFO] [stderr]     34:     0x55b35ddba847 - std::rt::lang_start::h8616a1cc975ecae6
[INFO] [stderr]     35:     0x55b35ddb9cd5 - main
[INFO] [stderr]     36:     0x7f1e2e47bd90 - <unknown>
[INFO] [stderr]     37:     0x7f1e2e47be40 - __libc_start_main
[INFO] [stderr]     38:     0x55b35ddb0ea5 - _start
[INFO] [stderr]     39:                0x0 - <unknown>
[INFO] [stderr] warning: build failed, waiting for other jobs to finish...
[INFO] running `Command { std: "docker" "inspect" "03049873672b43f00977dd70ea1709fae0549a7017331349451f7abe8b6b5dcf", kill_on_drop: false }`
[INFO] running `Command { std: "docker" "rm" "-f" "03049873672b43f00977dd70ea1709fae0549a7017331349451f7abe8b6b5dcf", kill_on_drop: false }`
[INFO] [stdout] 03049873672b43f00977dd70ea1709fae0549a7017331349451f7abe8b6b5dcf
