[INFO] cloning repository https://github.com/BearOve/repro-bitflags-serde-2023.05.19
[INFO] running `Command { std: "git" "-c" "credential.helper=" "-c" "credential.helper=/workspace/cargo-home/bin/git-credential-null" "clone" "--bare" "https://github.com/BearOve/repro-bitflags-serde-2023.05.19" "/workspace/cache/git-repos/https%3A%2F%2Fgithub.com%2FBearOve%2Frepro-bitflags-serde-2023.05.19", kill_on_drop: false }`
[INFO] [stderr] Cloning into bare repository '/workspace/cache/git-repos/https%3A%2F%2Fgithub.com%2FBearOve%2Frepro-bitflags-serde-2023.05.19'...
[INFO] running `Command { std: "git" "rev-parse" "HEAD", kill_on_drop: false }`
[INFO] [stdout] bc1f4360783e878ccdc03880eab74645cbd849a6
[INFO] testing BearOve/repro-bitflags-serde-2023.05.19 against 1.75.0 for beta-1.76-1
[INFO] running `Command { std: "git" "clone" "/workspace/cache/git-repos/https%3A%2F%2Fgithub.com%2FBearOve%2Frepro-bitflags-serde-2023.05.19" "/workspace/builds/worker-6-tc1/source", kill_on_drop: false }`
[INFO] [stderr] Cloning into '/workspace/builds/worker-6-tc1/source'...
[INFO] [stderr] done.
[INFO] validating manifest of git repo https://github.com/BearOve/repro-bitflags-serde-2023.05.19 on toolchain 1.75.0
[INFO] running `Command { std: CARGO_HOME="/workspace/cargo-home" RUSTUP_HOME="/workspace/rustup-home" "/workspace/cargo-home/bin/cargo" "+1.75.0" "metadata" "--manifest-path" "Cargo.toml" "--no-deps", kill_on_drop: false }`
[INFO] started tweaking git repo https://github.com/BearOve/repro-bitflags-serde-2023.05.19
[INFO] finished tweaking git repo https://github.com/BearOve/repro-bitflags-serde-2023.05.19
[INFO] tweaked toml for git repo https://github.com/BearOve/repro-bitflags-serde-2023.05.19 written to /workspace/builds/worker-6-tc1/source/Cargo.toml
[INFO] crate git repo https://github.com/BearOve/repro-bitflags-serde-2023.05.19 already has a lockfile, it will not be regenerated
[INFO] running `Command { std: CARGO_HOME="/workspace/cargo-home" RUSTUP_HOME="/workspace/rustup-home" "/workspace/cargo-home/bin/cargo" "+1.75.0" "fetch" "--manifest-path" "Cargo.toml", kill_on_drop: false }`
[INFO] running `Command { std: "docker" "create" "-v" "/var/lib/crater-agent-workspace/builds/worker-6-tc1/target:/opt/rustwide/target:rw,Z" "-v" "/var/lib/crater-agent-workspace/builds/worker-6-tc1/source:/opt/rustwide/workdir:ro,Z" "-v" "/var/lib/crater-agent-workspace/cargo-home:/opt/rustwide/cargo-home:ro,Z" "-v" "/var/lib/crater-agent-workspace/rustup-home:/opt/rustwide/rustup-home:ro,Z" "-e" "SOURCE_DIR=/opt/rustwide/workdir" "-e" "CARGO_TARGET_DIR=/opt/rustwide/target" "-e" "CARGO_HOME=/opt/rustwide/cargo-home" "-e" "RUSTUP_HOME=/opt/rustwide/rustup-home" "-w" "/opt/rustwide/workdir" "-m" "1610612736" "--user" "0:0" "--network" "none" "ghcr.io/rust-lang/crates-build-env/linux@sha256:2788e3201cd34a07e3172128adcd8b3090168a8e3bcc40d7c032b9dda1df7d1c" "/opt/rustwide/cargo-home/bin/cargo" "+1.75.0" "metadata" "--no-deps" "--format-version=1", kill_on_drop: false }`
[INFO] [stdout] 5937bd86ee864c2f87df238a39f5869b2d420e2a2434addd5781e2b457381a09
[INFO] running `Command { std: "docker" "start" "-a" "5937bd86ee864c2f87df238a39f5869b2d420e2a2434addd5781e2b457381a09", kill_on_drop: false }`
[INFO] running `Command { std: "docker" "inspect" "5937bd86ee864c2f87df238a39f5869b2d420e2a2434addd5781e2b457381a09", kill_on_drop: false }`
[INFO] running `Command { std: "docker" "rm" "-f" "5937bd86ee864c2f87df238a39f5869b2d420e2a2434addd5781e2b457381a09", kill_on_drop: false }`
[INFO] [stdout] 5937bd86ee864c2f87df238a39f5869b2d420e2a2434addd5781e2b457381a09
[INFO] running `Command { std: "docker" "create" "-v" "/var/lib/crater-agent-workspace/builds/worker-6-tc1/target:/opt/rustwide/target:rw,Z" "-v" "/var/lib/crater-agent-workspace/builds/worker-6-tc1/source:/opt/rustwide/workdir:ro,Z" "-v" "/var/lib/crater-agent-workspace/cargo-home:/opt/rustwide/cargo-home:ro,Z" "-v" "/var/lib/crater-agent-workspace/rustup-home:/opt/rustwide/rustup-home:ro,Z" "-e" "SOURCE_DIR=/opt/rustwide/workdir" "-e" "CARGO_TARGET_DIR=/opt/rustwide/target" "-e" "CARGO_INCREMENTAL=0" "-e" "RUST_BACKTRACE=full" "-e" "RUSTFLAGS=--cap-lints=warn" "-e" "RUSTDOCFLAGS=--cap-lints=warn" "-e" "CARGO_HOME=/opt/rustwide/cargo-home" "-e" "RUSTUP_HOME=/opt/rustwide/rustup-home" "-w" "/opt/rustwide/workdir" "-m" "1610612736" "--user" "0:0" "--network" "none" "ghcr.io/rust-lang/crates-build-env/linux@sha256:2788e3201cd34a07e3172128adcd8b3090168a8e3bcc40d7c032b9dda1df7d1c" "/opt/rustwide/cargo-home/bin/cargo" "+1.75.0" "build" "--frozen" "--message-format=json", kill_on_drop: false }`
[INFO] [stdout] d60239a047f0e731ac34ed83a5a60be8c5a2c598d44ddd5d745f124fd7652a58
[INFO] running `Command { std: "docker" "start" "-a" "d60239a047f0e731ac34ed83a5a60be8c5a2c598d44ddd5d745f124fd7652a58", kill_on_drop: false }`
[INFO] [stderr]    Compiling proc-macro2 v1.0.58
[INFO] [stderr]    Compiling quote v1.0.27
[INFO] [stderr]    Compiling unicode-ident v1.0.8
[INFO] [stderr]    Compiling serde v1.0.163
[INFO] [stderr]    Compiling bitflags v2.3.1
[INFO] [stderr]    Compiling syn v2.0.16
[INFO] [stderr]    Compiling serde_derive v1.0.163
[INFO] [stderr]    Compiling repro-bitflags v0.1.0 (/opt/rustwide/workdir)
[INFO] [stdout] error[E0277]: the trait bound `InternalBitFlags: Deserialize<'_>` is not satisfied
[INFO] [stdout]   --> src/main.rs:3:1
[INFO] [stdout]    |
[INFO] [stdout] 3  | / bitflags::bitflags!(
[INFO] [stdout] 4  | |     #[derive(Deserialize, Clone, Copy, PartialEq, Eq, PartialOrd, Ord, Hash)]
[INFO] [stdout] 5  | |     pub struct Test: i32 {
[INFO] [stdout] 6  | |         const FLAG1 = 0x01;
[INFO] [stdout] ...  |
[INFO] [stdout] 10 | |     }
[INFO] [stdout] 11 | | );
[INFO] [stdout]    | |_^ the trait `Deserialize<'_>` is not implemented for `InternalBitFlags`
[INFO] [stdout]    |
[INFO] [stdout]    = help: the following other types implement trait `Deserialize<'de>`:
[INFO] [stdout]              bool
[INFO] [stdout]              char
[INFO] [stdout]              isize
[INFO] [stdout]              i8
[INFO] [stdout]              i16
[INFO] [stdout]              i32
[INFO] [stdout]              i64
[INFO] [stdout]              i128
[INFO] [stdout]            and 125 others
[INFO] [stdout]    = note: this error originates in the macro `__declare_public_bitflags` which comes from the expansion of the macro `bitflags::bitflags` (in Nightly builds, run with -Z macro-backtrace for more info)
[INFO] [stdout] 
[INFO] [stdout] 
[INFO] [stdout] error[E0277]: the trait bound `InternalBitFlags: Deserialize<'_>` is not satisfied
[INFO] [stdout]     --> src/main.rs:3:1
[INFO] [stdout]      |
[INFO] [stdout] 3    | / bitflags::bitflags!(
[INFO] [stdout] 4    | |     #[derive(Deserialize, Clone, Copy, PartialEq, Eq, PartialOrd, Ord, Hash)]
[INFO] [stdout] 5    | |     pub struct Test: i32 {
[INFO] [stdout] 6    | |         const FLAG1 = 0x01;
[INFO] [stdout] ...    |
[INFO] [stdout] 10   | |     }
[INFO] [stdout] 11   | | );
[INFO] [stdout]      | |_^ the trait `Deserialize<'_>` is not implemented for `InternalBitFlags`
[INFO] [stdout]      |
[INFO] [stdout]      = help: the following other types implement trait `Deserialize<'de>`:
[INFO] [stdout]                bool
[INFO] [stdout]                char
[INFO] [stdout]                isize
[INFO] [stdout]                i8
[INFO] [stdout]                i16
[INFO] [stdout]                i32
[INFO] [stdout]                i64
[INFO] [stdout]                i128
[INFO] [stdout]              and 125 others
[INFO] [stdout] note: required by a bound in `next_element`
[INFO] [stdout]     --> /opt/rustwide/cargo-home/registry/src/index.crates.io-6f17d22bba15001f/serde-1.0.163/src/de/mod.rs:1729:12
[INFO] [stdout]      |
[INFO] [stdout] 1727 |     fn next_element<T>(&mut self) -> Result<Option<T>, Self::Error>
[INFO] [stdout]      |        ------------ required by a bound in this associated function
[INFO] [stdout] 1728 |     where
[INFO] [stdout] 1729 |         T: Deserialize<'de>,
[INFO] [stdout]      |            ^^^^^^^^^^^^^^^^ required by this bound in `SeqAccess::next_element`
[INFO] [stdout]      = note: this error originates in the macro `__declare_public_bitflags` which comes from the expansion of the macro `bitflags::bitflags` (in Nightly builds, run with -Z macro-backtrace for more info)
[INFO] [stdout] 
[INFO] [stdout] 
[INFO] [stdout] error: aborting due to 2 previous errors
[INFO] [stdout] 
[INFO] [stdout] 
[INFO] [stdout] For more information about this error, try `rustc --explain E0277`.
[INFO] [stdout] 
[INFO] [stderr] error: could not compile `repro-bitflags` (bin "repro-bitflags") due to 3 previous errors
[INFO] running `Command { std: "docker" "inspect" "d60239a047f0e731ac34ed83a5a60be8c5a2c598d44ddd5d745f124fd7652a58", kill_on_drop: false }`
[INFO] running `Command { std: "docker" "rm" "-f" "d60239a047f0e731ac34ed83a5a60be8c5a2c598d44ddd5d745f124fd7652a58", kill_on_drop: false }`
[INFO] [stdout] d60239a047f0e731ac34ed83a5a60be8c5a2c598d44ddd5d745f124fd7652a58
[INFO] testing BearOve/repro-bitflags-serde-2023.05.19 against beta-2023-12-22 for beta-1.76-1
[INFO] running `Command { std: "git" "clone" "/workspace/cache/git-repos/https%3A%2F%2Fgithub.com%2FBearOve%2Frepro-bitflags-serde-2023.05.19" "/workspace/builds/worker-6-tc2/source", kill_on_drop: false }`
[INFO] [stderr] Cloning into '/workspace/builds/worker-6-tc2/source'...
[INFO] [stderr] done.
[INFO] validating manifest of git repo https://github.com/BearOve/repro-bitflags-serde-2023.05.19 on toolchain beta-2023-12-22
[INFO] running `Command { std: CARGO_HOME="/workspace/cargo-home" RUSTUP_HOME="/workspace/rustup-home" "/workspace/cargo-home/bin/cargo" "+beta-2023-12-22" "metadata" "--manifest-path" "Cargo.toml" "--no-deps", kill_on_drop: false }`
[INFO] started tweaking git repo https://github.com/BearOve/repro-bitflags-serde-2023.05.19
[INFO] finished tweaking git repo https://github.com/BearOve/repro-bitflags-serde-2023.05.19
[INFO] tweaked toml for git repo https://github.com/BearOve/repro-bitflags-serde-2023.05.19 written to /workspace/builds/worker-6-tc2/source/Cargo.toml
[INFO] crate git repo https://github.com/BearOve/repro-bitflags-serde-2023.05.19 already has a lockfile, it will not be regenerated
[INFO] running `Command { std: CARGO_HOME="/workspace/cargo-home" RUSTUP_HOME="/workspace/rustup-home" "/workspace/cargo-home/bin/cargo" "+beta-2023-12-22" "fetch" "--manifest-path" "Cargo.toml", kill_on_drop: false }`
[INFO] running `Command { std: "docker" "create" "-v" "/var/lib/crater-agent-workspace/builds/worker-6-tc2/target:/opt/rustwide/target:rw,Z" "-v" "/var/lib/crater-agent-workspace/builds/worker-6-tc2/source:/opt/rustwide/workdir:ro,Z" "-v" "/var/lib/crater-agent-workspace/cargo-home:/opt/rustwide/cargo-home:ro,Z" "-v" "/var/lib/crater-agent-workspace/rustup-home:/opt/rustwide/rustup-home:ro,Z" "-e" "SOURCE_DIR=/opt/rustwide/workdir" "-e" "CARGO_TARGET_DIR=/opt/rustwide/target" "-e" "CARGO_HOME=/opt/rustwide/cargo-home" "-e" "RUSTUP_HOME=/opt/rustwide/rustup-home" "-w" "/opt/rustwide/workdir" "-m" "1610612736" "--user" "0:0" "--network" "none" "ghcr.io/rust-lang/crates-build-env/linux@sha256:2788e3201cd34a07e3172128adcd8b3090168a8e3bcc40d7c032b9dda1df7d1c" "/opt/rustwide/cargo-home/bin/cargo" "+beta-2023-12-22" "metadata" "--no-deps" "--format-version=1", kill_on_drop: false }`
[INFO] [stdout] fd116a82ded1e59937f72a311bf1c679810abb6479d84355f78c954f143ef994
[INFO] running `Command { std: "docker" "start" "-a" "fd116a82ded1e59937f72a311bf1c679810abb6479d84355f78c954f143ef994", kill_on_drop: false }`
[INFO] running `Command { std: "docker" "inspect" "fd116a82ded1e59937f72a311bf1c679810abb6479d84355f78c954f143ef994", kill_on_drop: false }`
[INFO] running `Command { std: "docker" "rm" "-f" "fd116a82ded1e59937f72a311bf1c679810abb6479d84355f78c954f143ef994", kill_on_drop: false }`
[INFO] [stdout] fd116a82ded1e59937f72a311bf1c679810abb6479d84355f78c954f143ef994
[INFO] running `Command { std: "docker" "create" "-v" "/var/lib/crater-agent-workspace/builds/worker-6-tc2/target:/opt/rustwide/target:rw,Z" "-v" "/var/lib/crater-agent-workspace/builds/worker-6-tc2/source:/opt/rustwide/workdir:ro,Z" "-v" "/var/lib/crater-agent-workspace/cargo-home:/opt/rustwide/cargo-home:ro,Z" "-v" "/var/lib/crater-agent-workspace/rustup-home:/opt/rustwide/rustup-home:ro,Z" "-e" "SOURCE_DIR=/opt/rustwide/workdir" "-e" "CARGO_TARGET_DIR=/opt/rustwide/target" "-e" "CARGO_INCREMENTAL=0" "-e" "RUST_BACKTRACE=full" "-e" "RUSTFLAGS=--cap-lints=warn" "-e" "RUSTDOCFLAGS=--cap-lints=warn" "-e" "CARGO_HOME=/opt/rustwide/cargo-home" "-e" "RUSTUP_HOME=/opt/rustwide/rustup-home" "-w" "/opt/rustwide/workdir" "-m" "1610612736" "--user" "0:0" "--network" "none" "ghcr.io/rust-lang/crates-build-env/linux@sha256:2788e3201cd34a07e3172128adcd8b3090168a8e3bcc40d7c032b9dda1df7d1c" "/opt/rustwide/cargo-home/bin/cargo" "+beta-2023-12-22" "build" "--frozen" "--message-format=json", kill_on_drop: false }`
[INFO] [stdout] ea06d9c5f34e83c5eaa1b91dce88d670f1c3f3f1b750b4bd39c9d8796b59c654
[INFO] running `Command { std: "docker" "start" "-a" "ea06d9c5f34e83c5eaa1b91dce88d670f1c3f3f1b750b4bd39c9d8796b59c654", kill_on_drop: false }`
[INFO] [stderr]    Compiling proc-macro2 v1.0.58
[INFO] [stderr]    Compiling unicode-ident v1.0.8
[INFO] [stderr]    Compiling quote v1.0.27
[INFO] [stderr]    Compiling serde v1.0.163
[INFO] [stderr]    Compiling bitflags v2.3.1
[INFO] [stderr]    Compiling syn v2.0.16
[INFO] [stderr]    Compiling serde_derive v1.0.163
[INFO] [stderr]    Compiling repro-bitflags v0.1.0 (/opt/rustwide/workdir)
[INFO] [stdout] error[E0277]: the trait bound `InternalBitFlags: Deserialize<'_>` is not satisfied
[INFO] [stdout]   --> src/main.rs:3:1
[INFO] [stdout]    |
[INFO] [stdout] 3  | / bitflags::bitflags!(
[INFO] [stdout] 4  | |     #[derive(Deserialize, Clone, Copy, PartialEq, Eq, PartialOrd, Ord, Hash)]
[INFO] [stdout] 5  | |     pub struct Test: i32 {
[INFO] [stdout] 6  | |         const FLAG1 = 0x01;
[INFO] [stdout] ...  |
[INFO] [stdout] 10 | |     }
[INFO] [stdout] 11 | | );
[INFO] [stdout]    | |_^ the trait `Deserialize<'_>` is not implemented for `InternalBitFlags`
[INFO] [stdout]    |
[INFO] [stdout]    = help: the following other types implement trait `Deserialize<'de>`:
[INFO] [stdout]              bool
[INFO] [stdout]              char
[INFO] [stdout]              isize
[INFO] [stdout]              i8
[INFO] [stdout]              i16
[INFO] [stdout]              i32
[INFO] [stdout]              i64
[INFO] [stdout]              i128
[INFO] [stdout]            and 125 others
[INFO] [stdout]    = note: this error originates in the macro `__declare_public_bitflags` which comes from the expansion of the macro `bitflags::bitflags` (in Nightly builds, run with -Z macro-backtrace for more info)
[INFO] [stdout] 
[INFO] [stdout] 
[INFO] [stdout] error[E0277]: the trait bound `InternalBitFlags: Deserialize<'_>` is not satisfied
[INFO] [stdout]     --> src/main.rs:3:1
[INFO] [stdout]      |
[INFO] [stdout] 3    | / bitflags::bitflags!(
[INFO] [stdout] 4    | |     #[derive(Deserialize, Clone, Copy, PartialEq, Eq, PartialOrd, Ord, Hash)]
[INFO] [stdout] 5    | |     pub struct Test: i32 {
[INFO] [stdout] 6    | |         const FLAG1 = 0x01;
[INFO] [stdout] ...    |
[INFO] [stdout] 10   | |     }
[INFO] [stdout] 11   | | );
[INFO] [stdout]      | |_^ the trait `Deserialize<'_>` is not implemented for `InternalBitFlags`
[INFO] [stdout]      |
[INFO] [stdout]      = help: the following other types implement trait `Deserialize<'de>`:
[INFO] [stdout]                bool
[INFO] [stdout]                char
[INFO] [stdout]                isize
[INFO] [stdout]                i8
[INFO] [stdout]                i16
[INFO] [stdout]                i32
[INFO] [stdout]                i64
[INFO] [stdout]                i128
[INFO] [stdout]              and 125 others
[INFO] [stdout] note: required by a bound in `next_element`
[INFO] [stdout]     --> /opt/rustwide/cargo-home/registry/src/index.crates.io-6f17d22bba15001f/serde-1.0.163/src/de/mod.rs:1729:12
[INFO] [stdout]      |
[INFO] [stdout] 1727 |     fn next_element<T>(&mut self) -> Result<Option<T>, Self::Error>
[INFO] [stdout]      |        ------------ required by a bound in this associated function
[INFO] [stdout] 1728 |     where
[INFO] [stdout] 1729 |         T: Deserialize<'de>,
[INFO] [stdout]      |            ^^^^^^^^^^^^^^^^ required by this bound in `SeqAccess::next_element`
[INFO] [stdout]      = note: this error originates in the macro `__declare_public_bitflags` which comes from the expansion of the macro `bitflags::bitflags` (in Nightly builds, run with -Z macro-backtrace for more info)
[INFO] [stdout] 
[INFO] [stdout] 
[INFO] [stdout] error: aborting due to 2 previous errors
[INFO] [stdout] 
[INFO] [stdout] 
[INFO] [stdout] For more information about this error, try `rustc --explain E0277`.
[INFO] [stdout] 
[INFO] [stderr] error: could not compile `repro-bitflags` (bin "repro-bitflags") due to 3 previous errors
[INFO] running `Command { std: "docker" "inspect" "ea06d9c5f34e83c5eaa1b91dce88d670f1c3f3f1b750b4bd39c9d8796b59c654", kill_on_drop: false }`
[INFO] running `Command { std: "docker" "rm" "-f" "ea06d9c5f34e83c5eaa1b91dce88d670f1c3f3f1b750b4bd39c9d8796b59c654", kill_on_drop: false }`
[INFO] [stdout] ea06d9c5f34e83c5eaa1b91dce88d670f1c3f3f1b750b4bd39c9d8796b59c654
