[INFO] cloning repository https://github.com/BarKetPlace/globalali_rust
[INFO] running `Command { std: "git" "-c" "credential.helper=" "-c" "credential.helper=/workspace/cargo-home/bin/git-credential-null" "clone" "--bare" "https://github.com/BarKetPlace/globalali_rust" "/workspace/cache/git-repos/https%3A%2F%2Fgithub.com%2FBarKetPlace%2Fglobalali_rust", kill_on_drop: false }`
[INFO] [stderr] Cloning into bare repository '/workspace/cache/git-repos/https%3A%2F%2Fgithub.com%2FBarKetPlace%2Fglobalali_rust'...
[INFO] running `Command { std: "git" "rev-parse" "HEAD", kill_on_drop: false }`
[INFO] [stdout] 41e89a534d57fcca139275fb57d97b69f6ca1c7a
[INFO] testing BarKetPlace/globalali_rust against 1.75.0 for beta-1.76-1
[INFO] running `Command { std: "git" "clone" "/workspace/cache/git-repos/https%3A%2F%2Fgithub.com%2FBarKetPlace%2Fglobalali_rust" "/workspace/builds/worker-7-tc1/source", kill_on_drop: false }`
[INFO] [stderr] Cloning into '/workspace/builds/worker-7-tc1/source'...
[INFO] [stderr] done.
[INFO] validating manifest of git repo https://github.com/BarKetPlace/globalali_rust on toolchain 1.75.0
[INFO] running `Command { std: CARGO_HOME="/workspace/cargo-home" RUSTUP_HOME="/workspace/rustup-home" "/workspace/cargo-home/bin/cargo" "+1.75.0" "metadata" "--manifest-path" "Cargo.toml" "--no-deps", kill_on_drop: false }`
[INFO] started tweaking git repo https://github.com/BarKetPlace/globalali_rust
[INFO] finished tweaking git repo https://github.com/BarKetPlace/globalali_rust
[INFO] tweaked toml for git repo https://github.com/BarKetPlace/globalali_rust written to /workspace/builds/worker-7-tc1/source/Cargo.toml
[INFO] crate git repo https://github.com/BarKetPlace/globalali_rust already has a lockfile, it will not be regenerated
[INFO] running `Command { std: CARGO_HOME="/workspace/cargo-home" RUSTUP_HOME="/workspace/rustup-home" "/workspace/cargo-home/bin/cargo" "+1.75.0" "fetch" "--manifest-path" "Cargo.toml", kill_on_drop: false }`
[INFO] running `Command { std: "docker" "create" "-v" "/var/lib/crater-agent-workspace/builds/worker-7-tc1/target:/opt/rustwide/target:rw,Z" "-v" "/var/lib/crater-agent-workspace/builds/worker-7-tc1/source:/opt/rustwide/workdir:ro,Z" "-v" "/var/lib/crater-agent-workspace/cargo-home:/opt/rustwide/cargo-home:ro,Z" "-v" "/var/lib/crater-agent-workspace/rustup-home:/opt/rustwide/rustup-home:ro,Z" "-e" "SOURCE_DIR=/opt/rustwide/workdir" "-e" "CARGO_TARGET_DIR=/opt/rustwide/target" "-e" "CARGO_HOME=/opt/rustwide/cargo-home" "-e" "RUSTUP_HOME=/opt/rustwide/rustup-home" "-w" "/opt/rustwide/workdir" "-m" "1610612736" "--user" "0:0" "--network" "none" "ghcr.io/rust-lang/crates-build-env/linux@sha256:2788e3201cd34a07e3172128adcd8b3090168a8e3bcc40d7c032b9dda1df7d1c" "/opt/rustwide/cargo-home/bin/cargo" "+1.75.0" "metadata" "--no-deps" "--format-version=1", kill_on_drop: false }`
[INFO] [stdout] ab0125049cf1ed1f0eaed79fde822a8c7589df8898ae607b38c696d380e43b30
[INFO] running `Command { std: "docker" "start" "-a" "ab0125049cf1ed1f0eaed79fde822a8c7589df8898ae607b38c696d380e43b30", kill_on_drop: false }`
[INFO] running `Command { std: "docker" "inspect" "ab0125049cf1ed1f0eaed79fde822a8c7589df8898ae607b38c696d380e43b30", kill_on_drop: false }`
[INFO] running `Command { std: "docker" "rm" "-f" "ab0125049cf1ed1f0eaed79fde822a8c7589df8898ae607b38c696d380e43b30", kill_on_drop: false }`
[INFO] [stdout] ab0125049cf1ed1f0eaed79fde822a8c7589df8898ae607b38c696d380e43b30
[INFO] running `Command { std: "docker" "create" "-v" "/var/lib/crater-agent-workspace/builds/worker-7-tc1/target:/opt/rustwide/target:rw,Z" "-v" "/var/lib/crater-agent-workspace/builds/worker-7-tc1/source:/opt/rustwide/workdir:ro,Z" "-v" "/var/lib/crater-agent-workspace/cargo-home:/opt/rustwide/cargo-home:ro,Z" "-v" "/var/lib/crater-agent-workspace/rustup-home:/opt/rustwide/rustup-home:ro,Z" "-e" "SOURCE_DIR=/opt/rustwide/workdir" "-e" "CARGO_TARGET_DIR=/opt/rustwide/target" "-e" "CARGO_INCREMENTAL=0" "-e" "RUST_BACKTRACE=full" "-e" "RUSTFLAGS=--cap-lints=warn" "-e" "RUSTDOCFLAGS=--cap-lints=warn" "-e" "CARGO_HOME=/opt/rustwide/cargo-home" "-e" "RUSTUP_HOME=/opt/rustwide/rustup-home" "-w" "/opt/rustwide/workdir" "-m" "1610612736" "--user" "0:0" "--network" "none" "ghcr.io/rust-lang/crates-build-env/linux@sha256:2788e3201cd34a07e3172128adcd8b3090168a8e3bcc40d7c032b9dda1df7d1c" "/opt/rustwide/cargo-home/bin/cargo" "+1.75.0" "build" "--frozen" "--message-format=json", kill_on_drop: false }`
[INFO] [stdout] 712645795e530a7d2d2ce6d2fd66a9970ec0705f8b33efac11a58bee922d438a
[INFO] running `Command { std: "docker" "start" "-a" "712645795e530a7d2d2ce6d2fd66a9970ec0705f8b33efac11a58bee922d438a", kill_on_drop: false }`
[INFO] [stderr]    Compiling autocfg v0.1.6
[INFO] [stderr]    Compiling libc v0.2.62
[INFO] [stderr]    Compiling bitflags v1.2.0
[INFO] [stderr]    Compiling either v1.5.3
[INFO] [stderr]    Compiling rawpointer v0.2.1
[INFO] [stderr]    Compiling unicode-width v0.1.6
[INFO] [stderr]    Compiling ndarray v0.13.0
[INFO] [stderr]    Compiling strsim v0.8.0
[INFO] [stderr]    Compiling vec_map v0.8.1
[INFO] [stderr]    Compiling ansi_term v0.11.0
[INFO] [stderr]    Compiling matrixmultiply v0.2.3
[INFO] [stderr]    Compiling textwrap v0.11.0
[INFO] [stderr]    Compiling itertools v0.8.0
[INFO] [stderr]    Compiling num-traits v0.2.8
[INFO] [stderr]    Compiling num-integer v0.1.41
[INFO] [stderr]    Compiling num-complex v0.2.3
[INFO] [stderr]    Compiling atty v0.2.13
[INFO] [stderr]    Compiling clap v2.33.0
[INFO] [stderr]    Compiling globalali v0.1.0 (/opt/rustwide/workdir)
[INFO] [stderr]     Finished dev [unoptimized + debuginfo] target(s) in 4.24s
[INFO] running `Command { std: "docker" "inspect" "712645795e530a7d2d2ce6d2fd66a9970ec0705f8b33efac11a58bee922d438a", kill_on_drop: false }`
[INFO] running `Command { std: "docker" "rm" "-f" "712645795e530a7d2d2ce6d2fd66a9970ec0705f8b33efac11a58bee922d438a", kill_on_drop: false }`
[INFO] [stdout] 712645795e530a7d2d2ce6d2fd66a9970ec0705f8b33efac11a58bee922d438a
[INFO] running `Command { std: "docker" "create" "-v" "/var/lib/crater-agent-workspace/builds/worker-7-tc1/target:/opt/rustwide/target:rw,Z" "-v" "/var/lib/crater-agent-workspace/builds/worker-7-tc1/source:/opt/rustwide/workdir:ro,Z" "-v" "/var/lib/crater-agent-workspace/cargo-home:/opt/rustwide/cargo-home:ro,Z" "-v" "/var/lib/crater-agent-workspace/rustup-home:/opt/rustwide/rustup-home:ro,Z" "-e" "SOURCE_DIR=/opt/rustwide/workdir" "-e" "CARGO_TARGET_DIR=/opt/rustwide/target" "-e" "CARGO_INCREMENTAL=0" "-e" "RUST_BACKTRACE=full" "-e" "RUSTFLAGS=--cap-lints=warn" "-e" "RUSTDOCFLAGS=--cap-lints=warn" "-e" "CARGO_HOME=/opt/rustwide/cargo-home" "-e" "RUSTUP_HOME=/opt/rustwide/rustup-home" "-w" "/opt/rustwide/workdir" "-m" "1610612736" "--user" "0:0" "--network" "none" "ghcr.io/rust-lang/crates-build-env/linux@sha256:2788e3201cd34a07e3172128adcd8b3090168a8e3bcc40d7c032b9dda1df7d1c" "/opt/rustwide/cargo-home/bin/cargo" "+1.75.0" "test" "--frozen" "--no-run" "--message-format=json", kill_on_drop: false }`
[INFO] [stdout] d5fbab3d018dcd857d0e5a538b32e0a8f68d208ca9a5c0d93da0aa1c824d841c
[INFO] running `Command { std: "docker" "start" "-a" "d5fbab3d018dcd857d0e5a538b32e0a8f68d208ca9a5c0d93da0aa1c824d841c", kill_on_drop: false }`
[INFO] [stderr]    Compiling globalali v0.1.0 (/opt/rustwide/workdir)
[INFO] [stdout] error[E0061]: this function takes 3 arguments but 1 argument was supplied
[INFO] [stdout]  --> src/utils.rs:7:14
[INFO] [stdout]   |
[INFO] [stdout] 7 |   assert_eq!(gamma(0), 1.)
[INFO] [stdout]   |              ^^^^^--- two arguments of type `i32` and `i32` are missing
[INFO] [stdout]   |
[INFO] [stdout] note: function defined here
[INFO] [stdout]  --> src/utils.rs:1:8
[INFO] [stdout]   |
[INFO] [stdout] 1 | pub fn gamma(n:i32,d:Dtype,e:Dtype) -> Dtype {
[INFO] [stdout]   |        ^^^^^ ----- ------- -------
[INFO] [stdout] help: provide the arguments
[INFO] [stdout]   |
[INFO] [stdout] 7 |   assert_eq!(gamma(0, /* i32 */, /* i32 */), 1.)
[INFO] [stdout]   |                   ~~~~~~~~~~~~~~~~~~~~~~~~~
[INFO] [stdout] 
[INFO] [stdout] 
[INFO] [stdout] error[E0308]: mismatched types
[INFO] [stdout]  --> src/utils.rs:7:24
[INFO] [stdout]   |
[INFO] [stdout] 7 |   assert_eq!(gamma(0), 1.)
[INFO] [stdout]   |                        ^^ expected `i32`, found floating-point number
[INFO] [stdout] 
[INFO] [stdout] 
[INFO] [stdout] error: aborting due to 2 previous errors
[INFO] [stdout] 
[INFO] [stdout] 
[INFO] [stdout] Some errors have detailed explanations: E0061, E0308.
[INFO] [stdout] 
[INFO] [stdout] For more information about an error, try `rustc --explain E0061`.
[INFO] [stdout] 
[INFO] [stderr] error: could not compile `globalali` (bin "globalali" test) due to 3 previous errors
[INFO] running `Command { std: "docker" "inspect" "d5fbab3d018dcd857d0e5a538b32e0a8f68d208ca9a5c0d93da0aa1c824d841c", kill_on_drop: false }`
[INFO] running `Command { std: "docker" "rm" "-f" "d5fbab3d018dcd857d0e5a538b32e0a8f68d208ca9a5c0d93da0aa1c824d841c", kill_on_drop: false }`
[INFO] [stdout] d5fbab3d018dcd857d0e5a538b32e0a8f68d208ca9a5c0d93da0aa1c824d841c
[INFO] testing BarKetPlace/globalali_rust against beta-2023-12-22 for beta-1.76-1
[INFO] running `Command { std: "git" "clone" "/workspace/cache/git-repos/https%3A%2F%2Fgithub.com%2FBarKetPlace%2Fglobalali_rust" "/workspace/builds/worker-7-tc2/source", kill_on_drop: false }`
[INFO] [stderr] Cloning into '/workspace/builds/worker-7-tc2/source'...
[INFO] [stderr] done.
[INFO] validating manifest of git repo https://github.com/BarKetPlace/globalali_rust on toolchain beta-2023-12-22
[INFO] running `Command { std: CARGO_HOME="/workspace/cargo-home" RUSTUP_HOME="/workspace/rustup-home" "/workspace/cargo-home/bin/cargo" "+beta-2023-12-22" "metadata" "--manifest-path" "Cargo.toml" "--no-deps", kill_on_drop: false }`
[INFO] started tweaking git repo https://github.com/BarKetPlace/globalali_rust
[INFO] finished tweaking git repo https://github.com/BarKetPlace/globalali_rust
[INFO] tweaked toml for git repo https://github.com/BarKetPlace/globalali_rust written to /workspace/builds/worker-7-tc2/source/Cargo.toml
[INFO] crate git repo https://github.com/BarKetPlace/globalali_rust already has a lockfile, it will not be regenerated
[INFO] running `Command { std: CARGO_HOME="/workspace/cargo-home" RUSTUP_HOME="/workspace/rustup-home" "/workspace/cargo-home/bin/cargo" "+beta-2023-12-22" "fetch" "--manifest-path" "Cargo.toml", kill_on_drop: false }`
[INFO] running `Command { std: "docker" "create" "-v" "/var/lib/crater-agent-workspace/builds/worker-7-tc2/target:/opt/rustwide/target:rw,Z" "-v" "/var/lib/crater-agent-workspace/builds/worker-7-tc2/source:/opt/rustwide/workdir:ro,Z" "-v" "/var/lib/crater-agent-workspace/cargo-home:/opt/rustwide/cargo-home:ro,Z" "-v" "/var/lib/crater-agent-workspace/rustup-home:/opt/rustwide/rustup-home:ro,Z" "-e" "SOURCE_DIR=/opt/rustwide/workdir" "-e" "CARGO_TARGET_DIR=/opt/rustwide/target" "-e" "CARGO_HOME=/opt/rustwide/cargo-home" "-e" "RUSTUP_HOME=/opt/rustwide/rustup-home" "-w" "/opt/rustwide/workdir" "-m" "1610612736" "--user" "0:0" "--network" "none" "ghcr.io/rust-lang/crates-build-env/linux@sha256:2788e3201cd34a07e3172128adcd8b3090168a8e3bcc40d7c032b9dda1df7d1c" "/opt/rustwide/cargo-home/bin/cargo" "+beta-2023-12-22" "metadata" "--no-deps" "--format-version=1", kill_on_drop: false }`
[INFO] [stdout] 2d7cead529345d310937ba1ca81a80404ee85aa9c2922da6094ce99d86f79326
[INFO] running `Command { std: "docker" "start" "-a" "2d7cead529345d310937ba1ca81a80404ee85aa9c2922da6094ce99d86f79326", kill_on_drop: false }`
[INFO] running `Command { std: "docker" "inspect" "2d7cead529345d310937ba1ca81a80404ee85aa9c2922da6094ce99d86f79326", kill_on_drop: false }`
[INFO] running `Command { std: "docker" "rm" "-f" "2d7cead529345d310937ba1ca81a80404ee85aa9c2922da6094ce99d86f79326", kill_on_drop: false }`
[INFO] [stdout] 2d7cead529345d310937ba1ca81a80404ee85aa9c2922da6094ce99d86f79326
[INFO] running `Command { std: "docker" "create" "-v" "/var/lib/crater-agent-workspace/builds/worker-7-tc2/target:/opt/rustwide/target:rw,Z" "-v" "/var/lib/crater-agent-workspace/builds/worker-7-tc2/source:/opt/rustwide/workdir:ro,Z" "-v" "/var/lib/crater-agent-workspace/cargo-home:/opt/rustwide/cargo-home:ro,Z" "-v" "/var/lib/crater-agent-workspace/rustup-home:/opt/rustwide/rustup-home:ro,Z" "-e" "SOURCE_DIR=/opt/rustwide/workdir" "-e" "CARGO_TARGET_DIR=/opt/rustwide/target" "-e" "CARGO_INCREMENTAL=0" "-e" "RUST_BACKTRACE=full" "-e" "RUSTFLAGS=--cap-lints=warn" "-e" "RUSTDOCFLAGS=--cap-lints=warn" "-e" "CARGO_HOME=/opt/rustwide/cargo-home" "-e" "RUSTUP_HOME=/opt/rustwide/rustup-home" "-w" "/opt/rustwide/workdir" "-m" "1610612736" "--user" "0:0" "--network" "none" "ghcr.io/rust-lang/crates-build-env/linux@sha256:2788e3201cd34a07e3172128adcd8b3090168a8e3bcc40d7c032b9dda1df7d1c" "/opt/rustwide/cargo-home/bin/cargo" "+beta-2023-12-22" "build" "--frozen" "--message-format=json", kill_on_drop: false }`
[INFO] [stdout] f458331346ad0e7d0bdcd5cbdea61b6d655178f136c65a793c160826b6a7be44
[INFO] running `Command { std: "docker" "start" "-a" "f458331346ad0e7d0bdcd5cbdea61b6d655178f136c65a793c160826b6a7be44", kill_on_drop: false }`
[INFO] [stderr]    Compiling autocfg v0.1.6
[INFO] [stderr]    Compiling libc v0.2.62
[INFO] [stderr]    Compiling bitflags v1.2.0
[INFO] [stderr]    Compiling either v1.5.3
[INFO] [stderr]    Compiling unicode-width v0.1.6
[INFO] [stderr]    Compiling ndarray v0.13.0
[INFO] [stderr]    Compiling rawpointer v0.2.1
[INFO] [stderr]    Compiling strsim v0.8.0
[INFO] [stderr]    Compiling vec_map v0.8.1
[INFO] [stderr]    Compiling ansi_term v0.11.0
[INFO] [stderr]    Compiling matrixmultiply v0.2.3
[INFO] [stderr]    Compiling textwrap v0.11.0
[INFO] [stderr]    Compiling itertools v0.8.0
[INFO] [stderr]    Compiling num-traits v0.2.8
[INFO] [stderr]    Compiling num-complex v0.2.3
[INFO] [stderr]    Compiling num-integer v0.1.41
[INFO] [stderr]    Compiling atty v0.2.13
[INFO] [stderr]    Compiling clap v2.33.0
[INFO] [stderr]    Compiling globalali v0.1.0 (/opt/rustwide/workdir)
[INFO] [stderr]     Finished dev [unoptimized + debuginfo] target(s) in 3.24s
[INFO] running `Command { std: "docker" "inspect" "f458331346ad0e7d0bdcd5cbdea61b6d655178f136c65a793c160826b6a7be44", kill_on_drop: false }`
[INFO] running `Command { std: "docker" "rm" "-f" "f458331346ad0e7d0bdcd5cbdea61b6d655178f136c65a793c160826b6a7be44", kill_on_drop: false }`
[INFO] [stdout] f458331346ad0e7d0bdcd5cbdea61b6d655178f136c65a793c160826b6a7be44
[INFO] running `Command { std: "docker" "create" "-v" "/var/lib/crater-agent-workspace/builds/worker-7-tc2/target:/opt/rustwide/target:rw,Z" "-v" "/var/lib/crater-agent-workspace/builds/worker-7-tc2/source:/opt/rustwide/workdir:ro,Z" "-v" "/var/lib/crater-agent-workspace/cargo-home:/opt/rustwide/cargo-home:ro,Z" "-v" "/var/lib/crater-agent-workspace/rustup-home:/opt/rustwide/rustup-home:ro,Z" "-e" "SOURCE_DIR=/opt/rustwide/workdir" "-e" "CARGO_TARGET_DIR=/opt/rustwide/target" "-e" "CARGO_INCREMENTAL=0" "-e" "RUST_BACKTRACE=full" "-e" "RUSTFLAGS=--cap-lints=warn" "-e" "RUSTDOCFLAGS=--cap-lints=warn" "-e" "CARGO_HOME=/opt/rustwide/cargo-home" "-e" "RUSTUP_HOME=/opt/rustwide/rustup-home" "-w" "/opt/rustwide/workdir" "-m" "1610612736" "--user" "0:0" "--network" "none" "ghcr.io/rust-lang/crates-build-env/linux@sha256:2788e3201cd34a07e3172128adcd8b3090168a8e3bcc40d7c032b9dda1df7d1c" "/opt/rustwide/cargo-home/bin/cargo" "+beta-2023-12-22" "test" "--frozen" "--no-run" "--message-format=json", kill_on_drop: false }`
[INFO] [stdout] 6b832f526d378eb13b94dba7f8d2d7ef8ce888d5375c8e7c3613640b163f6094
[INFO] running `Command { std: "docker" "start" "-a" "6b832f526d378eb13b94dba7f8d2d7ef8ce888d5375c8e7c3613640b163f6094", kill_on_drop: false }`
[INFO] [stderr]    Compiling globalali v0.1.0 (/opt/rustwide/workdir)
[INFO] [stdout] error[E0061]: this function takes 3 arguments but 1 argument was supplied
[INFO] [stdout]  --> src/utils.rs:7:14
[INFO] [stdout]   |
[INFO] [stdout] 7 |   assert_eq!(gamma(0), 1.)
[INFO] [stdout]   |              ^^^^^--- two arguments of type `i32` and `i32` are missing
[INFO] [stdout]   |
[INFO] [stdout] note: function defined here
[INFO] [stdout]  --> src/utils.rs:1:8
[INFO] [stdout]   |
[INFO] [stdout] 1 | pub fn gamma(n:i32,d:Dtype,e:Dtype) -> Dtype {
[INFO] [stdout]   |        ^^^^^ ----- ------- -------
[INFO] [stdout] help: provide the arguments
[INFO] [stdout]   |
[INFO] [stdout] 7 |   assert_eq!(gamma(0, /* i32 */, /* i32 */), 1.)
[INFO] [stdout]   |                   ~~~~~~~~~~~~~~~~~~~~~~~~~
[INFO] [stdout] 
[INFO] [stdout] 
[INFO] [stdout] error[E0308]: mismatched types
[INFO] [stdout]  --> src/utils.rs:7:24
[INFO] [stdout]   |
[INFO] [stdout] 7 |   assert_eq!(gamma(0), 1.)
[INFO] [stdout]   |                        ^^ expected `i32`, found floating-point number
[INFO] [stdout] 
[INFO] [stdout] 
[INFO] [stdout] error: aborting due to 2 previous errors
[INFO] [stdout] 
[INFO] [stdout] 
[INFO] [stdout] Some errors have detailed explanations: E0061, E0308.
[INFO] [stdout] 
[INFO] [stdout] For more information about an error, try `rustc --explain E0061`.
[INFO] [stdout] 
[INFO] [stderr] error: could not compile `globalali` (bin "globalali" test) due to 3 previous errors
[INFO] running `Command { std: "docker" "inspect" "6b832f526d378eb13b94dba7f8d2d7ef8ce888d5375c8e7c3613640b163f6094", kill_on_drop: false }`
[INFO] running `Command { std: "docker" "rm" "-f" "6b832f526d378eb13b94dba7f8d2d7ef8ce888d5375c8e7c3613640b163f6094", kill_on_drop: false }`
[INFO] [stdout] 6b832f526d378eb13b94dba7f8d2d7ef8ce888d5375c8e7c3613640b163f6094
