[INFO] cloning repository https://github.com/BailyTroyer/hello-rust
[INFO] running `Command { std: "git" "-c" "credential.helper=" "-c" "credential.helper=/workspace/cargo-home/bin/git-credential-null" "clone" "--bare" "https://github.com/BailyTroyer/hello-rust" "/workspace/cache/git-repos/https%3A%2F%2Fgithub.com%2FBailyTroyer%2Fhello-rust", kill_on_drop: false }`
[INFO] [stderr] Cloning into bare repository '/workspace/cache/git-repos/https%3A%2F%2Fgithub.com%2FBailyTroyer%2Fhello-rust'...
[INFO] running `Command { std: "git" "rev-parse" "HEAD", kill_on_drop: false }`
[INFO] [stdout] b7bf02797a10a372f8ba0b75c6d3eee8ed1d3719
[INFO] testing BailyTroyer/hello-rust against 1.75.0 for beta-1.76-1
[INFO] running `Command { std: "git" "clone" "/workspace/cache/git-repos/https%3A%2F%2Fgithub.com%2FBailyTroyer%2Fhello-rust" "/workspace/builds/worker-4-tc1/source", kill_on_drop: false }`
[INFO] [stderr] Cloning into '/workspace/builds/worker-4-tc1/source'...
[INFO] [stderr] done.
[INFO] validating manifest of git repo https://github.com/BailyTroyer/hello-rust on toolchain 1.75.0
[INFO] running `Command { std: CARGO_HOME="/workspace/cargo-home" RUSTUP_HOME="/workspace/rustup-home" "/workspace/cargo-home/bin/cargo" "+1.75.0" "metadata" "--manifest-path" "Cargo.toml" "--no-deps", kill_on_drop: false }`
[INFO] started tweaking git repo https://github.com/BailyTroyer/hello-rust
[INFO] finished tweaking git repo https://github.com/BailyTroyer/hello-rust
[INFO] tweaked toml for git repo https://github.com/BailyTroyer/hello-rust written to /workspace/builds/worker-4-tc1/source/Cargo.toml
[INFO] crate git repo https://github.com/BailyTroyer/hello-rust already has a lockfile, it will not be regenerated
[INFO] running `Command { std: CARGO_HOME="/workspace/cargo-home" RUSTUP_HOME="/workspace/rustup-home" "/workspace/cargo-home/bin/cargo" "+1.75.0" "fetch" "--manifest-path" "Cargo.toml", kill_on_drop: false }`
[INFO] [stderr]     Updating crates.io index
[INFO] [stderr]  Downloading crates ...
[INFO] [stderr]   Downloaded frunk_derives v0.4.0
[INFO] [stderr]   Downloaded tonic-build v0.8.2
[INFO] [stderr]   Downloaded derive_utils v0.11.2
[INFO] [stderr]   Downloaded frunk_proc_macro_helpers v0.1.0
[INFO] [stderr]   Downloaded frunk_proc_macros v0.1.0
[INFO] [stderr]   Downloaded frunk_proc_macros_impl v0.1.0
[INFO] [stderr]   Downloaded io-enum v1.0.1
[INFO] [stderr]   Downloaded wyz v0.4.0
[INFO] [stderr]   Downloaded prost-build v0.11.1
[INFO] [stderr]   Downloaded frunk v0.4.0
[INFO] [stderr]   Downloaded mysql_common v0.28.2
[INFO] [stderr]   Downloaded mysql v22.2.0
[INFO] [stderr]   Downloaded openssl-sys v0.9.76
[INFO] [stderr]   Downloaded prettyplease v0.1.19
[INFO] [stderr]   Downloaded bitvec v0.22.3
[INFO] [stderr]   Downloaded rust_decimal v1.26.1
[INFO] [stderr]   Downloaded frunk_core v0.4.0
[INFO] [stderr]   Downloaded funty v1.2.0
[INFO] [stderr]   Downloaded prost-types v0.11.1
[INFO] running `Command { std: "docker" "create" "-v" "/var/lib/crater-agent-workspace/builds/worker-4-tc1/target:/opt/rustwide/target:rw,Z" "-v" "/var/lib/crater-agent-workspace/builds/worker-4-tc1/source:/opt/rustwide/workdir:ro,Z" "-v" "/var/lib/crater-agent-workspace/cargo-home:/opt/rustwide/cargo-home:ro,Z" "-v" "/var/lib/crater-agent-workspace/rustup-home:/opt/rustwide/rustup-home:ro,Z" "-e" "SOURCE_DIR=/opt/rustwide/workdir" "-e" "CARGO_TARGET_DIR=/opt/rustwide/target" "-e" "CARGO_HOME=/opt/rustwide/cargo-home" "-e" "RUSTUP_HOME=/opt/rustwide/rustup-home" "-w" "/opt/rustwide/workdir" "-m" "1610612736" "--user" "0:0" "--network" "none" "ghcr.io/rust-lang/crates-build-env/linux@sha256:2788e3201cd34a07e3172128adcd8b3090168a8e3bcc40d7c032b9dda1df7d1c" "/opt/rustwide/cargo-home/bin/cargo" "+1.75.0" "metadata" "--no-deps" "--format-version=1", kill_on_drop: false }`
[INFO] [stdout] d419d80ba30216f67bdf71caa9e3f47cab16dd1a5d94f346fc82d1c94dd61554
[INFO] running `Command { std: "docker" "start" "-a" "d419d80ba30216f67bdf71caa9e3f47cab16dd1a5d94f346fc82d1c94dd61554", kill_on_drop: false }`
[INFO] running `Command { std: "docker" "inspect" "d419d80ba30216f67bdf71caa9e3f47cab16dd1a5d94f346fc82d1c94dd61554", kill_on_drop: false }`
[INFO] running `Command { std: "docker" "rm" "-f" "d419d80ba30216f67bdf71caa9e3f47cab16dd1a5d94f346fc82d1c94dd61554", kill_on_drop: false }`
[INFO] [stdout] d419d80ba30216f67bdf71caa9e3f47cab16dd1a5d94f346fc82d1c94dd61554
[INFO] running `Command { std: "docker" "create" "-v" "/var/lib/crater-agent-workspace/builds/worker-4-tc1/target:/opt/rustwide/target:rw,Z" "-v" "/var/lib/crater-agent-workspace/builds/worker-4-tc1/source:/opt/rustwide/workdir:ro,Z" "-v" "/var/lib/crater-agent-workspace/cargo-home:/opt/rustwide/cargo-home:ro,Z" "-v" "/var/lib/crater-agent-workspace/rustup-home:/opt/rustwide/rustup-home:ro,Z" "-e" "SOURCE_DIR=/opt/rustwide/workdir" "-e" "CARGO_TARGET_DIR=/opt/rustwide/target" "-e" "CARGO_INCREMENTAL=0" "-e" "RUST_BACKTRACE=full" "-e" "RUSTFLAGS=--cap-lints=warn" "-e" "RUSTDOCFLAGS=--cap-lints=warn" "-e" "CARGO_HOME=/opt/rustwide/cargo-home" "-e" "RUSTUP_HOME=/opt/rustwide/rustup-home" "-w" "/opt/rustwide/workdir" "-m" "1610612736" "--user" "0:0" "--network" "none" "ghcr.io/rust-lang/crates-build-env/linux@sha256:2788e3201cd34a07e3172128adcd8b3090168a8e3bcc40d7c032b9dda1df7d1c" "/opt/rustwide/cargo-home/bin/cargo" "+1.75.0" "build" "--frozen" "--message-format=json", kill_on_drop: false }`
[INFO] [stdout] 2cea34c7f0353f7b19f64ed7abc6a642085c36bd91aa9db4e7690970097d414d
[INFO] running `Command { std: "docker" "start" "-a" "2cea34c7f0353f7b19f64ed7abc6a642085c36bd91aa9db4e7690970097d414d", kill_on_drop: false }`
[INFO] [stderr]    Compiling proc-macro2 v1.0.46
[INFO] [stderr]    Compiling quote v1.0.21
[INFO] [stderr]    Compiling unicode-ident v1.0.4
[INFO] [stderr]    Compiling syn v1.0.101
[INFO] [stderr]    Compiling libc v0.2.134
[INFO] [stderr]    Compiling once_cell v1.15.0
[INFO] [stderr]    Compiling bytes v1.2.1
[INFO] [stderr]    Compiling memchr v2.5.0
[INFO] [stderr]    Compiling futures-core v0.3.24
[INFO] [stderr]    Compiling cc v1.0.73
[INFO] [stderr]    Compiling ahash v0.7.6
[INFO] [stderr]    Compiling pkg-config v0.3.25
[INFO] [stderr]    Compiling tokio v1.21.2
[INFO] [stderr]    Compiling itoa v1.0.3
[INFO] [stderr]    Compiling futures-task v0.3.24
[INFO] [stderr]    Compiling futures-sink v0.3.24
[INFO] [stderr]    Compiling futures-util v0.3.24
[INFO] [stderr]    Compiling anyhow v1.0.65
[INFO] [stderr]    Compiling either v1.8.0
[INFO] [stderr]    Compiling getrandom v0.2.7
[INFO] [stderr]    Compiling socket2 v0.4.7
[INFO] [stderr]    Compiling num_cpus v1.13.1
[INFO] [stderr]    Compiling mio v0.8.4
[INFO] [stderr]    Compiling tracing-core v0.1.29
[INFO] [stderr]    Compiling typenum v1.15.0
[INFO] [stderr]    Compiling regex-syntax v0.6.27
[INFO] [stderr]    Compiling hashbrown v0.12.3
[INFO] [stderr]    Compiling rand_core v0.6.4
[INFO] [stderr]    Compiling itertools v0.10.5
[INFO] [stderr]    Compiling generic-array v0.14.6
[INFO] [stderr]    Compiling slab v0.4.7
[INFO] [stderr]    Compiling indexmap v1.9.1
[INFO] [stderr]    Compiling ppv-lite86 v0.2.16
[INFO] [stderr]    Compiling glob v0.3.0
[INFO] [stderr]    Compiling http v0.2.8
[INFO] [stderr]    Compiling rand_chacha v0.3.1
[INFO] [stderr]    Compiling clang-sys v1.4.0
[INFO] [stderr]    Compiling regex v1.6.0
[INFO] [stderr]    Compiling lexical-util v0.8.5
[INFO] [stderr]    Compiling num-traits v0.2.15
[INFO] [stderr]    Compiling serde v1.0.145
[INFO] [stderr]    Compiling crossbeam-utils v0.8.12
[INFO] [stderr]    Compiling rand v0.8.5
[INFO] [stderr]    Compiling openssl-sys v0.9.76
[INFO] [stderr]    Compiling futures-channel v0.3.24
[INFO] [stderr]    Compiling frunk_core v0.4.0
[INFO] [stderr]    Compiling proc-macro-hack v0.5.19
[INFO] [stderr]    Compiling nom v7.1.1
[INFO] [stderr]    Compiling http-body v0.4.5
[INFO] [stderr]    Compiling libloading v0.7.3
[INFO] [stderr]    Compiling memoffset v0.6.5
[INFO] [stderr]    Compiling num-integer v0.1.45
[INFO] [stderr]    Compiling bindgen v0.59.2
[INFO] [stderr]    Compiling block-buffer v0.10.3
[INFO] [stderr]    Compiling frunk_proc_macro_helpers v0.1.0
[INFO] [stderr]    Compiling crypto-common v0.1.6
[INFO] [stderr]    Compiling cexpr v0.6.0
[INFO] [stderr]    Compiling lexical-write-integer v0.8.5
[INFO] [stderr]    Compiling lexical-parse-integer v0.8.6
[INFO] [stderr]    Compiling libz-sys v1.1.8
[INFO] [stderr]    Compiling crossbeam-epoch v0.9.11
[INFO] [stderr]    Compiling num-bigint v0.4.3
[INFO] [stderr]    Compiling remove_dir_all v0.5.3
[INFO] [stderr]    Compiling try-lock v0.2.3
[INFO] [stderr]    Compiling fastrand v1.8.0
[INFO] [stderr]    Compiling peeking_take_while v0.1.2
[INFO] [stderr]    Compiling crc32fast v1.3.2
[INFO] [stderr]    Compiling tower-layer v0.3.1
[INFO] [stderr]    Compiling fixedbitset v0.4.2
[INFO] [stderr]    Compiling prettyplease v0.1.19
[INFO] [stderr]    Compiling tinyvec_macros v0.1.0
[INFO] [stderr]    Compiling shlex v1.1.0
[INFO] [stderr]    Compiling radium v0.6.2
[INFO] [stderr]    Compiling async-trait v0.1.57
[INFO] [stderr]    Compiling rustc-hash v1.1.0
[INFO] [stderr]    Compiling lazycell v1.3.0
[INFO] [stderr]    Compiling petgraph v0.6.2
[INFO] [stderr]    Compiling tinyvec v1.6.0
[INFO] [stderr]    Compiling tempfile v3.3.0
[INFO] [stderr]    Compiling tokio-macros v1.8.0
[INFO] [stderr]    Compiling tracing-attributes v0.1.22
[INFO] [stderr]    Compiling prost-derive v0.11.0
[INFO] [stderr]    Compiling pin-project-internal v1.0.12
[INFO] [stderr]    Compiling frunk_proc_macros_impl v0.1.0
[INFO] [stderr]    Compiling want v0.3.0
[INFO] [stderr]    Compiling lexical-parse-float v0.8.5
[INFO] [stderr]    Compiling lexical-write-float v0.8.5
[INFO] [stderr]    Compiling digest v0.10.5
[INFO] [stderr]    Compiling tracing v0.1.36
[INFO] [stderr]    Compiling which v4.3.0
[INFO] [stderr]    Compiling subprocess v0.2.9
[INFO] [stderr]    Compiling pin-project v1.0.12
[INFO] [stderr]    Compiling cmake v0.1.48
[INFO] [stderr]    Compiling tap v1.0.1
[INFO] [stderr]    Compiling multimap v0.8.3
[INFO] [stderr]    Compiling prost v0.11.0
[INFO] [stderr]    Compiling base64 v0.13.0
[INFO] [stderr]    Compiling openssl v0.10.42
[INFO] [stderr]    Compiling cpufeatures v0.2.5
[INFO] [stderr]    Compiling prost-types v0.11.1
[INFO] [stderr]    Compiling serde_json v1.0.85
[INFO] [stderr]    Compiling rust_decimal v1.26.1
[INFO] [stderr]    Compiling heck v0.4.0
[INFO] [stderr]    Compiling crossbeam-queue v0.3.6
[INFO] [stderr]    Compiling thiserror v1.0.37
[INFO] [stderr]    Compiling wyz v0.4.0
[INFO] [stderr]    Compiling lexical-core v0.8.5
[INFO] [stderr]    Compiling unicode-normalization v0.1.22
[INFO] [stderr]    Compiling thiserror-impl v1.0.37
[INFO] [stderr]    Compiling prost-build v0.11.1
[INFO] [stderr]    Compiling tokio-util v0.7.4
[INFO] [stderr]    Compiling frunk_proc_macros v0.1.0
[INFO] [stderr]    Compiling openssl-macros v0.1.0
[INFO] [stderr]    Compiling h2 v0.3.14
[INFO] [stderr]    Compiling tower v0.4.13
[INFO] [stderr]    Compiling frunk_derives v0.4.0
[INFO] [stderr]    Compiling aho-corasick v0.7.19
[INFO] [stderr]    Compiling mysql_common v0.28.2
[INFO] [stderr]    Compiling io-enum v1.0.1
[INFO] [stderr]    Compiling http-range-header v0.3.0
[INFO] [stderr]    Compiling unicode-bidi v0.3.8
[INFO] [stderr]    Compiling native-tls v0.2.10
[INFO] [stderr]    Compiling num_threads v0.1.6
[INFO] [stderr]    Compiling funty v1.2.0
[INFO] [stderr]    Compiling mime v0.3.16
[INFO] [stderr]    Compiling ryu v1.0.11
[INFO] [stderr]    Compiling arrayvec v0.7.2
[INFO] [stderr]    Compiling axum-core v0.2.8
[INFO] [stderr]    Compiling bitvec v0.22.3
[INFO] [stderr]    Compiling idna v0.3.0
[INFO] [stderr]    Compiling time v0.3.15
[INFO] [stderr]    Compiling tower-http v0.3.4
[INFO] [stderr]    Compiling hyper v0.14.20
[INFO] [stderr]    Compiling tonic-build v0.8.2
[INFO] [stderr]    Compiling frunk v0.4.0
[INFO] [stderr]    Compiling flate2 v1.0.24
[INFO] [stderr]    Compiling bigdecimal v0.3.0
[INFO] [stderr]    Compiling tokio-io-timeout v1.2.0
[INFO] [stderr]    Compiling crossbeam-deque v0.8.2
[INFO] [stderr]    Compiling lexical v6.1.1
[INFO] [stderr]    Compiling sha-1 v0.10.0
[INFO] [stderr]    Compiling sha2 v0.10.6
[INFO] [stderr]    Compiling async-stream-impl v0.3.3
[INFO] [stderr]    Compiling crossbeam-channel v0.5.6
[INFO] [stderr]    Compiling derive_utils v0.11.2
[INFO] [stderr]    Compiling uuid v0.8.2
[INFO] [stderr]    Compiling sync_wrapper v0.1.1
[INFO] [stderr]    Compiling saturating v0.1.0
[INFO] [stderr]    Compiling matchit v0.5.0
[INFO] [stderr]    Compiling mysql v22.2.0
[INFO] [stderr]    Compiling smallvec v1.10.0
[INFO] [stderr]    Compiling async-stream v0.3.3
[INFO] [stderr]    Compiling crossbeam v0.8.2
[INFO] [stderr]    Compiling url v2.3.1
[INFO] [stderr]    Compiling hello-rust v0.1.0 (/opt/rustwide/workdir)
[INFO] [stderr]    Compiling tokio-stream v0.1.10
[INFO] [stderr]    Compiling pem v1.1.0
[INFO] [stderr]    Compiling tracing-futures v0.2.5
[INFO] [stderr]    Compiling twox-hash v1.6.3
[INFO] [stderr]    Compiling lru v0.7.8
[INFO] [stderr]    Compiling futures-io v0.3.24
[INFO] [stderr]    Compiling bufstream v0.1.4
[INFO] [stderr]    Compiling futures v0.3.24
[INFO] [stderr]    Compiling axum v0.5.16
[INFO] [stderr]    Compiling hyper-timeout v0.4.1
[INFO] [stderr]    Compiling tonic v0.8.2
[INFO] [stdout] error[E0425]: cannot find value `in_stream` in this scope
[INFO] [stdout]   --> src/input.rs:36:36
[INFO] [stdout]    |
[INFO] [stdout] 36 |         let response = client.chat(in_stream).await.unwrap();
[INFO] [stdout]    |                                    ^^^^^^^^^ not found in this scope
[INFO] [stdout] 
[INFO] [stdout] 
[INFO] [stdout] error[E0728]: `await` is only allowed inside `async` functions and blocks
[INFO] [stdout]   --> src/input.rs:36:47
[INFO] [stdout]    |
[INFO] [stdout] 33 |     std::thread::spawn(move || {
[INFO] [stdout]    |                        ------- this is not `async`
[INFO] [stdout] ...
[INFO] [stdout] 36 |         let response = client.chat(in_stream).await.unwrap();
[INFO] [stdout]    |                                               ^^^^^ only allowed inside `async` functions and blocks
[INFO] [stdout] 
[INFO] [stdout] 
[INFO] [stdout] error[E0728]: `await` is only allowed inside `async` functions and blocks
[INFO] [stdout]   --> src/input.rs:40:55
[INFO] [stdout]    |
[INFO] [stdout] 33 |     std::thread::spawn(move || {
[INFO] [stdout]    |                        ------- this is not `async`
[INFO] [stdout] ...
[INFO] [stdout] 40 |         while let Some(received) = resp_stream.next().await {
[INFO] [stdout]    |                                                       ^^^^^ only allowed inside `async` functions and blocks
[INFO] [stdout] 
[INFO] [stdout] 
[INFO] [stdout] warning: unused import: `std::io`
[INFO] [stdout]  --> src/input.rs:1:5
[INFO] [stdout]   |
[INFO] [stdout] 1 | use std::io::*;
[INFO] [stdout]   |     ^^^^^^^
[INFO] [stdout]   |
[INFO] [stdout]   = note: `#[warn(unused_imports)]` on by default
[INFO] [stdout] 
[INFO] [stdout] 
[INFO] [stdout] error: aborting due to 3 previous errors; 1 warning emitted
[INFO] [stdout] 
[INFO] [stdout] 
[INFO] [stdout] Some errors have detailed explanations: E0425, E0728.
[INFO] [stdout] 
[INFO] [stdout] For more information about an error, try `rustc --explain E0425`.
[INFO] [stdout] 
[INFO] [stderr] error: could not compile `hello-rust` (bin "in") due to 4 previous errors; 1 warning emitted
[INFO] [stderr] warning: build failed, waiting for other jobs to finish...
[INFO] running `Command { std: "docker" "inspect" "2cea34c7f0353f7b19f64ed7abc6a642085c36bd91aa9db4e7690970097d414d", kill_on_drop: false }`
[INFO] running `Command { std: "docker" "rm" "-f" "2cea34c7f0353f7b19f64ed7abc6a642085c36bd91aa9db4e7690970097d414d", kill_on_drop: false }`
[INFO] [stdout] 2cea34c7f0353f7b19f64ed7abc6a642085c36bd91aa9db4e7690970097d414d
