[INFO] cloning repository https://github.com/Baelyk/minesweeper
[INFO] running `Command { std: "git" "-c" "credential.helper=" "-c" "credential.helper=/workspace/cargo-home/bin/git-credential-null" "clone" "--bare" "https://github.com/Baelyk/minesweeper" "/workspace/cache/git-repos/https%3A%2F%2Fgithub.com%2FBaelyk%2Fminesweeper", kill_on_drop: false }`
[INFO] [stderr] Cloning into bare repository '/workspace/cache/git-repos/https%3A%2F%2Fgithub.com%2FBaelyk%2Fminesweeper'...
[INFO] running `Command { std: "git" "rev-parse" "HEAD", kill_on_drop: false }`
[INFO] [stdout] 93510b63b0e80f5df69cd76046a28ddc6e198fb2
[INFO] testing Baelyk/minesweeper against 1.75.0 for beta-1.76-1
[INFO] running `Command { std: "git" "clone" "/workspace/cache/git-repos/https%3A%2F%2Fgithub.com%2FBaelyk%2Fminesweeper" "/workspace/builds/worker-0-tc1/source", kill_on_drop: false }`
[INFO] [stderr] Cloning into '/workspace/builds/worker-0-tc1/source'...
[INFO] [stderr] done.
[INFO] validating manifest of git repo https://github.com/Baelyk/minesweeper on toolchain 1.75.0
[INFO] running `Command { std: CARGO_HOME="/workspace/cargo-home" RUSTUP_HOME="/workspace/rustup-home" "/workspace/cargo-home/bin/cargo" "+1.75.0" "metadata" "--manifest-path" "Cargo.toml" "--no-deps", kill_on_drop: false }`
[INFO] started tweaking git repo https://github.com/Baelyk/minesweeper
[INFO] finished tweaking git repo https://github.com/Baelyk/minesweeper
[INFO] tweaked toml for git repo https://github.com/Baelyk/minesweeper written to /workspace/builds/worker-0-tc1/source/Cargo.toml
[INFO] crate git repo https://github.com/Baelyk/minesweeper already has a lockfile, it will not be regenerated
[INFO] running `Command { std: CARGO_HOME="/workspace/cargo-home" RUSTUP_HOME="/workspace/rustup-home" "/workspace/cargo-home/bin/cargo" "+1.75.0" "fetch" "--manifest-path" "Cargo.toml", kill_on_drop: false }`
[INFO] [stderr]  Downloading crates ...
[INFO] [stderr]   Downloaded pistoncore-window v0.28.0
[INFO] [stderr]   Downloaded piston-gfx_texture v0.26.0
[INFO] [stderr]   Downloaded phf v0.7.22
[INFO] [stderr]   Downloaded byteorder v1.2.2
[INFO] [stderr]   Downloaded gfx v0.16.3
[INFO] [stderr]   Downloaded rayon v1.0.1
[INFO] [stderr]   Downloaded arrayvec v0.4.7
[INFO] [stderr]   Downloaded gdi32-sys v0.1.2
[INFO] [stderr]   Downloaded shared_library v0.1.8
[INFO] [stderr]   Downloaded num_cpus v1.8.0
[INFO] [stderr]   Downloaded dwmapi-sys v0.1.1
[INFO] [stderr]   Downloaded either v1.5.0
[INFO] [stderr]   Downloaded draw_state v0.7.1
[INFO] [stderr]   Downloaded pistoncore-input v0.19.0
[INFO] [stderr]   Downloaded gfx_device_gl v0.14.6
[INFO] [stderr]   Downloaded redox_syscall v0.1.37
[INFO] [stderr]   Downloaded rayon-core v1.4.0
[INFO] [stderr]   Downloaded deflate v0.7.18
[INFO] [stderr]   Downloaded libc v0.2.40
[INFO] [stderr]   Downloaded piston_window v0.70.0
[INFO] [stderr]   Downloaded khronos_api v1.0.1
[INFO] [stderr]   Downloaded piston2d-gfx_graphics v0.43.0
[INFO] [stderr]   Downloaded piston2d-graphics v0.21.1
[INFO] [stderr]   Downloaded piston2d-graphics v0.26.0
[INFO] [stderr]   Downloaded serde v1.0.43
[INFO] [stderr]   Downloaded image v0.15.0
[INFO] [stderr]   Downloaded piston v0.33.0
[INFO] [stderr]   Downloaded x11-dl v2.17.5
[INFO] [stderr]   Downloaded num-traits v0.2.2
[INFO] [stderr]   Downloaded png v0.9.0
[INFO] [stderr]   Downloaded gleam v0.4.34
[INFO] [stderr]   Downloaded pistoncore-glutin_window v0.39.1
[INFO] [stderr]   Downloaded winit v0.7.6
[INFO] [stderr]   Downloaded stb_truetype v0.2.2
[INFO] [stderr]   Downloaded serde_derive_internals v0.23.1
[INFO] [stderr]   Downloaded glutin v0.9.2
[INFO] [stderr]   Downloaded crossbeam-utils v0.2.2
[INFO] [stderr]   Downloaded num-iter v0.1.35
[INFO] [stderr]   Downloaded gfx_core v0.7.2
[INFO] [stderr]   Downloaded phf_generator v0.7.22
[INFO] [stderr]   Downloaded jpeg-decoder v0.1.14
[INFO] [stderr]   Downloaded gl_generator v0.5.5
[INFO] [stderr]   Downloaded pistoncore-event_loop v0.33.0
[INFO] [stderr]   Downloaded user32-sys v0.1.3
[INFO] [stderr]   Downloaded num-integer v0.1.36
[INFO] [stderr]   Downloaded phf_shared v0.7.22
[INFO] [stderr]   Downloaded crossbeam-deque v0.2.0
[INFO] [stderr]   Downloaded phf_codegen v0.7.22
[INFO] [stderr]   Downloaded wayland-window v0.7.0
[INFO] [stderr]   Downloaded piston-texture v0.5.0
[INFO] [stderr]   Downloaded crossbeam-epoch v0.3.1
[INFO] [stderr]   Downloaded shader_version v0.2.2
[INFO] [stderr]   Downloaded linked-hash-map v0.5.1
[INFO] [stderr]   Downloaded bitflags v1.0.2
[INFO] [stderr]   Downloaded proc-macro2 v0.3.7
[INFO] [stderr]   Downloaded serde_derive v1.0.43
[INFO] [stderr]   Downloaded syn v0.13.3
[INFO] running `Command { std: "docker" "create" "-v" "/var/lib/crater-agent-workspace/builds/worker-0-tc1/target:/opt/rustwide/target:rw,Z" "-v" "/var/lib/crater-agent-workspace/builds/worker-0-tc1/source:/opt/rustwide/workdir:ro,Z" "-v" "/var/lib/crater-agent-workspace/cargo-home:/opt/rustwide/cargo-home:ro,Z" "-v" "/var/lib/crater-agent-workspace/rustup-home:/opt/rustwide/rustup-home:ro,Z" "-e" "SOURCE_DIR=/opt/rustwide/workdir" "-e" "CARGO_TARGET_DIR=/opt/rustwide/target" "-e" "CARGO_HOME=/opt/rustwide/cargo-home" "-e" "RUSTUP_HOME=/opt/rustwide/rustup-home" "-w" "/opt/rustwide/workdir" "-m" "1610612736" "--user" "0:0" "--network" "none" "ghcr.io/rust-lang/crates-build-env/linux@sha256:2788e3201cd34a07e3172128adcd8b3090168a8e3bcc40d7c032b9dda1df7d1c" "/opt/rustwide/cargo-home/bin/cargo" "+1.75.0" "metadata" "--no-deps" "--format-version=1", kill_on_drop: false }`
[INFO] [stdout] 932b34ed80fdbf3910cb5268a2965ae1946c7d59ef3d05791b8b0d752df3c00a
[INFO] running `Command { std: "docker" "start" "-a" "932b34ed80fdbf3910cb5268a2965ae1946c7d59ef3d05791b8b0d752df3c00a", kill_on_drop: false }`
[INFO] running `Command { std: "docker" "inspect" "932b34ed80fdbf3910cb5268a2965ae1946c7d59ef3d05791b8b0d752df3c00a", kill_on_drop: false }`
[INFO] running `Command { std: "docker" "rm" "-f" "932b34ed80fdbf3910cb5268a2965ae1946c7d59ef3d05791b8b0d752df3c00a", kill_on_drop: false }`
[INFO] [stdout] 932b34ed80fdbf3910cb5268a2965ae1946c7d59ef3d05791b8b0d752df3c00a
[INFO] running `Command { std: "docker" "create" "-v" "/var/lib/crater-agent-workspace/builds/worker-0-tc1/target:/opt/rustwide/target:rw,Z" "-v" "/var/lib/crater-agent-workspace/builds/worker-0-tc1/source:/opt/rustwide/workdir:ro,Z" "-v" "/var/lib/crater-agent-workspace/cargo-home:/opt/rustwide/cargo-home:ro,Z" "-v" "/var/lib/crater-agent-workspace/rustup-home:/opt/rustwide/rustup-home:ro,Z" "-e" "SOURCE_DIR=/opt/rustwide/workdir" "-e" "CARGO_TARGET_DIR=/opt/rustwide/target" "-e" "CARGO_INCREMENTAL=0" "-e" "RUST_BACKTRACE=full" "-e" "RUSTFLAGS=--cap-lints=warn" "-e" "RUSTDOCFLAGS=--cap-lints=warn" "-e" "CARGO_HOME=/opt/rustwide/cargo-home" "-e" "RUSTUP_HOME=/opt/rustwide/rustup-home" "-w" "/opt/rustwide/workdir" "-m" "1610612736" "--user" "0:0" "--network" "none" "ghcr.io/rust-lang/crates-build-env/linux@sha256:2788e3201cd34a07e3172128adcd8b3090168a8e3bcc40d7c032b9dda1df7d1c" "/opt/rustwide/cargo-home/bin/cargo" "+1.75.0" "build" "--frozen" "--message-format=json", kill_on_drop: false }`
[INFO] [stdout] c514342120294f8605b791ad09880003f2ef2309c93880facf29a1fc31d63f3c
[INFO] running `Command { std: "docker" "start" "-a" "c514342120294f8605b791ad09880003f2ef2309c93880facf29a1fc31d63f3c", kill_on_drop: false }`
[INFO] [stderr]    Compiling libc v0.2.40
[INFO] [stderr]    Compiling cfg-if v0.1.2
[INFO] [stderr]    Compiling bitflags v0.9.1
[INFO] [stderr]    Compiling num-traits v0.2.2
[INFO] [stderr]    Compiling siphasher v0.2.2
[INFO] [stderr]    Compiling itoa v0.3.4
[INFO] [stderr]    Compiling serde v0.9.15
[INFO] [stderr]    Compiling dtoa v0.4.2
[INFO] [stderr]    Compiling lazy_static v1.0.0
[INFO] [stderr]    Compiling khronos_api v2.2.0
[INFO] [stderr]    Compiling byteorder v1.2.2
[INFO] [stderr]    Compiling bitflags v1.0.2
[INFO] [stderr]    Compiling lazy_static v0.2.11
[INFO] [stderr]    Compiling either v1.5.0
[INFO] [stderr]    Compiling piston-float v0.3.0
[INFO] [stderr]    Compiling nodrop v0.1.12
[INFO] [stderr]    Compiling log v0.4.1
[INFO] [stderr]    Compiling xml-rs v0.7.0
[INFO] [stderr]    Compiling unicode-xid v0.1.0
[INFO] [stderr]    Compiling xml-rs v0.6.1
[INFO] [stderr]    Compiling arrayvec v0.4.7
[INFO] [stderr]    Compiling winapi-build v0.1.1
[INFO] [stderr]    Compiling phf_shared v0.7.22
[INFO] [stderr]    Compiling piston-viewport v0.3.0
[INFO] [stderr]    Compiling crossbeam-utils v0.2.2
[INFO] [stderr]    Compiling memoffset v0.2.1
[INFO] [stderr]    Compiling scopeguard v0.3.3
[INFO] [stderr]    Compiling log v0.3.9
[INFO] [stderr]    Compiling proc-macro2 v0.3.7
[INFO] [stderr]    Compiling quote v0.3.15
[INFO] [stderr]    Compiling phf v0.7.22
[INFO] [stderr]    Compiling unicode-xid v0.0.4
[INFO] [stderr]    Compiling kernel32-sys v0.2.2
[INFO] [stderr]    Compiling rayon-core v1.4.0
[INFO] [stderr]    Compiling winapi v0.2.8
[INFO] [stderr]    Compiling crossbeam-epoch v0.3.1
[INFO] [stderr]    Compiling itertools v0.5.10
[INFO] [stderr]    Compiling pkg-config v0.3.11
[INFO] [stderr]    Compiling bitflags v0.8.2
[INFO] [stderr]    Compiling adler32 v1.0.2
[INFO] [stderr]    Compiling rand v0.4.2
[INFO] [stderr]    Compiling num_cpus v1.8.0
[INFO] [stderr]    Compiling syn v0.10.8
[INFO] [stderr]    Compiling draw_state v0.7.1
[INFO] [stderr]    Compiling shader_version v0.2.2
[INFO] [stderr]    Compiling khronos_api v1.0.1
[INFO] [stderr]    Compiling num-traits v0.1.43
[INFO] [stderr]    Compiling quote v0.5.2
[INFO] [stderr]    Compiling num-integer v0.1.36
[INFO] [stderr]    Compiling crossbeam-deque v0.2.0
[INFO] [stderr]    Compiling fs2 v0.2.5
[INFO] [stderr]    Compiling wayland-scanner v0.9.10
[INFO] [stderr]    Compiling syn v0.13.3
[INFO] [stderr]    Compiling serde v1.0.43
[INFO] [stderr]    Compiling num-iter v0.1.35
[INFO] [stderr]    Compiling memmap v0.4.0
[INFO] [stderr]    Compiling gl_generator v0.5.5
[INFO] [stderr]    Compiling gl_generator v0.7.0
[INFO] [stderr]    Compiling gl_generator v0.6.1
[INFO] [stderr]    Compiling phf_generator v0.7.22
[INFO] [stderr]    Compiling rand v0.3.22
[INFO] [stderr]    Compiling x11-dl v2.17.5
[INFO] [stderr]    Compiling phf_codegen v0.7.22
[INFO] [stderr]    Compiling tempfile v2.2.0
[INFO] [stderr]    Compiling deflate v0.7.18
[INFO] [stderr]    Compiling shared_library v0.1.8
[INFO] [stderr]    Compiling bitflags v0.7.0
[INFO] [stderr]    Compiling color_quant v1.0.0
[INFO] [stderr]    Compiling inflate v0.2.0
[INFO] [stderr]    Compiling rayon v1.0.1
[INFO] [stderr]    Compiling lzw v0.10.0
[INFO] [stderr]    Compiling target_build_utils v0.3.1
[INFO] [stderr]    Compiling wayland-client v0.9.10
[INFO] [stderr]    Compiling wayland-protocols v0.9.10
[INFO] [stderr]    Compiling gfx_gl v0.4.0
[INFO] [stderr]    Compiling gif v0.9.2
[INFO] [stderr]    Compiling gl v0.6.5
[INFO] [stderr]    Compiling glutin v0.9.2
[INFO] [stderr]    Compiling num-rational v0.1.42
[INFO] [stderr]    Compiling enum_primitive v0.1.1
[INFO] [stderr]    Compiling vecmath v0.3.1
[INFO] [stderr]    Compiling scoped_threadpool v0.1.9
[INFO] [stderr]    Compiling serde_derive_internals v0.23.1
[INFO] [stderr]    Compiling serde_json v0.9.10
[INFO] [stderr]    Compiling jpeg-decoder v0.1.14
[INFO] [stderr]    Compiling png v0.9.0
[INFO] [stderr]    Compiling interpolation v0.1.0
[INFO] [stderr]    Compiling piston-texture v0.5.0
[INFO] [stderr]    Compiling osmesa-sys v0.1.2
[INFO] [stderr]    Compiling image v0.15.0
[INFO] [stderr]    Compiling stb_truetype v0.2.2
[INFO] [stderr]    Compiling read_color v0.1.0
[INFO] [stderr]    Compiling linked-hash-map v0.5.1
[INFO] [stderr]    Compiling piston2d-graphics v0.21.1
[INFO] [stderr]    Compiling piston-shaders_graphics2d v0.3.1
[INFO] [stderr]    Compiling piston-texture v0.6.0
[INFO] [stderr]    Compiling derivative v1.0.0
[INFO] [stderr]    Compiling read_color v1.0.0
[INFO] [stderr]    Compiling rusttype v0.2.3
[INFO] [stderr]    Compiling piston2d-graphics v0.26.0
[INFO] [stderr]    Compiling find_folder v0.3.0
[INFO] [stderr]    Compiling serde_derive v1.0.43
[INFO] [stdout] error[E0311]: the parameter type `K` may not live long enough
[INFO] [stdout]   --> /opt/rustwide/cargo-home/registry/src/index.crates.io-6f17d22bba15001f/rusttype-0.2.3/src/support/bst/map.rs:81:19
[INFO] [stdout]    |
[INFO] [stdout] 78 |                 node: node::NodeRef<marker::Immut, K, V, marker::LeafOrInternal>)
[INFO] [stdout]    |                                     ------------- the parameter type `K` must be valid for the anonymous lifetime defined here...
[INFO] [stdout] ...
[INFO] [stdout] 81 |             match node.force() {
[INFO] [stdout]    |                   ^^^^ ...so that the type `K` will meet its required lifetime bounds
[INFO] [stdout]    |
[INFO] [stdout] help: consider adding an explicit lifetime bound
[INFO] [stdout]    |
[INFO] [stdout] 77 ~         fn clone_subtree<'a, K: Clone + 'a, V: Clone>(
[INFO] [stdout] 78 ~                 node: node::NodeRef<marker::Immut<'a>, K, V, marker::LeafOrInternal>)
[INFO] [stdout]    |
[INFO] [stdout] 
[INFO] [stdout] 
[INFO] [stdout] error[E0311]: the parameter type `V` may not live long enough
[INFO] [stdout]   --> /opt/rustwide/cargo-home/registry/src/index.crates.io-6f17d22bba15001f/rusttype-0.2.3/src/support/bst/map.rs:81:19
[INFO] [stdout]    |
[INFO] [stdout] 78 |                 node: node::NodeRef<marker::Immut, K, V, marker::LeafOrInternal>)
[INFO] [stdout]    |                                     ------------- the parameter type `V` must be valid for the anonymous lifetime defined here...
[INFO] [stdout] ...
[INFO] [stdout] 81 |             match node.force() {
[INFO] [stdout]    |                   ^^^^ ...so that the type `V` will meet its required lifetime bounds
[INFO] [stdout]    |
[INFO] [stdout] help: consider adding an explicit lifetime bound
[INFO] [stdout]    |
[INFO] [stdout] 77 ~         fn clone_subtree<'a, K: Clone, V: Clone + 'a>(
[INFO] [stdout] 78 ~                 node: node::NodeRef<marker::Immut<'a>, K, V, marker::LeafOrInternal>)
[INFO] [stdout]    |
[INFO] [stdout] 
[INFO] [stdout] 
[INFO] [stdout] error: aborting due to 2 previous errors
[INFO] [stdout] 
[INFO] [stdout] 
[INFO] [stdout] For more information about this error, try `rustc --explain E0311`.
[INFO] [stdout] 
[INFO] [stderr] error: could not compile `rusttype` (lib) due to 3 previous errors
[INFO] [stderr] warning: build failed, waiting for other jobs to finish...
[INFO] running `Command { std: "docker" "inspect" "c514342120294f8605b791ad09880003f2ef2309c93880facf29a1fc31d63f3c", kill_on_drop: false }`
[INFO] running `Command { std: "docker" "rm" "-f" "c514342120294f8605b791ad09880003f2ef2309c93880facf29a1fc31d63f3c", kill_on_drop: false }`
[INFO] [stdout] c514342120294f8605b791ad09880003f2ef2309c93880facf29a1fc31d63f3c
[INFO] testing Baelyk/minesweeper against beta-2023-12-22 for beta-1.76-1
[INFO] running `Command { std: "git" "clone" "/workspace/cache/git-repos/https%3A%2F%2Fgithub.com%2FBaelyk%2Fminesweeper" "/workspace/builds/worker-0-tc2/source", kill_on_drop: false }`
[INFO] [stderr] Cloning into '/workspace/builds/worker-0-tc2/source'...
[INFO] [stderr] done.
[INFO] validating manifest of git repo https://github.com/Baelyk/minesweeper on toolchain beta-2023-12-22
[INFO] running `Command { std: CARGO_HOME="/workspace/cargo-home" RUSTUP_HOME="/workspace/rustup-home" "/workspace/cargo-home/bin/cargo" "+beta-2023-12-22" "metadata" "--manifest-path" "Cargo.toml" "--no-deps", kill_on_drop: false }`
[INFO] started tweaking git repo https://github.com/Baelyk/minesweeper
[INFO] finished tweaking git repo https://github.com/Baelyk/minesweeper
[INFO] tweaked toml for git repo https://github.com/Baelyk/minesweeper written to /workspace/builds/worker-0-tc2/source/Cargo.toml
[INFO] crate git repo https://github.com/Baelyk/minesweeper already has a lockfile, it will not be regenerated
[INFO] running `Command { std: CARGO_HOME="/workspace/cargo-home" RUSTUP_HOME="/workspace/rustup-home" "/workspace/cargo-home/bin/cargo" "+beta-2023-12-22" "fetch" "--manifest-path" "Cargo.toml", kill_on_drop: false }`
[INFO] running `Command { std: "docker" "create" "-v" "/var/lib/crater-agent-workspace/builds/worker-0-tc2/target:/opt/rustwide/target:rw,Z" "-v" "/var/lib/crater-agent-workspace/builds/worker-0-tc2/source:/opt/rustwide/workdir:ro,Z" "-v" "/var/lib/crater-agent-workspace/cargo-home:/opt/rustwide/cargo-home:ro,Z" "-v" "/var/lib/crater-agent-workspace/rustup-home:/opt/rustwide/rustup-home:ro,Z" "-e" "SOURCE_DIR=/opt/rustwide/workdir" "-e" "CARGO_TARGET_DIR=/opt/rustwide/target" "-e" "CARGO_HOME=/opt/rustwide/cargo-home" "-e" "RUSTUP_HOME=/opt/rustwide/rustup-home" "-w" "/opt/rustwide/workdir" "-m" "1610612736" "--user" "0:0" "--network" "none" "ghcr.io/rust-lang/crates-build-env/linux@sha256:2788e3201cd34a07e3172128adcd8b3090168a8e3bcc40d7c032b9dda1df7d1c" "/opt/rustwide/cargo-home/bin/cargo" "+beta-2023-12-22" "metadata" "--no-deps" "--format-version=1", kill_on_drop: false }`
[INFO] [stdout] 9aed76ac6ee951dfecef31836ad306b9269b271eb8d4ad7c794681131dfb2e0d
[INFO] running `Command { std: "docker" "start" "-a" "9aed76ac6ee951dfecef31836ad306b9269b271eb8d4ad7c794681131dfb2e0d", kill_on_drop: false }`
[INFO] running `Command { std: "docker" "inspect" "9aed76ac6ee951dfecef31836ad306b9269b271eb8d4ad7c794681131dfb2e0d", kill_on_drop: false }`
[INFO] running `Command { std: "docker" "rm" "-f" "9aed76ac6ee951dfecef31836ad306b9269b271eb8d4ad7c794681131dfb2e0d", kill_on_drop: false }`
[INFO] [stdout] 9aed76ac6ee951dfecef31836ad306b9269b271eb8d4ad7c794681131dfb2e0d
[INFO] running `Command { std: "docker" "create" "-v" "/var/lib/crater-agent-workspace/builds/worker-0-tc2/target:/opt/rustwide/target:rw,Z" "-v" "/var/lib/crater-agent-workspace/builds/worker-0-tc2/source:/opt/rustwide/workdir:ro,Z" "-v" "/var/lib/crater-agent-workspace/cargo-home:/opt/rustwide/cargo-home:ro,Z" "-v" "/var/lib/crater-agent-workspace/rustup-home:/opt/rustwide/rustup-home:ro,Z" "-e" "SOURCE_DIR=/opt/rustwide/workdir" "-e" "CARGO_TARGET_DIR=/opt/rustwide/target" "-e" "CARGO_INCREMENTAL=0" "-e" "RUST_BACKTRACE=full" "-e" "RUSTFLAGS=--cap-lints=warn" "-e" "RUSTDOCFLAGS=--cap-lints=warn" "-e" "CARGO_HOME=/opt/rustwide/cargo-home" "-e" "RUSTUP_HOME=/opt/rustwide/rustup-home" "-w" "/opt/rustwide/workdir" "-m" "1610612736" "--user" "0:0" "--network" "none" "ghcr.io/rust-lang/crates-build-env/linux@sha256:2788e3201cd34a07e3172128adcd8b3090168a8e3bcc40d7c032b9dda1df7d1c" "/opt/rustwide/cargo-home/bin/cargo" "+beta-2023-12-22" "build" "--frozen" "--message-format=json", kill_on_drop: false }`
[INFO] [stdout] b634d4bb8c665b32c4e13168cf30a98a9cf453343b4fabe59984089f41658ddd
[INFO] running `Command { std: "docker" "start" "-a" "b634d4bb8c665b32c4e13168cf30a98a9cf453343b4fabe59984089f41658ddd", kill_on_drop: false }`
[INFO] [stderr]    Compiling libc v0.2.40
[INFO] [stderr]    Compiling cfg-if v0.1.2
[INFO] [stderr]    Compiling bitflags v0.9.1
[INFO] [stderr]    Compiling num-traits v0.2.2
[INFO] [stderr]    Compiling siphasher v0.2.2
[INFO] [stderr]    Compiling dtoa v0.4.2
[INFO] [stderr]    Compiling serde v0.9.15
[INFO] [stderr]    Compiling lazy_static v1.0.0
[INFO] [stderr]    Compiling itoa v0.3.4
[INFO] [stderr]    Compiling khronos_api v2.2.0
[INFO] [stderr]    Compiling byteorder v1.2.2
[INFO] [stderr]    Compiling bitflags v1.0.2
[INFO] [stderr]    Compiling unicode-xid v0.1.0
[INFO] [stderr]    Compiling nodrop v0.1.12
[INFO] [stderr]    Compiling piston-float v0.3.0
[INFO] [stderr]    Compiling either v1.5.0
[INFO] [stderr]    Compiling log v0.4.1
[INFO] [stderr]    Compiling lazy_static v0.2.11
[INFO] [stderr]    Compiling xml-rs v0.6.1
[INFO] [stderr]    Compiling xml-rs v0.7.0
[INFO] [stderr]    Compiling proc-macro2 v0.3.7
[INFO] [stderr]    Compiling arrayvec v0.4.7
[INFO] [stderr]    Compiling winapi-build v0.1.1
[INFO] [stderr]    Compiling crossbeam-utils v0.2.2
[INFO] [stderr]    Compiling log v0.3.9
[INFO] [stderr]    Compiling phf_shared v0.7.22
[INFO] [stderr]    Compiling piston-viewport v0.3.0
[INFO] [stderr]    Compiling phf v0.7.22
[INFO] [stderr]    Compiling memoffset v0.2.1
[INFO] [stderr]    Compiling scopeguard v0.3.3
[INFO] [stderr]    Compiling kernel32-sys v0.2.2
[INFO] [stderr]    Compiling quote v0.3.15
[INFO] [stderr]    Compiling unicode-xid v0.0.4
[INFO] [stderr]    Compiling rayon-core v1.4.0
[INFO] [stderr]    Compiling winapi v0.2.8
[INFO] [stderr]    Compiling itertools v0.5.10
[INFO] [stderr]    Compiling quote v0.5.2
[INFO] [stderr]    Compiling bitflags v0.8.2
[INFO] [stderr]    Compiling pkg-config v0.3.11
[INFO] [stderr]    Compiling khronos_api v1.0.1
[INFO] [stderr]    Compiling syn v0.10.8
[INFO] [stderr]    Compiling rand v0.4.2
[INFO] [stderr]    Compiling crossbeam-epoch v0.3.1
[INFO] [stderr]    Compiling num-traits v0.1.43
[INFO] [stderr]    Compiling syn v0.13.3
[INFO] [stderr]    Compiling num-integer v0.1.36
[INFO] [stderr]    Compiling num_cpus v1.8.0
[INFO] [stderr]    Compiling draw_state v0.7.1
[INFO] [stderr]    Compiling wayland-scanner v0.9.10
[INFO] [stderr]    Compiling fs2 v0.2.5
[INFO] [stderr]    Compiling adler32 v1.0.2
[INFO] [stderr]    Compiling serde v1.0.43
[INFO] [stderr]    Compiling crossbeam-deque v0.2.0
[INFO] [stderr]    Compiling shader_version v0.2.2
[INFO] [stderr]    Compiling gl_generator v0.6.1
[INFO] [stderr]    Compiling gl_generator v0.7.0
[INFO] [stderr]    Compiling memmap v0.4.0
[INFO] [stderr]    Compiling deflate v0.7.18
[INFO] [stderr]    Compiling num-iter v0.1.35
[INFO] [stderr]    Compiling gl_generator v0.5.5
[INFO] [stderr]    Compiling shared_library v0.1.8
[INFO] [stderr]    Compiling x11-dl v2.17.5
[INFO] [stderr]    Compiling color_quant v1.0.0
[INFO] [stderr]    Compiling lzw v0.10.0
[INFO] [stderr]    Compiling phf_generator v0.7.22
[INFO] [stderr]    Compiling rand v0.3.22
[INFO] [stderr]    Compiling wayland-client v0.9.10
[INFO] [stderr]    Compiling phf_codegen v0.7.22
[INFO] [stderr]    Compiling wayland-protocols v0.9.10
[INFO] [stderr]    Compiling tempfile v2.2.0
[INFO] [stderr]    Compiling bitflags v0.7.0
[INFO] [stderr]    Compiling inflate v0.2.0
[INFO] [stderr]    Compiling gl v0.6.5
[INFO] [stderr]    Compiling gif v0.9.2
[INFO] [stderr]    Compiling rayon v1.0.1
[INFO] [stderr]    Compiling target_build_utils v0.3.1
[INFO] [stderr]    Compiling gfx_gl v0.4.0
[INFO] [stderr]    Compiling serde_derive_internals v0.23.1
[INFO] [stderr]    Compiling glutin v0.9.2
[INFO] [stderr]    Compiling num-rational v0.1.42
[INFO] [stderr]    Compiling enum_primitive v0.1.1
[INFO] [stderr]    Compiling vecmath v0.3.1
[INFO] [stderr]    Compiling serde_json v0.9.10
[INFO] [stderr]    Compiling piston-texture v0.5.0
[INFO] [stderr]    Compiling interpolation v0.1.0
[INFO] [stderr]    Compiling png v0.9.0
[INFO] [stderr]    Compiling scoped_threadpool v0.1.9
[INFO] [stderr]    Compiling jpeg-decoder v0.1.14
[INFO] [stderr]    Compiling osmesa-sys v0.1.2
[INFO] [stderr]    Compiling stb_truetype v0.2.2
[INFO] [stderr]    Compiling linked-hash-map v0.5.1
[INFO] [stderr]    Compiling read_color v0.1.0
[INFO] [stderr]    Compiling piston2d-graphics v0.21.1
[INFO] [stderr]    Compiling rusttype v0.2.3
[INFO] [stderr]    Compiling piston-shaders_graphics2d v0.3.1
[INFO] [stderr]    Compiling serde_derive v1.0.43
[INFO] [stderr]    Compiling read_color v1.0.0
[INFO] [stderr]    Compiling piston-texture v0.6.0
[INFO] [stderr]    Compiling image v0.15.0
[INFO] [stderr]    Compiling derivative v1.0.0
[INFO] [stderr]    Compiling piston2d-graphics v0.26.0
[INFO] [stderr]    Compiling find_folder v0.3.0
[INFO] [stdout] error[E0311]: the parameter type `K` may not live long enough
[INFO] [stdout]   --> /opt/rustwide/cargo-home/registry/src/index.crates.io-6f17d22bba15001f/rusttype-0.2.3/src/support/bst/map.rs:81:19
[INFO] [stdout]    |
[INFO] [stdout] 78 |                 node: node::NodeRef<marker::Immut, K, V, marker::LeafOrInternal>)
[INFO] [stdout]    |                                     ------------- the parameter type `K` must be valid for the anonymous lifetime defined here...
[INFO] [stdout] ...
[INFO] [stdout] 81 |             match node.force() {
[INFO] [stdout]    |                   ^^^^ ...so that the type `K` will meet its required lifetime bounds
[INFO] [stdout]    |
[INFO] [stdout] help: consider adding an explicit lifetime bound
[INFO] [stdout]    |
[INFO] [stdout] 77 ~         fn clone_subtree<'a, K: Clone + 'a, V: Clone>(
[INFO] [stdout] 78 ~                 node: node::NodeRef<marker::Immut<'a>, K, V, marker::LeafOrInternal>)
[INFO] [stdout]    |
[INFO] [stdout] 
[INFO] [stdout] 
[INFO] [stdout] error[E0311]: the parameter type `V` may not live long enough
[INFO] [stdout]   --> /opt/rustwide/cargo-home/registry/src/index.crates.io-6f17d22bba15001f/rusttype-0.2.3/src/support/bst/map.rs:81:19
[INFO] [stdout]    |
[INFO] [stdout] 78 |                 node: node::NodeRef<marker::Immut, K, V, marker::LeafOrInternal>)
[INFO] [stdout]    |                                     ------------- the parameter type `V` must be valid for the anonymous lifetime defined here...
[INFO] [stdout] ...
[INFO] [stdout] 81 |             match node.force() {
[INFO] [stdout]    |                   ^^^^ ...so that the type `V` will meet its required lifetime bounds
[INFO] [stdout]    |
[INFO] [stdout] help: consider adding an explicit lifetime bound
[INFO] [stdout]    |
[INFO] [stdout] 77 ~         fn clone_subtree<'a, K: Clone, V: Clone + 'a>(
[INFO] [stdout] 78 ~                 node: node::NodeRef<marker::Immut<'a>, K, V, marker::LeafOrInternal>)
[INFO] [stdout]    |
[INFO] [stdout] 
[INFO] [stdout] 
[INFO] [stdout] error: aborting due to 2 previous errors
[INFO] [stdout] 
[INFO] [stdout] 
[INFO] [stdout] For more information about this error, try `rustc --explain E0311`.
[INFO] [stdout] 
[INFO] [stderr] error: could not compile `rusttype` (lib) due to 3 previous errors
[INFO] [stderr] warning: build failed, waiting for other jobs to finish...
[INFO] running `Command { std: "docker" "inspect" "b634d4bb8c665b32c4e13168cf30a98a9cf453343b4fabe59984089f41658ddd", kill_on_drop: false }`
[INFO] running `Command { std: "docker" "rm" "-f" "b634d4bb8c665b32c4e13168cf30a98a9cf453343b4fabe59984089f41658ddd", kill_on_drop: false }`
[INFO] [stdout] b634d4bb8c665b32c4e13168cf30a98a9cf453343b4fabe59984089f41658ddd
