[INFO] cloning repository https://github.com/Backman/rs-schmup
[INFO] running `Command { std: "git" "-c" "credential.helper=" "-c" "credential.helper=/workspace/cargo-home/bin/git-credential-null" "clone" "--bare" "https://github.com/Backman/rs-schmup" "/workspace/cache/git-repos/https%3A%2F%2Fgithub.com%2FBackman%2Frs-schmup", kill_on_drop: false }`
[INFO] [stderr] Cloning into bare repository '/workspace/cache/git-repos/https%3A%2F%2Fgithub.com%2FBackman%2Frs-schmup'...
[INFO] running `Command { std: "git" "rev-parse" "HEAD", kill_on_drop: false }`
[INFO] [stdout] 4feb7de77d56b94c66bf4ad682c3caa61d93c4d2
[INFO] testing Backman/rs-schmup against 1.75.0 for beta-1.76-1
[INFO] running `Command { std: "git" "clone" "/workspace/cache/git-repos/https%3A%2F%2Fgithub.com%2FBackman%2Frs-schmup" "/workspace/builds/worker-5-tc1/source", kill_on_drop: false }`
[INFO] [stderr] Cloning into '/workspace/builds/worker-5-tc1/source'...
[INFO] [stderr] done.
[INFO] validating manifest of git repo https://github.com/Backman/rs-schmup on toolchain 1.75.0
[INFO] running `Command { std: CARGO_HOME="/workspace/cargo-home" RUSTUP_HOME="/workspace/rustup-home" "/workspace/cargo-home/bin/cargo" "+1.75.0" "metadata" "--manifest-path" "Cargo.toml" "--no-deps", kill_on_drop: false }`
[INFO] started tweaking git repo https://github.com/Backman/rs-schmup
[INFO] finished tweaking git repo https://github.com/Backman/rs-schmup
[INFO] tweaked toml for git repo https://github.com/Backman/rs-schmup written to /workspace/builds/worker-5-tc1/source/Cargo.toml
[INFO] crate git repo https://github.com/Backman/rs-schmup already has a lockfile, it will not be regenerated
[INFO] running `Command { std: CARGO_HOME="/workspace/cargo-home" RUSTUP_HOME="/workspace/rustup-home" "/workspace/cargo-home/bin/cargo" "+1.75.0" "fetch" "--manifest-path" "Cargo.toml", kill_on_drop: false }`
[INFO] [stderr]     Updating crates.io index
[INFO] [stderr]  Downloading crates ...
[INFO] [stderr]   Downloaded wayland-sys v0.21.12
[INFO] [stderr]   Downloaded stb_truetype v0.2.6
[INFO] [stderr]   Downloaded dwrote v0.5.1
[INFO] [stderr]   Downloaded amethyst_core v0.5.0
[INFO] [stderr]   Downloaded genmesh v0.6.2
[INFO] [stderr]   Downloaded wayland-protocols v0.21.12
[INFO] [stderr]   Downloaded gfx_macros v0.2.1
[INFO] [stderr]   Downloaded mint v0.5.1
[INFO] [stderr]   Downloaded rgb v0.8.13
[INFO] [stderr]   Downloaded libloading v0.4.3
[INFO] [stderr]   Downloaded wavefront_obj v5.1.0
[INFO] [stderr]   Downloaded clipboard-win v2.1.2
[INFO] [stderr]   Downloaded wayland-scanner v0.21.12
[INFO] [stderr]   Downloaded fluent v0.4.3
[INFO] [stderr]   Downloaded euclid v0.19.8
[INFO] [stderr]   Downloaded wayland-client v0.21.12
[INFO] [stderr]   Downloaded syn v0.15.34
[INFO] [stderr]   Downloaded lyon_path v0.12.0
[INFO] [stderr]   Downloaded font-kit v0.1.0
[INFO] [stderr]   Downloaded servo-fontconfig-sys v4.0.7
[INFO] [stderr]   Downloaded minterpolate v0.4.0
[INFO] [stderr]   Downloaded rodio v0.8.1
[INFO] [stderr]   Downloaded amethyst_locale v0.4.0
[INFO] [stderr]   Downloaded clang-sys v0.21.2
[INFO] [stderr]   Downloaded alga v0.7.2
[INFO] [stderr]   Downloaded generic-array v0.11.1
[INFO] [stderr]   Downloaded num-bigint v0.2.2
[INFO] [stderr]   Downloaded ron v0.4.2
[INFO] [stderr]   Downloaded shrev v1.1.1
[INFO] [stderr]   Downloaded cocoa v0.18.4
[INFO] [stderr]   Downloaded walkdir v2.2.7
[INFO] [stderr]   Downloaded gfx_glyph v0.13.3
[INFO] [stderr]   Downloaded amethyst_input v0.6.0
[INFO] [stderr]   Downloaded xi-unicode v0.1.0
[INFO] [stderr]   Downloaded glyph_brush_layout v0.1.6
[INFO] [stderr]   Downloaded hetseq v0.2.0
[INFO] [stderr]   Downloaded rustc_version_runtime v0.1.5
[INFO] [stderr]   Downloaded vergen v2.1.3
[INFO] [stderr]   Downloaded nix v0.13.0
[INFO] [stderr]   Downloaded fern v0.5.8
[INFO] [stderr]   Downloaded bindgen v0.32.3
[INFO] [stderr]   Downloaded bincode v1.1.3
[INFO] [stderr]   Downloaded intl_pluralrules v1.0.3
[INFO] [stderr]   Downloaded backtrace v0.3.16
[INFO] [stderr]   Downloaded laminar v0.1.0
[INFO] [stderr]   Downloaded num-complex v0.2.1
[INFO] [stderr]   Downloaded nalgebra v0.16.13
[INFO] [stderr]   Downloaded slice-deque v0.2.3
[INFO] [stderr]   Downloaded amethyst_derive v0.3.0
[INFO] [stderr]   Downloaded deflate v0.7.19
[INFO] [stderr]   Downloaded futures v0.1.27
[INFO] [stderr]   Downloaded minimp3-sys v0.3.1
[INFO] [stderr]   Downloaded smithay-client-toolkit v0.4.5
[INFO] [stderr]   Downloaded amethyst v0.10.0
[INFO] [stderr]   Downloaded amethyst_renderer v0.10.4
[INFO] [stderr]   Downloaded atom v0.3.5
[INFO] [stderr]   Downloaded hashbrown v0.3.0
[INFO] [stderr]   Downloaded rusttype v0.7.6
[INFO] [stderr]   Downloaded cmake v0.1.40
[INFO] [stderr]   Downloaded amethyst_config v0.9.0
[INFO] [stderr]   Downloaded gif v0.10.1
[INFO] [stderr]   Downloaded same-file v1.0.4
[INFO] [stderr]   Downloaded claxon v0.3.2
[INFO] [stderr]   Downloaded cc v1.0.37
[INFO] [stderr]   Downloaded core-text v13.2.0
[INFO] [stderr]   Downloaded derivative v1.0.2
[INFO] [stderr]   Downloaded cgmath v0.14.1
[INFO] [stderr]   Downloaded serde_derive v1.0.91
[INFO] [stderr]   Downloaded lyon_geom v0.12.4
[INFO] [stderr]   Downloaded amethyst_ui v0.5.0
[INFO] [stderr]   Downloaded xml-rs v0.8.0
[INFO] [stderr]   Downloaded fluent-locale v0.4.1
[INFO] [stderr]   Downloaded minimp3 v0.3.3
[INFO] [stderr]   Downloaded x11-clipboard v0.3.2
[INFO] [stderr]   Downloaded fluent-syntax v0.1.1
[INFO] [stderr]   Downloaded glyph_brush v0.4.3
[INFO] [stderr]   Downloaded gleam v0.6.17
[INFO] [stderr]   Downloaded annotate-snippets v0.1.0
[INFO] [stderr]   Downloaded gl_generator v0.11.0
[INFO] [stderr]   Downloaded num-rational v0.2.1
[INFO] [stderr]   Downloaded amethyst_assets v0.6.0
[INFO] [stderr]   Downloaded wayland-commons v0.21.12
[INFO] [stderr]   Downloaded objc v0.2.6
[INFO] [stderr]   Downloaded amethyst_animation v0.5.0
[INFO] [stderr]   Downloaded glsl-layout v0.1.1
[INFO] [stderr]   Downloaded rustc-hash v1.0.1
[INFO] [stderr]   Downloaded ordered-float v1.0.2
[INFO] [stderr]   Downloaded downcast-rs v1.0.4
[INFO] [stderr]   Downloaded gfx_window_glutin v0.27.0
[INFO] [stderr]   Downloaded glsl-layout-derive v0.1.1
[INFO] [stderr]   Downloaded coreaudio-sys v0.2.2
[INFO] [stderr]   Downloaded num v0.2.0
[INFO] [stderr]   Downloaded amethyst_network v0.3.0
[INFO] [stderr]   Downloaded amethyst_controls v0.4.0
[INFO] [stderr]   Downloaded amethyst_utils v0.5.0
[INFO] [stderr]   Downloaded amethyst_audio v0.5.0
[INFO] running `Command { std: "docker" "create" "-v" "/var/lib/crater-agent-workspace/builds/worker-5-tc1/target:/opt/rustwide/target:rw,Z" "-v" "/var/lib/crater-agent-workspace/builds/worker-5-tc1/source:/opt/rustwide/workdir:ro,Z" "-v" "/var/lib/crater-agent-workspace/cargo-home:/opt/rustwide/cargo-home:ro,Z" "-v" "/var/lib/crater-agent-workspace/rustup-home:/opt/rustwide/rustup-home:ro,Z" "-e" "SOURCE_DIR=/opt/rustwide/workdir" "-e" "CARGO_TARGET_DIR=/opt/rustwide/target" "-e" "CARGO_HOME=/opt/rustwide/cargo-home" "-e" "RUSTUP_HOME=/opt/rustwide/rustup-home" "-w" "/opt/rustwide/workdir" "-m" "1610612736" "--user" "0:0" "--network" "none" "ghcr.io/rust-lang/crates-build-env/linux@sha256:2788e3201cd34a07e3172128adcd8b3090168a8e3bcc40d7c032b9dda1df7d1c" "/opt/rustwide/cargo-home/bin/cargo" "+1.75.0" "metadata" "--no-deps" "--format-version=1", kill_on_drop: false }`
[INFO] [stdout] e5bf32a66cc4f2bf850586f1c48711ce210f920fa4c351a25abb967dcff006a8
[INFO] running `Command { std: "docker" "start" "-a" "e5bf32a66cc4f2bf850586f1c48711ce210f920fa4c351a25abb967dcff006a8", kill_on_drop: false }`
[INFO] running `Command { std: "docker" "inspect" "e5bf32a66cc4f2bf850586f1c48711ce210f920fa4c351a25abb967dcff006a8", kill_on_drop: false }`
[INFO] running `Command { std: "docker" "rm" "-f" "e5bf32a66cc4f2bf850586f1c48711ce210f920fa4c351a25abb967dcff006a8", kill_on_drop: false }`
[INFO] [stdout] e5bf32a66cc4f2bf850586f1c48711ce210f920fa4c351a25abb967dcff006a8
[INFO] running `Command { std: "docker" "create" "-v" "/var/lib/crater-agent-workspace/builds/worker-5-tc1/target:/opt/rustwide/target:rw,Z" "-v" "/var/lib/crater-agent-workspace/builds/worker-5-tc1/source:/opt/rustwide/workdir:ro,Z" "-v" "/var/lib/crater-agent-workspace/cargo-home:/opt/rustwide/cargo-home:ro,Z" "-v" "/var/lib/crater-agent-workspace/rustup-home:/opt/rustwide/rustup-home:ro,Z" "-e" "SOURCE_DIR=/opt/rustwide/workdir" "-e" "CARGO_TARGET_DIR=/opt/rustwide/target" "-e" "CARGO_INCREMENTAL=0" "-e" "RUST_BACKTRACE=full" "-e" "RUSTFLAGS=--cap-lints=warn" "-e" "RUSTDOCFLAGS=--cap-lints=warn" "-e" "CARGO_HOME=/opt/rustwide/cargo-home" "-e" "RUSTUP_HOME=/opt/rustwide/rustup-home" "-w" "/opt/rustwide/workdir" "-m" "1610612736" "--user" "0:0" "--network" "none" "ghcr.io/rust-lang/crates-build-env/linux@sha256:2788e3201cd34a07e3172128adcd8b3090168a8e3bcc40d7c032b9dda1df7d1c" "/opt/rustwide/cargo-home/bin/cargo" "+1.75.0" "build" "--frozen" "--message-format=json", kill_on_drop: false }`
[INFO] [stdout] b2d826b19e8da18a4086d6c36fd0080e38cd6f62f2a8c7aac2d28e8873172367
[INFO] running `Command { std: "docker" "start" "-a" "b2d826b19e8da18a4086d6c36fd0080e38cd6f62f2a8c7aac2d28e8873172367", kill_on_drop: false }`
[INFO] [stderr]    Compiling unicode-xid v0.1.0
[INFO] [stderr]    Compiling proc-macro2 v0.4.30
[INFO] [stderr]    Compiling libc v0.2.54
[INFO] [stderr]    Compiling syn v0.15.34
[INFO] [stderr]    Compiling cfg-if v0.1.7
[INFO] [stderr]    Compiling serde v1.0.91
[INFO] [stderr]    Compiling num-traits v0.2.6
[INFO] [stderr]    Compiling lazy_static v1.3.0
[INFO] [stderr]    Compiling cc v1.0.37
[INFO] [stderr]    Compiling autocfg v0.1.2
[INFO] [stderr]    Compiling byteorder v1.3.1
[INFO] [stderr]    Compiling arrayvec v0.4.10
[INFO] [stderr]    Compiling nodrop v0.1.13
[INFO] [stderr]    Compiling scopeguard v0.3.3
[INFO] [stderr]    Compiling bitflags v1.0.4
[INFO] [stderr]    Compiling rand_core v0.4.0
[INFO] [stderr]    Compiling memoffset v0.2.1
[INFO] [stderr]    Compiling semver-parser v0.7.0
[INFO] [stderr]    Compiling rand_core v0.3.1
[INFO] [stderr]    Compiling semver v0.9.0
[INFO] [stderr]    Compiling pkg-config v0.3.14
[INFO] [stderr]    Compiling quote v0.6.12
[INFO] [stderr]    Compiling rustc_version v0.2.3
[INFO] [stderr]    Compiling num_cpus v1.10.0
[INFO] [stderr]    Compiling crossbeam-utils v0.6.5
[INFO] [stderr]    Compiling backtrace-sys v0.1.28
[INFO] [stderr]    Compiling approx v0.3.2
[INFO] [stderr]    Compiling backtrace v0.3.16
[INFO] [stderr]    Compiling stable_deref_trait v1.1.1
[INFO] [stderr]    Compiling crossbeam-utils v0.2.2
[INFO] [stderr]    Compiling rayon-core v1.4.1
[INFO] [stderr]    Compiling owning_ref v0.4.0
[INFO] [stderr]    Compiling xml-rs v0.8.0
[INFO] [stderr]    Compiling rustc-demangle v0.1.14
[INFO] [stderr]    Compiling lock_api v0.1.5
[INFO] [stderr]    Compiling crossbeam-epoch v0.3.1
[INFO] [stderr]    Compiling either v1.5.2
[INFO] [stderr]    Compiling rand v0.5.6
[INFO] [stderr]    Compiling rand_pcg v0.1.2
[INFO] [stderr]    Compiling crossbeam-deque v0.2.0
[INFO] [stderr]    Compiling rand_chacha v0.1.1
[INFO] [stderr]    Compiling num-integer v0.1.39
[INFO] [stderr]    Compiling rayon v1.0.3
[INFO] [stderr]    Compiling parking_lot_core v0.3.1
[INFO] [stderr]    Compiling rand v0.6.5
[INFO] [stderr]    Compiling mint v0.5.1
[INFO] [stderr]    Compiling libloading v0.5.0
[INFO] [stderr]    Compiling rand_os v0.1.3
[INFO] [stderr]    Compiling rand_isaac v0.1.1
[INFO] [stderr]    Compiling rand_hc v0.1.0
[INFO] [stderr]    Compiling rand_xorshift v0.1.1
[INFO] [stderr]    Compiling rand_jitter v0.1.4
[INFO] [stderr]    Compiling crossbeam-utils v0.5.0
[INFO] [stderr]    Compiling version_check v0.1.5
[INFO] [stderr]    Compiling num-complex v0.2.1
[INFO] [stderr]    Compiling wayland-scanner v0.21.12
[INFO] [stderr]    Compiling crossbeam-epoch v0.7.1
[INFO] [stderr]    Compiling error-chain v0.12.1
[INFO] [stderr]    Compiling crossbeam-epoch v0.5.2
[INFO] [stderr]    Compiling crossbeam-deque v0.7.1
[INFO] [stderr]    Compiling crossbeam-epoch v0.6.1
[INFO] [stderr]    Compiling ordered-float v1.0.2
[INFO] [stderr]    Compiling rand v0.4.6
[INFO] [stderr]    Compiling stb_truetype v0.2.6
[INFO] [stderr]    Compiling rustc-hash v1.0.1
[INFO] [stderr]    Compiling linked-hash-map v0.5.2
[INFO] [stderr]    Compiling libm v0.1.3
[INFO] [stderr]    Compiling nonzero_signed v1.0.3
[INFO] [stderr]    Compiling typenum v1.10.0
[INFO] [stderr]    Compiling nix v0.13.0
[INFO] [stderr]    Compiling rusttype v0.7.6
[INFO] [stderr]    Compiling crossbeam-deque v0.5.2
[INFO] [stderr]    Compiling dlib v0.4.1
[INFO] [stderr]    Compiling num-traits v0.1.43
[INFO] [stderr]    Compiling fxhash v0.2.1
[INFO] [stderr]    Compiling atom v0.3.5
[INFO] [stderr]    Compiling void v1.0.2
[INFO] [stderr]    Compiling approx v0.1.1
[INFO] [stderr]    Compiling matrixmultiply v0.1.15
[INFO] [stderr]    Compiling mopa v0.2.2
[INFO] [stderr]    Compiling khronos_api v2.2.0
[INFO] [stderr]    Compiling hibitset v0.5.4
[INFO] [stderr]    Compiling wayland-sys v0.21.12
[INFO] [stderr]    Compiling wayland-client v0.21.12
[INFO] [stderr]    Compiling futures v0.1.27
[INFO] [stderr]    Compiling rawpointer v0.1.0
[INFO] [stderr]    Compiling tuple_utils v0.2.0
[INFO] [stderr]    Compiling fnv v1.0.6
[INFO] [stderr]    Compiling khronos_api v3.1.0
[INFO] [stderr]    Compiling same-file v1.0.4
[INFO] [stderr]    Compiling shrev v1.1.1
[INFO] [stderr]    Compiling walkdir v2.2.7
[INFO] [stderr]    Compiling generic-array v0.11.1
[INFO] [stderr]    Compiling wayland-protocols v0.21.12
[INFO] [stderr]    Compiling parking_lot_core v0.4.0
[INFO] [stderr]    Compiling cmake v0.1.40
[INFO] [stderr]    Compiling xml-rs v0.7.0
[INFO] [stderr]    Compiling cgmath v0.16.1
[INFO] [stderr]    Compiling num-bigint v0.2.2
[INFO] [stderr]    Compiling downcast-rs v1.0.4
[INFO] [stderr]    Compiling x11-dl v2.18.3
[INFO] [stderr]    Compiling line_drawing v0.7.0
[INFO] [stderr]    Compiling base64 v0.10.1
[INFO] [stderr]    Compiling xdg v2.2.0
[INFO] [stderr]    Compiling num-rational v0.2.1
[INFO] [stderr]    Compiling wayland-commons v0.21.12
[INFO] [stderr]    Compiling serde_derive v1.0.91
[INFO] [stderr]    Compiling derivative v1.0.2
[INFO] [stderr]    Compiling shred-derive v0.5.1
[INFO] [stderr]    Compiling andrew v0.2.1
[INFO] [stderr]    Compiling num-iter v0.1.37
[INFO] [stderr]    Compiling memmap v0.7.0
[INFO] [stderr]    Compiling proc-macro2 v0.3.8
[INFO] [stderr]    Compiling adler32 v1.0.3
[INFO] [stderr]    Compiling num-derive v0.2.5
[INFO] [stderr]    Compiling quote v0.5.2
[INFO] [stderr]    Compiling shared_library v0.1.9
[INFO] [stderr]    Compiling percent-encoding v1.0.1
[INFO] [stderr]    Compiling lzw v0.10.0
[INFO] [stderr]    Compiling unicode-xid v0.0.4
[INFO] [stderr]    Compiling failure_derive v0.1.5
[INFO] [stderr]    Compiling synom v0.11.3
[INFO] [stderr]    Compiling osmesa-sys v0.1.2
[INFO] [stderr]    Compiling syn v0.13.11
[INFO] [stderr]    Compiling inflate v0.4.5
[INFO] [stderr]    Compiling deflate v0.7.19
[INFO] [stderr]    Compiling servo-freetype-sys v4.0.5
[INFO] [stderr]    Compiling synstructure v0.10.1
[INFO] [stderr]    Compiling quote v0.3.15
[INFO] [stderr]    Compiling color_quant v1.0.1
[INFO] [stderr]    Compiling gif v0.10.1
[INFO] [stderr]    Compiling syn v0.11.11
[INFO] [stderr]    Compiling png v0.12.0
[INFO] [stderr]    Compiling expat-sys v2.1.6
[INFO] [stderr]    Compiling jpeg-decoder v0.1.15
[INFO] [stderr]    Compiling scoped_threadpool v0.1.9
[INFO] [stderr]    Compiling tiff v0.2.2
[INFO] [stderr]    Compiling image v0.20.1
[INFO] [stderr]    Compiling gfx_macros v0.2.1
[INFO] [stderr]    Compiling genmesh v0.6.2
[INFO] [stderr]    Compiling failure v0.1.5
[INFO] [stderr]    Compiling amethyst_derive v0.3.0
[INFO] [stderr]    Compiling alsa-sys v0.1.2
[INFO] [stderr]    Compiling minimp3-sys v0.3.1
[INFO] [stderr]    Compiling hetseq v0.2.0
[INFO] [stderr]    Compiling wavefront_obj v5.1.0
[INFO] [stderr]    Compiling euclid_macros v0.1.0
[INFO] [stderr]    Compiling glsl-layout-derive v0.1.1
[INFO] [stderr]    Compiling servo-fontconfig-sys v4.0.7
[INFO] [stderr]    Compiling xcb v0.8.2
[INFO] [stderr]    Compiling winapi v0.3.7
[INFO] [stderr]    Compiling siphasher v0.2.3
[INFO] [stderr]    Compiling ansi_term v0.11.0
[INFO] [stderr]    Compiling build_const v0.2.1
[INFO] [stderr]    Compiling euclid v0.19.8
[INFO] [stderr]    Compiling crc v1.8.1
[INFO] [stderr]    Compiling phf_shared v0.7.24
[INFO] [stderr]    Compiling rand v0.3.23
[INFO] [stderr] error: failed to run custom build command for `xcb v0.8.2`
[INFO] [stderr] note: To improve backtraces for build dependencies, set the CARGO_PROFILE_DEV_BUILD_OVERRIDE_DEBUG=true environment variable to enable debug information generation.
[INFO] [stderr] 
[INFO] [stderr] Caused by:
[INFO] [stderr]   process didn't exit successfully: `/opt/rustwide/target/debug/build/xcb-e1a5461ba8966b79/build-script-build` (exit status: 101)
[INFO] [stderr]   --- stderr
[INFO] [stderr]   error occured in handler:  ('request: ', ('xcb', 'SELinux', 'GetClientContext'))
[INFO] [stderr]   Traceback (most recent call last):
[INFO] [stderr]     File "/opt/rustwide/cargo-home/registry/src/index.crates.io-6f17d22bba15001f/xcb-0.8.2/rs_client.py", line 2448, in <module>
[INFO] [stderr]       module.generate()
[INFO] [stderr]     File "/opt/rustwide/cargo-home/registry/src/index.crates.io-6f17d22bba15001f/xcb-0.8.2/xcbgen/state.py", line 108, in generate
[INFO] [stderr]       self.close()
[INFO] [stderr]     File "/opt/rustwide/cargo-home/registry/src/index.crates.io-6f17d22bba15001f/xcb-0.8.2/rs_client.py", line 296, in rs_close
[INFO] [stderr]       _f.writeout(os.path.join(module.rs_srcdir, "ffi", "%s.rs" % _module_name(_ns.ext_name)))
[INFO] [stderr]     File "/opt/rustwide/cargo-home/registry/src/index.crates.io-6f17d22bba15001f/xcb-0.8.2/rs_client.py", line 114, in writeout
[INFO] [stderr]       with open(path, 'w') as f:
[INFO] [stderr]   OSError: [Errno 30] Read-only file system: '/opt/rustwide/cargo-home/registry/src/index.crates.io-6f17d22bba15001f/xcb-0.8.2/src/ffi/selinux.rs'
[INFO] [stderr]   thread 'main' panicked at /opt/rustwide/cargo-home/registry/src/index.crates.io-6f17d22bba15001f/xcb-0.8.2/build.rs:75:17:
[INFO] [stderr]   processing of /opt/rustwide/cargo-home/registry/src/index.crates.io-6f17d22bba15001f/xcb-0.8.2/xml/xselinux.xml returned non-zero (1)
[INFO] [stderr]   stack backtrace:
[INFO] [stderr]      0:     0x5622113fe2cc - std::backtrace_rs::backtrace::libunwind::trace::ha637c64ce894333a
[INFO] [stderr]                                  at /rustc/82e1608dfa6e0b5569232559e3d385fea5a93112/library/std/src/../../backtrace/src/backtrace/libunwind.rs:104:5
[INFO] [stderr]      1:     0x5622113fe2cc - std::backtrace_rs::backtrace::trace_unsynchronized::h47f62dea28e0c88d
[INFO] [stderr]                                  at /rustc/82e1608dfa6e0b5569232559e3d385fea5a93112/library/std/src/../../backtrace/src/backtrace/mod.rs:66:5
[INFO] [stderr]      2:     0x5622113fe2cc - std::sys_common::backtrace::_print_fmt::h9eef0abe20ede486
[INFO] [stderr]                                  at /rustc/82e1608dfa6e0b5569232559e3d385fea5a93112/library/std/src/sys_common/backtrace.rs:67:5
[INFO] [stderr]      3:     0x5622113fe2cc - <std::sys_common::backtrace::_print::DisplayBacktrace as core::fmt::Display>::fmt::hed7f999df88cc644
[INFO] [stderr]                                  at /rustc/82e1608dfa6e0b5569232559e3d385fea5a93112/library/std/src/sys_common/backtrace.rs:44:22
[INFO] [stderr]      4:     0x5622114216c0 - core::fmt::rt::Argument::fmt::h1539a9308b8d058d
[INFO] [stderr]                                  at /rustc/82e1608dfa6e0b5569232559e3d385fea5a93112/library/core/src/fmt/rt.rs:142:9
[INFO] [stderr]      5:     0x5622114216c0 - core::fmt::write::h3a39390d8560d9c9
[INFO] [stderr]                                  at /rustc/82e1608dfa6e0b5569232559e3d385fea5a93112/library/core/src/fmt/mod.rs:1120:17
[INFO] [stderr]      6:     0x5622113fc29f - std::io::Write::write_fmt::h5fc9997dfe05f882
[INFO] [stderr]                                  at /rustc/82e1608dfa6e0b5569232559e3d385fea5a93112/library/std/src/io/mod.rs:1762:15
[INFO] [stderr]      7:     0x5622113fe0b4 - std::sys_common::backtrace::_print::h894006fb5c6f3d45
[INFO] [stderr]                                  at /rustc/82e1608dfa6e0b5569232559e3d385fea5a93112/library/std/src/sys_common/backtrace.rs:47:5
[INFO] [stderr]      8:     0x5622113fe0b4 - std::sys_common::backtrace::print::h23a2d212c6fff936
[INFO] [stderr]                                  at /rustc/82e1608dfa6e0b5569232559e3d385fea5a93112/library/std/src/sys_common/backtrace.rs:34:9
[INFO] [stderr]      9:     0x5622113ff757 - std::panicking::default_hook::{{closure}}::h8a1d2ee00185001a
[INFO] [stderr]     10:     0x5622113ff4bf - std::panicking::default_hook::h6038f2eba384e475
[INFO] [stderr]                                  at /rustc/82e1608dfa6e0b5569232559e3d385fea5a93112/library/std/src/panicking.rs:292:9
[INFO] [stderr]     11:     0x5622113ffbd8 - std::panicking::rust_panic_with_hook::h2b5517d590cab22e
[INFO] [stderr]                                  at /rustc/82e1608dfa6e0b5569232559e3d385fea5a93112/library/std/src/panicking.rs:779:13
[INFO] [stderr]     12:     0x5622113ffabe - std::panicking::begin_panic_handler::{{closure}}::h233112c06e0ef43e
[INFO] [stderr]                                  at /rustc/82e1608dfa6e0b5569232559e3d385fea5a93112/library/std/src/panicking.rs:657:13
[INFO] [stderr]     13:     0x5622113fe796 - std::sys_common::backtrace::__rust_end_short_backtrace::h6e893f24d7ebbff8
[INFO] [stderr]                                  at /rustc/82e1608dfa6e0b5569232559e3d385fea5a93112/library/std/src/sys_common/backtrace.rs:170:18
[INFO] [stderr]     14:     0x5622113ff822 - rust_begin_unwind
[INFO] [stderr]                                  at /rustc/82e1608dfa6e0b5569232559e3d385fea5a93112/library/std/src/panicking.rs:645:5
[INFO] [stderr]     15:     0x5622113d8285 - core::panicking::panic_fmt::hbf0e066aabfa482c
[INFO] [stderr]                                  at /rustc/82e1608dfa6e0b5569232559e3d385fea5a93112/library/core/src/panicking.rs:72:14
[INFO] [stderr]     16:     0x5622113de1e1 - build_script_build::main::{{closure}}::hedcbb6802a170381
[INFO] [stderr]     17:     0x5622113dd0d5 - build_script_build::visit_xml::hf8eaf8c69bc82511
[INFO] [stderr]     18:     0x5622113dd773 - build_script_build::main::h54a2d647cba97442
[INFO] [stderr]     19:     0x5622113d9e33 - core::ops::function::FnOnce::call_once::hc34881decb2e80a5
[INFO] [stderr]     20:     0x5622113d8dc6 - std::sys_common::backtrace::__rust_begin_short_backtrace::hda7e46a570a6ed57
[INFO] [stderr]     21:     0x5622113d9509 - std::rt::lang_start::{{closure}}::h7a34247ad94d6427
[INFO] [stderr]     22:     0x5622113f8fa7 - core::ops::function::impls::<impl core::ops::function::FnOnce<A> for &F>::call_once::hd95060ecd5e1ca24
[INFO] [stderr]                                  at /rustc/82e1608dfa6e0b5569232559e3d385fea5a93112/library/core/src/ops/function.rs:284:13
[INFO] [stderr]     23:     0x5622113f8fa7 - std::panicking::try::do_call::h6e8cf51db32a6e4b
[INFO] [stderr]                                  at /rustc/82e1608dfa6e0b5569232559e3d385fea5a93112/library/std/src/panicking.rs:552:40
[INFO] [stderr]     24:     0x5622113f8fa7 - std::panicking::try::h3a52eefe24fe3c29
[INFO] [stderr]                                  at /rustc/82e1608dfa6e0b5569232559e3d385fea5a93112/library/std/src/panicking.rs:516:19
[INFO] [stderr]     25:     0x5622113f8fa7 - std::panic::catch_unwind::h24c28c23c02c3841
[INFO] [stderr]                                  at /rustc/82e1608dfa6e0b5569232559e3d385fea5a93112/library/std/src/panic.rs:142:14
[INFO] [stderr]     26:     0x5622113f8fa7 - std::rt::lang_start_internal::{{closure}}::h705d3c9cbc06ef47
[INFO] [stderr]                                  at /rustc/82e1608dfa6e0b5569232559e3d385fea5a93112/library/std/src/rt.rs:148:48
[INFO] [stderr]     27:     0x5622113f8fa7 - std::panicking::try::do_call::ha21f52ba13158470
[INFO] [stderr]                                  at /rustc/82e1608dfa6e0b5569232559e3d385fea5a93112/library/std/src/panicking.rs:552:40
[INFO] [stderr]     28:     0x5622113f8fa7 - std::panicking::try::h5581346bf6aeb1f8
[INFO] [stderr]                                  at /rustc/82e1608dfa6e0b5569232559e3d385fea5a93112/library/std/src/panicking.rs:516:19
[INFO] [stderr]     29:     0x5622113f8fa7 - std::panic::catch_unwind::h7919645a6b72e25b
[INFO] [stderr]                                  at /rustc/82e1608dfa6e0b5569232559e3d385fea5a93112/library/std/src/panic.rs:142:14
[INFO] [stderr]     30:     0x5622113f8fa7 - std::rt::lang_start_internal::h12de51168669836e
[INFO] [stderr]                                  at /rustc/82e1608dfa6e0b5569232559e3d385fea5a93112/library/std/src/rt.rs:148:20
[INFO] [stderr]     31:     0x5622113d94e7 - std::rt::lang_start::h1a1c2d912982c716
[INFO] [stderr]     32:     0x5622113de265 - main
[INFO] [stderr]     33:     0x7fa714c8ad90 - <unknown>
[INFO] [stderr]     34:     0x7fa714c8ae40 - __libc_start_main
[INFO] [stderr]     35:     0x5622113d89a5 - _start
[INFO] [stderr]     36:                0x0 - <unknown>
[INFO] [stderr] warning: build failed, waiting for other jobs to finish...
[INFO] running `Command { std: "docker" "inspect" "b2d826b19e8da18a4086d6c36fd0080e38cd6f62f2a8c7aac2d28e8873172367", kill_on_drop: false }`
[INFO] running `Command { std: "docker" "rm" "-f" "b2d826b19e8da18a4086d6c36fd0080e38cd6f62f2a8c7aac2d28e8873172367", kill_on_drop: false }`
[INFO] [stdout] b2d826b19e8da18a4086d6c36fd0080e38cd6f62f2a8c7aac2d28e8873172367
[INFO] testing Backman/rs-schmup against beta-2023-12-22 for beta-1.76-1
[INFO] running `Command { std: "git" "clone" "/workspace/cache/git-repos/https%3A%2F%2Fgithub.com%2FBackman%2Frs-schmup" "/workspace/builds/worker-5-tc2/source", kill_on_drop: false }`
[INFO] [stderr] Cloning into '/workspace/builds/worker-5-tc2/source'...
[INFO] [stderr] done.
[INFO] validating manifest of git repo https://github.com/Backman/rs-schmup on toolchain beta-2023-12-22
[INFO] running `Command { std: CARGO_HOME="/workspace/cargo-home" RUSTUP_HOME="/workspace/rustup-home" "/workspace/cargo-home/bin/cargo" "+beta-2023-12-22" "metadata" "--manifest-path" "Cargo.toml" "--no-deps", kill_on_drop: false }`
[INFO] started tweaking git repo https://github.com/Backman/rs-schmup
[INFO] finished tweaking git repo https://github.com/Backman/rs-schmup
[INFO] tweaked toml for git repo https://github.com/Backman/rs-schmup written to /workspace/builds/worker-5-tc2/source/Cargo.toml
[INFO] crate git repo https://github.com/Backman/rs-schmup already has a lockfile, it will not be regenerated
[INFO] running `Command { std: CARGO_HOME="/workspace/cargo-home" RUSTUP_HOME="/workspace/rustup-home" "/workspace/cargo-home/bin/cargo" "+beta-2023-12-22" "fetch" "--manifest-path" "Cargo.toml", kill_on_drop: false }`
[INFO] running `Command { std: "docker" "create" "-v" "/var/lib/crater-agent-workspace/builds/worker-5-tc2/target:/opt/rustwide/target:rw,Z" "-v" "/var/lib/crater-agent-workspace/builds/worker-5-tc2/source:/opt/rustwide/workdir:ro,Z" "-v" "/var/lib/crater-agent-workspace/cargo-home:/opt/rustwide/cargo-home:ro,Z" "-v" "/var/lib/crater-agent-workspace/rustup-home:/opt/rustwide/rustup-home:ro,Z" "-e" "SOURCE_DIR=/opt/rustwide/workdir" "-e" "CARGO_TARGET_DIR=/opt/rustwide/target" "-e" "CARGO_HOME=/opt/rustwide/cargo-home" "-e" "RUSTUP_HOME=/opt/rustwide/rustup-home" "-w" "/opt/rustwide/workdir" "-m" "1610612736" "--user" "0:0" "--network" "none" "ghcr.io/rust-lang/crates-build-env/linux@sha256:2788e3201cd34a07e3172128adcd8b3090168a8e3bcc40d7c032b9dda1df7d1c" "/opt/rustwide/cargo-home/bin/cargo" "+beta-2023-12-22" "metadata" "--no-deps" "--format-version=1", kill_on_drop: false }`
[INFO] [stdout] 59f4e3f97ad076197b74f586c39ef0307516e19eb9d2214217a8ea20d777b8bd
[INFO] running `Command { std: "docker" "start" "-a" "59f4e3f97ad076197b74f586c39ef0307516e19eb9d2214217a8ea20d777b8bd", kill_on_drop: false }`
[INFO] running `Command { std: "docker" "inspect" "59f4e3f97ad076197b74f586c39ef0307516e19eb9d2214217a8ea20d777b8bd", kill_on_drop: false }`
[INFO] running `Command { std: "docker" "rm" "-f" "59f4e3f97ad076197b74f586c39ef0307516e19eb9d2214217a8ea20d777b8bd", kill_on_drop: false }`
[INFO] [stdout] 59f4e3f97ad076197b74f586c39ef0307516e19eb9d2214217a8ea20d777b8bd
[INFO] running `Command { std: "docker" "create" "-v" "/var/lib/crater-agent-workspace/builds/worker-5-tc2/target:/opt/rustwide/target:rw,Z" "-v" "/var/lib/crater-agent-workspace/builds/worker-5-tc2/source:/opt/rustwide/workdir:ro,Z" "-v" "/var/lib/crater-agent-workspace/cargo-home:/opt/rustwide/cargo-home:ro,Z" "-v" "/var/lib/crater-agent-workspace/rustup-home:/opt/rustwide/rustup-home:ro,Z" "-e" "SOURCE_DIR=/opt/rustwide/workdir" "-e" "CARGO_TARGET_DIR=/opt/rustwide/target" "-e" "CARGO_INCREMENTAL=0" "-e" "RUST_BACKTRACE=full" "-e" "RUSTFLAGS=--cap-lints=warn" "-e" "RUSTDOCFLAGS=--cap-lints=warn" "-e" "CARGO_HOME=/opt/rustwide/cargo-home" "-e" "RUSTUP_HOME=/opt/rustwide/rustup-home" "-w" "/opt/rustwide/workdir" "-m" "1610612736" "--user" "0:0" "--network" "none" "ghcr.io/rust-lang/crates-build-env/linux@sha256:2788e3201cd34a07e3172128adcd8b3090168a8e3bcc40d7c032b9dda1df7d1c" "/opt/rustwide/cargo-home/bin/cargo" "+beta-2023-12-22" "build" "--frozen" "--message-format=json", kill_on_drop: false }`
[INFO] [stdout] 6ccfb1a2acd2bebec93f92740afb21bf8e0fb02f5cec1065661d495cd6da2250
[INFO] running `Command { std: "docker" "start" "-a" "6ccfb1a2acd2bebec93f92740afb21bf8e0fb02f5cec1065661d495cd6da2250", kill_on_drop: false }`
[INFO] [stderr]    Compiling unicode-xid v0.1.0
[INFO] [stderr]    Compiling proc-macro2 v0.4.30
[INFO] [stderr]    Compiling libc v0.2.54
[INFO] [stderr]    Compiling syn v0.15.34
[INFO] [stderr]    Compiling cfg-if v0.1.7
[INFO] [stderr]    Compiling serde v1.0.91
[INFO] [stderr]    Compiling lazy_static v1.3.0
[INFO] [stderr]    Compiling num-traits v0.2.6
[INFO] [stderr]    Compiling cc v1.0.37
[INFO] [stderr]    Compiling autocfg v0.1.2
[INFO] [stderr]    Compiling byteorder v1.3.1
[INFO] [stderr]    Compiling arrayvec v0.4.10
[INFO] [stderr]    Compiling nodrop v0.1.13
[INFO] [stderr]    Compiling scopeguard v0.3.3
[INFO] [stderr]    Compiling bitflags v1.0.4
[INFO] [stderr]    Compiling rand_core v0.4.0
[INFO] [stderr]    Compiling memoffset v0.2.1
[INFO] [stderr]    Compiling semver-parser v0.7.0
[INFO] [stderr]    Compiling rand_core v0.3.1
[INFO] [stderr]    Compiling semver v0.9.0
[INFO] [stderr]    Compiling quote v0.6.12
[INFO] [stderr]    Compiling pkg-config v0.3.14
[INFO] [stderr]    Compiling rustc_version v0.2.3
[INFO] [stderr]    Compiling num_cpus v1.10.0
[INFO] [stderr]    Compiling crossbeam-utils v0.6.5
[INFO] [stderr]    Compiling backtrace v0.3.16
[INFO] [stderr]    Compiling backtrace-sys v0.1.28
[INFO] [stderr]    Compiling approx v0.3.2
[INFO] [stderr]    Compiling stable_deref_trait v1.1.1
[INFO] [stderr]    Compiling owning_ref v0.4.0
[INFO] [stderr]    Compiling crossbeam-utils v0.2.2
[INFO] [stderr]    Compiling rayon-core v1.4.1
[INFO] [stderr]    Compiling xml-rs v0.8.0
[INFO] [stderr]    Compiling rustc-demangle v0.1.14
[INFO] [stderr]    Compiling crossbeam-epoch v0.3.1
[INFO] [stderr]    Compiling lock_api v0.1.5
[INFO] [stderr]    Compiling either v1.5.2
[INFO] [stderr]    Compiling rand v0.5.6
[INFO] [stderr]    Compiling rand_chacha v0.1.1
[INFO] [stderr]    Compiling crossbeam-deque v0.2.0
[INFO] [stderr]    Compiling rand_pcg v0.1.2
[INFO] [stderr]    Compiling num-integer v0.1.39
[INFO] [stderr]    Compiling rayon v1.0.3
[INFO] [stderr]    Compiling parking_lot_core v0.3.1
[INFO] [stderr]    Compiling rand v0.6.5
[INFO] [stderr]    Compiling mint v0.5.1
[INFO] [stderr]    Compiling libloading v0.5.0
[INFO] [stderr]    Compiling rand_os v0.1.3
[INFO] [stderr]    Compiling rand_hc v0.1.0
[INFO] [stderr]    Compiling rand_xorshift v0.1.1
[INFO] [stderr]    Compiling rand_isaac v0.1.1
[INFO] [stderr]    Compiling rand_jitter v0.1.4
[INFO] [stderr]    Compiling version_check v0.1.5
[INFO] [stderr]    Compiling num-complex v0.2.1
[INFO] [stderr]    Compiling crossbeam-utils v0.5.0
[INFO] [stderr]    Compiling wayland-scanner v0.21.12
[INFO] [stderr]    Compiling crossbeam-epoch v0.7.1
[INFO] [stderr]    Compiling error-chain v0.12.1
[INFO] [stderr]    Compiling crossbeam-epoch v0.5.2
[INFO] [stderr]    Compiling crossbeam-epoch v0.6.1
[INFO] [stderr]    Compiling crossbeam-deque v0.7.1
[INFO] [stderr]    Compiling ordered-float v1.0.2
[INFO] [stderr]    Compiling rand v0.4.6
[INFO] [stderr]    Compiling stb_truetype v0.2.6
[INFO] [stderr]    Compiling rustc-hash v1.0.1
[INFO] [stderr]    Compiling linked-hash-map v0.5.2
[INFO] [stderr]    Compiling nonzero_signed v1.0.3
[INFO] [stderr]    Compiling libm v0.1.3
[INFO] [stderr]    Compiling typenum v1.10.0
[INFO] [stderr]    Compiling nix v0.13.0
[INFO] [stderr]    Compiling rusttype v0.7.6
[INFO] [stderr]    Compiling crossbeam-deque v0.5.2
[INFO] [stderr]    Compiling dlib v0.4.1
[INFO] [stderr]    Compiling num-traits v0.1.43
[INFO] [stderr]    Compiling fxhash v0.2.1
[INFO] [stderr]    Compiling mopa v0.2.2
[INFO] [stderr]    Compiling approx v0.1.1
[INFO] [stderr]    Compiling void v1.0.2
[INFO] [stderr]    Compiling matrixmultiply v0.1.15
[INFO] [stderr]    Compiling atom v0.3.5
[INFO] [stderr]    Compiling khronos_api v2.2.0
[INFO] [stderr]    Compiling hibitset v0.5.4
[INFO] [stderr]    Compiling wayland-sys v0.21.12
[INFO] [stderr]    Compiling wayland-client v0.21.12
[INFO] [stderr]    Compiling same-file v1.0.4
[INFO] [stderr]    Compiling fnv v1.0.6
[INFO] [stderr]    Compiling rawpointer v0.1.0
[INFO] [stderr]    Compiling futures v0.1.27
[INFO] [stderr]    Compiling shrev v1.1.1
[INFO] [stderr]    Compiling tuple_utils v0.2.0
[INFO] [stderr]    Compiling khronos_api v3.1.0
[INFO] [stderr]    Compiling generic-array v0.11.1
[INFO] [stderr]    Compiling walkdir v2.2.7
[INFO] [stderr]    Compiling wayland-protocols v0.21.12
[INFO] [stderr]    Compiling parking_lot_core v0.4.0
[INFO] [stderr]    Compiling cmake v0.1.40
[INFO] [stderr]    Compiling xml-rs v0.7.0
[INFO] [stderr]    Compiling cgmath v0.16.1
[INFO] [stderr]    Compiling downcast-rs v1.0.4
[INFO] [stderr]    Compiling num-bigint v0.2.2
[INFO] [stderr]    Compiling x11-dl v2.18.3
[INFO] [stderr]    Compiling line_drawing v0.7.0
[INFO] [stderr]    Compiling base64 v0.10.1
[INFO] [stderr]    Compiling xdg v2.2.0
[INFO] [stderr]    Compiling num-rational v0.2.1
[INFO] [stderr]    Compiling andrew v0.2.1
[INFO] [stderr]    Compiling wayland-commons v0.21.12
[INFO] [stderr]    Compiling serde_derive v1.0.91
[INFO] [stderr]    Compiling derivative v1.0.2
[INFO] [stderr]    Compiling shred-derive v0.5.1
[INFO] [stderr]    Compiling num-iter v0.1.37
[INFO] [stderr]    Compiling memmap v0.7.0
[INFO] [stderr]    Compiling proc-macro2 v0.3.8
[INFO] [stderr]    Compiling adler32 v1.0.3
[INFO] [stderr]    Compiling num-derive v0.2.5
[INFO] [stderr]    Compiling quote v0.5.2
[INFO] [stderr]    Compiling shared_library v0.1.9
[INFO] [stderr]    Compiling unicode-xid v0.0.4
[INFO] [stderr]    Compiling lzw v0.10.0
[INFO] [stderr]    Compiling failure_derive v0.1.5
[INFO] [stderr]    Compiling percent-encoding v1.0.1
[INFO] [stderr]    Compiling synom v0.11.3
[INFO] [stderr]    Compiling osmesa-sys v0.1.2
[INFO] [stderr]    Compiling syn v0.13.11
[INFO] [stderr]    Compiling inflate v0.4.5
[INFO] [stderr]    Compiling deflate v0.7.19
[INFO] [stderr]    Compiling servo-freetype-sys v4.0.5
[INFO] [stderr]    Compiling synstructure v0.10.1
[INFO] [stderr]    Compiling color_quant v1.0.1
[INFO] [stderr]    Compiling quote v0.3.15
[INFO] [stderr]    Compiling syn v0.11.11
[INFO] [stderr]    Compiling gif v0.10.1
[INFO] [stderr]    Compiling png v0.12.0
[INFO] [stderr]    Compiling expat-sys v2.1.6
[INFO] [stderr]    Compiling jpeg-decoder v0.1.15
[INFO] [stderr]    Compiling scoped_threadpool v0.1.9
[INFO] [stderr]    Compiling tiff v0.2.2
[INFO] [stderr]    Compiling image v0.20.1
[INFO] [stderr]    Compiling gfx_macros v0.2.1
[INFO] [stderr]    Compiling genmesh v0.6.2
[INFO] [stderr]    Compiling failure v0.1.5
[INFO] [stderr]    Compiling amethyst_derive v0.3.0
[INFO] [stderr]    Compiling alsa-sys v0.1.2
[INFO] [stderr]    Compiling minimp3-sys v0.3.1
[INFO] [stderr]    Compiling wavefront_obj v5.1.0
[INFO] [stderr]    Compiling hetseq v0.2.0
[INFO] [stderr]    Compiling euclid_macros v0.1.0
[INFO] [stderr]    Compiling glsl-layout-derive v0.1.1
[INFO] [stderr]    Compiling servo-fontconfig-sys v4.0.7
[INFO] [stderr]    Compiling xcb v0.8.2
[INFO] [stderr]    Compiling siphasher v0.2.3
[INFO] [stderr]    Compiling winapi v0.3.7
[INFO] [stderr]    Compiling ansi_term v0.11.0
[INFO] [stderr]    Compiling build_const v0.2.1
[INFO] [stderr]    Compiling crc v1.8.1
[INFO] [stderr]    Compiling phf_shared v0.7.24
[INFO] [stderr]    Compiling euclid v0.19.8
[INFO] [stderr] error: failed to run custom build command for `xcb v0.8.2`
[INFO] [stderr] note: To improve backtraces for build dependencies, set the CARGO_PROFILE_DEV_BUILD_OVERRIDE_DEBUG=true environment variable to enable debug information generation.
[INFO] [stderr] 
[INFO] [stderr] Caused by:
[INFO] [stderr]   process didn't exit successfully: `/opt/rustwide/target/debug/build/xcb-5fd503f89263547a/build-script-build` (exit status: 101)
[INFO] [stderr]   --- stderr
[INFO] [stderr]   error occured in handler:  ('request: ', ('xcb', 'SELinux', 'GetClientContext'))
[INFO] [stderr]   Traceback (most recent call last):
[INFO] [stderr]     File "/opt/rustwide/cargo-home/registry/src/index.crates.io-6f17d22bba15001f/xcb-0.8.2/rs_client.py", line 2448, in <module>
[INFO] [stderr]       module.generate()
[INFO] [stderr]     File "/opt/rustwide/cargo-home/registry/src/index.crates.io-6f17d22bba15001f/xcb-0.8.2/xcbgen/state.py", line 108, in generate
[INFO] [stderr]       self.close()
[INFO] [stderr]     File "/opt/rustwide/cargo-home/registry/src/index.crates.io-6f17d22bba15001f/xcb-0.8.2/rs_client.py", line 296, in rs_close
[INFO] [stderr]       _f.writeout(os.path.join(module.rs_srcdir, "ffi", "%s.rs" % _module_name(_ns.ext_name)))
[INFO] [stderr]     File "/opt/rustwide/cargo-home/registry/src/index.crates.io-6f17d22bba15001f/xcb-0.8.2/rs_client.py", line 114, in writeout
[INFO] [stderr]       with open(path, 'w') as f:
[INFO] [stderr]   OSError: [Errno 30] Read-only file system: '/opt/rustwide/cargo-home/registry/src/index.crates.io-6f17d22bba15001f/xcb-0.8.2/src/ffi/selinux.rs'
[INFO] [stderr]   thread 'main' panicked at /opt/rustwide/cargo-home/registry/src/index.crates.io-6f17d22bba15001f/xcb-0.8.2/build.rs:75:17:
[INFO] [stderr]   processing of /opt/rustwide/cargo-home/registry/src/index.crates.io-6f17d22bba15001f/xcb-0.8.2/xml/xselinux.xml returned non-zero (1)
[INFO] [stderr]   stack backtrace:
[INFO] [stderr]      0:     0x55df5834e376 - std::backtrace_rs::backtrace::libunwind::trace::h261606ad26a499c1
[INFO] [stderr]                                  at /rustc/0e09125c6c3c2fd70d7de961bcf0e51575235fad/library/std/src/../../backtrace/src/backtrace/libunwind.rs:104:5
[INFO] [stderr]      1:     0x55df5834e376 - std::backtrace_rs::backtrace::trace_unsynchronized::hd183f0625477fb28
[INFO] [stderr]                                  at /rustc/0e09125c6c3c2fd70d7de961bcf0e51575235fad/library/std/src/../../backtrace/src/backtrace/mod.rs:66:5
[INFO] [stderr]      2:     0x55df5834e376 - std::sys_common::backtrace::_print_fmt::hd7f8fef21b4eda67
[INFO] [stderr]                                  at /rustc/0e09125c6c3c2fd70d7de961bcf0e51575235fad/library/std/src/sys_common/backtrace.rs:68:5
[INFO] [stderr]      3:     0x55df5834e376 - <std::sys_common::backtrace::_print::DisplayBacktrace as core::fmt::Display>::fmt::h623d9b51f2f453f1
[INFO] [stderr]                                  at /rustc/0e09125c6c3c2fd70d7de961bcf0e51575235fad/library/std/src/sys_common/backtrace.rs:44:22
[INFO] [stderr]      4:     0x55df58370aa0 - core::fmt::rt::Argument::fmt::h9f417ac76a86f368
[INFO] [stderr]                                  at /rustc/0e09125c6c3c2fd70d7de961bcf0e51575235fad/library/core/src/fmt/rt.rs:142:9
[INFO] [stderr]      5:     0x55df58370aa0 - core::fmt::write::hc9b6faf4ac2aeff7
[INFO] [stderr]                                  at /rustc/0e09125c6c3c2fd70d7de961bcf0e51575235fad/library/core/src/fmt/mod.rs:1120:17
[INFO] [stderr]      6:     0x55df5834c3ef - std::io::Write::write_fmt::hfead1eee52c2e65e
[INFO] [stderr]                                  at /rustc/0e09125c6c3c2fd70d7de961bcf0e51575235fad/library/std/src/io/mod.rs:1810:15
[INFO] [stderr]      7:     0x55df5834e154 - std::sys_common::backtrace::_print::hd5d66399c7df88a2
[INFO] [stderr]                                  at /rustc/0e09125c6c3c2fd70d7de961bcf0e51575235fad/library/std/src/sys_common/backtrace.rs:47:5
[INFO] [stderr]      8:     0x55df5834e154 - std::sys_common::backtrace::print::he81ed2da642d37e5
[INFO] [stderr]                                  at /rustc/0e09125c6c3c2fd70d7de961bcf0e51575235fad/library/std/src/sys_common/backtrace.rs:34:9
[INFO] [stderr]      9:     0x55df5834f847 - std::panicking::default_hook::{{closure}}::h85773f4fa117163d
[INFO] [stderr]     10:     0x55df5834f5a9 - std::panicking::default_hook::h6a1694a91d09b278
[INFO] [stderr]                                  at /rustc/0e09125c6c3c2fd70d7de961bcf0e51575235fad/library/std/src/panicking.rs:292:9
[INFO] [stderr]     11:     0x55df5834fcd8 - std::panicking::rust_panic_with_hook::h0a7ad96e90f7145b
[INFO] [stderr]                                  at /rustc/0e09125c6c3c2fd70d7de961bcf0e51575235fad/library/std/src/panicking.rs:779:13
[INFO] [stderr]     12:     0x55df5834fbb2 - std::panicking::begin_panic_handler::{{closure}}::h7919090525c6485e
[INFO] [stderr]                                  at /rustc/0e09125c6c3c2fd70d7de961bcf0e51575235fad/library/std/src/panicking.rs:657:13
[INFO] [stderr]     13:     0x55df5834e876 - std::sys_common::backtrace::__rust_end_short_backtrace::hf3289479464f7dfe
[INFO] [stderr]                                  at /rustc/0e09125c6c3c2fd70d7de961bcf0e51575235fad/library/std/src/sys_common/backtrace.rs:171:18
[INFO] [stderr]     14:     0x55df5834f910 - rust_begin_unwind
[INFO] [stderr]                                  at /rustc/0e09125c6c3c2fd70d7de961bcf0e51575235fad/library/std/src/panicking.rs:645:5
[INFO] [stderr]     15:     0x55df58328285 - core::panicking::panic_fmt::hcc9f77c5c132af55
[INFO] [stderr]                                  at /rustc/0e09125c6c3c2fd70d7de961bcf0e51575235fad/library/core/src/panicking.rs:72:14
[INFO] [stderr]     16:     0x55df5832e1b1 - build_script_build::main::{{closure}}::hee641550a4bffddb
[INFO] [stderr]     17:     0x55df5832d0a3 - build_script_build::visit_xml::h4876c82643013864
[INFO] [stderr]     18:     0x55df5832d743 - build_script_build::main::h5ebf0061bd1d0226
[INFO] [stderr]     19:     0x55df58329d13 - core::ops::function::FnOnce::call_once::h4efd539ee6d357a5
[INFO] [stderr]     20:     0x55df58328dd6 - std::sys_common::backtrace::__rust_begin_short_backtrace::h6802e57fafc1161e
[INFO] [stderr]     21:     0x55df58329509 - std::rt::lang_start::{{closure}}::hddebff1ba843bdfe
[INFO] [stderr]     22:     0x55df58348fd1 - core::ops::function::impls::<impl core::ops::function::FnOnce<A> for &F>::call_once::h4eb4c5e1620f29b0
[INFO] [stderr]                                  at /rustc/0e09125c6c3c2fd70d7de961bcf0e51575235fad/library/core/src/ops/function.rs:284:13
[INFO] [stderr]     23:     0x55df58348fd1 - std::panicking::try::do_call::h73fd26535faffcdf
[INFO] [stderr]                                  at /rustc/0e09125c6c3c2fd70d7de961bcf0e51575235fad/library/std/src/panicking.rs:552:40
[INFO] [stderr]     24:     0x55df58348fd1 - std::panicking::try::h77ff1d98f0fb9f39
[INFO] [stderr]                                  at /rustc/0e09125c6c3c2fd70d7de961bcf0e51575235fad/library/std/src/panicking.rs:516:19
[INFO] [stderr]     25:     0x55df58348fd1 - std::panic::catch_unwind::hab3caf2448b95e37
[INFO] [stderr]                                  at /rustc/0e09125c6c3c2fd70d7de961bcf0e51575235fad/library/std/src/panic.rs:142:14
[INFO] [stderr]     26:     0x55df58348fd1 - std::rt::lang_start_internal::{{closure}}::h8086711f9c783f78
[INFO] [stderr]                                  at /rustc/0e09125c6c3c2fd70d7de961bcf0e51575235fad/library/std/src/rt.rs:148:48
[INFO] [stderr]     27:     0x55df58348fd1 - std::panicking::try::do_call::hf920d4dc291cd6ca
[INFO] [stderr]                                  at /rustc/0e09125c6c3c2fd70d7de961bcf0e51575235fad/library/std/src/panicking.rs:552:40
[INFO] [stderr]     28:     0x55df58348fd1 - std::panicking::try::h2b806ccc0a85db74
[INFO] [stderr]                                  at /rustc/0e09125c6c3c2fd70d7de961bcf0e51575235fad/library/std/src/panicking.rs:516:19
[INFO] [stderr]     29:     0x55df58348fd1 - std::panic::catch_unwind::h038489539c507df2
[INFO] [stderr]                                  at /rustc/0e09125c6c3c2fd70d7de961bcf0e51575235fad/library/std/src/panic.rs:142:14
[INFO] [stderr]     30:     0x55df58348fd1 - std::rt::lang_start_internal::h28503b88912e8a5c
[INFO] [stderr]                                  at /rustc/0e09125c6c3c2fd70d7de961bcf0e51575235fad/library/std/src/rt.rs:148:20
[INFO] [stderr]     31:     0x55df583294e7 - std::rt::lang_start::hd792a480203ef334
[INFO] [stderr]     32:     0x55df5832e235 - main
[INFO] [stderr]     33:     0x7f9345310d90 - <unknown>
[INFO] [stderr]     34:     0x7f9345310e40 - __libc_start_main
[INFO] [stderr]     35:     0x55df583289b5 - _start
[INFO] [stderr]     36:                0x0 - <unknown>
[INFO] [stderr] warning: build failed, waiting for other jobs to finish...
[INFO] running `Command { std: "docker" "inspect" "6ccfb1a2acd2bebec93f92740afb21bf8e0fb02f5cec1065661d495cd6da2250", kill_on_drop: false }`
[INFO] running `Command { std: "docker" "rm" "-f" "6ccfb1a2acd2bebec93f92740afb21bf8e0fb02f5cec1065661d495cd6da2250", kill_on_drop: false }`
[INFO] [stdout] 6ccfb1a2acd2bebec93f92740afb21bf8e0fb02f5cec1065661d495cd6da2250
