[INFO] cloning repository https://github.com/BabyMelvin/mini-redis
[INFO] running `Command { std: "git" "-c" "credential.helper=" "-c" "credential.helper=/workspace/cargo-home/bin/git-credential-null" "clone" "--bare" "https://github.com/BabyMelvin/mini-redis" "/workspace/cache/git-repos/https%3A%2F%2Fgithub.com%2FBabyMelvin%2Fmini-redis", kill_on_drop: false }`
[INFO] [stderr] Cloning into bare repository '/workspace/cache/git-repos/https%3A%2F%2Fgithub.com%2FBabyMelvin%2Fmini-redis'...
[INFO] running `Command { std: "git" "rev-parse" "HEAD", kill_on_drop: false }`
[INFO] [stdout] 47ec2afecb0406209ffd52e565ac503e7735ceb1
[INFO] testing BabyMelvin/mini-redis against 1.75.0 for beta-1.76-1
[INFO] running `Command { std: "git" "clone" "/workspace/cache/git-repos/https%3A%2F%2Fgithub.com%2FBabyMelvin%2Fmini-redis" "/workspace/builds/worker-3-tc1/source", kill_on_drop: false }`
[INFO] [stderr] Cloning into '/workspace/builds/worker-3-tc1/source'...
[INFO] [stderr] done.
[INFO] validating manifest of git repo https://github.com/BabyMelvin/mini-redis on toolchain 1.75.0
[INFO] running `Command { std: CARGO_HOME="/workspace/cargo-home" RUSTUP_HOME="/workspace/rustup-home" "/workspace/cargo-home/bin/cargo" "+1.75.0" "metadata" "--manifest-path" "Cargo.toml" "--no-deps", kill_on_drop: false }`
[INFO] started tweaking git repo https://github.com/BabyMelvin/mini-redis
[INFO] finished tweaking git repo https://github.com/BabyMelvin/mini-redis
[INFO] tweaked toml for git repo https://github.com/BabyMelvin/mini-redis written to /workspace/builds/worker-3-tc1/source/Cargo.toml
[INFO] crate git repo https://github.com/BabyMelvin/mini-redis already has a lockfile, it will not be regenerated
[INFO] running `Command { std: CARGO_HOME="/workspace/cargo-home" RUSTUP_HOME="/workspace/rustup-home" "/workspace/cargo-home/bin/cargo" "+1.75.0" "fetch" "--manifest-path" "Cargo.toml", kill_on_drop: false }`
[INFO] [stderr]     Updating crates.io index
[INFO] [stderr]  Downloading crates ...
[INFO] [stderr]   Downloaded bytes v1.2.0
[INFO] [stderr]   Downloaded mini-redis v0.4.1
[INFO] [stderr]   Downloaded unicode-ident v1.0.2
[INFO] [stderr]   Downloaded pin-project-internal v1.0.11
[INFO] [stderr]   Downloaded pin-project v1.0.11
[INFO] [stderr]   Downloaded tokio v1.20.0
[INFO] [stderr]   Downloaded serde v1.0.139
[INFO] running `Command { std: "docker" "create" "-v" "/var/lib/crater-agent-workspace/builds/worker-3-tc1/target:/opt/rustwide/target:rw,Z" "-v" "/var/lib/crater-agent-workspace/builds/worker-3-tc1/source:/opt/rustwide/workdir:ro,Z" "-v" "/var/lib/crater-agent-workspace/cargo-home:/opt/rustwide/cargo-home:ro,Z" "-v" "/var/lib/crater-agent-workspace/rustup-home:/opt/rustwide/rustup-home:ro,Z" "-e" "SOURCE_DIR=/opt/rustwide/workdir" "-e" "CARGO_TARGET_DIR=/opt/rustwide/target" "-e" "CARGO_HOME=/opt/rustwide/cargo-home" "-e" "RUSTUP_HOME=/opt/rustwide/rustup-home" "-w" "/opt/rustwide/workdir" "-m" "1610612736" "--user" "0:0" "--network" "none" "ghcr.io/rust-lang/crates-build-env/linux@sha256:2788e3201cd34a07e3172128adcd8b3090168a8e3bcc40d7c032b9dda1df7d1c" "/opt/rustwide/cargo-home/bin/cargo" "+1.75.0" "metadata" "--no-deps" "--format-version=1", kill_on_drop: false }`
[INFO] [stdout] 45202dac22f0b67cb3ad83460a82fad965d3579bbe7d5b3727c152299af1adc9
[INFO] running `Command { std: "docker" "start" "-a" "45202dac22f0b67cb3ad83460a82fad965d3579bbe7d5b3727c152299af1adc9", kill_on_drop: false }`
[INFO] running `Command { std: "docker" "inspect" "45202dac22f0b67cb3ad83460a82fad965d3579bbe7d5b3727c152299af1adc9", kill_on_drop: false }`
[INFO] running `Command { std: "docker" "rm" "-f" "45202dac22f0b67cb3ad83460a82fad965d3579bbe7d5b3727c152299af1adc9", kill_on_drop: false }`
[INFO] [stdout] 45202dac22f0b67cb3ad83460a82fad965d3579bbe7d5b3727c152299af1adc9
[INFO] running `Command { std: "docker" "create" "-v" "/var/lib/crater-agent-workspace/builds/worker-3-tc1/target:/opt/rustwide/target:rw,Z" "-v" "/var/lib/crater-agent-workspace/builds/worker-3-tc1/source:/opt/rustwide/workdir:ro,Z" "-v" "/var/lib/crater-agent-workspace/cargo-home:/opt/rustwide/cargo-home:ro,Z" "-v" "/var/lib/crater-agent-workspace/rustup-home:/opt/rustwide/rustup-home:ro,Z" "-e" "SOURCE_DIR=/opt/rustwide/workdir" "-e" "CARGO_TARGET_DIR=/opt/rustwide/target" "-e" "CARGO_INCREMENTAL=0" "-e" "RUST_BACKTRACE=full" "-e" "RUSTFLAGS=--cap-lints=warn" "-e" "RUSTDOCFLAGS=--cap-lints=warn" "-e" "CARGO_HOME=/opt/rustwide/cargo-home" "-e" "RUSTUP_HOME=/opt/rustwide/rustup-home" "-w" "/opt/rustwide/workdir" "-m" "1610612736" "--user" "0:0" "--network" "none" "ghcr.io/rust-lang/crates-build-env/linux@sha256:2788e3201cd34a07e3172128adcd8b3090168a8e3bcc40d7c032b9dda1df7d1c" "/opt/rustwide/cargo-home/bin/cargo" "+1.75.0" "build" "--frozen" "--message-format=json", kill_on_drop: false }`
[INFO] [stdout] 3ee9825eedc851b7a5282055ad00dd5c4ce0938635d024f1b78f8de7c0b61fc4
[INFO] running `Command { std: "docker" "start" "-a" "3ee9825eedc851b7a5282055ad00dd5c4ce0938635d024f1b78f8de7c0b61fc4", kill_on_drop: false }`
[INFO] [stderr]    Compiling proc-macro2 v1.0.40
[INFO] [stderr]    Compiling unicode-ident v1.0.2
[INFO] [stderr]    Compiling quote v1.0.20
[INFO] [stderr]    Compiling syn v1.0.98
[INFO] [stderr]    Compiling once_cell v1.13.0
[INFO] [stderr]    Compiling num-traits v0.2.15
[INFO] [stderr]    Compiling lock_api v0.4.7
[INFO] [stderr]    Compiling smallvec v1.9.0
[INFO] [stderr]    Compiling serde v1.0.139
[INFO] [stderr]    Compiling num-integer v0.1.45
[INFO] [stderr]    Compiling futures-core v0.3.21
[INFO] [stderr]    Compiling tokio v1.20.0
[INFO] [stderr]    Compiling serde_json v1.0.82
[INFO] [stderr]    Compiling unicode-width v0.1.9
[INFO] [stderr]    Compiling unicode-segmentation v1.9.0
[INFO] [stderr]    Compiling num_cpus v1.13.1
[INFO] [stderr]    Compiling textwrap v0.11.0
[INFO] [stderr]    Compiling signal-hook-registry v1.4.0
[INFO] [stderr]    Compiling tracing-core v0.1.28
[INFO] [stderr]    Compiling parking_lot_core v0.9.3
[INFO] [stderr]    Compiling mio v0.8.4
[INFO] [stderr]    Compiling socket2 v0.4.4
[INFO] [stderr]    Compiling atty v0.2.14
[INFO] [stderr]    Compiling heck v0.3.3
[INFO] [stderr]    Compiling ryu v1.0.10
[INFO] [stderr]    Compiling bytes v1.2.0
[INFO] [stderr]    Compiling itoa v1.0.2
[INFO] [stderr]    Compiling strsim v0.8.0
[INFO] [stderr]    Compiling matchers v0.0.1
[INFO] [stderr]    Compiling parking_lot v0.12.1
[INFO] [stderr]    Compiling thread_local v1.1.4
[INFO] [stderr]    Compiling clap v2.34.0
[INFO] [stderr]    Compiling regex v1.6.0
[INFO] [stderr]    Compiling tracing-log v0.1.3
[INFO] [stderr]    Compiling proc-macro-error-attr v1.0.4
[INFO] [stderr]    Compiling atoi v0.3.3
[INFO] [stderr]    Compiling chrono v0.4.19
[INFO] [stderr]    Compiling tracing-serde v0.1.3
[INFO] [stderr]    Compiling proc-macro-error v1.0.4
[INFO] [stderr]    Compiling tracing-attributes v0.1.22
[INFO] [stderr]    Compiling pin-project-internal v1.0.11
[INFO] [stderr]    Compiling tokio-macros v1.8.0
[INFO] [stderr]    Compiling structopt-derive v0.4.18
[INFO] [stderr]    Compiling async-stream-impl v0.3.3
[INFO] [stderr]    Compiling async-stream v0.3.3
[INFO] [stderr]    Compiling pin-project v1.0.11
[INFO] [stderr]    Compiling structopt v0.3.26
[INFO] [stderr]    Compiling tracing v0.1.35
[INFO] [stderr]    Compiling tracing-futures v0.2.5
[INFO] [stderr]    Compiling tracing-subscriber v0.2.25
[INFO] [stderr]    Compiling tokio-stream v0.1.9
[INFO] [stderr]    Compiling mini-redis v0.4.1
[INFO] [stderr]    Compiling my-redis v0.1.0 (/opt/rustwide/workdir)
[INFO] [stdout] error[E0601]: `main` function not found in crate `client`
[INFO] [stdout]   |
[INFO] [stdout]   = note: consider adding a `main` function to `src/bin/client.rs`
[INFO] [stdout] 
[INFO] [stdout] 
[INFO] [stdout] error: aborting due to previous error
[INFO] [stdout] 
[INFO] [stdout] 
[INFO] [stdout] For more information about this error, try `rustc --explain E0601`.
[INFO] [stdout] 
[INFO] [stderr] error: could not compile `my-redis` (bin "client") due to 2 previous errors
[INFO] [stderr] warning: build failed, waiting for other jobs to finish...
[INFO] [stdout] warning: unused import: `hash`
[INFO] [stdout]  --> src/bin/server.rs:3:53
[INFO] [stdout]   |
[INFO] [stdout] 3 | use std::{sync::{Arc, Mutex}, collections::HashMap, hash};
[INFO] [stdout]   |                                                     ^^^^
[INFO] [stdout]   |
[INFO] [stdout]   = note: `#[warn(unused_imports)]` on by default
[INFO] [stdout] 
[INFO] [stdout] 
[INFO] [stdout] warning: the item `HashMap` is imported redundantly
[INFO] [stdout]   --> src/bin/server.rs:40:9
[INFO] [stdout]    |
[INFO] [stdout] 3  | use std::{sync::{Arc, Mutex}, collections::HashMap, hash};
[INFO] [stdout]    |                               -------------------- the item `HashMap` is already imported here
[INFO] [stdout] ...
[INFO] [stdout] 40 |     use std::collections::HashMap;
[INFO] [stdout]    |         ^^^^^^^^^^^^^^^^^^^^^^^^^
[INFO] [stdout] 
[INFO] [stdout] 
[INFO] [stdout] warning: unused import: `std::collections::HashMap`
[INFO] [stdout]   --> src/bin/server.rs:40:9
[INFO] [stdout]    |
[INFO] [stdout] 40 |     use std::collections::HashMap;
[INFO] [stdout]    |         ^^^^^^^^^^^^^^^^^^^^^^^^^
[INFO] [stdout] 
[INFO] [stdout] 
[INFO] [stdout] warning: unused variable: `res`
[INFO] [stdout]  --> src/main.rs:9:13
[INFO] [stdout]   |
[INFO] [stdout] 9 |         let res = client.get("hello").await;
[INFO] [stdout]   |             ^^^ help: if this is intentional, prefix it with an underscore: `_res`
[INFO] [stdout]   |
[INFO] [stdout]   = note: `#[warn(unused_variables)]` on by default
[INFO] [stdout] 
[INFO] [stdout] 
[INFO] [stdout] error[E0373]: async block may outlive the current function, but it borrows `client`, which is owned by the current function
[INFO] [stdout]   --> src/main.rs:8:27
[INFO] [stdout]    |
[INFO] [stdout] 8  |       let t1 = tokio::spawn(async {
[INFO] [stdout]    |  ___________________________^
[INFO] [stdout] 9  | |         let res = client.get("hello").await;
[INFO] [stdout]    | |                   ------ `client` is borrowed here
[INFO] [stdout] 10 | |     });
[INFO] [stdout]    | |_____^ may outlive borrowed value `client`
[INFO] [stdout]    |
[INFO] [stdout]    = note: async blocks are not executed immediately and must either take a reference or ownership of outside variables they use
[INFO] [stdout] help: to force the async block to take ownership of `client` (and any other referenced variables), use the `move` keyword
[INFO] [stdout]    |
[INFO] [stdout] 8  |     let t1 = tokio::spawn(async move {
[INFO] [stdout]    |                                 ++++
[INFO] [stdout] 
[INFO] [stdout] 
[INFO] [stdout] error[E0499]: cannot borrow `client` as mutable more than once at a time
[INFO] [stdout]   --> src/main.rs:12:27
[INFO] [stdout]    |
[INFO] [stdout] 8  |        let t1 = tokio::spawn(async {
[INFO] [stdout]    |  _______________-____________-
[INFO] [stdout]    | | ______________|
[INFO] [stdout]    | ||
[INFO] [stdout] 9  | ||         let res = client.get("hello").await;
[INFO] [stdout]    | ||                   ------ first borrow occurs due to use of `client` in coroutine
[INFO] [stdout] 10 | ||     });
[INFO] [stdout]    | ||_____-- argument requires that `client` is borrowed for `'static`
[INFO] [stdout]    | |______|
[INFO] [stdout]    |        first mutable borrow occurs here
[INFO] [stdout] 11 |
[INFO] [stdout] 12 |        let t2 = tokio::spawn(async {
[INFO] [stdout]    |   ___________________________^
[INFO] [stdout] 13 |  |         client.set("foo", "bar".into()).await;
[INFO] [stdout]    |  |         ------ second borrow occurs due to use of `client` in coroutine
[INFO] [stdout] 14 |  |     });
[INFO] [stdout]    |  |_____^ second mutable borrow occurs here
[INFO] [stdout] 
[INFO] [stdout] 
[INFO] [stdout] error: aborting due to 2 previous errors; 1 warning emitted
[INFO] [stdout] 
[INFO] [stdout] 
[INFO] [stdout] Some errors have detailed explanations: E0373, E0499.
[INFO] [stdout] 
[INFO] [stdout] For more information about an error, try `rustc --explain E0373`.
[INFO] [stdout] 
[INFO] [stdout] warning: type alias `SharedDb` is never used
[INFO] [stdout]  --> src/bin/server.rs:7:6
[INFO] [stdout]   |
[INFO] [stdout] 7 | type SharedDb = Arc<Vec<Mutex<HashMap<String, Vec<u8>>>>>;
[INFO] [stdout]   |      ^^^^^^^^
[INFO] [stdout]   |
[INFO] [stdout]   = note: `#[warn(dead_code)]` on by default
[INFO] [stdout] 
[INFO] [stdout] 
[INFO] [stderr] error: could not compile `my-redis` (bin "my-redis") due to 3 previous errors; 1 warning emitted
[INFO] [stdout] warning: function `new_shared_db` is never used
[INFO] [stdout]   --> src/bin/server.rs:70:4
[INFO] [stdout]    |
[INFO] [stdout] 70 | fn new_shared_db(num_shares: usize) -> SharedDb {
[INFO] [stdout]    |    ^^^^^^^^^^^^^
[INFO] [stdout] 
[INFO] [stdout] 
[INFO] [stdout] warning: 5 warnings emitted
[INFO] [stdout] 
[INFO] [stdout] 
[INFO] running `Command { std: "docker" "inspect" "3ee9825eedc851b7a5282055ad00dd5c4ce0938635d024f1b78f8de7c0b61fc4", kill_on_drop: false }`
[INFO] running `Command { std: "docker" "rm" "-f" "3ee9825eedc851b7a5282055ad00dd5c4ce0938635d024f1b78f8de7c0b61fc4", kill_on_drop: false }`
[INFO] [stdout] 3ee9825eedc851b7a5282055ad00dd5c4ce0938635d024f1b78f8de7c0b61fc4
