[INFO] cloning repository https://github.com/BaaMeows/SLAM-Jam
[INFO] running `Command { std: "git" "-c" "credential.helper=" "-c" "credential.helper=/workspace/cargo-home/bin/git-credential-null" "clone" "--bare" "https://github.com/BaaMeows/SLAM-Jam" "/workspace/cache/git-repos/https%3A%2F%2Fgithub.com%2FBaaMeows%2FSLAM-Jam", kill_on_drop: false }`
[INFO] [stderr] Cloning into bare repository '/workspace/cache/git-repos/https%3A%2F%2Fgithub.com%2FBaaMeows%2FSLAM-Jam'...
[INFO] running `Command { std: "git" "rev-parse" "HEAD", kill_on_drop: false }`
[INFO] [stdout] 911c6054de4196830d0907973db04ad7aa01a90a
[INFO] testing BaaMeows/SLAM-Jam against 1.75.0 for beta-1.76-1
[INFO] running `Command { std: "git" "clone" "/workspace/cache/git-repos/https%3A%2F%2Fgithub.com%2FBaaMeows%2FSLAM-Jam" "/workspace/builds/worker-1-tc1/source", kill_on_drop: false }`
[INFO] [stderr] Cloning into '/workspace/builds/worker-1-tc1/source'...
[INFO] [stderr] done.
[INFO] validating manifest of git repo https://github.com/BaaMeows/SLAM-Jam on toolchain 1.75.0
[INFO] running `Command { std: CARGO_HOME="/workspace/cargo-home" RUSTUP_HOME="/workspace/rustup-home" "/workspace/cargo-home/bin/cargo" "+1.75.0" "metadata" "--manifest-path" "Cargo.toml" "--no-deps", kill_on_drop: false }`
[INFO] started tweaking git repo https://github.com/BaaMeows/SLAM-Jam
[INFO] finished tweaking git repo https://github.com/BaaMeows/SLAM-Jam
[INFO] tweaked toml for git repo https://github.com/BaaMeows/SLAM-Jam written to /workspace/builds/worker-1-tc1/source/Cargo.toml
[INFO] crate git repo https://github.com/BaaMeows/SLAM-Jam already has a lockfile, it will not be regenerated
[INFO] running `Command { std: CARGO_HOME="/workspace/cargo-home" RUSTUP_HOME="/workspace/rustup-home" "/workspace/cargo-home/bin/cargo" "+1.75.0" "fetch" "--manifest-path" "Cargo.toml", kill_on_drop: false }`
[INFO] [stderr]     Updating crates.io index
[INFO] [stderr]  Downloading crates ...
[INFO] [stderr]   Downloaded wide v0.7.8
[INFO] [stderr]   Downloaded escapi v4.0.0
[INFO] [stderr]   Downloaded opencv-ros-camera v0.14.0
[INFO] [stderr]   Downloaded cam-geom v0.14.0
[INFO] [stderr]   Downloaded fltk v1.3.32
[INFO] [stderr]   Downloaded fltk-sys v1.3.32
[INFO] running `Command { std: "docker" "create" "-v" "/var/lib/crater-agent-workspace/builds/worker-1-tc1/target:/opt/rustwide/target:rw,Z" "-v" "/var/lib/crater-agent-workspace/builds/worker-1-tc1/source:/opt/rustwide/workdir:ro,Z" "-v" "/var/lib/crater-agent-workspace/cargo-home:/opt/rustwide/cargo-home:ro,Z" "-v" "/var/lib/crater-agent-workspace/rustup-home:/opt/rustwide/rustup-home:ro,Z" "-e" "SOURCE_DIR=/opt/rustwide/workdir" "-e" "CARGO_TARGET_DIR=/opt/rustwide/target" "-e" "CARGO_HOME=/opt/rustwide/cargo-home" "-e" "RUSTUP_HOME=/opt/rustwide/rustup-home" "-w" "/opt/rustwide/workdir" "-m" "1610612736" "--user" "0:0" "--network" "none" "ghcr.io/rust-lang/crates-build-env/linux@sha256:2788e3201cd34a07e3172128adcd8b3090168a8e3bcc40d7c032b9dda1df7d1c" "/opt/rustwide/cargo-home/bin/cargo" "+1.75.0" "metadata" "--no-deps" "--format-version=1", kill_on_drop: false }`
[INFO] [stdout] e3edb0c8a22dd825af96438e2807df36ac8f9fa34901878ed92e5aa77b359a00
[INFO] running `Command { std: "docker" "start" "-a" "e3edb0c8a22dd825af96438e2807df36ac8f9fa34901878ed92e5aa77b359a00", kill_on_drop: false }`
[INFO] running `Command { std: "docker" "inspect" "e3edb0c8a22dd825af96438e2807df36ac8f9fa34901878ed92e5aa77b359a00", kill_on_drop: false }`
[INFO] running `Command { std: "docker" "rm" "-f" "e3edb0c8a22dd825af96438e2807df36ac8f9fa34901878ed92e5aa77b359a00", kill_on_drop: false }`
[INFO] [stdout] e3edb0c8a22dd825af96438e2807df36ac8f9fa34901878ed92e5aa77b359a00
[INFO] running `Command { std: "docker" "create" "-v" "/var/lib/crater-agent-workspace/builds/worker-1-tc1/target:/opt/rustwide/target:rw,Z" "-v" "/var/lib/crater-agent-workspace/builds/worker-1-tc1/source:/opt/rustwide/workdir:ro,Z" "-v" "/var/lib/crater-agent-workspace/cargo-home:/opt/rustwide/cargo-home:ro,Z" "-v" "/var/lib/crater-agent-workspace/rustup-home:/opt/rustwide/rustup-home:ro,Z" "-e" "SOURCE_DIR=/opt/rustwide/workdir" "-e" "CARGO_TARGET_DIR=/opt/rustwide/target" "-e" "CARGO_INCREMENTAL=0" "-e" "RUST_BACKTRACE=full" "-e" "RUSTFLAGS=--cap-lints=warn" "-e" "RUSTDOCFLAGS=--cap-lints=warn" "-e" "CARGO_HOME=/opt/rustwide/cargo-home" "-e" "RUSTUP_HOME=/opt/rustwide/rustup-home" "-w" "/opt/rustwide/workdir" "-m" "1610612736" "--user" "0:0" "--network" "none" "ghcr.io/rust-lang/crates-build-env/linux@sha256:2788e3201cd34a07e3172128adcd8b3090168a8e3bcc40d7c032b9dda1df7d1c" "/opt/rustwide/cargo-home/bin/cargo" "+1.75.0" "build" "--frozen" "--message-format=json", kill_on_drop: false }`
[INFO] [stdout] 45a5dddb0289e3996cbc187763356a63069e2cdda4fb89e84473fc680a98776f
[INFO] running `Command { std: "docker" "start" "-a" "45a5dddb0289e3996cbc187763356a63069e2cdda4fb89e84473fc680a98776f", kill_on_drop: false }`
[INFO] [stderr]    Compiling autocfg v1.1.0
[INFO] [stderr]    Compiling libm v0.2.6
[INFO] [stderr]    Compiling cc v1.0.79
[INFO] [stderr]    Compiling proc-macro2 v1.0.51
[INFO] [stderr]    Compiling paste v1.0.12
[INFO] [stderr]    Compiling bytemuck v1.13.1
[INFO] [stderr]    Compiling quote v1.0.23
[INFO] [stderr]    Compiling unicode-ident v1.0.8
[INFO] [stderr]    Compiling syn v1.0.109
[INFO] [stderr]    Compiling safe_arch v0.6.0
[INFO] [stderr]    Compiling num-traits v0.2.15
[INFO] [stderr]    Compiling num-integer v0.1.45
[INFO] [stderr]    Compiling num-rational v0.4.1
[INFO] [stderr]    Compiling wide v0.7.8
[INFO] [stderr]    Compiling cmake v0.1.49
[INFO] [stderr]    Compiling num-iter v0.1.43
[INFO] [stderr]    Compiling rawpointer v0.2.1
[INFO] [stderr]    Compiling winapi-build v0.1.1
[INFO] [stderr]    Compiling crossbeam-utils v0.8.15
[INFO] [stderr]    Compiling fltk-sys v1.3.32
[INFO] [stderr]    Compiling kernel32-sys v0.2.2
[INFO] [stderr]    Compiling matrixmultiply v0.3.2
[INFO] [stderr]    Compiling libc v0.2.139
[INFO] [stderr]    Compiling thiserror v1.0.39
[INFO] [stderr]    Compiling either v1.8.1
[INFO] [stderr]    Compiling num-complex v0.4.3
[INFO] [stderr]    Compiling approx v0.5.1
[INFO] [stderr]    Compiling itertools v0.10.5
[INFO] [stderr]    Compiling simba v0.8.0
[INFO] [stderr]    Compiling escapi v4.0.0
[INFO] [stderr]    Compiling winapi v0.2.8
[INFO] [stderr] The following warnings were emitted during compilation:
[INFO] [stderr] 
[INFO] [stderr] warning: escapi@4.0.0: escapi_dll/capture.cpp:1:10: fatal error: mfapi.h: No such file or directory
[INFO] [stderr] warning: escapi@4.0.0:     1 | #include <mfapi.h>
[INFO] [stderr] warning: escapi@4.0.0:       |          ^~~~~~~~~
[INFO] [stderr] warning: escapi@4.0.0: compilation terminated.
[INFO] [stderr] 
[INFO] [stderr] error: failed to run custom build command for `escapi v4.0.0`
[INFO] [stderr] note: To improve backtraces for build dependencies, set the CARGO_PROFILE_DEV_BUILD_OVERRIDE_DEBUG=true environment variable to enable debug information generation.
[INFO] [stderr] 
[INFO] [stderr] Caused by:
[INFO] [stderr]   process didn't exit successfully: `/opt/rustwide/target/debug/build/escapi-469ebbe15d84da14/build-script-build` (exit status: 1)
[INFO] [stderr]   --- stdout
[INFO] [stderr]   TARGET = Some("x86_64-unknown-linux-gnu")
[INFO] [stderr]   OPT_LEVEL = Some("0")
[INFO] [stderr]   HOST = Some("x86_64-unknown-linux-gnu")
[INFO] [stderr]   cargo:rerun-if-env-changed=CXX_x86_64-unknown-linux-gnu
[INFO] [stderr]   CXX_x86_64-unknown-linux-gnu = None
[INFO] [stderr]   cargo:rerun-if-env-changed=CXX_x86_64_unknown_linux_gnu
[INFO] [stderr]   CXX_x86_64_unknown_linux_gnu = None
[INFO] [stderr]   cargo:rerun-if-env-changed=HOST_CXX
[INFO] [stderr]   HOST_CXX = None
[INFO] [stderr]   cargo:rerun-if-env-changed=CXX
[INFO] [stderr]   CXX = None
[INFO] [stderr]   cargo:rerun-if-env-changed=CXXFLAGS_x86_64-unknown-linux-gnu
[INFO] [stderr]   CXXFLAGS_x86_64-unknown-linux-gnu = None
[INFO] [stderr]   cargo:rerun-if-env-changed=CXXFLAGS_x86_64_unknown_linux_gnu
[INFO] [stderr]   CXXFLAGS_x86_64_unknown_linux_gnu = None
[INFO] [stderr]   cargo:rerun-if-env-changed=HOST_CXXFLAGS
[INFO] [stderr]   HOST_CXXFLAGS = None
[INFO] [stderr]   cargo:rerun-if-env-changed=CXXFLAGS
[INFO] [stderr]   CXXFLAGS = None
[INFO] [stderr]   cargo:rerun-if-env-changed=CRATE_CC_NO_DEFAULTS
[INFO] [stderr]   CRATE_CC_NO_DEFAULTS = None
[INFO] [stderr]   DEBUG = Some("true")
[INFO] [stderr]   CARGO_CFG_TARGET_FEATURE = Some("fxsr,sse,sse2")
[INFO] [stderr]   running: "c++" "-O0" "-ffunction-sections" "-fdata-sections" "-fPIC" "-gdwarf-4" "-fno-omit-frame-pointer" "-m64" "-I" "/opt/rustwide/cargo-home/registry/src/index.crates.io-6f17d22bba15001f/escapi-4.0.0/escapi_dll" "-I" "/opt/rustwide/cargo-home/registry/src/index.crates.io-6f17d22bba15001f/escapi-4.0.0/common" "-I" "C:/Program Files (x86)/Windows Kits/8.1/Include/um/shlwapi.h" "-Wall" "-Wextra" "-o" "/opt/rustwide/target/debug/build/escapi-49c4bbb62079bb14/out/escapi_dll/capture.o" "-c" "escapi_dll/capture.cpp"
[INFO] [stderr]   cargo:warning=escapi_dll/capture.cpp:1:10: fatal error: mfapi.h: No such file or directory
[INFO] [stderr]   cargo:warning=    1 | #include <mfapi.h>
[INFO] [stderr]   cargo:warning=      |          ^~~~~~~~~
[INFO] [stderr]   cargo:warning=compilation terminated.
[INFO] [stderr]   exit status: 1
[INFO] [stderr] 
[INFO] [stderr]   --- stderr
[INFO] [stderr] 
[INFO] [stderr] 
[INFO] [stderr]   error occurred: Command "c++" "-O0" "-ffunction-sections" "-fdata-sections" "-fPIC" "-gdwarf-4" "-fno-omit-frame-pointer" "-m64" "-I" "/opt/rustwide/cargo-home/registry/src/index.crates.io-6f17d22bba15001f/escapi-4.0.0/escapi_dll" "-I" "/opt/rustwide/cargo-home/registry/src/index.crates.io-6f17d22bba15001f/escapi-4.0.0/common" "-I" "C:/Program Files (x86)/Windows Kits/8.1/Include/um/shlwapi.h" "-Wall" "-Wextra" "-o" "/opt/rustwide/target/debug/build/escapi-49c4bbb62079bb14/out/escapi_dll/capture.o" "-c" "escapi_dll/capture.cpp" with args "c++" did not execute successfully (status code exit status: 1).
[INFO] [stderr] 
[INFO] [stderr] 
[INFO] [stderr] warning: build failed, waiting for other jobs to finish...
[INFO] running `Command { std: "docker" "inspect" "45a5dddb0289e3996cbc187763356a63069e2cdda4fb89e84473fc680a98776f", kill_on_drop: false }`
[INFO] running `Command { std: "docker" "rm" "-f" "45a5dddb0289e3996cbc187763356a63069e2cdda4fb89e84473fc680a98776f", kill_on_drop: false }`
[INFO] [stdout] 45a5dddb0289e3996cbc187763356a63069e2cdda4fb89e84473fc680a98776f
[INFO] testing BaaMeows/SLAM-Jam against beta-2023-12-22 for beta-1.76-1
[INFO] running `Command { std: "git" "clone" "/workspace/cache/git-repos/https%3A%2F%2Fgithub.com%2FBaaMeows%2FSLAM-Jam" "/workspace/builds/worker-1-tc2/source", kill_on_drop: false }`
[INFO] [stderr] Cloning into '/workspace/builds/worker-1-tc2/source'...
[INFO] [stderr] done.
[INFO] validating manifest of git repo https://github.com/BaaMeows/SLAM-Jam on toolchain beta-2023-12-22
[INFO] running `Command { std: CARGO_HOME="/workspace/cargo-home" RUSTUP_HOME="/workspace/rustup-home" "/workspace/cargo-home/bin/cargo" "+beta-2023-12-22" "metadata" "--manifest-path" "Cargo.toml" "--no-deps", kill_on_drop: false }`
[INFO] started tweaking git repo https://github.com/BaaMeows/SLAM-Jam
[INFO] finished tweaking git repo https://github.com/BaaMeows/SLAM-Jam
[INFO] tweaked toml for git repo https://github.com/BaaMeows/SLAM-Jam written to /workspace/builds/worker-1-tc2/source/Cargo.toml
[INFO] crate git repo https://github.com/BaaMeows/SLAM-Jam already has a lockfile, it will not be regenerated
[INFO] running `Command { std: CARGO_HOME="/workspace/cargo-home" RUSTUP_HOME="/workspace/rustup-home" "/workspace/cargo-home/bin/cargo" "+beta-2023-12-22" "fetch" "--manifest-path" "Cargo.toml", kill_on_drop: false }`
[INFO] running `Command { std: "docker" "create" "-v" "/var/lib/crater-agent-workspace/builds/worker-1-tc2/target:/opt/rustwide/target:rw,Z" "-v" "/var/lib/crater-agent-workspace/builds/worker-1-tc2/source:/opt/rustwide/workdir:ro,Z" "-v" "/var/lib/crater-agent-workspace/cargo-home:/opt/rustwide/cargo-home:ro,Z" "-v" "/var/lib/crater-agent-workspace/rustup-home:/opt/rustwide/rustup-home:ro,Z" "-e" "SOURCE_DIR=/opt/rustwide/workdir" "-e" "CARGO_TARGET_DIR=/opt/rustwide/target" "-e" "CARGO_HOME=/opt/rustwide/cargo-home" "-e" "RUSTUP_HOME=/opt/rustwide/rustup-home" "-w" "/opt/rustwide/workdir" "-m" "1610612736" "--user" "0:0" "--network" "none" "ghcr.io/rust-lang/crates-build-env/linux@sha256:2788e3201cd34a07e3172128adcd8b3090168a8e3bcc40d7c032b9dda1df7d1c" "/opt/rustwide/cargo-home/bin/cargo" "+beta-2023-12-22" "metadata" "--no-deps" "--format-version=1", kill_on_drop: false }`
[INFO] [stdout] 02320a289586d9a7e885c5455b54e5c99037846db6407a7344ec8c1d6e099438
[INFO] running `Command { std: "docker" "start" "-a" "02320a289586d9a7e885c5455b54e5c99037846db6407a7344ec8c1d6e099438", kill_on_drop: false }`
[INFO] running `Command { std: "docker" "inspect" "02320a289586d9a7e885c5455b54e5c99037846db6407a7344ec8c1d6e099438", kill_on_drop: false }`
[INFO] running `Command { std: "docker" "rm" "-f" "02320a289586d9a7e885c5455b54e5c99037846db6407a7344ec8c1d6e099438", kill_on_drop: false }`
[INFO] [stdout] 02320a289586d9a7e885c5455b54e5c99037846db6407a7344ec8c1d6e099438
[INFO] running `Command { std: "docker" "create" "-v" "/var/lib/crater-agent-workspace/builds/worker-1-tc2/target:/opt/rustwide/target:rw,Z" "-v" "/var/lib/crater-agent-workspace/builds/worker-1-tc2/source:/opt/rustwide/workdir:ro,Z" "-v" "/var/lib/crater-agent-workspace/cargo-home:/opt/rustwide/cargo-home:ro,Z" "-v" "/var/lib/crater-agent-workspace/rustup-home:/opt/rustwide/rustup-home:ro,Z" "-e" "SOURCE_DIR=/opt/rustwide/workdir" "-e" "CARGO_TARGET_DIR=/opt/rustwide/target" "-e" "CARGO_INCREMENTAL=0" "-e" "RUST_BACKTRACE=full" "-e" "RUSTFLAGS=--cap-lints=warn" "-e" "RUSTDOCFLAGS=--cap-lints=warn" "-e" "CARGO_HOME=/opt/rustwide/cargo-home" "-e" "RUSTUP_HOME=/opt/rustwide/rustup-home" "-w" "/opt/rustwide/workdir" "-m" "1610612736" "--user" "0:0" "--network" "none" "ghcr.io/rust-lang/crates-build-env/linux@sha256:2788e3201cd34a07e3172128adcd8b3090168a8e3bcc40d7c032b9dda1df7d1c" "/opt/rustwide/cargo-home/bin/cargo" "+beta-2023-12-22" "build" "--frozen" "--message-format=json", kill_on_drop: false }`
[INFO] [stdout] 4cfb9bb5b0c9a0f06e68a777a28ff38ea3f88307e3b69f1d2d44e6ebc864d5b5
[INFO] running `Command { std: "docker" "start" "-a" "4cfb9bb5b0c9a0f06e68a777a28ff38ea3f88307e3b69f1d2d44e6ebc864d5b5", kill_on_drop: false }`
[INFO] [stderr]    Compiling autocfg v1.1.0
[INFO] [stderr]    Compiling libm v0.2.6
[INFO] [stderr]    Compiling cc v1.0.79
[INFO] [stderr]    Compiling paste v1.0.12
[INFO] [stderr]    Compiling proc-macro2 v1.0.51
[INFO] [stderr]    Compiling unicode-ident v1.0.8
[INFO] [stderr]    Compiling quote v1.0.23
[INFO] [stderr]    Compiling bytemuck v1.13.1
[INFO] [stderr]    Compiling syn v1.0.109
[INFO] [stderr]    Compiling safe_arch v0.6.0
[INFO] [stderr]    Compiling rawpointer v0.2.1
[INFO] [stderr]    Compiling num-traits v0.2.15
[INFO] [stderr]    Compiling num-integer v0.1.45
[INFO] [stderr]    Compiling num-rational v0.4.1
[INFO] [stderr]    Compiling cmake v0.1.49
[INFO] [stderr]    Compiling wide v0.7.8
[INFO] [stderr]    Compiling num-iter v0.1.43
[INFO] [stderr]    Compiling crossbeam-utils v0.8.15
[INFO] [stderr]    Compiling winapi-build v0.1.1
[INFO] [stderr]    Compiling matrixmultiply v0.3.2
[INFO] [stderr]    Compiling kernel32-sys v0.2.2
[INFO] [stderr]    Compiling thiserror v1.0.39
[INFO] [stderr]    Compiling fltk-sys v1.3.32
[INFO] [stderr]    Compiling either v1.8.1
[INFO] [stderr]    Compiling libc v0.2.139
[INFO] [stderr]    Compiling itertools v0.10.5
[INFO] [stderr]    Compiling num-complex v0.4.3
[INFO] [stderr]    Compiling approx v0.5.1
[INFO] [stderr]    Compiling escapi v4.0.0
[INFO] [stderr]    Compiling winapi v0.2.8
[INFO] [stderr]    Compiling crossbeam-channel v0.5.7
[INFO] [stderr] The following warnings were emitted during compilation:
[INFO] [stderr] 
[INFO] [stderr] warning: escapi@4.0.0: escapi_dll/capture.cpp:1:10: fatal error: mfapi.h: No such file or directory
[INFO] [stderr] warning: escapi@4.0.0:     1 | #include <mfapi.h>
[INFO] [stderr] warning: escapi@4.0.0:       |          ^~~~~~~~~
[INFO] [stderr] warning: escapi@4.0.0: compilation terminated.
[INFO] [stderr] 
[INFO] [stderr] error: failed to run custom build command for `escapi v4.0.0`
[INFO] [stderr] note: To improve backtraces for build dependencies, set the CARGO_PROFILE_DEV_BUILD_OVERRIDE_DEBUG=true environment variable to enable debug information generation.
[INFO] [stderr] 
[INFO] [stderr] Caused by:
[INFO] [stderr]   process didn't exit successfully: `/opt/rustwide/target/debug/build/escapi-5ead7b34d88fdcf5/build-script-build` (exit status: 1)
[INFO] [stderr]   --- stdout
[INFO] [stderr]   TARGET = Some("x86_64-unknown-linux-gnu")
[INFO] [stderr]   OPT_LEVEL = Some("0")
[INFO] [stderr]   HOST = Some("x86_64-unknown-linux-gnu")
[INFO] [stderr]   cargo:rerun-if-env-changed=CXX_x86_64-unknown-linux-gnu
[INFO] [stderr]   CXX_x86_64-unknown-linux-gnu = None
[INFO] [stderr]   cargo:rerun-if-env-changed=CXX_x86_64_unknown_linux_gnu
[INFO] [stderr]   CXX_x86_64_unknown_linux_gnu = None
[INFO] [stderr]   cargo:rerun-if-env-changed=HOST_CXX
[INFO] [stderr]   HOST_CXX = None
[INFO] [stderr]   cargo:rerun-if-env-changed=CXX
[INFO] [stderr]   CXX = None
[INFO] [stderr]   cargo:rerun-if-env-changed=CXXFLAGS_x86_64-unknown-linux-gnu
[INFO] [stderr]   CXXFLAGS_x86_64-unknown-linux-gnu = None
[INFO] [stderr]   cargo:rerun-if-env-changed=CXXFLAGS_x86_64_unknown_linux_gnu
[INFO] [stderr]   CXXFLAGS_x86_64_unknown_linux_gnu = None
[INFO] [stderr]   cargo:rerun-if-env-changed=HOST_CXXFLAGS
[INFO] [stderr]   HOST_CXXFLAGS = None
[INFO] [stderr]   cargo:rerun-if-env-changed=CXXFLAGS
[INFO] [stderr]   CXXFLAGS = None
[INFO] [stderr]   cargo:rerun-if-env-changed=CRATE_CC_NO_DEFAULTS
[INFO] [stderr]   CRATE_CC_NO_DEFAULTS = None
[INFO] [stderr]   DEBUG = Some("true")
[INFO] [stderr]   CARGO_CFG_TARGET_FEATURE = Some("fxsr,sse,sse2")
[INFO] [stderr]   running: "c++" "-O0" "-ffunction-sections" "-fdata-sections" "-fPIC" "-gdwarf-4" "-fno-omit-frame-pointer" "-m64" "-I" "/opt/rustwide/cargo-home/registry/src/index.crates.io-6f17d22bba15001f/escapi-4.0.0/escapi_dll" "-I" "/opt/rustwide/cargo-home/registry/src/index.crates.io-6f17d22bba15001f/escapi-4.0.0/common" "-I" "C:/Program Files (x86)/Windows Kits/8.1/Include/um/shlwapi.h" "-Wall" "-Wextra" "-o" "/opt/rustwide/target/debug/build/escapi-a27d82cf2cb4e01c/out/escapi_dll/capture.o" "-c" "escapi_dll/capture.cpp"
[INFO] [stderr]   cargo:warning=escapi_dll/capture.cpp:1:10: fatal error: mfapi.h: No such file or directory
[INFO] [stderr]   cargo:warning=    1 | #include <mfapi.h>
[INFO] [stderr]   cargo:warning=      |          ^~~~~~~~~
[INFO] [stderr]   cargo:warning=compilation terminated.
[INFO] [stderr]   exit status: 1
[INFO] [stderr] 
[INFO] [stderr]   --- stderr
[INFO] [stderr] 
[INFO] [stderr] 
[INFO] [stderr]   error occurred: Command "c++" "-O0" "-ffunction-sections" "-fdata-sections" "-fPIC" "-gdwarf-4" "-fno-omit-frame-pointer" "-m64" "-I" "/opt/rustwide/cargo-home/registry/src/index.crates.io-6f17d22bba15001f/escapi-4.0.0/escapi_dll" "-I" "/opt/rustwide/cargo-home/registry/src/index.crates.io-6f17d22bba15001f/escapi-4.0.0/common" "-I" "C:/Program Files (x86)/Windows Kits/8.1/Include/um/shlwapi.h" "-Wall" "-Wextra" "-o" "/opt/rustwide/target/debug/build/escapi-a27d82cf2cb4e01c/out/escapi_dll/capture.o" "-c" "escapi_dll/capture.cpp" with args "c++" did not execute successfully (status code exit status: 1).
[INFO] [stderr] 
[INFO] [stderr] 
[INFO] [stderr] warning: build failed, waiting for other jobs to finish...
[INFO] running `Command { std: "docker" "inspect" "4cfb9bb5b0c9a0f06e68a777a28ff38ea3f88307e3b69f1d2d44e6ebc864d5b5", kill_on_drop: false }`
[INFO] running `Command { std: "docker" "rm" "-f" "4cfb9bb5b0c9a0f06e68a777a28ff38ea3f88307e3b69f1d2d44e6ebc864d5b5", kill_on_drop: false }`
[INFO] [stdout] 4cfb9bb5b0c9a0f06e68a777a28ff38ea3f88307e3b69f1d2d44e6ebc864d5b5
