[INFO] cloning repository https://github.com/BLACKHATHACKER0802/universal-android-debloater
[INFO] running `Command { std: "git" "-c" "credential.helper=" "-c" "credential.helper=/workspace/cargo-home/bin/git-credential-null" "clone" "--bare" "https://github.com/BLACKHATHACKER0802/universal-android-debloater" "/workspace/cache/git-repos/https%3A%2F%2Fgithub.com%2FBLACKHATHACKER0802%2Funiversal-android-debloater", kill_on_drop: false }`
[INFO] [stderr] Cloning into bare repository '/workspace/cache/git-repos/https%3A%2F%2Fgithub.com%2FBLACKHATHACKER0802%2Funiversal-android-debloater'...
[INFO] running `Command { std: "git" "rev-parse" "HEAD", kill_on_drop: false }`
[INFO] [stdout] 4f9a1d754795e4441a68d11b30f2706a7a3809ec
[INFO] testing BLACKHATHACKER0802/universal-android-debloater against 1.75.0 for beta-1.76-1
[INFO] running `Command { std: "git" "clone" "/workspace/cache/git-repos/https%3A%2F%2Fgithub.com%2FBLACKHATHACKER0802%2Funiversal-android-debloater" "/workspace/builds/worker-6-tc1/source", kill_on_drop: false }`
[INFO] [stderr] Cloning into '/workspace/builds/worker-6-tc1/source'...
[INFO] [stderr] done.
[INFO] validating manifest of git repo https://github.com/BLACKHATHACKER0802/universal-android-debloater on toolchain 1.75.0
[INFO] running `Command { std: CARGO_HOME="/workspace/cargo-home" RUSTUP_HOME="/workspace/rustup-home" "/workspace/cargo-home/bin/cargo" "+1.75.0" "metadata" "--manifest-path" "Cargo.toml" "--no-deps", kill_on_drop: false }`
[INFO] removed /workspace/builds/worker-6-tc1/source/.cargo/config
[INFO] started tweaking git repo https://github.com/BLACKHATHACKER0802/universal-android-debloater
[INFO] finished tweaking git repo https://github.com/BLACKHATHACKER0802/universal-android-debloater
[INFO] tweaked toml for git repo https://github.com/BLACKHATHACKER0802/universal-android-debloater written to /workspace/builds/worker-6-tc1/source/Cargo.toml
[INFO] crate git repo https://github.com/BLACKHATHACKER0802/universal-android-debloater already has a lockfile, it will not be regenerated
[INFO] running `Command { std: CARGO_HOME="/workspace/cargo-home" RUSTUP_HOME="/workspace/rustup-home" "/workspace/cargo-home/bin/cargo" "+1.75.0" "fetch" "--manifest-path" "Cargo.toml", kill_on_drop: false }`
[INFO] [stderr]     Updating git repository `https://github.com/hecrj/iced.git`
[INFO] [stderr]     Updating crates.io index
[INFO] [stderr]     Updating git repository `https://github.com/iced-rs/glutin`
[INFO] [stderr]     Updating git repository `https://github.com/iced-rs/winit`
[INFO] [stderr]  Downloading crates ...
[INFO] [stderr]   Downloaded retry v1.3.1
[INFO] [stderr]   Downloaded darling_macro v0.13.2
[INFO] [stderr]   Downloaded ndk-context v0.1.0
[INFO] [stderr]   Downloaded ndk-glue v0.5.1
[INFO] [stderr]   Downloaded wgpu_glyph v0.16.0
[INFO] [stderr]   Downloaded darling v0.13.2
[INFO] [stderr]   Downloaded window_clipboard v0.2.2
[INFO] [stderr]   Downloaded darling_core v0.13.2
[INFO] [stderr]   Downloaded kamadak-exif v0.5.4
[INFO] [stderr]   Downloaded syn v1.0.90
[INFO] [stderr]   Downloaded glyph_brush v0.7.3
[INFO] [stderr]   Downloaded static_init v1.0.2
[INFO] [stderr]   Downloaded wgpu-hal v0.12.4
[INFO] [stderr]   Downloaded glow_glyph v0.5.0
[INFO] running `Command { std: "docker" "create" "-v" "/var/lib/crater-agent-workspace/builds/worker-6-tc1/target:/opt/rustwide/target:rw,Z" "-v" "/var/lib/crater-agent-workspace/builds/worker-6-tc1/source:/opt/rustwide/workdir:ro,Z" "-v" "/var/lib/crater-agent-workspace/cargo-home:/opt/rustwide/cargo-home:ro,Z" "-v" "/var/lib/crater-agent-workspace/rustup-home:/opt/rustwide/rustup-home:ro,Z" "-e" "SOURCE_DIR=/opt/rustwide/workdir" "-e" "CARGO_TARGET_DIR=/opt/rustwide/target" "-e" "CARGO_HOME=/opt/rustwide/cargo-home" "-e" "RUSTUP_HOME=/opt/rustwide/rustup-home" "-w" "/opt/rustwide/workdir" "-m" "1610612736" "--user" "0:0" "--network" "none" "ghcr.io/rust-lang/crates-build-env/linux@sha256:2788e3201cd34a07e3172128adcd8b3090168a8e3bcc40d7c032b9dda1df7d1c" "/opt/rustwide/cargo-home/bin/cargo" "+1.75.0" "metadata" "--no-deps" "--format-version=1", kill_on_drop: false }`
[INFO] [stdout] 2c687d85d5896ccf7f38c50c23907ba10e1eaa14381ddba61292b1d4df926228
[INFO] running `Command { std: "docker" "start" "-a" "2c687d85d5896ccf7f38c50c23907ba10e1eaa14381ddba61292b1d4df926228", kill_on_drop: false }`
[INFO] running `Command { std: "docker" "inspect" "2c687d85d5896ccf7f38c50c23907ba10e1eaa14381ddba61292b1d4df926228", kill_on_drop: false }`
[INFO] running `Command { std: "docker" "rm" "-f" "2c687d85d5896ccf7f38c50c23907ba10e1eaa14381ddba61292b1d4df926228", kill_on_drop: false }`
[INFO] [stdout] 2c687d85d5896ccf7f38c50c23907ba10e1eaa14381ddba61292b1d4df926228
[INFO] running `Command { std: "docker" "create" "-v" "/var/lib/crater-agent-workspace/builds/worker-6-tc1/target:/opt/rustwide/target:rw,Z" "-v" "/var/lib/crater-agent-workspace/builds/worker-6-tc1/source:/opt/rustwide/workdir:ro,Z" "-v" "/var/lib/crater-agent-workspace/cargo-home:/opt/rustwide/cargo-home:ro,Z" "-v" "/var/lib/crater-agent-workspace/rustup-home:/opt/rustwide/rustup-home:ro,Z" "-e" "SOURCE_DIR=/opt/rustwide/workdir" "-e" "CARGO_TARGET_DIR=/opt/rustwide/target" "-e" "CARGO_INCREMENTAL=0" "-e" "RUST_BACKTRACE=full" "-e" "RUSTFLAGS=--cap-lints=warn" "-e" "RUSTDOCFLAGS=--cap-lints=warn" "-e" "CARGO_HOME=/opt/rustwide/cargo-home" "-e" "RUSTUP_HOME=/opt/rustwide/rustup-home" "-w" "/opt/rustwide/workdir" "-m" "1610612736" "--user" "0:0" "--network" "none" "ghcr.io/rust-lang/crates-build-env/linux@sha256:2788e3201cd34a07e3172128adcd8b3090168a8e3bcc40d7c032b9dda1df7d1c" "/opt/rustwide/cargo-home/bin/cargo" "+1.75.0" "build" "--frozen" "--message-format=json", kill_on_drop: false }`
[INFO] [stdout] cf266a4f713ef077789f89269049af5ea7a32df7cc6ec15545e260e1ea74ec6f
[INFO] running `Command { std: "docker" "start" "-a" "cf266a4f713ef077789f89269049af5ea7a32df7cc6ec15545e260e1ea74ec6f", kill_on_drop: false }`
[INFO] [stderr]    Compiling libc v0.2.121
[INFO] [stderr]    Compiling cfg-if v1.0.0
[INFO] [stderr]    Compiling autocfg v1.1.0
[INFO] [stderr]    Compiling proc-macro2 v1.0.36
[INFO] [stderr]    Compiling unicode-xid v0.2.2
[INFO] [stderr]    Compiling bitflags v1.3.2
[INFO] [stderr]    Compiling syn v1.0.90
[INFO] [stderr]    Compiling once_cell v1.10.0
[INFO] [stderr]    Compiling log v0.4.16
[INFO] [stderr]    Compiling memchr v2.4.1
[INFO] [stderr]    Compiling pkg-config v0.3.25
[INFO] [stderr]    Compiling smallvec v1.8.0
[INFO] [stderr]    Compiling version_check v0.9.4
[INFO] [stderr]    Compiling xml-rs v0.8.4
[INFO] [stderr]    Compiling cfg_aliases v0.1.1
[INFO] [stderr]    Compiling futures-core v0.3.21
[INFO] [stderr]    Compiling libloading v0.7.3
[INFO] [stderr]    Compiling futures-task v0.3.21
[INFO] [stderr]    Compiling crossbeam-utils v0.8.8
[INFO] [stderr]    Compiling futures-channel v0.3.21
[INFO] [stderr]    Compiling dlib v0.5.0
[INFO] [stderr]    Compiling ppv-lite86 v0.2.16
[INFO] [stderr]    Compiling cty v0.2.2
[INFO] [stderr]    Compiling raw-window-handle v0.4.3
[INFO] [stderr]    Compiling futures-util v0.3.21
[INFO] [stderr]    Compiling parking_lot_core v0.8.5
[INFO] [stderr]    Compiling futures-sink v0.3.21
[INFO] [stderr]    Compiling memoffset v0.6.5
[INFO] [stderr]    Compiling num-traits v0.2.14
[INFO] [stderr]    Compiling ahash v0.7.6
[INFO] [stderr]    Compiling lock_api v0.4.7
[INFO] [stderr]    Compiling crossbeam-epoch v0.9.8
[INFO] [stderr]    Compiling instant v0.1.12
[INFO] [stderr]    Compiling pin-project-lite v0.2.8
[INFO] [stderr]    Compiling pin-utils v0.1.0
[INFO] [stderr]    Compiling minimal-lexical v0.2.1
[INFO] [stderr]    Compiling scoped-tls v1.0.0
[INFO] [stderr]    Compiling downcast-rs v1.2.0
[INFO] [stderr]    Compiling wayland-sys v0.29.4
[INFO] [stderr]    Compiling slab v0.4.6
[INFO] [stderr]    Compiling futures-io v0.3.21
[INFO] [stderr]    Compiling indexmap v1.8.1
[INFO] [stderr]    Compiling rayon-core v1.9.1
[INFO] [stderr]    Compiling rustc-hash v1.1.0
[INFO] [stderr]    Compiling static_assertions v1.1.0
[INFO] [stderr]    Compiling cc v1.0.73
[INFO] [stderr]    Compiling smithay-client-toolkit v0.15.3
[INFO] [stderr]    Compiling bit-vec v0.6.3
[INFO] [stderr]    Compiling termcolor v1.1.3
[INFO] [stderr]    Compiling quote v1.0.17
[INFO] [stderr]    Compiling nom v7.1.1
[INFO] [stderr]    Compiling khronos-egl v4.1.0
[INFO] [stderr]    Compiling ttf-parser v0.15.0
[INFO] [stderr]    Compiling unicode-width v0.1.9
[INFO] [stderr]    Compiling wayland-scanner v0.29.4
[INFO] [stderr]    Compiling ash v0.34.0+1.2.203
[INFO] [stderr]    Compiling crossbeam-deque v0.8.1
[INFO] [stderr]    Compiling codespan-reporting v0.11.1
[INFO] [stderr]    Compiling bit-set v0.5.2
[INFO] [stderr]    Compiling crossbeam-channel v0.5.4
[INFO] [stderr]    Compiling rayon v1.5.1
[INFO] [stderr]    Compiling gpu-alloc-types v0.2.0
[INFO] [stderr]    Compiling iced_core v0.4.0 (https://github.com/hecrj/iced.git#3042fa2c)
[INFO] [stderr]    Compiling gpu-descriptor-types v0.1.1
[INFO] [stderr]    Compiling byteorder v1.4.3
[INFO] [stderr]    Compiling ab_glyph_rasterizer v0.1.5
[INFO] [stderr]    Compiling hexf-parse v0.2.1
[INFO] [stderr]    Compiling gpu-alloc v0.5.3
[INFO] [stderr]    Compiling iced_style v0.3.0 (https://github.com/hecrj/iced.git#3042fa2c)
[INFO] [stderr]    Compiling glam v0.10.2
[INFO] [stderr]    Compiling wgpu-core v0.12.2
[INFO] [stderr]    Compiling spirv v0.2.0+1.5.4
[INFO] [stderr]    Compiling getrandom v0.2.6
[INFO] [stderr]    Compiling num_cpus v1.13.1
[INFO] [stderr]    Compiling nix v0.22.3
[INFO] [stderr]    Compiling rand_core v0.6.3
[INFO] [stderr]    Compiling memmap2 v0.3.1
[INFO] [stderr]    Compiling rand_chacha v0.3.1
[INFO] [stderr]    Compiling hashbrown v0.11.2
[INFO] [stderr]    Compiling ring v0.16.20
[INFO] [stderr]    Compiling parking_lot v0.11.2
[INFO] [stderr]    Compiling fxhash v0.2.1
[INFO] [stderr]    Compiling wgpu-types v0.12.0
[INFO] [stderr]    Compiling rand v0.8.5
[INFO] [stderr]    Compiling profiling v1.0.5
[INFO] [stderr]    Compiling glow v0.11.2
[INFO] [stderr]    Compiling gpu-descriptor v0.2.2
[INFO] [stderr]    Compiling wayland-client v0.29.4
[INFO] [stderr]    Compiling wayland-protocols v0.29.4
[INFO] [stderr]    Compiling either v1.6.1
[INFO] [stderr]    Compiling serde_derive v1.0.136
[INFO] [stderr]    Compiling spin v0.5.2
[INFO] [stderr]    Compiling renderdoc-sys v0.7.1
[INFO] [stderr]    Compiling xcursor v0.3.4
[INFO] [stderr]    Compiling owned_ttf_parser v0.15.0
[INFO] [stderr]    Compiling unicode-segmentation v1.9.0
[INFO] [stderr]    Compiling twox-hash v1.6.2
[INFO] [stderr]    Compiling ab_glyph v0.2.15
[INFO] [stderr]    Compiling untrusted v0.7.1
[INFO] [stderr]    Compiling percent-encoding v2.1.0
[INFO] [stderr]    Compiling arrayvec v0.7.2
[INFO] [stderr]    Compiling inplace_it v0.3.3
[INFO] [stderr]    Compiling gethostname v0.2.3
[INFO] [stderr]    Compiling nix v0.20.0
[INFO] [stderr]    Compiling approx v0.5.1
[INFO] [stderr]    Compiling x11-dl v2.19.1
[INFO] [stderr]    Compiling serde v1.0.136
[INFO] [stderr]    Compiling xi-unicode v0.3.0
[INFO] [stderr]    Compiling linked-hash-map v0.5.4
[INFO] [stderr]    Compiling copyless v0.1.5
[INFO] [stderr]    Compiling tinyvec_macros v0.1.0
[INFO] [stderr]    Compiling tinyvec v1.5.1
[INFO] [stderr]    Compiling glyph_brush_layout v0.2.3
[INFO] [stderr]    Compiling ordered-float v2.10.0
[INFO] [stderr]    Compiling miniz_oxide v0.4.4
[INFO] [stderr]    Compiling matches v0.1.9
[INFO] [stderr]    Compiling winit v0.26.0 (https://github.com/iced-rs/winit?rev=02a12380960cec2f351c09a33d6a7cc2789d96a6#02a12380)
[INFO] [stderr]    Compiling crc32fast v1.3.2
[INFO] [stderr]    Compiling raw-window-handle v0.3.4
[INFO] [stderr]    Compiling mio v0.8.2
[INFO] [stderr]    Compiling euclid v0.22.6
[INFO] [stderr]    Compiling num-integer v0.1.44
[INFO] [stderr]    Compiling static_init_macro v1.0.2
[INFO] [stderr]    Compiling unicode-normalization v0.1.19
[INFO] [stderr]    Compiling rustls v0.20.4
[INFO] [stderr]    Compiling svg_fmt v0.4.1
[INFO] [stderr]    Compiling serde_json v1.0.79
[INFO] [stderr]    Compiling adler v1.0.2
[INFO] [stderr]    Compiling unicode-bidi v0.3.7
[INFO] [stderr]    Compiling mutate_once v0.1.1
[INFO] [stderr]    Compiling kamadak-exif v0.5.4
[INFO] [stderr]    Compiling guillotiere v0.6.2
[INFO] [stderr]    Compiling form_urlencoded v1.0.1
[INFO] [stderr]    Compiling atty v0.2.14
[INFO] [stderr]    Compiling wayland-commons v0.29.4
[INFO] [stderr]    Compiling calloop v0.9.3
[INFO] [stderr]    Compiling static_init v1.0.2
[INFO] [stderr]    Compiling idna v0.2.3
[INFO] [stderr]    Compiling glyph_brush_draw_cache v0.1.5
[INFO] [stderr]    Compiling glyph_brush v0.7.3
[INFO] [stderr]    Compiling itoa v1.0.1
[INFO] [stderr]    Compiling ryu v1.0.9
[INFO] [stderr]    Compiling flate2 v1.0.22
[INFO] [stderr]    Compiling colored v1.9.3
[INFO] [stderr]    Compiling xattr v0.2.2
[INFO] [stderr]    Compiling webpki v0.22.0
[INFO] [stderr]    Compiling sct v0.7.0
[INFO] [stderr]    Compiling thiserror-impl v1.0.30
[INFO] [stderr]    Compiling futures-macro v0.3.21
[INFO] [stderr]    Compiling bytemuck_derive v1.1.0
[INFO] [stderr]    Compiling webpki-roots v0.22.2
[INFO] [stderr]    Compiling url v2.2.2
[INFO] [stderr]    Compiling filetime v0.2.15
[INFO] [stderr]    Compiling dirs-sys v0.3.7
[INFO] [stderr]    Compiling time v0.1.43
[INFO] [stderr]    Compiling aho-corasick v0.7.18
[INFO] [stderr]    Compiling x11rb v0.8.1
[INFO] [stderr]    Compiling wayland-cursor v0.29.4
[INFO] [stderr]    Compiling regex-syntax v0.6.25
[INFO] [stderr]    Compiling chunked_transfer v1.4.0
[INFO] [stderr]    Compiling base64 v0.13.0
[INFO] [stderr]    Compiling chrono v0.4.19
[INFO] [stderr]    Compiling dirs v4.0.0
[INFO] [stderr]    Compiling tar v0.4.38
[INFO] [stderr]    Compiling bytemuck v1.9.1
[INFO] [stderr]    Compiling fern v0.6.0
[INFO] [stderr]    Compiling retry v1.3.1
[INFO] [stderr]    Compiling thiserror v1.0.30
[INFO] [stderr]    Compiling naga v0.8.5
[INFO] [stderr]    Compiling regex v1.5.5
[INFO] [stderr]    Compiling futures-executor v0.3.21
[INFO] [stderr]    Compiling futures v0.3.21
[INFO] [stderr]    Compiling iced_futures v0.3.0 (https://github.com/hecrj/iced.git#3042fa2c)
[INFO] [stderr]    Compiling iced_native v0.4.0 (https://github.com/hecrj/iced.git#3042fa2c)
[INFO] [stderr]    Compiling clipboard_x11 v0.3.1
[INFO] [stderr]    Compiling wgpu-hal v0.12.4
[INFO] [stderr]    Compiling iced_pure v0.1.0 (https://github.com/hecrj/iced.git#3042fa2c)
[INFO] [stderr]    Compiling iced_graphics v0.2.0 (https://github.com/hecrj/iced.git#3042fa2c)
[INFO] [stderr]    Compiling toml v0.5.8
[INFO] [stderr]    Compiling ureq v2.4.0
[INFO] [stderr]    Compiling wgpu v0.12.0
[INFO] [stderr]    Compiling wgpu_glyph v0.16.0
[INFO] [stderr]    Compiling iced_wgpu v0.4.0 (https://github.com/hecrj/iced.git#3042fa2c)
[INFO] [stderr]    Compiling smithay-clipboard v0.6.5
[INFO] [stderr]    Compiling clipboard_wayland v0.2.0
[INFO] [stderr]    Compiling window_clipboard v0.2.2
[INFO] [stderr]    Compiling iced_winit v0.3.0 (https://github.com/hecrj/iced.git#3042fa2c)
[INFO] [stderr]    Compiling iced v0.3.0 (https://github.com/hecrj/iced.git#3042fa2c)
[INFO] [stderr]    Compiling uad_gui v0.5.0 (/opt/rustwide/workdir)
[INFO] [stdout] error[E0554]: `#![feature]` may not be used on the stable release channel
[INFO] [stdout]  --> src/main.rs:2:12
[INFO] [stdout]   |
[INFO] [stdout] 2 | #![feature(drain_filter)]
[INFO] [stdout]   |            ^^^^^^^^^^^^
[INFO] [stdout] 
[INFO] [stdout] 
[INFO] [stdout] error[E0635]: unknown feature `drain_filter`
[INFO] [stdout]  --> src/main.rs:2:12
[INFO] [stdout]   |
[INFO] [stdout] 2 | #![feature(drain_filter)]
[INFO] [stdout]   |            ^^^^^^^^^^^^
[INFO] [stdout] 
[INFO] [stdout] 
[INFO] [stdout] error[E0599]: no method named `drain_filter` found for struct `Vec<usize>` in the current scope
[INFO] [stdout]    --> src/gui/views/list.rs:160:34
[INFO] [stdout]     |
[INFO] [stdout] 158 | / ...                   self.selection
[INFO] [stdout] 159 | | ...                       .selected_packages
[INFO] [stdout] 160 | | ...                       .drain_filter(|s_i| *s_i == i);
[INFO] [stdout]     | |                           -^^^^^^^^^^^^ method not found in `Vec<usize>`
[INFO] [stdout]     | |___________________________|
[INFO] [stdout]     | 
[INFO] [stdout] 
[INFO] [stdout] 
[INFO] [stdout] error[E0599]: no method named `drain_filter` found for struct `Vec<usize>` in the current scope
[INFO] [stdout]    --> src/gui/views/list.rs:212:38
[INFO] [stdout]     |
[INFO] [stdout] 210 | / ...                   self.selection
[INFO] [stdout] 211 | | ...                       .selected_packages
[INFO] [stdout] 212 | | ...                       .drain_filter(|s_i| *s_i == i_package);
[INFO] [stdout]     | |                           -^^^^^^^^^^^^ method not found in `Vec<usize>`
[INFO] [stdout]     | |___________________________|
[INFO] [stdout]     | 
[INFO] [stdout] 
[INFO] [stdout] 
[INFO] [stdout] error[E0599]: no method named `drain_filter` found for struct `Vec<usize>` in the current scope
[INFO] [stdout]    --> src/gui/views/list.rs:272:43
[INFO] [stdout]     |
[INFO] [stdout] 272 |                         selected_packages.drain_filter(|i| {
[INFO] [stdout]     |                         ------------------^^^^^^^^^^^^ method not found in `Vec<usize>`
[INFO] [stdout] 
[INFO] [stdout] 
[INFO] [stdout] error[E0599]: no method named `drain_filter` found for struct `Vec<usize>` in the current scope
[INFO] [stdout]    --> src/gui/views/list.rs:277:43
[INFO] [stdout]     |
[INFO] [stdout] 277 |                         selected_packages.drain_filter(|i| {
[INFO] [stdout]     |                         ------------------^^^^^^^^^^^^ method not found in `Vec<usize>`
[INFO] [stdout] 
[INFO] [stdout] 
[INFO] [stdout] error[E0599]: no method named `drain_filter` found for struct `Vec<usize>` in the current scope
[INFO] [stdout]    --> src/gui/views/list.rs:356:26
[INFO] [stdout]     |
[INFO] [stdout] 354 | /                     self.selection
[INFO] [stdout] 355 | |                         .selected_packages
[INFO] [stdout] 356 | |                         .drain_filter(|s_i| *s_i == i);
[INFO] [stdout]     | |                         -^^^^^^^^^^^^ method not found in `Vec<usize>`
[INFO] [stdout]     | |_________________________|
[INFO] [stdout]     | 
[INFO] [stdout] 
[INFO] [stdout] 
[INFO] [stdout] error: aborting due to 7 previous errors
[INFO] [stdout] 
[INFO] [stdout] 
[INFO] [stdout] Some errors have detailed explanations: E0554, E0599, E0635.
[INFO] [stdout] 
[INFO] [stdout] For more information about an error, try `rustc --explain E0554`.
[INFO] [stdout] 
[INFO] [stderr] error: could not compile `uad_gui` (bin "uad_gui") due to 8 previous errors
[INFO] running `Command { std: "docker" "inspect" "cf266a4f713ef077789f89269049af5ea7a32df7cc6ec15545e260e1ea74ec6f", kill_on_drop: false }`
[INFO] running `Command { std: "docker" "rm" "-f" "cf266a4f713ef077789f89269049af5ea7a32df7cc6ec15545e260e1ea74ec6f", kill_on_drop: false }`
[INFO] [stdout] cf266a4f713ef077789f89269049af5ea7a32df7cc6ec15545e260e1ea74ec6f
