[INFO] cloning repository https://github.com/BKSalman/certs
[INFO] running `Command { std: "git" "-c" "credential.helper=" "-c" "credential.helper=/workspace/cargo-home/bin/git-credential-null" "clone" "--bare" "https://github.com/BKSalman/certs" "/workspace/cache/git-repos/https%3A%2F%2Fgithub.com%2FBKSalman%2Fcerts", kill_on_drop: false }`
[INFO] [stderr] Cloning into bare repository '/workspace/cache/git-repos/https%3A%2F%2Fgithub.com%2FBKSalman%2Fcerts'...
[INFO] running `Command { std: "git" "rev-parse" "HEAD", kill_on_drop: false }`
[INFO] [stdout] a8522c1ec519e7e3ec40e2112ea4a7fed6859526
[INFO] testing BKSalman/certs against 1.75.0 for beta-1.76-1
[INFO] running `Command { std: "git" "clone" "/workspace/cache/git-repos/https%3A%2F%2Fgithub.com%2FBKSalman%2Fcerts" "/workspace/builds/worker-1-tc1/source", kill_on_drop: false }`
[INFO] [stderr] Cloning into '/workspace/builds/worker-1-tc1/source'...
[INFO] [stderr] done.
[INFO] validating manifest of git repo https://github.com/BKSalman/certs on toolchain 1.75.0
[INFO] running `Command { std: CARGO_HOME="/workspace/cargo-home" RUSTUP_HOME="/workspace/rustup-home" "/workspace/cargo-home/bin/cargo" "+1.75.0" "metadata" "--manifest-path" "Cargo.toml" "--no-deps", kill_on_drop: false }`
[INFO] started tweaking git repo https://github.com/BKSalman/certs
[INFO] finished tweaking git repo https://github.com/BKSalman/certs
[INFO] tweaked toml for git repo https://github.com/BKSalman/certs written to /workspace/builds/worker-1-tc1/source/Cargo.toml
[INFO] crate git repo https://github.com/BKSalman/certs already has a lockfile, it will not be regenerated
[INFO] running `Command { std: CARGO_HOME="/workspace/cargo-home" RUSTUP_HOME="/workspace/rustup-home" "/workspace/cargo-home/bin/cargo" "+1.75.0" "fetch" "--manifest-path" "Cargo.toml", kill_on_drop: false }`
[INFO] [stderr]     Updating crates.io index
[INFO] [stderr]  Downloading crates ...
[INFO] [stderr]   Downloaded accesskit_winit v0.7.3
[INFO] [stderr]   Downloaded emath v0.20.0
[INFO] [stderr]   Downloaded email-encoding v0.1.3
[INFO] [stderr]   Downloaded native-dialog v0.6.3
[INFO] [stderr]   Downloaded zvariant v3.10.0
[INFO] [stderr]   Downloaded glutin_glx_sys v0.3.0
[INFO] [stderr]   Downloaded glutin_wgl_sys v0.3.0
[INFO] [stderr]   Downloaded quoted_printable v0.4.6
[INFO] [stderr]   Downloaded glutin_egl_sys v0.3.1
[INFO] [stderr]   Downloaded wfd v0.1.7
[INFO] [stderr]   Downloaded ab_glyph v0.2.19
[INFO] [stderr]   Downloaded zbus_macros v3.7.0
[INFO] [stderr]   Downloaded eframe v0.20.1
[INFO] [stderr]   Downloaded ordered-stream v0.1.3
[INFO] [stderr]   Downloaded accesskit_consumer v0.12.1
[INFO] [stderr]   Downloaded lettre v0.10.1
[INFO] [stderr]   Downloaded egui v0.20.1
[INFO] [stderr]   Downloaded owned_ttf_parser v0.18.0
[INFO] [stderr]   Downloaded ttf-parser v0.18.0
[INFO] [stderr]   Downloaded zbus v3.7.0
[INFO] [stderr]   Downloaded epaint v0.20.0
[INFO] [stderr]   Downloaded glutin v0.30.3
[INFO] [stderr]   Downloaded nom v7.1.2
[INFO] [stderr]   Downloaded egui_glow v0.20.1
[INFO] [stderr]   Downloaded zvariant_derive v3.10.0
[INFO] [stderr]   Downloaded accesskit v0.8.1
[INFO] [stderr]   Downloaded ecolor v0.20.0
[INFO] [stderr]   Downloaded egui-winit v0.20.1
[INFO] [stderr]   Downloaded dark-light v0.2.3
[INFO] [stderr]   Downloaded accesskit_windows v0.10.4
[INFO] [stderr]   Downloaded egui_extras v0.20.0
[INFO] [stderr]   Downloaded accesskit_macos v0.4.2
[INFO] [stderr]   Downloaded skia-bindings v0.57.0
[INFO] [stderr]   Downloaded arabic_reshaper v0.4.1
[INFO] [stderr]   Downloaded skia-safe v0.57.0
[INFO] running `Command { std: "docker" "create" "-v" "/var/lib/crater-agent-workspace/builds/worker-1-tc1/target:/opt/rustwide/target:rw,Z" "-v" "/var/lib/crater-agent-workspace/builds/worker-1-tc1/source:/opt/rustwide/workdir:ro,Z" "-v" "/var/lib/crater-agent-workspace/cargo-home:/opt/rustwide/cargo-home:ro,Z" "-v" "/var/lib/crater-agent-workspace/rustup-home:/opt/rustwide/rustup-home:ro,Z" "-e" "SOURCE_DIR=/opt/rustwide/workdir" "-e" "CARGO_TARGET_DIR=/opt/rustwide/target" "-e" "CARGO_HOME=/opt/rustwide/cargo-home" "-e" "RUSTUP_HOME=/opt/rustwide/rustup-home" "-w" "/opt/rustwide/workdir" "-m" "1610612736" "--user" "0:0" "--network" "none" "ghcr.io/rust-lang/crates-build-env/linux@sha256:2788e3201cd34a07e3172128adcd8b3090168a8e3bcc40d7c032b9dda1df7d1c" "/opt/rustwide/cargo-home/bin/cargo" "+1.75.0" "metadata" "--no-deps" "--format-version=1", kill_on_drop: false }`
[INFO] [stdout] 276c9a946ab8869e8a4bb335e1f3511676699541a8da3315266a04807b81f579
[INFO] running `Command { std: "docker" "start" "-a" "276c9a946ab8869e8a4bb335e1f3511676699541a8da3315266a04807b81f579", kill_on_drop: false }`
[INFO] running `Command { std: "docker" "inspect" "276c9a946ab8869e8a4bb335e1f3511676699541a8da3315266a04807b81f579", kill_on_drop: false }`
[INFO] running `Command { std: "docker" "rm" "-f" "276c9a946ab8869e8a4bb335e1f3511676699541a8da3315266a04807b81f579", kill_on_drop: false }`
[INFO] [stdout] 276c9a946ab8869e8a4bb335e1f3511676699541a8da3315266a04807b81f579
[INFO] running `Command { std: "docker" "create" "-v" "/var/lib/crater-agent-workspace/builds/worker-1-tc1/target:/opt/rustwide/target:rw,Z" "-v" "/var/lib/crater-agent-workspace/builds/worker-1-tc1/source:/opt/rustwide/workdir:ro,Z" "-v" "/var/lib/crater-agent-workspace/cargo-home:/opt/rustwide/cargo-home:ro,Z" "-v" "/var/lib/crater-agent-workspace/rustup-home:/opt/rustwide/rustup-home:ro,Z" "-e" "SOURCE_DIR=/opt/rustwide/workdir" "-e" "CARGO_TARGET_DIR=/opt/rustwide/target" "-e" "CARGO_INCREMENTAL=0" "-e" "RUST_BACKTRACE=full" "-e" "RUSTFLAGS=--cap-lints=warn" "-e" "RUSTDOCFLAGS=--cap-lints=warn" "-e" "CARGO_HOME=/opt/rustwide/cargo-home" "-e" "RUSTUP_HOME=/opt/rustwide/rustup-home" "-w" "/opt/rustwide/workdir" "-m" "1610612736" "--user" "0:0" "--network" "none" "ghcr.io/rust-lang/crates-build-env/linux@sha256:2788e3201cd34a07e3172128adcd8b3090168a8e3bcc40d7c032b9dda1df7d1c" "/opt/rustwide/cargo-home/bin/cargo" "+1.75.0" "build" "--frozen" "--message-format=json", kill_on_drop: false }`
[INFO] [stdout] fd36baff0686be5385c9b5dae9f890c356544df11991c900e4e17ba18edca599
[INFO] running `Command { std: "docker" "start" "-a" "fd36baff0686be5385c9b5dae9f890c356544df11991c900e4e17ba18edca599", kill_on_drop: false }`
[INFO] [stderr]    Compiling proc-macro2 v1.0.49
[INFO] [stderr]    Compiling unicode-ident v1.0.6
[INFO] [stderr]    Compiling libc v0.2.139
[INFO] [stderr]    Compiling syn v1.0.107
[INFO] [stderr]    Compiling cc v1.0.78
[INFO] [stderr]    Compiling once_cell v1.17.0
[INFO] [stderr]    Compiling xml-rs v0.8.4
[INFO] [stderr]    Compiling serde v1.0.152
[INFO] [stderr]    Compiling parking_lot_core v0.9.5
[INFO] [stderr]    Compiling wayland-sys v0.29.5
[INFO] [stderr]    Compiling cmake v0.1.49
[INFO] [stderr]    Compiling crossbeam-utils v0.8.14
[INFO] [stderr]    Compiling quote v1.0.23
[INFO] [stderr]    Compiling futures-core v0.3.25
[INFO] [stderr]    Compiling wayland-scanner v0.29.5
[INFO] [stderr]    Compiling unicode-normalization v0.1.22
[INFO] [stderr]    Compiling freetype-sys v0.13.1
[INFO] [stderr]    Compiling ring v0.16.20
[INFO] [stderr]    Compiling expat-sys v2.1.6
[INFO] [stderr]    Compiling nix v0.24.3
[INFO] [stderr]    Compiling getrandom v0.2.8
[INFO] [stderr]    Compiling parking_lot v0.12.1
[INFO] [stderr]    Compiling nix v0.25.1
[INFO] [stderr]    Compiling nom v7.1.2
[INFO] [stderr]    Compiling wayland-client v0.29.5
[INFO] [stderr]    Compiling miniz_oxide v0.6.2
[INFO] [stderr]    Compiling aho-corasick v0.7.20
[INFO] [stderr]    Compiling toml v0.5.10
[INFO] [stderr]    Compiling slotmap v1.0.6
[INFO] [stderr]    Compiling spin v0.5.2
[INFO] [stderr]    Compiling regex-syntax v0.6.28
[INFO] [stderr]    Compiling untrusted v0.7.1
[INFO] [stderr]    Compiling flate2 v1.0.25
[INFO] [stderr]    Compiling wayland-protocols v0.29.5
[INFO] [stderr]    Compiling wayland-commons v0.29.5
[INFO] [stderr]    Compiling darling_core v0.14.2
[INFO] [stderr]    Compiling regex v1.7.0
[INFO] [stderr]    Compiling idna v0.3.0
[INFO] [stderr]    Compiling servo-fontconfig-sys v5.1.0
[INFO] [stderr]    Compiling futures-io v0.3.25
[INFO] [stderr]    Compiling glob v0.3.1
[INFO] [stderr]    Compiling either v1.8.0
[INFO] [stderr]    Compiling url v2.3.1
[INFO] [stderr]    Compiling gl_generator v0.14.0
[INFO] [stderr]    Compiling clang-sys v1.4.0
[INFO] [stderr]    Compiling png v0.17.7
[INFO] [stderr]    Compiling xcursor v0.3.4
[INFO] [stderr]    Compiling thiserror-impl v1.0.38
[INFO] [stderr]    Compiling bytemuck_derive v1.3.0
[INFO] [stderr]    Compiling serde_derive v1.0.152
[INFO] [stderr]    Compiling darling_macro v0.14.2
[INFO] [stderr]    Compiling tracing-attributes v0.1.23
[INFO] [stderr]    Compiling tracing-core v0.1.30
[INFO] [stderr]    Compiling ahash v0.8.2
[INFO] [stderr]    Compiling smithay-client-toolkit v0.16.0
[INFO] [stderr]    Compiling darling v0.14.2
[INFO] [stderr]    Compiling enumset_derive v0.6.1
[INFO] [stderr]    Compiling vec_map v0.8.2
[INFO] [stderr]    Compiling bytemuck v1.12.3
[INFO] [stderr]    Compiling fastrand v1.8.0
[INFO] [stderr]    Compiling ttf-parser v0.18.0
[INFO] [stderr]    Compiling arrayvec v0.7.2
[INFO] [stderr]    Compiling thiserror v1.0.38
[INFO] [stderr]    Compiling kurbo v0.8.3
[INFO] [stderr]    Compiling foreign-types-macros v0.2.2
[INFO] [stderr]    Compiling calloop v0.10.5
[INFO] [stderr]    Compiling enumset v1.0.12
[INFO] [stderr]    Compiling proc-macro-crate v1.2.1
[INFO] [stderr]    Compiling wayland-cursor v0.29.5
[INFO] [stderr]    Compiling tracing v0.1.37
[INFO] [stderr]    Compiling webpki v0.22.0
[INFO] [stderr]    Compiling memmap2 v0.5.8
[INFO] [stderr]    Compiling openssl-sys v0.9.80
[INFO] [stderr]    Compiling ahash v0.7.6
[INFO] [stderr]    Compiling crossfont v0.5.1
[INFO] [stderr]    Compiling arrayref v0.3.6
[INFO] [stderr]    Compiling rustls v0.20.7
[INFO] [stderr]    Compiling event-listener v2.5.3
[INFO] [stderr]    Compiling futures-task v0.3.25
[INFO] [stderr]    Compiling foreign-types-shared v0.3.1
[INFO] [stderr]    Compiling parking v2.0.0
[INFO] [stderr]    Compiling waker-fn v1.1.0
[INFO] [stderr]    Compiling foreign-types v0.5.0
[INFO] [stderr]    Compiling futures-lite v1.12.0
[INFO] [stderr]    Compiling tiny-skia-path v0.7.0
[INFO] [stderr]    Compiling accesskit v0.8.1
[INFO] [stderr]    Compiling owned_ttf_parser v0.18.0
[INFO] [stderr]    Compiling ab_glyph v0.2.19
[INFO] [stderr]    Compiling servo-fontconfig v0.5.1
[INFO] [stderr]    Compiling x11-dl v2.20.1
[INFO] [stderr]    Compiling safe_arch v0.5.2
[INFO] [stderr]    Compiling emath v0.20.0
[INFO] [stderr]    Compiling ecolor v0.20.0
[INFO] [stderr]    Compiling enumflags2_derive v0.7.4
[INFO] [stderr]    Compiling freetype-rs v0.26.0
[INFO] [stderr]    Compiling sct v0.7.0
[INFO] [stderr]    Compiling dirs-sys v0.3.7
[INFO] [stderr]    Compiling polling v2.5.2
[INFO] [stderr]    Compiling arrayvec v0.5.2
[INFO] [stderr]    Compiling futures-util v0.3.25
[INFO] [stderr]    Compiling nohash-hasher v0.2.0
[INFO] [stderr]    Compiling bindgen v0.63.0
[INFO] [stderr]    Compiling serde_json v1.0.91
[INFO] [stderr]    Compiling ryu v1.0.12
[INFO] [stderr]    Compiling epaint v0.20.0
[INFO] [stderr]    Compiling tiny-skia v0.7.0
[INFO] [stderr]    Compiling dirs v4.0.0
[INFO] [stderr]    Compiling async-lock v2.6.0
[INFO] [stderr]    Compiling cexpr v0.6.0
[INFO] [stderr]    Compiling zvariant_derive v3.10.0
[INFO] [stderr]    Compiling webpki-roots v0.22.6
[INFO] [stderr]    Compiling raw-window-handle v0.5.0
[INFO] [stderr]    Compiling which v4.3.0
[INFO] [stderr]    Compiling rand_core v0.6.4
[INFO] [stderr]    Compiling enumflags2 v0.7.5
[INFO] [stderr]    Compiling concurrent-queue v2.0.0
[INFO] [stderr]    Compiling socket2 v0.4.7
[INFO] [stderr]    Compiling filetime v0.2.19
[INFO] [stderr]    Compiling xattr v0.2.3
[INFO] [stderr]    Compiling async-io v1.12.0
[INFO] [stderr]    Compiling crossbeam-epoch v0.9.13
[INFO] [stderr]    Compiling num-integer v0.1.45
[INFO] [stderr]    Compiling lazycell v1.3.0
[INFO] [stderr]    Compiling rustc-hash v1.1.0
[INFO] [stderr]    Compiling static_assertions v1.1.0
[INFO] [stderr]    Compiling itoa v1.0.5
[INFO] [stderr]    Compiling shlex v1.1.0
[INFO] [stderr]    Compiling async-trait v0.1.61
[INFO] [stderr]    Compiling futures-sink v0.3.25
[INFO] [stderr]    Compiling peeking_take_while v0.1.2
[INFO] [stderr]    Compiling rand_chacha v0.3.1
[INFO] [stderr]    Compiling zvariant v3.10.0
[INFO] [stderr]    Compiling ureq v2.6.1
[INFO] [stderr]    Compiling tar v0.4.38
[INFO] [stderr]    Compiling hashbrown v0.12.3
[INFO] [stderr]    Compiling egui v0.20.1
[INFO] [stderr]    Compiling glutin_glx_sys v0.3.0
[INFO] [stderr]    Compiling glutin_egl_sys v0.3.1
[INFO] [stderr]    Compiling x11rb-protocol v0.10.0
[INFO] [stderr]    Compiling gethostname v0.2.3
[INFO] [stderr]    Compiling mio v0.8.5
[INFO] [stderr]    Compiling wayland-sys v0.30.1
[INFO] [stderr]    Compiling instant v0.1.12
[INFO] [stderr]    Compiling async-task v4.3.0
[INFO] [stderr]    Compiling heck v0.4.0
[INFO] [stderr]    Compiling openssl v0.10.45
[INFO] [stderr]    Compiling dlv-list v0.3.0
[INFO] [stderr]    Compiling cfg_aliases v0.1.1
[INFO] [stderr]    Compiling glutin v0.30.3
[INFO] [stderr]    Compiling ordered-multimap v0.4.3
[INFO] [stderr]    Compiling async-executor v1.5.0
[INFO] [stderr]    Compiling zbus_names v2.5.0
[INFO] [stderr]    Compiling rand v0.8.5
[INFO] [stderr]    Compiling async-broadcast v0.5.0
[INFO] [stderr]    Compiling zbus_macros v3.7.0
[INFO] [stderr]    Compiling serde_repr v0.1.10
[INFO] [stderr]    Compiling derivative v2.2.0
[INFO] [stderr]    Compiling openssl-macros v0.1.0
[INFO] [stderr]    Compiling async-recursion v1.0.0
[INFO] [stderr]    Compiling ordered-stream v0.1.3
[INFO] [stderr]    Compiling hex v0.4.3
[INFO] [stderr]    Compiling dark-light v0.2.3
[INFO] [stderr]    Compiling skia-bindings v0.57.0
[INFO] [stderr]    Compiling native-tls v0.2.11
[INFO] [stderr]    Compiling crossbeam-deque v0.8.2
[INFO] [stderr]    Compiling num-rational v0.4.1
[INFO] [stderr]    Compiling x11rb v0.10.1
[INFO] [stderr]    Compiling rust-ini v0.18.0
[INFO] [stderr]    Compiling arboard v3.2.0
[INFO] [stderr]    Compiling webbrowser v0.8.4
[INFO] [stderr]    Compiling crossbeam-channel v0.5.6
[INFO] [stderr]    Compiling num_cpus v1.15.0
[INFO] [stderr]    Compiling zbus v3.7.0
[INFO] [stderr]    Compiling dirs-sys-next v0.1.2
[INFO] [stderr]    Compiling match_cfg v0.1.0
[INFO] [stderr]    Compiling anyhow v1.0.68
[INFO] [stderr]    Compiling regex-automata v0.1.10
[INFO] [stderr]    Compiling dconf_rs v0.3.0
[INFO] [stderr]    Compiling detect-desktop-environment v0.2.0
[INFO] [stderr] error: failed to run custom build command for `skia-bindings v0.57.0`
[INFO] [stderr] note: To improve backtraces for build dependencies, set the CARGO_PROFILE_DEV_BUILD_OVERRIDE_DEBUG=true environment variable to enable debug information generation.
[INFO] [stderr] 
[INFO] [stderr] Caused by:
[INFO] [stderr]   process didn't exit successfully: `/opt/rustwide/target/debug/build/skia-bindings-7618d031239407ca/build-script-build` (exit status: 101)
[INFO] [stderr]   --- stdout
[INFO] [stderr]   cargo:rerun-if-env-changed=DOCS_RS
[INFO] [stderr]   cargo:rerun-if-env-changed=SKIA_DEBUG
[INFO] [stderr]   HOST: x86_64-unknown-linux-gnu
[INFO] [stderr]   cargo:rerun-if-env-changed=SKIA_SOURCE_DIR
[INFO] [stderr]   cargo:rerun-if-env-changed=FORCE_SKIA_BUILD
[INFO] [stderr]   cargo:rerun-if-env-changed=FORCE_SKIA_BINARIES_DOWNLOAD
[INFO] [stderr]   TRYING TO DOWNLOAD AND INSTALL SKIA BINARIES: 0.57.0/f31ffb5985e54c655e4c-x86_64-unknown-linux-gnu-textlayout
[INFO] [stderr]   cargo:rerun-if-env-changed=SKIA_BINARIES_URL
[INFO] [stderr]     FROM: https://github.com/rust-skia/skia-binaries/releases/download/0.57.0/skia-binaries-f31ffb5985e54c655e4c-x86_64-unknown-linux-gnu-textlayout.tar.gz
[INFO] [stderr]   DOWNLOAD AND INSTALL FAILED: https://github.com/rust-skia/skia-binaries/releases/download/0.57.0/skia-binaries-f31ffb5985e54c655e4c-x86_64-unknown-linux-gnu-textlayout.tar.gz: Dns Failed: resolve dns name 'github.com:443': failed to lookup address information: Temporary failure in name resolution
[INFO] [stderr]   STARTING A FULL BUILD
[INFO] [stderr]   cargo:rerun-if-env-changed=CLANGCC
[INFO] [stderr]   cargo:rerun-if-env-changed=CC
[INFO] [stderr]   cargo:rerun-if-env-changed=CLANGCXX
[INFO] [stderr]   cargo:rerun-if-env-changed=CXX
[INFO] [stderr]   HOST: x86_64-unknown-linux-gnu
[INFO] [stderr]   cargo:rerun-if-env-changed=OPT_LEVEL
[INFO] [stderr]   cargo:rerun-if-env-changed=SKIA_USE_SYSTEM_LIBRARIES
[INFO] [stderr]   cargo:rerun-if-env-changed=SDKTARGETSYSROOT
[INFO] [stderr]   cargo:rerun-if-env-changed=SDKROOT
[INFO] [stderr]   HOST: x86_64-unknown-linux-gnu
[INFO] [stderr]   cargo:rerun-if-env-changed=SKIA_NINJA_COMMAND
[INFO] [stderr]   cargo:rerun-if-env-changed=SKIA_GN_COMMAND
[INFO] [stderr]   Probing 'python'
[INFO] [stderr]   Probing 'python3'
[INFO] [stderr]   Python 3 found: "python3"
[INFO] [stderr]   Synchronizing Skia dependencies
[INFO] [stderr]   DOWNLOADING: https://codeload.github.com/rust-skia/skia/tar.gz/m108-0.56.3
[INFO] [stderr] 
[INFO] [stderr]   --- stderr
[INFO] [stderr]   thread 'main' panicked at /opt/rustwide/cargo-home/registry/src/index.crates.io-6f17d22bba15001f/skia-bindings-0.57.0/build_support/binary_cache/download.rs:68:35:
[INFO] [stderr]   Failed to download https://codeload.github.com/rust-skia/skia/tar.gz/m108-0.56.3 (https://codeload.github.com/rust-skia/skia/tar.gz/m108-0.56.3: Dns Failed: resolve dns name 'codeload.github.com:443': failed to lookup address information: Temporary failure in name resolution)
[INFO] [stderr]   stack backtrace:
[INFO] [stderr]      0:     0x55e18660c2cc - std::backtrace_rs::backtrace::libunwind::trace::ha637c64ce894333a
[INFO] [stderr]                                  at /rustc/82e1608dfa6e0b5569232559e3d385fea5a93112/library/std/src/../../backtrace/src/backtrace/libunwind.rs:104:5
[INFO] [stderr]      1:     0x55e18660c2cc - std::backtrace_rs::backtrace::trace_unsynchronized::h47f62dea28e0c88d
[INFO] [stderr]                                  at /rustc/82e1608dfa6e0b5569232559e3d385fea5a93112/library/std/src/../../backtrace/src/backtrace/mod.rs:66:5
[INFO] [stderr]      2:     0x55e18660c2cc - std::sys_common::backtrace::_print_fmt::h9eef0abe20ede486
[INFO] [stderr]                                  at /rustc/82e1608dfa6e0b5569232559e3d385fea5a93112/library/std/src/sys_common/backtrace.rs:67:5
[INFO] [stderr]      3:     0x55e18660c2cc - <std::sys_common::backtrace::_print::DisplayBacktrace as core::fmt::Display>::fmt::hed7f999df88cc644
[INFO] [stderr]                                  at /rustc/82e1608dfa6e0b5569232559e3d385fea5a93112/library/std/src/sys_common/backtrace.rs:44:22
[INFO] [stderr]      4:     0x55e18663d330 - core::fmt::rt::Argument::fmt::h1539a9308b8d058d
[INFO] [stderr]                                  at /rustc/82e1608dfa6e0b5569232559e3d385fea5a93112/library/core/src/fmt/rt.rs:142:9
[INFO] [stderr]      5:     0x55e18663d330 - core::fmt::write::h3a39390d8560d9c9
[INFO] [stderr]                                  at /rustc/82e1608dfa6e0b5569232559e3d385fea5a93112/library/core/src/fmt/mod.rs:1120:17
[INFO] [stderr]      6:     0x55e1866081cf - std::io::Write::write_fmt::h5fc9997dfe05f882
[INFO] [stderr]                                  at /rustc/82e1608dfa6e0b5569232559e3d385fea5a93112/library/std/src/io/mod.rs:1762:15
[INFO] [stderr]      7:     0x55e18660c0b4 - std::sys_common::backtrace::_print::h894006fb5c6f3d45
[INFO] [stderr]                                  at /rustc/82e1608dfa6e0b5569232559e3d385fea5a93112/library/std/src/sys_common/backtrace.rs:47:5
[INFO] [stderr]      8:     0x55e18660c0b4 - std::sys_common::backtrace::print::h23a2d212c6fff936
[INFO] [stderr]                                  at /rustc/82e1608dfa6e0b5569232559e3d385fea5a93112/library/std/src/sys_common/backtrace.rs:34:9
[INFO] [stderr]      9:     0x55e18660dee7 - std::panicking::default_hook::{{closure}}::h8a1d2ee00185001a
[INFO] [stderr]     10:     0x55e18660dc4f - std::panicking::default_hook::h6038f2eba384e475
[INFO] [stderr]                                  at /rustc/82e1608dfa6e0b5569232559e3d385fea5a93112/library/std/src/panicking.rs:292:9
[INFO] [stderr]     11:     0x55e18660e368 - std::panicking::rust_panic_with_hook::h2b5517d590cab22e
[INFO] [stderr]                                  at /rustc/82e1608dfa6e0b5569232559e3d385fea5a93112/library/std/src/panicking.rs:779:13
[INFO] [stderr]     12:     0x55e18660e24e - std::panicking::begin_panic_handler::{{closure}}::h233112c06e0ef43e
[INFO] [stderr]                                  at /rustc/82e1608dfa6e0b5569232559e3d385fea5a93112/library/std/src/panicking.rs:657:13
[INFO] [stderr]     13:     0x55e18660c796 - std::sys_common::backtrace::__rust_end_short_backtrace::h6e893f24d7ebbff8
[INFO] [stderr]                                  at /rustc/82e1608dfa6e0b5569232559e3d385fea5a93112/library/std/src/sys_common/backtrace.rs:170:18
[INFO] [stderr]     14:     0x55e18660dfb2 - rust_begin_unwind
[INFO] [stderr]                                  at /rustc/82e1608dfa6e0b5569232559e3d385fea5a93112/library/std/src/panicking.rs:645:5
[INFO] [stderr]     15:     0x55e185da9035 - core::panicking::panic_fmt::hbf0e066aabfa482c
[INFO] [stderr]                                  at /rustc/82e1608dfa6e0b5569232559e3d385fea5a93112/library/core/src/panicking.rs:72:14
[INFO] [stderr]     16:     0x55e185dba585 - build_script_build::build_support::binary_cache::download::download_dependencies::{{closure}}::hd2bb38fa6a7b1457
[INFO] [stderr]     17:     0x55e185dc883a - core::result::Result<T,E>::unwrap_or_else::h2cab050fd345590a
[INFO] [stderr]     18:     0x55e185db9f32 - build_script_build::build_support::binary_cache::download::download_dependencies::hcf1770edea216117
[INFO] [stderr]     19:     0x55e185db9668 - build_script_build::build_support::binary_cache::download::resolve_dependencies::h9aedffcaae29e28f
[INFO] [stderr]     20:     0x55e185dc5d43 - build_script_build::build_support::skia::config::build::h129c8b260b5ed4aa
[INFO] [stderr]     21:     0x55e185ddaf73 - build_script_build::build_from_source::h091d6d43a1e21053
[INFO] [stderr]     22:     0x55e185dda954 - build_script_build::main::h1708169af99bb5ae
[INFO] [stderr]     23:     0x55e185de2233 - core::ops::function::FnOnce::call_once::h805e0cae2d68fa9f
[INFO] [stderr]     24:     0x55e185dd0d46 - std::sys_common::backtrace::__rust_begin_short_backtrace::h9b495e585f84e057
[INFO] [stderr]     25:     0x55e185dd1af9 - std::rt::lang_start::{{closure}}::heda518689f5d5762
[INFO] [stderr]     26:     0x55e186602bb7 - core::ops::function::impls::<impl core::ops::function::FnOnce<A> for &F>::call_once::hd95060ecd5e1ca24
[INFO] [stderr]                                  at /rustc/82e1608dfa6e0b5569232559e3d385fea5a93112/library/core/src/ops/function.rs:284:13
[INFO] [stderr]     27:     0x55e186602bb7 - std::panicking::try::do_call::h6e8cf51db32a6e4b
[INFO] [stderr]                                  at /rustc/82e1608dfa6e0b5569232559e3d385fea5a93112/library/std/src/panicking.rs:552:40
[INFO] [stderr]     28:     0x55e186602bb7 - std::panicking::try::h3a52eefe24fe3c29
[INFO] [stderr]                                  at /rustc/82e1608dfa6e0b5569232559e3d385fea5a93112/library/std/src/panicking.rs:516:19
[INFO] [stderr]     29:     0x55e186602bb7 - std::panic::catch_unwind::h24c28c23c02c3841
[INFO] [stderr]                                  at /rustc/82e1608dfa6e0b5569232559e3d385fea5a93112/library/std/src/panic.rs:142:14
[INFO] [stderr]     30:     0x55e186602bb7 - std::rt::lang_start_internal::{{closure}}::h705d3c9cbc06ef47
[INFO] [stderr]                                  at /rustc/82e1608dfa6e0b5569232559e3d385fea5a93112/library/std/src/rt.rs:148:48
[INFO] [stderr]     31:     0x55e186602bb7 - std::panicking::try::do_call::ha21f52ba13158470
[INFO] [stderr]                                  at /rustc/82e1608dfa6e0b5569232559e3d385fea5a93112/library/std/src/panicking.rs:552:40
[INFO] [stderr]     32:     0x55e186602bb7 - std::panicking::try::h5581346bf6aeb1f8
[INFO] [stderr]                                  at /rustc/82e1608dfa6e0b5569232559e3d385fea5a93112/library/std/src/panicking.rs:516:19
[INFO] [stderr]     33:     0x55e186602bb7 - std::panic::catch_unwind::h7919645a6b72e25b
[INFO] [stderr]                                  at /rustc/82e1608dfa6e0b5569232559e3d385fea5a93112/library/std/src/panic.rs:142:14
[INFO] [stderr]     34:     0x55e186602bb7 - std::rt::lang_start_internal::h12de51168669836e
[INFO] [stderr]                                  at /rustc/82e1608dfa6e0b5569232559e3d385fea5a93112/library/std/src/rt.rs:148:20
[INFO] [stderr]     35:     0x55e185dd1ad7 - std::rt::lang_start::h554197263748ab01
[INFO] [stderr]     36:     0x55e185ddb435 - main
[INFO] [stderr]     37:     0x7f93bb407d90 - <unknown>
[INFO] [stderr]     38:     0x7f93bb407e40 - __libc_start_main
[INFO] [stderr]     39:     0x55e185da9905 - _start
[INFO] [stderr]     40:                0x0 - <unknown>
[INFO] [stderr] warning: build failed, waiting for other jobs to finish...
[INFO] running `Command { std: "docker" "inspect" "fd36baff0686be5385c9b5dae9f890c356544df11991c900e4e17ba18edca599", kill_on_drop: false }`
[INFO] running `Command { std: "docker" "rm" "-f" "fd36baff0686be5385c9b5dae9f890c356544df11991c900e4e17ba18edca599", kill_on_drop: false }`
[INFO] [stdout] fd36baff0686be5385c9b5dae9f890c356544df11991c900e4e17ba18edca599
[INFO] testing BKSalman/certs against beta-2023-12-22 for beta-1.76-1
[INFO] running `Command { std: "git" "clone" "/workspace/cache/git-repos/https%3A%2F%2Fgithub.com%2FBKSalman%2Fcerts" "/workspace/builds/worker-1-tc2/source", kill_on_drop: false }`
[INFO] [stderr] Cloning into '/workspace/builds/worker-1-tc2/source'...
[INFO] [stderr] done.
[INFO] validating manifest of git repo https://github.com/BKSalman/certs on toolchain beta-2023-12-22
[INFO] running `Command { std: CARGO_HOME="/workspace/cargo-home" RUSTUP_HOME="/workspace/rustup-home" "/workspace/cargo-home/bin/cargo" "+beta-2023-12-22" "metadata" "--manifest-path" "Cargo.toml" "--no-deps", kill_on_drop: false }`
[INFO] started tweaking git repo https://github.com/BKSalman/certs
[INFO] finished tweaking git repo https://github.com/BKSalman/certs
[INFO] tweaked toml for git repo https://github.com/BKSalman/certs written to /workspace/builds/worker-1-tc2/source/Cargo.toml
[INFO] crate git repo https://github.com/BKSalman/certs already has a lockfile, it will not be regenerated
[INFO] running `Command { std: CARGO_HOME="/workspace/cargo-home" RUSTUP_HOME="/workspace/rustup-home" "/workspace/cargo-home/bin/cargo" "+beta-2023-12-22" "fetch" "--manifest-path" "Cargo.toml", kill_on_drop: false }`
[INFO] running `Command { std: "docker" "create" "-v" "/var/lib/crater-agent-workspace/builds/worker-1-tc2/target:/opt/rustwide/target:rw,Z" "-v" "/var/lib/crater-agent-workspace/builds/worker-1-tc2/source:/opt/rustwide/workdir:ro,Z" "-v" "/var/lib/crater-agent-workspace/cargo-home:/opt/rustwide/cargo-home:ro,Z" "-v" "/var/lib/crater-agent-workspace/rustup-home:/opt/rustwide/rustup-home:ro,Z" "-e" "SOURCE_DIR=/opt/rustwide/workdir" "-e" "CARGO_TARGET_DIR=/opt/rustwide/target" "-e" "CARGO_HOME=/opt/rustwide/cargo-home" "-e" "RUSTUP_HOME=/opt/rustwide/rustup-home" "-w" "/opt/rustwide/workdir" "-m" "1610612736" "--user" "0:0" "--network" "none" "ghcr.io/rust-lang/crates-build-env/linux@sha256:2788e3201cd34a07e3172128adcd8b3090168a8e3bcc40d7c032b9dda1df7d1c" "/opt/rustwide/cargo-home/bin/cargo" "+beta-2023-12-22" "metadata" "--no-deps" "--format-version=1", kill_on_drop: false }`
[INFO] [stdout] 32bab65b27b3721f7ec9a637b58bb444b709e2b168ed278faeb444706a7f516c
[INFO] running `Command { std: "docker" "start" "-a" "32bab65b27b3721f7ec9a637b58bb444b709e2b168ed278faeb444706a7f516c", kill_on_drop: false }`
[INFO] running `Command { std: "docker" "inspect" "32bab65b27b3721f7ec9a637b58bb444b709e2b168ed278faeb444706a7f516c", kill_on_drop: false }`
[INFO] running `Command { std: "docker" "rm" "-f" "32bab65b27b3721f7ec9a637b58bb444b709e2b168ed278faeb444706a7f516c", kill_on_drop: false }`
[INFO] [stdout] 32bab65b27b3721f7ec9a637b58bb444b709e2b168ed278faeb444706a7f516c
[INFO] running `Command { std: "docker" "create" "-v" "/var/lib/crater-agent-workspace/builds/worker-1-tc2/target:/opt/rustwide/target:rw,Z" "-v" "/var/lib/crater-agent-workspace/builds/worker-1-tc2/source:/opt/rustwide/workdir:ro,Z" "-v" "/var/lib/crater-agent-workspace/cargo-home:/opt/rustwide/cargo-home:ro,Z" "-v" "/var/lib/crater-agent-workspace/rustup-home:/opt/rustwide/rustup-home:ro,Z" "-e" "SOURCE_DIR=/opt/rustwide/workdir" "-e" "CARGO_TARGET_DIR=/opt/rustwide/target" "-e" "CARGO_INCREMENTAL=0" "-e" "RUST_BACKTRACE=full" "-e" "RUSTFLAGS=--cap-lints=warn" "-e" "RUSTDOCFLAGS=--cap-lints=warn" "-e" "CARGO_HOME=/opt/rustwide/cargo-home" "-e" "RUSTUP_HOME=/opt/rustwide/rustup-home" "-w" "/opt/rustwide/workdir" "-m" "1610612736" "--user" "0:0" "--network" "none" "ghcr.io/rust-lang/crates-build-env/linux@sha256:2788e3201cd34a07e3172128adcd8b3090168a8e3bcc40d7c032b9dda1df7d1c" "/opt/rustwide/cargo-home/bin/cargo" "+beta-2023-12-22" "build" "--frozen" "--message-format=json", kill_on_drop: false }`
[INFO] [stdout] 9bc328e51a58966a1321f830760f97bd42b3785df52fc384360404d7d47f2fcf
[INFO] running `Command { std: "docker" "start" "-a" "9bc328e51a58966a1321f830760f97bd42b3785df52fc384360404d7d47f2fcf", kill_on_drop: false }`
[INFO] [stderr]    Compiling proc-macro2 v1.0.49
[INFO] [stderr]    Compiling unicode-ident v1.0.6
[INFO] [stderr]    Compiling libc v0.2.139
[INFO] [stderr]    Compiling syn v1.0.107
[INFO] [stderr]    Compiling cc v1.0.78
[INFO] [stderr]    Compiling once_cell v1.17.0
[INFO] [stderr]    Compiling xml-rs v0.8.4
[INFO] [stderr]    Compiling serde v1.0.152
[INFO] [stderr]    Compiling parking_lot_core v0.9.5
[INFO] [stderr]    Compiling wayland-sys v0.29.5
[INFO] [stderr]    Compiling cmake v0.1.49
[INFO] [stderr]    Compiling crossbeam-utils v0.8.14
[INFO] [stderr]    Compiling futures-core v0.3.25
[INFO] [stderr]    Compiling quote v1.0.23
[INFO] [stderr]    Compiling unicode-normalization v0.1.22
[INFO] [stderr]    Compiling wayland-scanner v0.29.5
[INFO] [stderr]    Compiling freetype-sys v0.13.1
[INFO] [stderr]    Compiling ring v0.16.20
[INFO] [stderr]    Compiling expat-sys v2.1.6
[INFO] [stderr]    Compiling nix v0.24.3
[INFO] [stderr]    Compiling parking_lot v0.12.1
[INFO] [stderr]    Compiling getrandom v0.2.8
[INFO] [stderr]    Compiling nix v0.25.1
[INFO] [stderr]    Compiling wayland-client v0.29.5
[INFO] [stderr]    Compiling nom v7.1.2
[INFO] [stderr]    Compiling miniz_oxide v0.6.2
[INFO] [stderr]    Compiling aho-corasick v0.7.20
[INFO] [stderr]    Compiling toml v0.5.10
[INFO] [stderr]    Compiling slotmap v1.0.6
[INFO] [stderr]    Compiling spin v0.5.2
[INFO] [stderr]    Compiling untrusted v0.7.1
[INFO] [stderr]    Compiling regex-syntax v0.6.28
[INFO] [stderr]    Compiling flate2 v1.0.25
[INFO] [stderr]    Compiling wayland-protocols v0.29.5
[INFO] [stderr]    Compiling wayland-commons v0.29.5
[INFO] [stderr]    Compiling darling_core v0.14.2
[INFO] [stderr]    Compiling regex v1.7.0
[INFO] [stderr]    Compiling idna v0.3.0
[INFO] [stderr]    Compiling servo-fontconfig-sys v5.1.0
[INFO] [stderr]    Compiling either v1.8.0
[INFO] [stderr]    Compiling glob v0.3.1
[INFO] [stderr]    Compiling futures-io v0.3.25
[INFO] [stderr]    Compiling url v2.3.1
[INFO] [stderr]    Compiling gl_generator v0.14.0
[INFO] [stderr]    Compiling clang-sys v1.4.0
[INFO] [stderr]    Compiling png v0.17.7
[INFO] [stderr]    Compiling xcursor v0.3.4
[INFO] [stderr]    Compiling tracing-core v0.1.30
[INFO] [stderr]    Compiling ahash v0.8.2
[INFO] [stderr]    Compiling thiserror-impl v1.0.38
[INFO] [stderr]    Compiling bytemuck_derive v1.3.0
[INFO] [stderr]    Compiling serde_derive v1.0.152
[INFO] [stderr]    Compiling darling_macro v0.14.2
[INFO] [stderr]    Compiling tracing-attributes v0.1.23
[INFO] [stderr]    Compiling smithay-client-toolkit v0.16.0
[INFO] [stderr]    Compiling fastrand v1.8.0
[INFO] [stderr]    Compiling vec_map v0.8.2
[INFO] [stderr]    Compiling ttf-parser v0.18.0
[INFO] [stderr]    Compiling arrayvec v0.7.2
[INFO] [stderr]    Compiling darling v0.14.2
[INFO] [stderr]    Compiling enumset_derive v0.6.1
[INFO] [stderr]    Compiling bytemuck v1.12.3
[INFO] [stderr]    Compiling kurbo v0.8.3
[INFO] [stderr]    Compiling foreign-types-macros v0.2.2
[INFO] [stderr]    Compiling thiserror v1.0.38
[INFO] [stderr]    Compiling proc-macro-crate v1.2.1
[INFO] [stderr]    Compiling calloop v0.10.5
[INFO] [stderr]    Compiling enumset v1.0.12
[INFO] [stderr]    Compiling wayland-cursor v0.29.5
[INFO] [stderr]    Compiling webpki v0.22.0
[INFO] [stderr]    Compiling tracing v0.1.37
[INFO] [stderr]    Compiling memmap2 v0.5.8
[INFO] [stderr]    Compiling openssl-sys v0.9.80
[INFO] [stderr]    Compiling ahash v0.7.6
[INFO] [stderr]    Compiling crossfont v0.5.1
[INFO] [stderr]    Compiling parking v2.0.0
[INFO] [stderr]    Compiling waker-fn v1.1.0
[INFO] [stderr]    Compiling owned_ttf_parser v0.18.0
[INFO] [stderr]    Compiling rustls v0.20.7
[INFO] [stderr]    Compiling event-listener v2.5.3
[INFO] [stderr]    Compiling arrayref v0.3.6
[INFO] [stderr]    Compiling futures-task v0.3.25
[INFO] [stderr]    Compiling foreign-types-shared v0.3.1
[INFO] [stderr]    Compiling tiny-skia-path v0.7.0
[INFO] [stderr]    Compiling ab_glyph v0.2.19
[INFO] [stderr]    Compiling foreign-types v0.5.0
[INFO] [stderr]    Compiling futures-lite v1.12.0
[INFO] [stderr]    Compiling accesskit v0.8.1
[INFO] [stderr]    Compiling servo-fontconfig v0.5.1
[INFO] [stderr]    Compiling x11-dl v2.20.1
[INFO] [stderr]    Compiling ecolor v0.20.0
[INFO] [stderr]    Compiling safe_arch v0.5.2
[INFO] [stderr]    Compiling emath v0.20.0
[INFO] [stderr]    Compiling enumflags2_derive v0.7.4
[INFO] [stderr]    Compiling sct v0.7.0
[INFO] [stderr]    Compiling freetype-rs v0.26.0
[INFO] [stderr]    Compiling dirs-sys v0.3.7
[INFO] [stderr]    Compiling polling v2.5.2
[INFO] [stderr]    Compiling bindgen v0.63.0
[INFO] [stderr]    Compiling futures-util v0.3.25
[INFO] [stderr]    Compiling arrayvec v0.5.2
[INFO] [stderr]    Compiling ryu v1.0.12
[INFO] [stderr]    Compiling serde_json v1.0.91
[INFO] [stderr]    Compiling nohash-hasher v0.2.0
[INFO] [stderr]    Compiling tiny-skia v0.7.0
[INFO] [stderr]    Compiling epaint v0.20.0
[INFO] [stderr]    Compiling dirs v4.0.0
[INFO] [stderr]    Compiling async-lock v2.6.0
[INFO] [stderr]    Compiling cexpr v0.6.0
[INFO] [stderr]    Compiling webpki-roots v0.22.6
[INFO] [stderr]    Compiling zvariant_derive v3.10.0
[INFO] [stderr]    Compiling raw-window-handle v0.5.0
[INFO] [stderr]    Compiling which v4.3.0
[INFO] [stderr]    Compiling rand_core v0.6.4
[INFO] [stderr]    Compiling concurrent-queue v2.0.0
[INFO] [stderr]    Compiling socket2 v0.4.7
[INFO] [stderr]    Compiling enumflags2 v0.7.5
[INFO] [stderr]    Compiling filetime v0.2.19
[INFO] [stderr]    Compiling xattr v0.2.3
[INFO] [stderr]    Compiling async-io v1.12.0
[INFO] [stderr]    Compiling num-integer v0.1.45
[INFO] [stderr]    Compiling crossbeam-epoch v0.9.13
[INFO] [stderr]    Compiling lazycell v1.3.0
[INFO] [stderr]    Compiling futures-sink v0.3.25
[INFO] [stderr]    Compiling rustc-hash v1.1.0
[INFO] [stderr]    Compiling static_assertions v1.1.0
[INFO] [stderr]    Compiling shlex v1.1.0
[INFO] [stderr]    Compiling async-trait v0.1.61
[INFO] [stderr]    Compiling itoa v1.0.5
[INFO] [stderr]    Compiling peeking_take_while v0.1.2
[INFO] [stderr]    Compiling zvariant v3.10.0
[INFO] [stderr]    Compiling rand_chacha v0.3.1
[INFO] [stderr]    Compiling tar v0.4.38
[INFO] [stderr]    Compiling ureq v2.6.1
[INFO] [stderr]    Compiling hashbrown v0.12.3
[INFO] [stderr]    Compiling egui v0.20.1
[INFO] [stderr]    Compiling glutin_glx_sys v0.3.0
[INFO] [stderr]    Compiling glutin_egl_sys v0.3.1
[INFO] [stderr]    Compiling x11rb-protocol v0.10.0
[INFO] [stderr]    Compiling mio v0.8.5
[INFO] [stderr]    Compiling gethostname v0.2.3
[INFO] [stderr]    Compiling wayland-sys v0.30.1
[INFO] [stderr]    Compiling instant v0.1.12
[INFO] [stderr]    Compiling async-task v4.3.0
[INFO] [stderr]    Compiling dlv-list v0.3.0
[INFO] [stderr]    Compiling heck v0.4.0
[INFO] [stderr]    Compiling openssl v0.10.45
[INFO] [stderr]    Compiling cfg_aliases v0.1.1
[INFO] [stderr]    Compiling ordered-multimap v0.4.3
[INFO] [stderr]    Compiling async-executor v1.5.0
[INFO] [stderr]    Compiling glutin v0.30.3
[INFO] [stderr]    Compiling zbus_names v2.5.0
[INFO] [stderr]    Compiling rand v0.8.5
[INFO] [stderr]    Compiling async-broadcast v0.5.0
[INFO] [stderr]    Compiling zbus_macros v3.7.0
[INFO] [stderr]    Compiling derivative v2.2.0
[INFO] [stderr]    Compiling serde_repr v0.1.10
[INFO] [stderr]    Compiling openssl-macros v0.1.0
[INFO] [stderr]    Compiling async-recursion v1.0.0
[INFO] [stderr]    Compiling ordered-stream v0.1.3
[INFO] [stderr]    Compiling skia-bindings v0.57.0
[INFO] [stderr]    Compiling dark-light v0.2.3
[INFO] [stderr]    Compiling hex v0.4.3
[INFO] [stderr]    Compiling native-tls v0.2.11
[INFO] [stderr]    Compiling crossbeam-deque v0.8.2
[INFO] [stderr]    Compiling num-rational v0.4.1
[INFO] [stderr]    Compiling x11rb v0.10.1
[INFO] [stderr]    Compiling rust-ini v0.18.0
[INFO] [stderr]    Compiling arboard v3.2.0
[INFO] [stderr]    Compiling webbrowser v0.8.4
[INFO] [stderr]    Compiling crossbeam-channel v0.5.6
[INFO] [stderr]    Compiling zbus v3.7.0
[INFO] [stderr]    Compiling num_cpus v1.15.0
[INFO] [stderr] error: failed to run custom build command for `skia-bindings v0.57.0`
[INFO] [stderr] note: To improve backtraces for build dependencies, set the CARGO_PROFILE_DEV_BUILD_OVERRIDE_DEBUG=true environment variable to enable debug information generation.
[INFO] [stderr] 
[INFO] [stderr] Caused by:
[INFO] [stderr]   process didn't exit successfully: `/opt/rustwide/target/debug/build/skia-bindings-ee2442675a3bfb38/build-script-build` (exit status: 101)
[INFO] [stderr]   --- stdout
[INFO] [stderr]   cargo:rerun-if-env-changed=DOCS_RS
[INFO] [stderr]   cargo:rerun-if-env-changed=SKIA_DEBUG
[INFO] [stderr]   HOST: x86_64-unknown-linux-gnu
[INFO] [stderr]   cargo:rerun-if-env-changed=SKIA_SOURCE_DIR
[INFO] [stderr]   cargo:rerun-if-env-changed=FORCE_SKIA_BUILD
[INFO] [stderr]   cargo:rerun-if-env-changed=FORCE_SKIA_BINARIES_DOWNLOAD
[INFO] [stderr]   TRYING TO DOWNLOAD AND INSTALL SKIA BINARIES: 0.57.0/f31ffb5985e54c655e4c-x86_64-unknown-linux-gnu-textlayout
[INFO] [stderr]   cargo:rerun-if-env-changed=SKIA_BINARIES_URL
[INFO] [stderr]     FROM: https://github.com/rust-skia/skia-binaries/releases/download/0.57.0/skia-binaries-f31ffb5985e54c655e4c-x86_64-unknown-linux-gnu-textlayout.tar.gz
[INFO] [stderr]   DOWNLOAD AND INSTALL FAILED: https://github.com/rust-skia/skia-binaries/releases/download/0.57.0/skia-binaries-f31ffb5985e54c655e4c-x86_64-unknown-linux-gnu-textlayout.tar.gz: Dns Failed: resolve dns name 'github.com:443': failed to lookup address information: Temporary failure in name resolution
[INFO] [stderr]   STARTING A FULL BUILD
[INFO] [stderr]   cargo:rerun-if-env-changed=CLANGCC
[INFO] [stderr]   cargo:rerun-if-env-changed=CC
[INFO] [stderr]   cargo:rerun-if-env-changed=CLANGCXX
[INFO] [stderr]   cargo:rerun-if-env-changed=CXX
[INFO] [stderr]   HOST: x86_64-unknown-linux-gnu
[INFO] [stderr]   cargo:rerun-if-env-changed=OPT_LEVEL
[INFO] [stderr]   cargo:rerun-if-env-changed=SKIA_USE_SYSTEM_LIBRARIES
[INFO] [stderr]   cargo:rerun-if-env-changed=SDKTARGETSYSROOT
[INFO] [stderr]   cargo:rerun-if-env-changed=SDKROOT
[INFO] [stderr]   HOST: x86_64-unknown-linux-gnu
[INFO] [stderr]   cargo:rerun-if-env-changed=SKIA_NINJA_COMMAND
[INFO] [stderr]   cargo:rerun-if-env-changed=SKIA_GN_COMMAND
[INFO] [stderr]   Probing 'python'
[INFO] [stderr]   Probing 'python3'
[INFO] [stderr]   Python 3 found: "python3"
[INFO] [stderr]   Synchronizing Skia dependencies
[INFO] [stderr]   DOWNLOADING: https://codeload.github.com/rust-skia/skia/tar.gz/m108-0.56.3
[INFO] [stderr] 
[INFO] [stderr]   --- stderr
[INFO] [stderr]   thread 'main' panicked at /opt/rustwide/cargo-home/registry/src/index.crates.io-6f17d22bba15001f/skia-bindings-0.57.0/build_support/binary_cache/download.rs:68:35:
[INFO] [stderr]   Failed to download https://codeload.github.com/rust-skia/skia/tar.gz/m108-0.56.3 (https://codeload.github.com/rust-skia/skia/tar.gz/m108-0.56.3: Dns Failed: resolve dns name 'codeload.github.com:443': failed to lookup address information: Temporary failure in name resolution)
[INFO] [stderr]   stack backtrace:
[INFO] [stderr]      0:     0x55e44c66bad6 - std::backtrace_rs::backtrace::libunwind::trace::h261606ad26a499c1
[INFO] [stderr]                                  at /rustc/0e09125c6c3c2fd70d7de961bcf0e51575235fad/library/std/src/../../backtrace/src/backtrace/libunwind.rs:104:5
[INFO] [stderr]      1:     0x55e44c66bad6 - std::backtrace_rs::backtrace::trace_unsynchronized::hd183f0625477fb28
[INFO] [stderr]                                  at /rustc/0e09125c6c3c2fd70d7de961bcf0e51575235fad/library/std/src/../../backtrace/src/backtrace/mod.rs:66:5
[INFO] [stderr]      2:     0x55e44c66bad6 - std::sys_common::backtrace::_print_fmt::hd7f8fef21b4eda67
[INFO] [stderr]                                  at /rustc/0e09125c6c3c2fd70d7de961bcf0e51575235fad/library/std/src/sys_common/backtrace.rs:68:5
[INFO] [stderr]      3:     0x55e44c66bad6 - <std::sys_common::backtrace::_print::DisplayBacktrace as core::fmt::Display>::fmt::h623d9b51f2f453f1
[INFO] [stderr]                                  at /rustc/0e09125c6c3c2fd70d7de961bcf0e51575235fad/library/std/src/sys_common/backtrace.rs:44:22
[INFO] [stderr]      4:     0x55e44c69be90 - core::fmt::rt::Argument::fmt::h9f417ac76a86f368
[INFO] [stderr]                                  at /rustc/0e09125c6c3c2fd70d7de961bcf0e51575235fad/library/core/src/fmt/rt.rs:142:9
[INFO] [stderr]      5:     0x55e44c69be90 - core::fmt::write::hc9b6faf4ac2aeff7
[INFO] [stderr]                                  at /rustc/0e09125c6c3c2fd70d7de961bcf0e51575235fad/library/core/src/fmt/mod.rs:1120:17
[INFO] [stderr]      6:     0x55e44c667abf - std::io::Write::write_fmt::hfead1eee52c2e65e
[INFO] [stderr]                                  at /rustc/0e09125c6c3c2fd70d7de961bcf0e51575235fad/library/std/src/io/mod.rs:1810:15
[INFO] [stderr]      7:     0x55e44c66b8b4 - std::sys_common::backtrace::_print::hd5d66399c7df88a2
[INFO] [stderr]                                  at /rustc/0e09125c6c3c2fd70d7de961bcf0e51575235fad/library/std/src/sys_common/backtrace.rs:47:5
[INFO] [stderr]      8:     0x55e44c66b8b4 - std::sys_common::backtrace::print::he81ed2da642d37e5
[INFO] [stderr]                                  at /rustc/0e09125c6c3c2fd70d7de961bcf0e51575235fad/library/std/src/sys_common/backtrace.rs:34:9
[INFO] [stderr]      9:     0x55e44c66d7e7 - std::panicking::default_hook::{{closure}}::h85773f4fa117163d
[INFO] [stderr]     10:     0x55e44c66d549 - std::panicking::default_hook::h6a1694a91d09b278
[INFO] [stderr]                                  at /rustc/0e09125c6c3c2fd70d7de961bcf0e51575235fad/library/std/src/panicking.rs:292:9
[INFO] [stderr]     11:     0x55e44c66dc78 - std::panicking::rust_panic_with_hook::h0a7ad96e90f7145b
[INFO] [stderr]                                  at /rustc/0e09125c6c3c2fd70d7de961bcf0e51575235fad/library/std/src/panicking.rs:779:13
[INFO] [stderr]     12:     0x55e44c66db52 - std::panicking::begin_panic_handler::{{closure}}::h7919090525c6485e
[INFO] [stderr]                                  at /rustc/0e09125c6c3c2fd70d7de961bcf0e51575235fad/library/std/src/panicking.rs:657:13
[INFO] [stderr]     13:     0x55e44c66bfd6 - std::sys_common::backtrace::__rust_end_short_backtrace::hf3289479464f7dfe
[INFO] [stderr]                                  at /rustc/0e09125c6c3c2fd70d7de961bcf0e51575235fad/library/std/src/sys_common/backtrace.rs:171:18
[INFO] [stderr]     14:     0x55e44c66d8b0 - rust_begin_unwind
[INFO] [stderr]                                  at /rustc/0e09125c6c3c2fd70d7de961bcf0e51575235fad/library/std/src/panicking.rs:645:5
[INFO] [stderr]     15:     0x55e44bdef0b5 - core::panicking::panic_fmt::hcc9f77c5c132af55
[INFO] [stderr]                                  at /rustc/0e09125c6c3c2fd70d7de961bcf0e51575235fad/library/core/src/panicking.rs:72:14
[INFO] [stderr]     16:     0x55e44be158a5 - build_script_build::build_support::binary_cache::download::download_dependencies::{{closure}}::he7395140b45bb561
[INFO] [stderr]     17:     0x55e44be1c060 - core::result::Result<T,E>::unwrap_or_else::h1fc77a11e00cd6fb
[INFO] [stderr]     18:     0x55e44be15252 - build_script_build::build_support::binary_cache::download::download_dependencies::h633f1783ef83daf0
[INFO] [stderr]     19:     0x55e44be14988 - build_script_build::build_support::binary_cache::download::resolve_dependencies::hbf7aef1d9847d7b7
[INFO] [stderr]     20:     0x55e44bdfca23 - build_script_build::build_support::skia::config::build::h5e48987203e98c36
[INFO] [stderr]     21:     0x55e44be1a8d3 - build_script_build::build_from_source::h287edc27bc445979
[INFO] [stderr]     22:     0x55e44be1a2a6 - build_script_build::main::haac90caa703d1add
[INFO] [stderr]     23:     0x55e44be0ee13 - core::ops::function::FnOnce::call_once::hc453f87bb166068e
[INFO] [stderr]     24:     0x55e44be23c56 - std::sys_common::backtrace::__rust_begin_short_backtrace::hf5c52f05e2d0b29b
[INFO] [stderr]     25:     0x55e44be1b649 - std::rt::lang_start::{{closure}}::h28c2a39c8aeac916
[INFO] [stderr]     26:     0x55e44c6620e1 - core::ops::function::impls::<impl core::ops::function::FnOnce<A> for &F>::call_once::h4eb4c5e1620f29b0
[INFO] [stderr]                                  at /rustc/0e09125c6c3c2fd70d7de961bcf0e51575235fad/library/core/src/ops/function.rs:284:13
[INFO] [stderr]     27:     0x55e44c6620e1 - std::panicking::try::do_call::h73fd26535faffcdf
[INFO] [stderr]                                  at /rustc/0e09125c6c3c2fd70d7de961bcf0e51575235fad/library/std/src/panicking.rs:552:40
[INFO] [stderr]     28:     0x55e44c6620e1 - std::panicking::try::h77ff1d98f0fb9f39
[INFO] [stderr]                                  at /rustc/0e09125c6c3c2fd70d7de961bcf0e51575235fad/library/std/src/panicking.rs:516:19
[INFO] [stderr]     29:     0x55e44c6620e1 - std::panic::catch_unwind::hab3caf2448b95e37
[INFO] [stderr]                                  at /rustc/0e09125c6c3c2fd70d7de961bcf0e51575235fad/library/std/src/panic.rs:142:14
[INFO] [stderr]     30:     0x55e44c6620e1 - std::rt::lang_start_internal::{{closure}}::h8086711f9c783f78
[INFO] [stderr]                                  at /rustc/0e09125c6c3c2fd70d7de961bcf0e51575235fad/library/std/src/rt.rs:148:48
[INFO] [stderr]     31:     0x55e44c6620e1 - std::panicking::try::do_call::hf920d4dc291cd6ca
[INFO] [stderr]                                  at /rustc/0e09125c6c3c2fd70d7de961bcf0e51575235fad/library/std/src/panicking.rs:552:40
[INFO] [stderr]     32:     0x55e44c6620e1 - std::panicking::try::h2b806ccc0a85db74
[INFO] [stderr]                                  at /rustc/0e09125c6c3c2fd70d7de961bcf0e51575235fad/library/std/src/panicking.rs:516:19
[INFO] [stderr]     33:     0x55e44c6620e1 - std::panic::catch_unwind::h038489539c507df2
[INFO] [stderr]                                  at /rustc/0e09125c6c3c2fd70d7de961bcf0e51575235fad/library/std/src/panic.rs:142:14
[INFO] [stderr]     34:     0x55e44c6620e1 - std::rt::lang_start_internal::h28503b88912e8a5c
[INFO] [stderr]                                  at /rustc/0e09125c6c3c2fd70d7de961bcf0e51575235fad/library/std/src/rt.rs:148:20
[INFO] [stderr]     35:     0x55e44be1b627 - std::rt::lang_start::h77bcc0219a693d9f
[INFO] [stderr]     36:     0x55e44be1ac85 - main
[INFO] [stderr]     37:     0x7f1ab7c10d90 - <unknown>
[INFO] [stderr]     38:     0x7f1ab7c10e40 - __libc_start_main
[INFO] [stderr]     39:     0x55e44bdef995 - _start
[INFO] [stderr]     40:                0x0 - <unknown>
[INFO] [stderr] warning: build failed, waiting for other jobs to finish...
[INFO] running `Command { std: "docker" "inspect" "9bc328e51a58966a1321f830760f97bd42b3785df52fc384360404d7d47f2fcf", kill_on_drop: false }`
[INFO] running `Command { std: "docker" "rm" "-f" "9bc328e51a58966a1321f830760f97bd42b3785df52fc384360404d7d47f2fcf", kill_on_drop: false }`
[INFO] [stdout] 9bc328e51a58966a1321f830760f97bd42b3785df52fc384360404d7d47f2fcf
