[INFO] cloning repository https://github.com/Ayuei/websocket-relay-rs
[INFO] running `Command { std: "git" "-c" "credential.helper=" "-c" "credential.helper=/workspace/cargo-home/bin/git-credential-null" "clone" "--bare" "https://github.com/Ayuei/websocket-relay-rs" "/workspace/cache/git-repos/https%3A%2F%2Fgithub.com%2FAyuei%2Fwebsocket-relay-rs", kill_on_drop: false }`
[INFO] [stderr] Cloning into bare repository '/workspace/cache/git-repos/https%3A%2F%2Fgithub.com%2FAyuei%2Fwebsocket-relay-rs'...
[INFO] running `Command { std: "git" "rev-parse" "HEAD", kill_on_drop: false }`
[INFO] [stdout] 13d0eb8459ae688623c816dfe07817197a031f41
[INFO] testing Ayuei/websocket-relay-rs against 1.75.0 for beta-1.76-1
[INFO] running `Command { std: "git" "clone" "/workspace/cache/git-repos/https%3A%2F%2Fgithub.com%2FAyuei%2Fwebsocket-relay-rs" "/workspace/builds/worker-6-tc1/source", kill_on_drop: false }`
[INFO] [stderr] Cloning into '/workspace/builds/worker-6-tc1/source'...
[INFO] [stderr] done.
[INFO] validating manifest of git repo https://github.com/Ayuei/websocket-relay-rs on toolchain 1.75.0
[INFO] running `Command { std: CARGO_HOME="/workspace/cargo-home" RUSTUP_HOME="/workspace/rustup-home" "/workspace/cargo-home/bin/cargo" "+1.75.0" "metadata" "--manifest-path" "Cargo.toml" "--no-deps", kill_on_drop: false }`
[INFO] started tweaking git repo https://github.com/Ayuei/websocket-relay-rs
[INFO] finished tweaking git repo https://github.com/Ayuei/websocket-relay-rs
[INFO] tweaked toml for git repo https://github.com/Ayuei/websocket-relay-rs written to /workspace/builds/worker-6-tc1/source/Cargo.toml
[INFO] crate git repo https://github.com/Ayuei/websocket-relay-rs already has a lockfile, it will not be regenerated
[INFO] running `Command { std: CARGO_HOME="/workspace/cargo-home" RUSTUP_HOME="/workspace/rustup-home" "/workspace/cargo-home/bin/cargo" "+1.75.0" "fetch" "--manifest-path" "Cargo.toml", kill_on_drop: false }`
[INFO] running `Command { std: "docker" "create" "-v" "/var/lib/crater-agent-workspace/builds/worker-6-tc1/target:/opt/rustwide/target:rw,Z" "-v" "/var/lib/crater-agent-workspace/builds/worker-6-tc1/source:/opt/rustwide/workdir:ro,Z" "-v" "/var/lib/crater-agent-workspace/cargo-home:/opt/rustwide/cargo-home:ro,Z" "-v" "/var/lib/crater-agent-workspace/rustup-home:/opt/rustwide/rustup-home:ro,Z" "-e" "SOURCE_DIR=/opt/rustwide/workdir" "-e" "CARGO_TARGET_DIR=/opt/rustwide/target" "-e" "CARGO_HOME=/opt/rustwide/cargo-home" "-e" "RUSTUP_HOME=/opt/rustwide/rustup-home" "-w" "/opt/rustwide/workdir" "-m" "1610612736" "--user" "0:0" "--network" "none" "ghcr.io/rust-lang/crates-build-env/linux@sha256:2788e3201cd34a07e3172128adcd8b3090168a8e3bcc40d7c032b9dda1df7d1c" "/opt/rustwide/cargo-home/bin/cargo" "+1.75.0" "metadata" "--no-deps" "--format-version=1", kill_on_drop: false }`
[INFO] [stdout] 7288e498d6c26bcdb237e8d50436172cd37dc587b22027ffd0fe4356d4610c5f
[INFO] running `Command { std: "docker" "start" "-a" "7288e498d6c26bcdb237e8d50436172cd37dc587b22027ffd0fe4356d4610c5f", kill_on_drop: false }`
[INFO] running `Command { std: "docker" "inspect" "7288e498d6c26bcdb237e8d50436172cd37dc587b22027ffd0fe4356d4610c5f", kill_on_drop: false }`
[INFO] running `Command { std: "docker" "rm" "-f" "7288e498d6c26bcdb237e8d50436172cd37dc587b22027ffd0fe4356d4610c5f", kill_on_drop: false }`
[INFO] [stdout] 7288e498d6c26bcdb237e8d50436172cd37dc587b22027ffd0fe4356d4610c5f
[INFO] running `Command { std: "docker" "create" "-v" "/var/lib/crater-agent-workspace/builds/worker-6-tc1/target:/opt/rustwide/target:rw,Z" "-v" "/var/lib/crater-agent-workspace/builds/worker-6-tc1/source:/opt/rustwide/workdir:ro,Z" "-v" "/var/lib/crater-agent-workspace/cargo-home:/opt/rustwide/cargo-home:ro,Z" "-v" "/var/lib/crater-agent-workspace/rustup-home:/opt/rustwide/rustup-home:ro,Z" "-e" "SOURCE_DIR=/opt/rustwide/workdir" "-e" "CARGO_TARGET_DIR=/opt/rustwide/target" "-e" "CARGO_INCREMENTAL=0" "-e" "RUST_BACKTRACE=full" "-e" "RUSTFLAGS=--cap-lints=warn" "-e" "RUSTDOCFLAGS=--cap-lints=warn" "-e" "CARGO_HOME=/opt/rustwide/cargo-home" "-e" "RUSTUP_HOME=/opt/rustwide/rustup-home" "-w" "/opt/rustwide/workdir" "-m" "1610612736" "--user" "0:0" "--network" "none" "ghcr.io/rust-lang/crates-build-env/linux@sha256:2788e3201cd34a07e3172128adcd8b3090168a8e3bcc40d7c032b9dda1df7d1c" "/opt/rustwide/cargo-home/bin/cargo" "+1.75.0" "build" "--frozen" "--message-format=json", kill_on_drop: false }`
[INFO] [stdout] c5814b89d7b3fdb92fa92183c00e934fad0c6c91f1e37292d131e39f8bf0f5b1
[INFO] running `Command { std: "docker" "start" "-a" "c5814b89d7b3fdb92fa92183c00e934fad0c6c91f1e37292d131e39f8bf0f5b1", kill_on_drop: false }`
[INFO] [stderr]    Compiling libc v0.2.91
[INFO] [stderr]    Compiling autocfg v1.0.1
[INFO] [stderr]    Compiling log v0.4.14
[INFO] [stderr]    Compiling proc-macro2 v1.0.24
[INFO] [stderr]    Compiling slab v0.4.2
[INFO] [stderr]    Compiling version_check v0.9.3
[INFO] [stderr]    Compiling memchr v2.3.4
[INFO] [stderr]    Compiling maybe-uninit v2.0.0
[INFO] [stderr]    Compiling unicode-xid v0.2.1
[INFO] [stderr]    Compiling syn v1.0.65
[INFO] [stderr]    Compiling semver-parser v0.7.0
[INFO] [stderr]    Compiling crossbeam-utils v0.7.2
[INFO] [stderr]    Compiling futures v0.1.31
[INFO] [stderr]    Compiling semver v0.9.0
[INFO] [stderr]    Compiling bytes v1.0.1
[INFO] [stderr]    Compiling byteorder v1.4.3
[INFO] [stderr]    Compiling rustc_version v0.2.3
[INFO] [stderr]    Compiling itoa v0.4.7
[INFO] [stderr]    Compiling pin-project-lite v0.2.6
[INFO] [stderr]    Compiling quote v1.0.9
[INFO] [stderr]    Compiling getrandom v0.2.2
[INFO] [stderr]    Compiling typenum v1.13.0
[INFO] [stderr]    Compiling num_cpus v1.13.0
[INFO] [stderr]    Compiling iovec v0.1.4
[INFO] [stderr]    Compiling parking_lot_core v0.6.2
[INFO] [stderr]    Compiling bytes v0.4.12
[INFO] [stderr]    Compiling generic-array v0.14.4
[INFO] [stderr]    Compiling instant v0.1.9
[INFO] [stderr]    Compiling futures-core v0.3.13
[INFO] [stderr]    Compiling proc-macro-hack v0.5.19
[INFO] [stderr]    Compiling tokio-executor v0.1.10
[INFO] [stderr]    Compiling ppv-lite86 v0.2.10
[INFO] [stderr]    Compiling smallvec v1.6.1
[INFO] [stderr]    Compiling parking_lot_core v0.8.3
[INFO] [stderr]    Compiling tokio-io v0.1.13
[INFO] [stderr]    Compiling net2 v0.2.37
[INFO] [stderr]    Compiling http v0.2.3
[INFO] [stderr]    Compiling parking_lot v0.9.0
[INFO] [stderr]    Compiling memoffset v0.5.6
[INFO] [stderr]    Compiling tokio v1.4.0
[INFO] [stderr]    Compiling smallvec v0.6.14
[INFO] [stderr]    Compiling lock_api v0.4.2
[INFO] [stderr]    Compiling matches v0.1.8
[INFO] [stderr]    Compiling futures-sink v0.3.13
[INFO] [stderr]    Compiling proc-macro-nested v0.1.7
[INFO] [stderr]    Compiling parking_lot v0.11.1
[INFO] [stderr]    Compiling mio v0.6.23
[INFO] [stderr]    Compiling rand_core v0.6.2
[INFO] [stderr]    Compiling signal-hook-registry v1.3.0
[INFO] [stderr]    Compiling mio v0.7.11
[INFO] [stderr]    Compiling crossbeam-epoch v0.8.2
[INFO] [stderr]    Compiling unicase v2.6.0
[INFO] [stderr]    Compiling lock_api v0.3.4
[INFO] [stderr]    Compiling httparse v1.3.5
[INFO] [stderr]    Compiling once_cell v1.7.2
[INFO] [stderr]    Compiling tinyvec v1.1.1
[INFO] [stderr]    Compiling rand_chacha v0.3.0
[INFO] [stderr]    Compiling tokio-sync v0.1.8
[INFO] [stderr]    Compiling futures-task v0.3.13
[INFO] [stderr]    Compiling form_urlencoded v1.0.1
[INFO] [stderr]    Compiling rand v0.8.3
[INFO] [stderr]    Compiling unicode-normalization v0.1.17
[INFO] [stderr]    Compiling tokio-reactor v0.1.12
[INFO] [stderr]    Compiling getrandom v0.1.16
[INFO] [stderr]    Compiling digest v0.9.0
[INFO] [stderr]    Compiling block-buffer v0.9.0
[INFO] [stderr]    Compiling unicode-bidi v0.3.4
[INFO] [stderr]    Compiling num-traits v0.2.14
[INFO] [stderr]    Compiling indexmap v1.6.2
[INFO] [stderr]    Compiling serde v1.0.125
[INFO] [stderr]    Compiling cpuid-bool v0.1.2
[INFO] [stderr]    Compiling ryu v1.0.5
[INFO] [stderr]    Compiling idna v0.2.2
[INFO] [stderr]    Compiling sha-1 v0.9.4
[INFO] [stderr]    Compiling rand_core v0.5.1
[INFO] [stderr]    Compiling mime_guess v2.0.3
[INFO] [stderr]    Compiling crossbeam-deque v0.7.3
[INFO] [stderr]    Compiling tokio-codec v0.1.2
[INFO] [stderr]    Compiling crossbeam-queue v0.2.3
[INFO] [stderr]    Compiling time v0.1.43
[INFO] [stderr]    Compiling num-integer v0.1.44
[INFO] [stderr]    Compiling tracing-core v0.1.17
[INFO] [stderr]    Compiling hashbrown v0.9.1
[INFO] [stderr]    Compiling bitflags v1.2.1
[INFO] [stderr]    Compiling tokio-threadpool v0.1.18
[INFO] [stderr]    Compiling url v2.2.1
[INFO] [stderr]    Compiling tracing v0.1.25
[INFO] [stderr]    Compiling rand_chacha v0.2.2
[INFO] [stderr]    Compiling mio-uds v0.6.8
[INFO] [stderr]    Compiling futures-channel v0.3.13
[INFO] [stderr]    Compiling input_buffer v0.4.0
[INFO] [stderr]    Compiling aho-corasick v0.7.15
[INFO] [stderr]    Compiling remove_dir_all v0.5.3
[INFO] [stderr]    Compiling serde_json v1.0.64
[INFO] [stderr]    Compiling regex-syntax v0.6.23
[INFO] [stderr]    Compiling safemem v0.3.3
[INFO] [stderr]    Compiling tokio-macros v1.1.0
[INFO] [stderr]    Compiling futures-macro v0.3.13
[INFO] [stderr]    Compiling pin-project-internal v1.0.6
[INFO] [stderr]    Compiling utf-8 v0.7.5
[INFO] [stderr]    Compiling tungstenite v0.12.0
[INFO] [stderr]    Compiling buf_redux v0.8.4
[INFO] [stderr]    Compiling want v0.3.0
[INFO] [stderr]    Compiling tempfile v3.2.0
[INFO] [stderr]    Compiling futures-util v0.3.13
[INFO] [stderr]    Compiling regex v1.4.5
[INFO] [stderr]    Compiling tokio-uds v0.2.7
[INFO] [stderr]    Compiling rand v0.7.3
[INFO] [stderr]    Compiling tokio-fs v0.1.7
[INFO] [stderr]    Compiling pin-project v1.0.6
[INFO] [stderr]    Compiling tokio-udp v0.1.6
[INFO] [stderr]    Compiling tokio-tcp v0.1.4
[INFO] [stderr]    Compiling headers-core v0.2.0
[INFO] [stderr]    Compiling http-body v0.4.1
[INFO] [stderr]    Compiling tokio-timer v0.2.13
[INFO] [stderr]    Compiling tokio-current-thread v0.1.7
[INFO] [stderr]    Compiling atty v0.2.14
[INFO] [stderr]    Compiling socket2 v0.4.0
[INFO] [stderr]    Compiling twoway v0.1.8
[INFO] [stderr]    Compiling termcolor v1.1.2
[INFO] [stderr]    Compiling httpdate v0.3.2
[INFO] [stderr]    Compiling futures-io v0.3.13
[INFO] [stderr]    Compiling env_logger v0.6.2
[INFO] [stderr]    Compiling tokio v0.1.22
[INFO] [stderr]    Compiling multipart v0.17.1
[INFO] [stderr]    Compiling headers v0.3.4
[INFO] [stderr]    Compiling futures v0.3.13
[INFO] [stderr]    Compiling serde_urlencoded v0.7.0
[INFO] [stderr]    Compiling chrono v0.4.19
[INFO] [stderr]    Compiling scoped-tls v0.1.2
[INFO] [stderr]    Compiling scoped-tls v1.0.0
[INFO] [stderr]    Compiling tokio-core v0.1.18
[INFO] [stderr]    Compiling tokio-util v0.6.5
[INFO] [stderr]    Compiling tokio-stream v0.1.5
[INFO] [stderr]    Compiling tokio-tungstenite v0.13.0
[INFO] [stderr]    Compiling pretty_env_logger v0.3.1
[INFO] [stderr]    Compiling h2 v0.3.2
[INFO] [stderr]    Compiling hyper v0.14.5
[INFO] [stderr]    Compiling warp v0.3.1
[INFO] [stderr]    Compiling websocket-relay-rs v0.1.0 (/opt/rustwide/workdir)
[INFO] [stdout] error[E0432]: unresolved import `futures::SinkExt`
[INFO] [stdout]  --> src/main.rs:6:5
[INFO] [stdout]   |
[INFO] [stdout] 6 | use futures::SinkExt;
[INFO] [stdout]   |     ^^^^^^^^^^^^^^^^ no `SinkExt` in the root
[INFO] [stdout]   |
[INFO] [stdout] help: consider importing this trait instead
[INFO] [stdout]   |
[INFO] [stdout] 6 | use futures_util::SinkExt;
[INFO] [stdout]   |     ~~~~~~~~~~~~~~~~~~~~~
[INFO] [stdout] 
[INFO] [stdout] 
[INFO] [stdout] error[E0599]: no method named `send` found for struct `futures_util::stream::SplitSink` in the current scope
[INFO] [stdout]    --> src/main.rs:98:36
[INFO] [stdout]     |
[INFO] [stdout] 98  |                 if let Err(e) = tx.send(Message::text(m)).await {
[INFO] [stdout]     |                                    ^^^^ method not found in `SplitSink<WebSocket, Message>`
[INFO] [stdout]     |
[INFO] [stdout]    ::: /opt/rustwide/cargo-home/registry/src/index.crates.io-6f17d22bba15001f/futures-util-0.3.13/src/sink/mod.rs:220:8
[INFO] [stdout]     |
[INFO] [stdout] 220 |     fn send(&mut self, item: Item) -> Send<'_, Self, Item>
[INFO] [stdout]     |        ---- the method is available for `futures_util::stream::SplitSink<warp::ws::WebSocket, warp::ws::Message>` here
[INFO] [stdout]     |
[INFO] [stdout]     = help: items from traits can only be used if the trait is in scope
[INFO] [stdout] help: the following trait is implemented but not in scope; perhaps add a `use` for it:
[INFO] [stdout]     |
[INFO] [stdout] 3   + use futures_util::SinkExt;
[INFO] [stdout]     |
[INFO] [stdout] 
[INFO] [stdout] 
[INFO] [stdout] error: aborting due to 2 previous errors
[INFO] [stdout] 
[INFO] [stdout] 
[INFO] [stdout] Some errors have detailed explanations: E0432, E0599.
[INFO] [stdout] 
[INFO] [stdout] For more information about an error, try `rustc --explain E0432`.
[INFO] [stdout] 
[INFO] [stderr] error: could not compile `websocket-relay-rs` (bin "websocket-relay-rs") due to 3 previous errors
[INFO] running `Command { std: "docker" "inspect" "c5814b89d7b3fdb92fa92183c00e934fad0c6c91f1e37292d131e39f8bf0f5b1", kill_on_drop: false }`
[INFO] running `Command { std: "docker" "rm" "-f" "c5814b89d7b3fdb92fa92183c00e934fad0c6c91f1e37292d131e39f8bf0f5b1", kill_on_drop: false }`
[INFO] [stdout] c5814b89d7b3fdb92fa92183c00e934fad0c6c91f1e37292d131e39f8bf0f5b1
[INFO] testing Ayuei/websocket-relay-rs against beta-2023-12-22 for beta-1.76-1
[INFO] running `Command { std: "git" "clone" "/workspace/cache/git-repos/https%3A%2F%2Fgithub.com%2FAyuei%2Fwebsocket-relay-rs" "/workspace/builds/worker-6-tc2/source", kill_on_drop: false }`
[INFO] [stderr] Cloning into '/workspace/builds/worker-6-tc2/source'...
[INFO] [stderr] done.
[INFO] validating manifest of git repo https://github.com/Ayuei/websocket-relay-rs on toolchain beta-2023-12-22
[INFO] running `Command { std: CARGO_HOME="/workspace/cargo-home" RUSTUP_HOME="/workspace/rustup-home" "/workspace/cargo-home/bin/cargo" "+beta-2023-12-22" "metadata" "--manifest-path" "Cargo.toml" "--no-deps", kill_on_drop: false }`
[INFO] started tweaking git repo https://github.com/Ayuei/websocket-relay-rs
[INFO] finished tweaking git repo https://github.com/Ayuei/websocket-relay-rs
[INFO] tweaked toml for git repo https://github.com/Ayuei/websocket-relay-rs written to /workspace/builds/worker-6-tc2/source/Cargo.toml
[INFO] crate git repo https://github.com/Ayuei/websocket-relay-rs already has a lockfile, it will not be regenerated
[INFO] running `Command { std: CARGO_HOME="/workspace/cargo-home" RUSTUP_HOME="/workspace/rustup-home" "/workspace/cargo-home/bin/cargo" "+beta-2023-12-22" "fetch" "--manifest-path" "Cargo.toml", kill_on_drop: false }`
[INFO] running `Command { std: "docker" "create" "-v" "/var/lib/crater-agent-workspace/builds/worker-6-tc2/target:/opt/rustwide/target:rw,Z" "-v" "/var/lib/crater-agent-workspace/builds/worker-6-tc2/source:/opt/rustwide/workdir:ro,Z" "-v" "/var/lib/crater-agent-workspace/cargo-home:/opt/rustwide/cargo-home:ro,Z" "-v" "/var/lib/crater-agent-workspace/rustup-home:/opt/rustwide/rustup-home:ro,Z" "-e" "SOURCE_DIR=/opt/rustwide/workdir" "-e" "CARGO_TARGET_DIR=/opt/rustwide/target" "-e" "CARGO_HOME=/opt/rustwide/cargo-home" "-e" "RUSTUP_HOME=/opt/rustwide/rustup-home" "-w" "/opt/rustwide/workdir" "-m" "1610612736" "--user" "0:0" "--network" "none" "ghcr.io/rust-lang/crates-build-env/linux@sha256:2788e3201cd34a07e3172128adcd8b3090168a8e3bcc40d7c032b9dda1df7d1c" "/opt/rustwide/cargo-home/bin/cargo" "+beta-2023-12-22" "metadata" "--no-deps" "--format-version=1", kill_on_drop: false }`
[INFO] [stdout] f1f49017a5a0035300a55cacf09fc4ffd70b90ae8d021c033276ba667649187c
[INFO] running `Command { std: "docker" "start" "-a" "f1f49017a5a0035300a55cacf09fc4ffd70b90ae8d021c033276ba667649187c", kill_on_drop: false }`
[INFO] running `Command { std: "docker" "inspect" "f1f49017a5a0035300a55cacf09fc4ffd70b90ae8d021c033276ba667649187c", kill_on_drop: false }`
[INFO] running `Command { std: "docker" "rm" "-f" "f1f49017a5a0035300a55cacf09fc4ffd70b90ae8d021c033276ba667649187c", kill_on_drop: false }`
[INFO] [stdout] f1f49017a5a0035300a55cacf09fc4ffd70b90ae8d021c033276ba667649187c
[INFO] running `Command { std: "docker" "create" "-v" "/var/lib/crater-agent-workspace/builds/worker-6-tc2/target:/opt/rustwide/target:rw,Z" "-v" "/var/lib/crater-agent-workspace/builds/worker-6-tc2/source:/opt/rustwide/workdir:ro,Z" "-v" "/var/lib/crater-agent-workspace/cargo-home:/opt/rustwide/cargo-home:ro,Z" "-v" "/var/lib/crater-agent-workspace/rustup-home:/opt/rustwide/rustup-home:ro,Z" "-e" "SOURCE_DIR=/opt/rustwide/workdir" "-e" "CARGO_TARGET_DIR=/opt/rustwide/target" "-e" "CARGO_INCREMENTAL=0" "-e" "RUST_BACKTRACE=full" "-e" "RUSTFLAGS=--cap-lints=warn" "-e" "RUSTDOCFLAGS=--cap-lints=warn" "-e" "CARGO_HOME=/opt/rustwide/cargo-home" "-e" "RUSTUP_HOME=/opt/rustwide/rustup-home" "-w" "/opt/rustwide/workdir" "-m" "1610612736" "--user" "0:0" "--network" "none" "ghcr.io/rust-lang/crates-build-env/linux@sha256:2788e3201cd34a07e3172128adcd8b3090168a8e3bcc40d7c032b9dda1df7d1c" "/opt/rustwide/cargo-home/bin/cargo" "+beta-2023-12-22" "build" "--frozen" "--message-format=json", kill_on_drop: false }`
[INFO] [stdout] 4cfc743a70c02a969376ba5fa74ba112acb5d3150ede4cea881950e20704e2fd
[INFO] running `Command { std: "docker" "start" "-a" "4cfc743a70c02a969376ba5fa74ba112acb5d3150ede4cea881950e20704e2fd", kill_on_drop: false }`
[INFO] [stderr]    Compiling libc v0.2.91
[INFO] [stderr]    Compiling autocfg v1.0.1
[INFO] [stderr]    Compiling log v0.4.14
[INFO] [stderr]    Compiling slab v0.4.2
[INFO] [stderr]    Compiling proc-macro2 v1.0.24
[INFO] [stderr]    Compiling version_check v0.9.3
[INFO] [stderr]    Compiling memchr v2.3.4
[INFO] [stderr]    Compiling maybe-uninit v2.0.0
[INFO] [stderr]    Compiling unicode-xid v0.2.1
[INFO] [stderr]    Compiling syn v1.0.65
[INFO] [stderr]    Compiling semver-parser v0.7.0
[INFO] [stderr]    Compiling crossbeam-utils v0.7.2
[INFO] [stderr]    Compiling futures v0.1.31
[INFO] [stderr]    Compiling byteorder v1.4.3
[INFO] [stderr]    Compiling semver v0.9.0
[INFO] [stderr]    Compiling bytes v1.0.1
[INFO] [stderr]    Compiling pin-project-lite v0.2.6
[INFO] [stderr]    Compiling itoa v0.4.7
[INFO] [stderr]    Compiling getrandom v0.2.2
[INFO] [stderr]    Compiling num_cpus v1.13.0
[INFO] [stderr]    Compiling quote v1.0.9
[INFO] [stderr]    Compiling iovec v0.1.4
[INFO] [stderr]    Compiling rustc_version v0.2.3
[INFO] [stderr]    Compiling typenum v1.13.0
[INFO] [stderr]    Compiling parking_lot_core v0.6.2
[INFO] [stderr]    Compiling bytes v0.4.12
[INFO] [stderr]    Compiling generic-array v0.14.4
[INFO] [stderr]    Compiling instant v0.1.9
[INFO] [stderr]    Compiling futures-core v0.3.13
[INFO] [stderr]    Compiling smallvec v1.6.1
[INFO] [stderr]    Compiling proc-macro-hack v0.5.19
[INFO] [stderr]    Compiling ppv-lite86 v0.2.10
[INFO] [stderr]    Compiling tokio-executor v0.1.10
[INFO] [stderr]    Compiling parking_lot_core v0.8.3
[INFO] [stderr]    Compiling tokio-io v0.1.13
[INFO] [stderr]    Compiling parking_lot v0.9.0
[INFO] [stderr]    Compiling http v0.2.3
[INFO] [stderr]    Compiling net2 v0.2.37
[INFO] [stderr]    Compiling memoffset v0.5.6
[INFO] [stderr]    Compiling tokio v1.4.0
[INFO] [stderr]    Compiling smallvec v0.6.14
[INFO] [stderr]    Compiling lock_api v0.4.2
[INFO] [stderr]    Compiling proc-macro-nested v0.1.7
[INFO] [stderr]    Compiling futures-sink v0.3.13
[INFO] [stderr]    Compiling matches v0.1.8
[INFO] [stderr]    Compiling parking_lot v0.11.1
[INFO] [stderr]    Compiling mio v0.6.23
[INFO] [stderr]    Compiling rand_core v0.6.2
[INFO] [stderr]    Compiling mio v0.7.11
[INFO] [stderr]    Compiling signal-hook-registry v1.3.0
[INFO] [stderr]    Compiling unicase v2.6.0
[INFO] [stderr]    Compiling crossbeam-epoch v0.8.2
[INFO] [stderr]    Compiling lock_api v0.3.4
[INFO] [stderr]    Compiling httparse v1.3.5
[INFO] [stderr]    Compiling once_cell v1.7.2
[INFO] [stderr]    Compiling tinyvec v1.1.1
[INFO] [stderr]    Compiling rand_chacha v0.3.0
[INFO] [stderr]    Compiling tokio-sync v0.1.8
[INFO] [stderr]    Compiling futures-task v0.3.13
[INFO] [stderr]    Compiling rand v0.8.3
[INFO] [stderr]    Compiling form_urlencoded v1.0.1
[INFO] [stderr]    Compiling tokio-reactor v0.1.12
[INFO] [stderr]    Compiling getrandom v0.1.16
[INFO] [stderr]    Compiling unicode-normalization v0.1.17
[INFO] [stderr]    Compiling digest v0.9.0
[INFO] [stderr]    Compiling block-buffer v0.9.0
[INFO] [stderr]    Compiling unicode-bidi v0.3.4
[INFO] [stderr]    Compiling indexmap v1.6.2
[INFO] [stderr]    Compiling num-traits v0.2.14
[INFO] [stderr]    Compiling serde v1.0.125
[INFO] [stderr]    Compiling ryu v1.0.5
[INFO] [stderr]    Compiling cpuid-bool v0.1.2
[INFO] [stderr]    Compiling sha-1 v0.9.4
[INFO] [stderr]    Compiling mime_guess v2.0.3
[INFO] [stderr]    Compiling rand_core v0.5.1
[INFO] [stderr]    Compiling crossbeam-deque v0.7.3
[INFO] [stderr]    Compiling tokio-codec v0.1.2
[INFO] [stderr]    Compiling idna v0.2.2
[INFO] [stderr]    Compiling crossbeam-queue v0.2.3
[INFO] [stderr]    Compiling time v0.1.43
[INFO] [stderr]    Compiling num-integer v0.1.44
[INFO] [stderr]    Compiling tracing-core v0.1.17
[INFO] [stderr]    Compiling hashbrown v0.9.1
[INFO] [stderr]    Compiling bitflags v1.2.1
[INFO] [stderr]    Compiling tokio-threadpool v0.1.18
[INFO] [stderr]    Compiling tracing v0.1.25
[INFO] [stderr]    Compiling rand_chacha v0.2.2
[INFO] [stderr]    Compiling url v2.2.1
[INFO] [stderr]    Compiling tokio-macros v1.1.0
[INFO] [stderr]    Compiling futures-macro v0.3.13
[INFO] [stderr]    Compiling pin-project-internal v1.0.6
[INFO] [stderr]    Compiling mio-uds v0.6.8
[INFO] [stderr]    Compiling futures-channel v0.3.13
[INFO] [stderr]    Compiling input_buffer v0.4.0
[INFO] [stderr]    Compiling aho-corasick v0.7.15
[INFO] [stderr]    Compiling safemem v0.3.3
[INFO] [stderr]    Compiling regex-syntax v0.6.23
[INFO] [stderr]    Compiling utf-8 v0.7.5
[INFO] [stderr]    Compiling remove_dir_all v0.5.3
[INFO] [stderr]    Compiling serde_json v1.0.64
[INFO] [stderr]    Compiling tempfile v3.2.0
[INFO] [stderr]    Compiling futures-util v0.3.13
[INFO] [stderr]    Compiling want v0.3.0
[INFO] [stderr]    Compiling tungstenite v0.12.0
[INFO] [stderr]    Compiling buf_redux v0.8.4
[INFO] [stderr]    Compiling pin-project v1.0.6
[INFO] [stderr]    Compiling tokio-uds v0.2.7
[INFO] [stderr]    Compiling tokio-fs v0.1.7
[INFO] [stderr]    Compiling rand v0.7.3
[INFO] [stderr]    Compiling tokio-udp v0.1.6
[INFO] [stderr]    Compiling tokio-tcp v0.1.4
[INFO] [stderr]    Compiling regex v1.4.5
[INFO] [stderr]    Compiling headers-core v0.2.0
[INFO] [stderr]    Compiling http-body v0.4.1
[INFO] [stderr]    Compiling tokio-timer v0.2.13
[INFO] [stderr]    Compiling tokio-current-thread v0.1.7
[INFO] [stderr]    Compiling socket2 v0.4.0
[INFO] [stderr]    Compiling atty v0.2.14
[INFO] [stderr]    Compiling twoway v0.1.8
[INFO] [stderr]    Compiling httpdate v0.3.2
[INFO] [stderr]    Compiling termcolor v1.1.2
[INFO] [stderr]    Compiling futures-io v0.3.13
[INFO] [stderr]    Compiling env_logger v0.6.2
[INFO] [stderr]    Compiling multipart v0.17.1
[INFO] [stderr]    Compiling futures v0.3.13
[INFO] [stderr]    Compiling serde_urlencoded v0.7.0
[INFO] [stderr]    Compiling tokio v0.1.22
[INFO] [stderr]    Compiling headers v0.3.4
[INFO] [stderr]    Compiling chrono v0.4.19
[INFO] [stderr]    Compiling scoped-tls v0.1.2
[INFO] [stderr]    Compiling scoped-tls v1.0.0
[INFO] [stderr]    Compiling tokio-core v0.1.18
[INFO] [stderr]    Compiling tokio-util v0.6.5
[INFO] [stderr]    Compiling tokio-stream v0.1.5
[INFO] [stderr]    Compiling tokio-tungstenite v0.13.0
[INFO] [stderr]    Compiling h2 v0.3.2
[INFO] [stderr]    Compiling pretty_env_logger v0.3.1
[INFO] [stderr]    Compiling hyper v0.14.5
[INFO] [stderr]    Compiling warp v0.3.1
[INFO] [stderr]    Compiling websocket-relay-rs v0.1.0 (/opt/rustwide/workdir)
[INFO] [stdout] error[E0432]: unresolved import `futures::SinkExt`
[INFO] [stdout]  --> src/main.rs:6:5
[INFO] [stdout]   |
[INFO] [stdout] 6 | use futures::SinkExt;
[INFO] [stdout]   |     ^^^^^^^^^^^^^^^^ no `SinkExt` in the root
[INFO] [stdout]   |
[INFO] [stdout] help: consider importing this trait instead
[INFO] [stdout]   |
[INFO] [stdout] 6 | use futures_util::SinkExt;
[INFO] [stdout]   |     ~~~~~~~~~~~~~~~~~~~~~
[INFO] [stdout] 
[INFO] [stdout] 
[INFO] [stdout] error[E0599]: no method named `send` found for struct `futures_util::stream::SplitSink` in the current scope
[INFO] [stdout]    --> src/main.rs:98:36
[INFO] [stdout]     |
[INFO] [stdout] 98  |                 if let Err(e) = tx.send(Message::text(m)).await {
[INFO] [stdout]     |                                    ^^^^ method not found in `SplitSink<WebSocket, Message>`
[INFO] [stdout]     |
[INFO] [stdout]    ::: /opt/rustwide/cargo-home/registry/src/index.crates.io-6f17d22bba15001f/futures-util-0.3.13/src/sink/mod.rs:220:8
[INFO] [stdout]     |
[INFO] [stdout] 220 |     fn send(&mut self, item: Item) -> Send<'_, Self, Item>
[INFO] [stdout]     |        ---- the method is available for `futures_util::stream::SplitSink<warp::ws::WebSocket, warp::ws::Message>` here
[INFO] [stdout]     |
[INFO] [stdout]     = help: items from traits can only be used if the trait is in scope
[INFO] [stdout] help: the following trait is implemented but not in scope; perhaps add a `use` for it:
[INFO] [stdout]     |
[INFO] [stdout] 3   + use futures_util::SinkExt;
[INFO] [stdout]     |
[INFO] [stdout] 
[INFO] [stdout] 
[INFO] [stdout] error: aborting due to 2 previous errors
[INFO] [stdout] 
[INFO] [stdout] 
[INFO] [stdout] Some errors have detailed explanations: E0432, E0599.
[INFO] [stdout] 
[INFO] [stdout] For more information about an error, try `rustc --explain E0432`.
[INFO] [stdout] 
[INFO] [stderr] error: could not compile `websocket-relay-rs` (bin "websocket-relay-rs") due to 3 previous errors
[INFO] running `Command { std: "docker" "inspect" "4cfc743a70c02a969376ba5fa74ba112acb5d3150ede4cea881950e20704e2fd", kill_on_drop: false }`
[INFO] running `Command { std: "docker" "rm" "-f" "4cfc743a70c02a969376ba5fa74ba112acb5d3150ede4cea881950e20704e2fd", kill_on_drop: false }`
[INFO] [stdout] 4cfc743a70c02a969376ba5fa74ba112acb5d3150ede4cea881950e20704e2fd
