[INFO] cloning repository https://github.com/AuracleTech/nasus
[INFO] running `Command { std: "git" "-c" "credential.helper=" "-c" "credential.helper=/workspace/cargo-home/bin/git-credential-null" "clone" "--bare" "https://github.com/AuracleTech/nasus" "/workspace/cache/git-repos/https%3A%2F%2Fgithub.com%2FAuracleTech%2Fnasus", kill_on_drop: false }`
[INFO] [stderr] Cloning into bare repository '/workspace/cache/git-repos/https%3A%2F%2Fgithub.com%2FAuracleTech%2Fnasus'...
[INFO] running `Command { std: "git" "rev-parse" "HEAD", kill_on_drop: false }`
[INFO] [stdout] 91026dd04784c7af704b055555b10ced5a8e64e5
[INFO] testing AuracleTech/nasus against 1.75.0 for beta-1.76-1
[INFO] running `Command { std: "git" "clone" "/workspace/cache/git-repos/https%3A%2F%2Fgithub.com%2FAuracleTech%2Fnasus" "/workspace/builds/worker-1-tc1/source", kill_on_drop: false }`
[INFO] [stderr] Cloning into '/workspace/builds/worker-1-tc1/source'...
[INFO] [stderr] done.
[INFO] validating manifest of git repo https://github.com/AuracleTech/nasus on toolchain 1.75.0
[INFO] running `Command { std: CARGO_HOME="/workspace/cargo-home" RUSTUP_HOME="/workspace/rustup-home" "/workspace/cargo-home/bin/cargo" "+1.75.0" "metadata" "--manifest-path" "Cargo.toml" "--no-deps", kill_on_drop: false }`
[INFO] started tweaking git repo https://github.com/AuracleTech/nasus
[INFO] finished tweaking git repo https://github.com/AuracleTech/nasus
[INFO] tweaked toml for git repo https://github.com/AuracleTech/nasus written to /workspace/builds/worker-1-tc1/source/Cargo.toml
[INFO] crate git repo https://github.com/AuracleTech/nasus already has a lockfile, it will not be regenerated
[INFO] running `Command { std: CARGO_HOME="/workspace/cargo-home" RUSTUP_HOME="/workspace/rustup-home" "/workspace/cargo-home/bin/cargo" "+1.75.0" "fetch" "--manifest-path" "Cargo.toml", kill_on_drop: false }`
[INFO] running `Command { std: "docker" "create" "-v" "/var/lib/crater-agent-workspace/builds/worker-1-tc1/target:/opt/rustwide/target:rw,Z" "-v" "/var/lib/crater-agent-workspace/builds/worker-1-tc1/source:/opt/rustwide/workdir:ro,Z" "-v" "/var/lib/crater-agent-workspace/cargo-home:/opt/rustwide/cargo-home:ro,Z" "-v" "/var/lib/crater-agent-workspace/rustup-home:/opt/rustwide/rustup-home:ro,Z" "-e" "SOURCE_DIR=/opt/rustwide/workdir" "-e" "CARGO_TARGET_DIR=/opt/rustwide/target" "-e" "CARGO_HOME=/opt/rustwide/cargo-home" "-e" "RUSTUP_HOME=/opt/rustwide/rustup-home" "-w" "/opt/rustwide/workdir" "-m" "1610612736" "--user" "0:0" "--network" "none" "ghcr.io/rust-lang/crates-build-env/linux@sha256:2788e3201cd34a07e3172128adcd8b3090168a8e3bcc40d7c032b9dda1df7d1c" "/opt/rustwide/cargo-home/bin/cargo" "+1.75.0" "metadata" "--no-deps" "--format-version=1", kill_on_drop: false }`
[INFO] [stdout] bb4bc6f4a92b88da0f998976da39b0cef50237c1f3727e17ed1f8f566e6e7103
[INFO] running `Command { std: "docker" "start" "-a" "bb4bc6f4a92b88da0f998976da39b0cef50237c1f3727e17ed1f8f566e6e7103", kill_on_drop: false }`
[INFO] running `Command { std: "docker" "inspect" "bb4bc6f4a92b88da0f998976da39b0cef50237c1f3727e17ed1f8f566e6e7103", kill_on_drop: false }`
[INFO] running `Command { std: "docker" "rm" "-f" "bb4bc6f4a92b88da0f998976da39b0cef50237c1f3727e17ed1f8f566e6e7103", kill_on_drop: false }`
[INFO] [stdout] bb4bc6f4a92b88da0f998976da39b0cef50237c1f3727e17ed1f8f566e6e7103
[INFO] running `Command { std: "docker" "create" "-v" "/var/lib/crater-agent-workspace/builds/worker-1-tc1/target:/opt/rustwide/target:rw,Z" "-v" "/var/lib/crater-agent-workspace/builds/worker-1-tc1/source:/opt/rustwide/workdir:ro,Z" "-v" "/var/lib/crater-agent-workspace/cargo-home:/opt/rustwide/cargo-home:ro,Z" "-v" "/var/lib/crater-agent-workspace/rustup-home:/opt/rustwide/rustup-home:ro,Z" "-e" "SOURCE_DIR=/opt/rustwide/workdir" "-e" "CARGO_TARGET_DIR=/opt/rustwide/target" "-e" "CARGO_INCREMENTAL=0" "-e" "RUST_BACKTRACE=full" "-e" "RUSTFLAGS=--cap-lints=warn" "-e" "RUSTDOCFLAGS=--cap-lints=warn" "-e" "CARGO_HOME=/opt/rustwide/cargo-home" "-e" "RUSTUP_HOME=/opt/rustwide/rustup-home" "-w" "/opt/rustwide/workdir" "-m" "1610612736" "--user" "0:0" "--network" "none" "ghcr.io/rust-lang/crates-build-env/linux@sha256:2788e3201cd34a07e3172128adcd8b3090168a8e3bcc40d7c032b9dda1df7d1c" "/opt/rustwide/cargo-home/bin/cargo" "+1.75.0" "build" "--frozen" "--message-format=json", kill_on_drop: false }`
[INFO] [stdout] 25a3a594f9b9e2dc5eb9d11eedc2011edacf162d31f244718c54c75ba6294504
[INFO] running `Command { std: "docker" "start" "-a" "25a3a594f9b9e2dc5eb9d11eedc2011edacf162d31f244718c54c75ba6294504", kill_on_drop: false }`
[INFO] [stderr]    Compiling proc-macro2 v1.0.51
[INFO] [stderr]    Compiling unicode-ident v1.0.6
[INFO] [stderr]    Compiling quote v1.0.23
[INFO] [stderr]    Compiling libc v0.2.139
[INFO] [stderr]    Compiling syn v1.0.107
[INFO] [stderr]    Compiling futures-core v0.3.26
[INFO] [stderr]    Compiling futures-task v0.3.26
[INFO] [stderr]    Compiling futures-channel v0.3.26
[INFO] [stderr]    Compiling lock_api v0.4.9
[INFO] [stderr]    Compiling futures-sink v0.3.26
[INFO] [stderr]    Compiling futures-util v0.3.26
[INFO] [stderr]    Compiling log v0.4.17
[INFO] [stderr]    Compiling parking_lot_core v0.9.7
[INFO] [stderr]    Compiling smallvec v1.10.0
[INFO] [stderr]    Compiling scopeguard v1.1.0
[INFO] [stderr]    Compiling futures-io v0.3.26
[INFO] [stderr]    Compiling tokio v1.25.0
[INFO] [stderr]    Compiling bytes v1.4.0
[INFO] [stderr]    Compiling signal-hook-registry v1.4.1
[INFO] [stderr]    Compiling num_cpus v1.15.0
[INFO] [stderr]    Compiling socket2 v0.4.7
[INFO] [stderr]    Compiling mio v0.8.5
[INFO] [stderr]    Compiling parking_lot v0.12.1
[INFO] [stderr]    Compiling futures-macro v0.3.26
[INFO] [stderr]    Compiling tokio-macros v1.8.2
[INFO] [stderr]    Compiling futures-executor v0.3.26
[INFO] [stderr]    Compiling futures v0.3.26
[INFO] [stderr]    Compiling nasus v0.2.1 (/opt/rustwide/workdir)
[INFO] [stderr]     Finished dev [unoptimized + debuginfo] target(s) in 15.29s
[INFO] running `Command { std: "docker" "inspect" "25a3a594f9b9e2dc5eb9d11eedc2011edacf162d31f244718c54c75ba6294504", kill_on_drop: false }`
[INFO] running `Command { std: "docker" "rm" "-f" "25a3a594f9b9e2dc5eb9d11eedc2011edacf162d31f244718c54c75ba6294504", kill_on_drop: false }`
[INFO] [stdout] 25a3a594f9b9e2dc5eb9d11eedc2011edacf162d31f244718c54c75ba6294504
[INFO] running `Command { std: "docker" "create" "-v" "/var/lib/crater-agent-workspace/builds/worker-1-tc1/target:/opt/rustwide/target:rw,Z" "-v" "/var/lib/crater-agent-workspace/builds/worker-1-tc1/source:/opt/rustwide/workdir:ro,Z" "-v" "/var/lib/crater-agent-workspace/cargo-home:/opt/rustwide/cargo-home:ro,Z" "-v" "/var/lib/crater-agent-workspace/rustup-home:/opt/rustwide/rustup-home:ro,Z" "-e" "SOURCE_DIR=/opt/rustwide/workdir" "-e" "CARGO_TARGET_DIR=/opt/rustwide/target" "-e" "CARGO_INCREMENTAL=0" "-e" "RUST_BACKTRACE=full" "-e" "RUSTFLAGS=--cap-lints=warn" "-e" "RUSTDOCFLAGS=--cap-lints=warn" "-e" "CARGO_HOME=/opt/rustwide/cargo-home" "-e" "RUSTUP_HOME=/opt/rustwide/rustup-home" "-w" "/opt/rustwide/workdir" "-m" "1610612736" "--user" "0:0" "--network" "none" "ghcr.io/rust-lang/crates-build-env/linux@sha256:2788e3201cd34a07e3172128adcd8b3090168a8e3bcc40d7c032b9dda1df7d1c" "/opt/rustwide/cargo-home/bin/cargo" "+1.75.0" "test" "--frozen" "--no-run" "--message-format=json", kill_on_drop: false }`
[INFO] [stdout] f403102b353cc9b07e782b0e9717b68ac5b0f644bf07bfd00e5ee2592dc1b3a0
[INFO] running `Command { std: "docker" "start" "-a" "f403102b353cc9b07e782b0e9717b68ac5b0f644bf07bfd00e5ee2592dc1b3a0", kill_on_drop: false }`
[INFO] [stderr]    Compiling dotenv v0.15.0
[INFO] [stderr]    Compiling nasus v0.2.1 (/opt/rustwide/workdir)
[INFO] [stdout] error[E0277]: the size for values of type `dyn std::error::Error + Send + Sync` cannot be known at compilation time
[INFO] [stdout]   --> examples/example.rs:12:45
[INFO] [stdout]    |
[INFO] [stdout] 12 |     let mut nasus = Nasus::new(config).await?;
[INFO] [stdout]    |                                             ^ doesn't have a size known at compile-time
[INFO] [stdout]    |
[INFO] [stdout]    = help: the trait `Sized` is not implemented for `dyn std::error::Error + Send + Sync`
[INFO] [stdout]    = help: the following other types implement trait `FromResidual<R>`:
[INFO] [stdout]              <Result<T, F> as FromResidual<Yeet<E>>>
[INFO] [stdout]              <Result<T, F> as FromResidual<Result<Infallible, E>>>
[INFO] [stdout]    = note: required for `Box<dyn std::error::Error + Send + Sync>` to implement `std::error::Error`
[INFO] [stdout]    = note: required for `Box<dyn std::error::Error>` to implement `From<Box<dyn std::error::Error + Send + Sync>>`
[INFO] [stdout]    = note: required for `Result<(), Box<dyn std::error::Error>>` to implement `FromResidual<Result<Infallible, Box<dyn std::error::Error + Send + Sync>>>`
[INFO] [stdout] 
[INFO] [stdout] 
[INFO] [stdout] error[E0277]: the size for values of type `dyn std::error::Error + Send + Sync` cannot be known at compilation time
[INFO] [stdout]   --> examples/example.rs:15:27
[INFO] [stdout]    |
[INFO] [stdout] 15 |         nasus.work().await?;
[INFO] [stdout]    |                           ^ doesn't have a size known at compile-time
[INFO] [stdout]    |
[INFO] [stdout]    = help: the trait `Sized` is not implemented for `dyn std::error::Error + Send + Sync`
[INFO] [stdout]    = help: the following other types implement trait `FromResidual<R>`:
[INFO] [stdout]              <Result<T, F> as FromResidual<Yeet<E>>>
[INFO] [stdout]              <Result<T, F> as FromResidual<Result<Infallible, E>>>
[INFO] [stdout]    = note: required for `Box<dyn std::error::Error + Send + Sync>` to implement `std::error::Error`
[INFO] [stdout]    = note: required for `Box<dyn std::error::Error>` to implement `From<Box<dyn std::error::Error + Send + Sync>>`
[INFO] [stdout]    = note: required for `Result<(), Box<dyn std::error::Error>>` to implement `FromResidual<Result<Infallible, Box<dyn std::error::Error + Send + Sync>>>`
[INFO] [stdout] 
[INFO] [stdout] 
[INFO] [stdout] error[E0277]: the size for values of type `dyn std::error::Error + Send + Sync` cannot be known at compilation time
[INFO] [stdout]   --> examples/example.rs:37:55
[INFO] [stdout]    |
[INFO] [stdout] 37 |                     nasus.write_command(cmd_out).await?;
[INFO] [stdout]    |                                                       ^ doesn't have a size known at compile-time
[INFO] [stdout]    |
[INFO] [stdout]    = help: the trait `Sized` is not implemented for `dyn std::error::Error + Send + Sync`
[INFO] [stdout]    = help: the following other types implement trait `FromResidual<R>`:
[INFO] [stdout]              <Result<T, F> as FromResidual<Yeet<E>>>
[INFO] [stdout]              <Result<T, F> as FromResidual<Result<Infallible, E>>>
[INFO] [stdout]    = note: required for `Box<dyn std::error::Error + Send + Sync>` to implement `std::error::Error`
[INFO] [stdout]    = note: required for `Box<dyn std::error::Error>` to implement `From<Box<dyn std::error::Error + Send + Sync>>`
[INFO] [stdout]    = note: required for `Result<(), Box<dyn std::error::Error>>` to implement `FromResidual<Result<Infallible, Box<dyn std::error::Error + Send + Sync>>>`
[INFO] [stdout] 
[INFO] [stdout] 
[INFO] [stdout] error: aborting due to 3 previous errors
[INFO] [stdout] 
[INFO] [stdout] 
[INFO] [stdout] For more information about this error, try `rustc --explain E0277`.
[INFO] [stdout] 
[INFO] [stderr] error: could not compile `nasus` (example "example") due to 4 previous errors
[INFO] [stderr] warning: build failed, waiting for other jobs to finish...
[INFO] running `Command { std: "docker" "inspect" "f403102b353cc9b07e782b0e9717b68ac5b0f644bf07bfd00e5ee2592dc1b3a0", kill_on_drop: false }`
[INFO] running `Command { std: "docker" "rm" "-f" "f403102b353cc9b07e782b0e9717b68ac5b0f644bf07bfd00e5ee2592dc1b3a0", kill_on_drop: false }`
[INFO] [stdout] f403102b353cc9b07e782b0e9717b68ac5b0f644bf07bfd00e5ee2592dc1b3a0
