[INFO] cloning repository https://github.com/Atome-FE/llama-node
[INFO] running `Command { std: "git" "-c" "credential.helper=" "-c" "credential.helper=/workspace/cargo-home/bin/git-credential-null" "clone" "--bare" "https://github.com/Atome-FE/llama-node" "/workspace/cache/git-repos/https%3A%2F%2Fgithub.com%2FAtome-FE%2Fllama-node", kill_on_drop: false }`
[INFO] [stderr] Cloning into bare repository '/workspace/cache/git-repos/https%3A%2F%2Fgithub.com%2FAtome-FE%2Fllama-node'...
[INFO] running `Command { std: "git" "rev-parse" "HEAD", kill_on_drop: false }`
[INFO] [stdout] 3ad64d0af36ea4763e87ec97b4547a1c05d39029
[INFO] testing Atome-FE/llama-node against 1.75.0 for beta-1.76-1
[INFO] running `Command { std: "git" "clone" "/workspace/cache/git-repos/https%3A%2F%2Fgithub.com%2FAtome-FE%2Fllama-node" "/workspace/builds/worker-3-tc1/source", kill_on_drop: false }`
[INFO] [stderr] Cloning into '/workspace/builds/worker-3-tc1/source'...
[INFO] [stderr] done.
[INFO] validating manifest of git repo https://github.com/Atome-FE/llama-node on toolchain 1.75.0
[INFO] running `Command { std: CARGO_HOME="/workspace/cargo-home" RUSTUP_HOME="/workspace/rustup-home" "/workspace/cargo-home/bin/cargo" "+1.75.0" "metadata" "--manifest-path" "Cargo.toml" "--no-deps", kill_on_drop: false }`
[INFO] started tweaking git repo https://github.com/Atome-FE/llama-node
[INFO] finished tweaking git repo https://github.com/Atome-FE/llama-node
[INFO] tweaked toml for git repo https://github.com/Atome-FE/llama-node written to /workspace/builds/worker-3-tc1/source/Cargo.toml
[INFO] crate git repo https://github.com/Atome-FE/llama-node already has a lockfile, it will not be regenerated
[INFO] running `Command { std: CARGO_HOME="/workspace/cargo-home" RUSTUP_HOME="/workspace/rustup-home" "/workspace/cargo-home/bin/cargo" "+1.75.0" "fetch" "--manifest-path" "Cargo.toml", kill_on_drop: false }`
[INFO] [stderr] warning: virtual workspace defaulting to `resolver = "1"` despite one or more workspace members being on edition 2021 which implies `resolver = "2"`
[INFO] [stderr] note: to keep the current resolver, specify `workspace.resolver = "1"` in the workspace root's manifest
[INFO] [stderr] note: to use the edition 2021 resolver, specify `workspace.resolver = "2"` in the workspace root's manifest
[INFO] [stderr] note: for more details see https://doc.rust-lang.org/cargo/reference/resolver.html#resolver-versions
[INFO] [stderr]     Updating git repository `https://github.com/rustformers/llm.git`
[INFO] [stderr]     Updating git submodule `https://github.com/ggerganov/ggml.git`
[INFO] [stderr]     Updating crates.io index
[INFO] [stderr]  Downloading crates ...
[INFO] [stderr]   Downloaded monostate v0.1.6
[INFO] [stderr]   Downloaded wasm-bindgen-test-macro v0.3.34
[INFO] [stderr]   Downloaded napi-sys v2.2.3
[INFO] [stderr]   Downloaded wasm-bindgen-test v0.3.34
[INFO] [stderr]   Downloaded napi-build v2.0.1
[INFO] [stderr]   Downloaded monostate-impl v0.1.6
[INFO] [stderr]   Downloaded rayon-cond v0.1.0
[INFO] [stderr]   Downloaded ctor v0.2.0
[INFO] [stderr]   Downloaded napi-derive v2.12.3
[INFO] [stderr]   Downloaded matrixmultiply v0.3.3
[INFO] [stderr]   Downloaded tokenizers v0.13.3
[INFO] [stderr]   Downloaded bytesize v1.2.0
[INFO] [stderr]   Downloaded napi-derive-backend v1.0.49
[INFO] [stderr]   Downloaded esaxx-rs v0.1.8
[INFO] [stderr]   Downloaded napi v2.12.4
[INFO] running `Command { std: "docker" "create" "-v" "/var/lib/crater-agent-workspace/builds/worker-3-tc1/target:/opt/rustwide/target:rw,Z" "-v" "/var/lib/crater-agent-workspace/builds/worker-3-tc1/source:/opt/rustwide/workdir:ro,Z" "-v" "/var/lib/crater-agent-workspace/cargo-home:/opt/rustwide/cargo-home:ro,Z" "-v" "/var/lib/crater-agent-workspace/rustup-home:/opt/rustwide/rustup-home:ro,Z" "-e" "SOURCE_DIR=/opt/rustwide/workdir" "-e" "CARGO_TARGET_DIR=/opt/rustwide/target" "-e" "CARGO_HOME=/opt/rustwide/cargo-home" "-e" "RUSTUP_HOME=/opt/rustwide/rustup-home" "-w" "/opt/rustwide/workdir" "-m" "1610612736" "--user" "0:0" "--network" "none" "ghcr.io/rust-lang/crates-build-env/linux@sha256:2788e3201cd34a07e3172128adcd8b3090168a8e3bcc40d7c032b9dda1df7d1c" "/opt/rustwide/cargo-home/bin/cargo" "+1.75.0" "metadata" "--no-deps" "--format-version=1", kill_on_drop: false }`
[INFO] [stdout] cb63c875128d0fdc0ae200ab7e331bd02f913a68cda2302f3bd49e82173d6817
[INFO] running `Command { std: "docker" "start" "-a" "cb63c875128d0fdc0ae200ab7e331bd02f913a68cda2302f3bd49e82173d6817", kill_on_drop: false }`
[INFO] running `Command { std: "docker" "inspect" "cb63c875128d0fdc0ae200ab7e331bd02f913a68cda2302f3bd49e82173d6817", kill_on_drop: false }`
[INFO] running `Command { std: "docker" "rm" "-f" "cb63c875128d0fdc0ae200ab7e331bd02f913a68cda2302f3bd49e82173d6817", kill_on_drop: false }`
[INFO] [stdout] cb63c875128d0fdc0ae200ab7e331bd02f913a68cda2302f3bd49e82173d6817
[INFO] running `Command { std: "docker" "create" "-v" "/var/lib/crater-agent-workspace/builds/worker-3-tc1/target:/opt/rustwide/target:rw,Z" "-v" "/var/lib/crater-agent-workspace/builds/worker-3-tc1/source:/opt/rustwide/workdir:ro,Z" "-v" "/var/lib/crater-agent-workspace/cargo-home:/opt/rustwide/cargo-home:ro,Z" "-v" "/var/lib/crater-agent-workspace/rustup-home:/opt/rustwide/rustup-home:ro,Z" "-e" "SOURCE_DIR=/opt/rustwide/workdir" "-e" "CARGO_TARGET_DIR=/opt/rustwide/target" "-e" "CARGO_INCREMENTAL=0" "-e" "RUST_BACKTRACE=full" "-e" "RUSTFLAGS=--cap-lints=warn" "-e" "RUSTDOCFLAGS=--cap-lints=warn" "-e" "CARGO_HOME=/opt/rustwide/cargo-home" "-e" "RUSTUP_HOME=/opt/rustwide/rustup-home" "-w" "/opt/rustwide/workdir" "-m" "1610612736" "--user" "0:0" "--network" "none" "ghcr.io/rust-lang/crates-build-env/linux@sha256:2788e3201cd34a07e3172128adcd8b3090168a8e3bcc40d7c032b9dda1df7d1c" "/opt/rustwide/cargo-home/bin/cargo" "+1.75.0" "build" "--frozen" "--message-format=json", kill_on_drop: false }`
[INFO] [stdout] d771eb85244ec1d39ddf3fcb9659f55bb30a741a69cb6f761972c729d884be40
[INFO] running `Command { std: "docker" "start" "-a" "d771eb85244ec1d39ddf3fcb9659f55bb30a741a69cb6f761972c729d884be40", kill_on_drop: false }`
[INFO] [stderr] warning: virtual workspace defaulting to `resolver = "1"` despite one or more workspace members being on edition 2021 which implies `resolver = "2"`
[INFO] [stderr] note: to keep the current resolver, specify `workspace.resolver = "1"` in the workspace root's manifest
[INFO] [stderr] note: to use the edition 2021 resolver, specify `workspace.resolver = "2"` in the workspace root's manifest
[INFO] [stderr] note: for more details see https://doc.rust-lang.org/cargo/reference/resolver.html#resolver-versions
[INFO] [stderr]    Compiling libc v0.2.141
[INFO] [stderr]    Compiling proc-macro2 v1.0.56
[INFO] [stderr]    Compiling quote v1.0.26
[INFO] [stderr]    Compiling unicode-ident v1.0.8
[INFO] [stderr]    Compiling syn v1.0.109
[INFO] [stderr]    Compiling regex-syntax v0.7.2
[INFO] [stderr]    Compiling log v0.4.17
[INFO] [stderr]    Compiling aho-corasick v1.0.1
[INFO] [stderr]    Compiling serde v1.0.163
[INFO] [stderr]    Compiling once_cell v1.17.1
[INFO] [stderr]    Compiling either v1.8.1
[INFO] [stderr]    Compiling thiserror v1.0.40
[INFO] [stderr]    Compiling minimal-lexical v0.2.1
[INFO] [stderr]    Compiling pkg-config v0.3.26
[INFO] [stderr]    Compiling scopeguard v1.1.0
[INFO] [stderr]    Compiling nom v7.1.3
[INFO] [stderr]    Compiling clang-sys v1.6.1
[INFO] [stderr]    Compiling strsim v0.10.0
[INFO] [stderr]    Compiling io-lifetimes v1.0.10
[INFO] [stderr]    Compiling crossbeam-utils v0.8.15
[INFO] [stderr]    Compiling syn v2.0.13
[INFO] [stderr]    Compiling libloading v0.7.4
[INFO] [stderr]    Compiling jobserver v0.1.26
[INFO] [stderr]    Compiling getrandom v0.2.9
[INFO] [stderr]    Compiling num_cpus v1.15.0
[INFO] [stderr]    Compiling cc v1.0.79
[INFO] [stderr]    Compiling regex v1.8.3
[INFO] [stderr]    Compiling rand_core v0.6.4
[INFO] [stderr]    Compiling rand_chacha v0.3.1
[INFO] [stderr]    Compiling memoffset v0.8.0
[INFO] [stderr]    Compiling rand v0.8.5
[INFO] [stderr]    Compiling bindgen v0.64.0
[INFO] [stderr]    Compiling platforms v3.0.2
[INFO] [stderr]    Compiling smallvec v1.10.0
[INFO] [stderr]    Compiling ggml-sys v0.2.0-dev (https://github.com/rustformers/llm.git?branch=main#a5b9365a)
[INFO] [stderr]    Compiling rustix v0.37.11
[INFO] [stderr]    Compiling cexpr v0.6.0
[INFO] [stderr]    Compiling memmap2 v0.5.10
[INFO] [stderr]    Compiling which v4.4.0
[INFO] [stderr]    Compiling crossbeam-epoch v0.9.14
[INFO] [stderr]    Compiling bytemuck v1.13.1
[INFO] [stderr]    Compiling linux-raw-sys v0.3.1
[INFO] [stderr]    Compiling ident_case v1.0.1
[INFO] [stderr]    Compiling napi-build v2.0.1
[INFO] [stderr]    Compiling wasm-bindgen-shared v0.2.84
[INFO] [stderr]    Compiling fnv v1.0.7
[INFO] [stderr]    Compiling rustc-hash v1.1.0
[INFO] [stderr]    Compiling peeking_take_while v0.1.2
[INFO] [stderr]    Compiling partial_sort v0.2.0
[INFO] [stderr]    Compiling unicode-segmentation v1.10.1
[INFO] [stderr]    Compiling half v2.2.1
[INFO] [stderr]    Compiling itoa v1.0.6
[INFO] [stderr]    Compiling lazycell v1.3.0
[INFO] [stderr]    Compiling shlex v1.1.0
[INFO] [stderr]    Compiling futures-core v0.3.28
[INFO] [stderr]    Compiling lock_api v0.4.9
[INFO] [stderr]    Compiling unicode-width v0.1.10
[INFO] [stderr]    Compiling pin-project-lite v0.2.9
[INFO] [stderr]    Compiling darling_core v0.14.4
[INFO] [stderr]    Compiling futures-channel v0.3.28
[INFO] [stderr]    Compiling utf8parse v0.2.1
[INFO] [stderr]    Compiling parking_lot_core v0.9.7
[INFO] [stderr]    Compiling serde_derive v1.0.163
[INFO] [stderr]    Compiling thiserror-impl v1.0.40
[INFO] [stderr]    Compiling serde_json v1.0.96
[INFO] [stderr]    Compiling is-terminal v0.4.7
[INFO] [stderr]    Compiling anstyle-parse v0.1.1
[INFO] [stderr]    Compiling console v0.15.5
[INFO] [stderr]    Compiling semver v1.0.17
[INFO] [stderr]    Compiling futures-sink v0.3.28
[INFO] [stderr]    Compiling bumpalo v3.12.1
[INFO] [stderr]    Compiling anstyle v0.3.5
[INFO] [stderr]    Compiling concolor-override v1.0.0
[INFO] [stderr]    Compiling ryu v1.0.13
[INFO] [stderr]    Compiling rayon-core v1.11.0
[INFO] [stderr]    Compiling futures-util v0.3.28
[INFO] [stderr]    Compiling concolor-query v0.3.3
[INFO] [stderr]    Compiling anstream v0.2.6
[INFO] [stderr]    Compiling wasm-bindgen-backend v0.2.84
[INFO] [stderr]    Compiling darling_macro v0.14.4
[INFO] [stderr]    Compiling crossbeam-deque v0.8.3
[INFO] [stderr]    Compiling futures-macro v0.3.28
[INFO] [stderr]    Compiling crossbeam-channel v0.5.8
[INFO] [stderr]    Compiling zstd-sys v2.0.8+zstd.1.5.5
[INFO] [stderr]    Compiling onig_sys v69.8.1
[INFO] [stderr]    Compiling darling v0.14.4
[INFO] [stderr]    Compiling tokio v1.27.0
[INFO] [stderr]    Compiling num-traits v0.2.15
[INFO] [stderr]    Compiling option-ext v0.2.0
[INFO] [stderr]    Compiling clap_lex v0.4.1
[INFO] [stderr]    Compiling paste v1.0.12
[INFO] [stderr]    Compiling heck v0.4.1
[INFO] [stderr]    Compiling time-macros v0.2.9
[INFO] [stderr]    Compiling clap_derive v4.2.0
[INFO] [stderr]    Compiling clap_builder v4.2.1
[INFO] [stderr]    Compiling dirs-sys v0.4.1
[INFO] [stderr]    Compiling derive_builder_core v0.12.0
[INFO] [stderr]    Compiling wasm-bindgen-macro-support v0.2.84
[INFO] [stderr]    Compiling parking_lot v0.12.1
[INFO] [stderr]    Compiling tokio-macros v2.0.0
[INFO] [stderr]    Compiling convert_case v0.6.0
[INFO] [stderr]    Compiling esaxx-rs v0.1.8
[INFO] [stderr]    Compiling socket2 v0.4.9
[INFO] [stderr]    Compiling mio v0.8.6
[INFO] [stderr]    Compiling signal-hook-registry v1.4.1
[INFO] [stderr]    Compiling num_threads v0.1.6
[INFO] [stderr]    Compiling serde_bytes v0.11.9
[INFO] [stderr]    Compiling anyhow v1.0.70
[INFO] [stderr]    Compiling wasm-bindgen v0.2.84
[INFO] [stderr]    Compiling bit-vec v0.6.3
[INFO] [stderr]    Compiling bit-set v0.5.3
[INFO] [stderr]    Compiling time v0.3.21
[INFO] [stderr]    Compiling wasm-bindgen-macro v0.2.84
[INFO] [stderr]    Compiling napi-derive-backend v1.0.49
[INFO] [stderr]    Compiling clap v4.2.1
[INFO] [stderr]    Compiling futures-executor v0.3.28
[INFO] [stderr]    Compiling ggml v0.2.0-dev (https://github.com/rustformers/llm.git?branch=main#a5b9365a)
[INFO] [stderr]    Compiling rayon v1.7.0
[INFO] [stderr]    Compiling llm-base v0.2.0-dev (https://github.com/rustformers/llm.git?branch=main#a5b9365a)
[INFO] [stderr]    Compiling derive_builder_macro v0.12.0
[INFO] [stderr]    Compiling dirs v5.0.1
[INFO] [stderr]    Compiling ctor v0.2.0
[INFO] [stderr]    Compiling monostate-impl v0.1.6
[INFO] [stderr]    Compiling itertools v0.8.2
[INFO] [stderr]    Compiling num-integer v0.1.45
[INFO] [stderr]    Compiling zstd-safe v6.0.5+zstd.1.5.4
[INFO] [stderr]    Compiling number_prefix v0.3.0
[INFO] [stderr]    Compiling napi-sys v2.2.3
[INFO] [stderr]    Compiling macro_rules_attribute-proc_macro v0.1.3
[INFO] [stderr]    Compiling base64 v0.13.1
[INFO] [stderr]    Compiling bitflags v2.1.0
[INFO] [stderr]    Compiling monostate v0.1.6
[INFO] [stderr]    Compiling indicatif v0.15.0
[INFO] [stderr]    Compiling napi-derive v2.12.3
[INFO] [stderr]    Compiling spm_precompiled v0.1.4
[INFO] [stderr]    Compiling macro_rules_attribute v0.1.3
[INFO] [stderr]    Compiling derive_builder v0.12.0
[INFO] [stderr]    Compiling llama-sys v0.0.1 (/opt/rustwide/workdir/packages/llama-cpp/llama-sys)
[INFO] [stderr]    Compiling rayon-cond v0.1.0
[INFO] [stderr]    Compiling common-rs v0.1.0 (/opt/rustwide/workdir/packages/common-rs)
[INFO] [stderr]    Compiling futures v0.3.28
[INFO] [stderr]    Compiling fancy-regex v0.10.0
[INFO] [stderr]    Compiling rwkv-sys v0.0.1 (/opt/rustwide/workdir/packages/rwkv-cpp/rwkv-sys)
[INFO] [stderr]    Compiling unicode-normalization-alignments v0.1.12
[INFO] [stderr]    Compiling itertools v0.9.0
[INFO] [stderr]    Compiling aho-corasick v0.7.20
[INFO] [stderr]    Compiling rawpointer v0.2.1
[INFO] [stderr]    Compiling regex-syntax v0.6.29
[INFO] [stderr]    Compiling unicode_categories v0.1.1
[INFO] [stderr]    Compiling napi v2.12.4
[INFO] [stderr]    Compiling matrixmultiply v0.3.3
[INFO] [stderr] The following warnings were emitted during compilation:
[INFO] [stderr] 
[INFO] [stderr] warning: llama-sys@0.0.1: Unable to generate bindings: clang diagnosed error: wrapper.h:1:10: fatal error: 'llama.h' file not found
[INFO] [stderr] warning: llama-sys@0.0.1: Using bundled bindings.rs, which may be out of date
[INFO] [stderr] 
[INFO] [stderr] error: failed to run custom build command for `llama-sys v0.0.1 (/opt/rustwide/workdir/packages/llama-cpp/llama-sys)`
[INFO] [stderr] note: To improve backtraces for build dependencies, set the CARGO_PROFILE_DEV_BUILD_OVERRIDE_DEBUG=true environment variable to enable debug information generation.
[INFO] [stderr] 
[INFO] [stderr] Caused by:
[INFO] [stderr]   process didn't exit successfully: `/opt/rustwide/target/debug/build/llama-sys-179d055dc52f1ae7/build-script-build` (exit status: 101)
[INFO] [stderr]   --- stdout
[INFO] [stderr]   cargo:rustc-link-search=/opt/rustwide/target/debug/build/llama-sys-9bf195da936f6e2c/out
[INFO] [stderr]   cargo:rustc-link-lib=static=llama
[INFO] [stderr]   cargo:rerun-if-changed=wrapper.h
[INFO] [stderr]   cargo:warning=Unable to generate bindings: clang diagnosed error: wrapper.h:1:10: fatal error: 'llama.h' file not found
[INFO] [stderr] 
[INFO] [stderr]   cargo:warning=Using bundled bindings.rs, which may be out of date
[INFO] [stderr] 
[INFO] [stderr]   --- stderr
[INFO] [stderr]   wrapper.h:1:10: fatal error: 'llama.h' file not found
[INFO] [stderr]   thread 'main' panicked at packages/llama-cpp/llama-sys/build.rs:107:35:
[INFO] [stderr]   Unable to change directory to llama.cpp build: Os { code: 2, kind: NotFound, message: "No such file or directory" }
[INFO] [stderr]   stack backtrace:
[INFO] [stderr]      0:     0x55934ef29d9c - std::backtrace_rs::backtrace::libunwind::trace::ha637c64ce894333a
[INFO] [stderr]                                  at /rustc/82e1608dfa6e0b5569232559e3d385fea5a93112/library/std/src/../../backtrace/src/backtrace/libunwind.rs:104:5
[INFO] [stderr]      1:     0x55934ef29d9c - std::backtrace_rs::backtrace::trace_unsynchronized::h47f62dea28e0c88d
[INFO] [stderr]                                  at /rustc/82e1608dfa6e0b5569232559e3d385fea5a93112/library/std/src/../../backtrace/src/backtrace/mod.rs:66:5
[INFO] [stderr]      2:     0x55934ef29d9c - std::sys_common::backtrace::_print_fmt::h9eef0abe20ede486
[INFO] [stderr]                                  at /rustc/82e1608dfa6e0b5569232559e3d385fea5a93112/library/std/src/sys_common/backtrace.rs:67:5
[INFO] [stderr]      3:     0x55934ef29d9c - <std::sys_common::backtrace::_print::DisplayBacktrace as core::fmt::Display>::fmt::hed7f999df88cc644
[INFO] [stderr]                                  at /rustc/82e1608dfa6e0b5569232559e3d385fea5a93112/library/std/src/sys_common/backtrace.rs:44:22
[INFO] [stderr]      4:     0x55934ef554d0 - core::fmt::rt::Argument::fmt::h1539a9308b8d058d
[INFO] [stderr]                                  at /rustc/82e1608dfa6e0b5569232559e3d385fea5a93112/library/core/src/fmt/rt.rs:142:9
[INFO] [stderr]      5:     0x55934ef554d0 - core::fmt::write::h3a39390d8560d9c9
[INFO] [stderr]                                  at /rustc/82e1608dfa6e0b5569232559e3d385fea5a93112/library/core/src/fmt/mod.rs:1120:17
[INFO] [stderr]      6:     0x55934ef2723f - std::io::Write::write_fmt::h5fc9997dfe05f882
[INFO] [stderr]                                  at /rustc/82e1608dfa6e0b5569232559e3d385fea5a93112/library/std/src/io/mod.rs:1762:15
[INFO] [stderr]      7:     0x55934ef29b84 - std::sys_common::backtrace::_print::h894006fb5c6f3d45
[INFO] [stderr]                                  at /rustc/82e1608dfa6e0b5569232559e3d385fea5a93112/library/std/src/sys_common/backtrace.rs:47:5
[INFO] [stderr]      8:     0x55934ef29b84 - std::sys_common::backtrace::print::h23a2d212c6fff936
[INFO] [stderr]                                  at /rustc/82e1608dfa6e0b5569232559e3d385fea5a93112/library/std/src/sys_common/backtrace.rs:34:9
[INFO] [stderr]      9:     0x55934ef2b187 - std::panicking::default_hook::{{closure}}::h8a1d2ee00185001a
[INFO] [stderr]     10:     0x55934ef2aeef - std::panicking::default_hook::h6038f2eba384e475
[INFO] [stderr]                                  at /rustc/82e1608dfa6e0b5569232559e3d385fea5a93112/library/std/src/panicking.rs:292:9
[INFO] [stderr]     11:     0x55934ef2b608 - std::panicking::rust_panic_with_hook::h2b5517d590cab22e
[INFO] [stderr]                                  at /rustc/82e1608dfa6e0b5569232559e3d385fea5a93112/library/std/src/panicking.rs:779:13
[INFO] [stderr]     12:     0x55934ef2b4ee - std::panicking::begin_panic_handler::{{closure}}::h233112c06e0ef43e
[INFO] [stderr]                                  at /rustc/82e1608dfa6e0b5569232559e3d385fea5a93112/library/std/src/panicking.rs:657:13
[INFO] [stderr]     13:     0x55934ef2a266 - std::sys_common::backtrace::__rust_end_short_backtrace::h6e893f24d7ebbff8
[INFO] [stderr]                                  at /rustc/82e1608dfa6e0b5569232559e3d385fea5a93112/library/std/src/sys_common/backtrace.rs:170:18
[INFO] [stderr]     14:     0x55934ef2b252 - rust_begin_unwind
[INFO] [stderr]                                  at /rustc/82e1608dfa6e0b5569232559e3d385fea5a93112/library/std/src/panicking.rs:645:5
[INFO] [stderr]     15:     0x55934e90db75 - core::panicking::panic_fmt::hbf0e066aabfa482c
[INFO] [stderr]                                  at /rustc/82e1608dfa6e0b5569232559e3d385fea5a93112/library/core/src/panicking.rs:72:14
[INFO] [stderr]     16:     0x55934e90e143 - core::result::unwrap_failed::hddb4fea594200c52
[INFO] [stderr]                                  at /rustc/82e1608dfa6e0b5569232559e3d385fea5a93112/library/core/src/result.rs:1653:5
[INFO] [stderr]     17:     0x55934ea38923 - core::result::Result<T,E>::expect::h6bbd85d05958340a
[INFO] [stderr]     18:     0x55934e911849 - build_script_build::main::hb96489fb27ddfaff
[INFO] [stderr]     19:     0x55934e90f3d3 - core::ops::function::FnOnce::call_once::h504b39a63809d6df
[INFO] [stderr]     20:     0x55934e90e516 - std::sys_common::backtrace::__rust_begin_short_backtrace::h106e15a3429a4af1
[INFO] [stderr]     21:     0x55934e90ef69 - std::rt::lang_start::{{closure}}::h0f3f4fbb5f26bb15
[INFO] [stderr]     22:     0x55934ef22a27 - core::ops::function::impls::<impl core::ops::function::FnOnce<A> for &F>::call_once::hd95060ecd5e1ca24
[INFO] [stderr]                                  at /rustc/82e1608dfa6e0b5569232559e3d385fea5a93112/library/core/src/ops/function.rs:284:13
[INFO] [stderr]     23:     0x55934ef22a27 - std::panicking::try::do_call::h6e8cf51db32a6e4b
[INFO] [stderr]                                  at /rustc/82e1608dfa6e0b5569232559e3d385fea5a93112/library/std/src/panicking.rs:552:40
[INFO] [stderr]     24:     0x55934ef22a27 - std::panicking::try::h3a52eefe24fe3c29
[INFO] [stderr]                                  at /rustc/82e1608dfa6e0b5569232559e3d385fea5a93112/library/std/src/panicking.rs:516:19
[INFO] [stderr]     25:     0x55934ef22a27 - std::panic::catch_unwind::h24c28c23c02c3841
[INFO] [stderr]                                  at /rustc/82e1608dfa6e0b5569232559e3d385fea5a93112/library/std/src/panic.rs:142:14
[INFO] [stderr]     26:     0x55934ef22a27 - std::rt::lang_start_internal::{{closure}}::h705d3c9cbc06ef47
[INFO] [stderr]                                  at /rustc/82e1608dfa6e0b5569232559e3d385fea5a93112/library/std/src/rt.rs:148:48
[INFO] [stderr]     27:     0x55934ef22a27 - std::panicking::try::do_call::ha21f52ba13158470
[INFO] [stderr]                                  at /rustc/82e1608dfa6e0b5569232559e3d385fea5a93112/library/std/src/panicking.rs:552:40
[INFO] [stderr]     28:     0x55934ef22a27 - std::panicking::try::h5581346bf6aeb1f8
[INFO] [stderr]                                  at /rustc/82e1608dfa6e0b5569232559e3d385fea5a93112/library/std/src/panicking.rs:516:19
[INFO] [stderr]     29:     0x55934ef22a27 - std::panic::catch_unwind::h7919645a6b72e25b
[INFO] [stderr]                                  at /rustc/82e1608dfa6e0b5569232559e3d385fea5a93112/library/std/src/panic.rs:142:14
[INFO] [stderr]     30:     0x55934ef22a27 - std::rt::lang_start_internal::h12de51168669836e
[INFO] [stderr]                                  at /rustc/82e1608dfa6e0b5569232559e3d385fea5a93112/library/std/src/rt.rs:148:20
[INFO] [stderr]     31:     0x55934e90ef47 - std::rt::lang_start::h38032c152d7b3429
[INFO] [stderr]     32:     0x55934e9123b5 - main
[INFO] [stderr]     33:     0x7f90c90c8d90 - <unknown>
[INFO] [stderr]     34:     0x7f90c90c8e40 - __libc_start_main
[INFO] [stderr]     35:     0x55934e90e445 - _start
[INFO] [stderr]     36:                0x0 - <unknown>
[INFO] [stderr] warning: build failed, waiting for other jobs to finish...
[INFO] [stderr] The following warnings were emitted during compilation:
[INFO] [stderr] 
[INFO] [stderr] warning: rwkv-sys@0.0.1: Unable to generate bindings: clang diagnosed error: wrapper.h:1:10: fatal error: 'rwkv.h' file not found
[INFO] [stderr] warning: rwkv-sys@0.0.1: Using bundled bindings.rs, which may be out of date
[INFO] [stderr] 
[INFO] [stderr] error: failed to run custom build command for `rwkv-sys v0.0.1 (/opt/rustwide/workdir/packages/rwkv-cpp/rwkv-sys)`
[INFO] [stderr] note: To improve backtraces for build dependencies, set the CARGO_PROFILE_DEV_BUILD_OVERRIDE_DEBUG=true environment variable to enable debug information generation.
[INFO] [stderr] 
[INFO] [stderr] Caused by:
[INFO] [stderr]   process didn't exit successfully: `/opt/rustwide/target/debug/build/rwkv-sys-af1f3ae32db77740/build-script-build` (exit status: 101)
[INFO] [stderr]   --- stdout
[INFO] [stderr]   cargo:rustc-link-search=/opt/rustwide/target/debug/build/rwkv-sys-634a411de51dea03/out
[INFO] [stderr]   cargo:rustc-link-lib=static=rwkv
[INFO] [stderr]   cargo:rerun-if-changed=wrapper.h
[INFO] [stderr]   cargo:warning=Unable to generate bindings: clang diagnosed error: wrapper.h:1:10: fatal error: 'rwkv.h' file not found
[INFO] [stderr] 
[INFO] [stderr]   cargo:warning=Using bundled bindings.rs, which may be out of date
[INFO] [stderr] 
[INFO] [stderr]   --- stderr
[INFO] [stderr]   wrapper.h:1:10: fatal error: 'rwkv.h' file not found
[INFO] [stderr]   thread 'main' panicked at packages/rwkv-cpp/rwkv-sys/build.rs:60:35:
[INFO] [stderr]   Unable to change directory to rwkv.cpp build: Os { code: 2, kind: NotFound, message: "No such file or directory" }
[INFO] [stderr]   stack backtrace:
[INFO] [stderr]      0:     0x5587630cfb6c - std::backtrace_rs::backtrace::libunwind::trace::ha637c64ce894333a
[INFO] [stderr]                                  at /rustc/82e1608dfa6e0b5569232559e3d385fea5a93112/library/std/src/../../backtrace/src/backtrace/libunwind.rs:104:5
[INFO] [stderr]      1:     0x5587630cfb6c - std::backtrace_rs::backtrace::trace_unsynchronized::h47f62dea28e0c88d
[INFO] [stderr]                                  at /rustc/82e1608dfa6e0b5569232559e3d385fea5a93112/library/std/src/../../backtrace/src/backtrace/mod.rs:66:5
[INFO] [stderr]      2:     0x5587630cfb6c - std::sys_common::backtrace::_print_fmt::h9eef0abe20ede486
[INFO] [stderr]                                  at /rustc/82e1608dfa6e0b5569232559e3d385fea5a93112/library/std/src/sys_common/backtrace.rs:67:5
[INFO] [stderr]      3:     0x5587630cfb6c - <std::sys_common::backtrace::_print::DisplayBacktrace as core::fmt::Display>::fmt::hed7f999df88cc644
[INFO] [stderr]                                  at /rustc/82e1608dfa6e0b5569232559e3d385fea5a93112/library/std/src/sys_common/backtrace.rs:44:22
[INFO] [stderr]      4:     0x5587630fb2a0 - core::fmt::rt::Argument::fmt::h1539a9308b8d058d
[INFO] [stderr]                                  at /rustc/82e1608dfa6e0b5569232559e3d385fea5a93112/library/core/src/fmt/rt.rs:142:9
[INFO] [stderr]      5:     0x5587630fb2a0 - core::fmt::write::h3a39390d8560d9c9
[INFO] [stderr]                                  at /rustc/82e1608dfa6e0b5569232559e3d385fea5a93112/library/core/src/fmt/mod.rs:1120:17
[INFO] [stderr]      6:     0x5587630cd00f - std::io::Write::write_fmt::h5fc9997dfe05f882
[INFO] [stderr]                                  at /rustc/82e1608dfa6e0b5569232559e3d385fea5a93112/library/std/src/io/mod.rs:1762:15
[INFO] [stderr]      7:     0x5587630cf954 - std::sys_common::backtrace::_print::h894006fb5c6f3d45
[INFO] [stderr]                                  at /rustc/82e1608dfa6e0b5569232559e3d385fea5a93112/library/std/src/sys_common/backtrace.rs:47:5
[INFO] [stderr]      8:     0x5587630cf954 - std::sys_common::backtrace::print::h23a2d212c6fff936
[INFO] [stderr]                                  at /rustc/82e1608dfa6e0b5569232559e3d385fea5a93112/library/std/src/sys_common/backtrace.rs:34:9
[INFO] [stderr]      9:     0x5587630d0f57 - std::panicking::default_hook::{{closure}}::h8a1d2ee00185001a
[INFO] [stderr]     10:     0x5587630d0cbf - std::panicking::default_hook::h6038f2eba384e475
[INFO] [stderr]                                  at /rustc/82e1608dfa6e0b5569232559e3d385fea5a93112/library/std/src/panicking.rs:292:9
[INFO] [stderr]     11:     0x5587630d13d8 - std::panicking::rust_panic_with_hook::h2b5517d590cab22e
[INFO] [stderr]                                  at /rustc/82e1608dfa6e0b5569232559e3d385fea5a93112/library/std/src/panicking.rs:779:13
[INFO] [stderr]     12:     0x5587630d12be - std::panicking::begin_panic_handler::{{closure}}::h233112c06e0ef43e
[INFO] [stderr]                                  at /rustc/82e1608dfa6e0b5569232559e3d385fea5a93112/library/std/src/panicking.rs:657:13
[INFO] [stderr]     13:     0x5587630d0036 - std::sys_common::backtrace::__rust_end_short_backtrace::h6e893f24d7ebbff8
[INFO] [stderr]                                  at /rustc/82e1608dfa6e0b5569232559e3d385fea5a93112/library/std/src/sys_common/backtrace.rs:170:18
[INFO] [stderr]     14:     0x5587630d1022 - rust_begin_unwind
[INFO] [stderr]                                  at /rustc/82e1608dfa6e0b5569232559e3d385fea5a93112/library/std/src/panicking.rs:645:5
[INFO] [stderr]     15:     0x558762ab5b75 - core::panicking::panic_fmt::hbf0e066aabfa482c
[INFO] [stderr]                                  at /rustc/82e1608dfa6e0b5569232559e3d385fea5a93112/library/core/src/panicking.rs:72:14
[INFO] [stderr]     16:     0x558762ab6143 - core::result::unwrap_failed::hddb4fea594200c52
[INFO] [stderr]                                  at /rustc/82e1608dfa6e0b5569232559e3d385fea5a93112/library/core/src/result.rs:1653:5
[INFO] [stderr]     17:     0x558762bb0493 - core::result::Result<T,E>::expect::h6bbd85d05958340a
[INFO] [stderr]     18:     0x558762ab90c3 - build_script_build::main::h1fff9ccfd12d5e51
[INFO] [stderr]     19:     0x558762ab7203 - core::ops::function::FnOnce::call_once::h6fd6dd0ee676f868
[INFO] [stderr]     20:     0x558762ab6516 - std::sys_common::backtrace::__rust_begin_short_backtrace::hf313c0c532135644
[INFO] [stderr]     21:     0x558762ab6de9 - std::rt::lang_start::{{closure}}::h6cae7edc77e3c309
[INFO] [stderr]     22:     0x5587630c87f7 - core::ops::function::impls::<impl core::ops::function::FnOnce<A> for &F>::call_once::hd95060ecd5e1ca24
[INFO] [stderr]                                  at /rustc/82e1608dfa6e0b5569232559e3d385fea5a93112/library/core/src/ops/function.rs:284:13
[INFO] [stderr]     23:     0x5587630c87f7 - std::panicking::try::do_call::h6e8cf51db32a6e4b
[INFO] [stderr]                                  at /rustc/82e1608dfa6e0b5569232559e3d385fea5a93112/library/std/src/panicking.rs:552:40
[INFO] [stderr]     24:     0x5587630c87f7 - std::panicking::try::h3a52eefe24fe3c29
[INFO] [stderr]                                  at /rustc/82e1608dfa6e0b5569232559e3d385fea5a93112/library/std/src/panicking.rs:516:19
[INFO] [stderr]     25:     0x5587630c87f7 - std::panic::catch_unwind::h24c28c23c02c3841
[INFO] [stderr]                                  at /rustc/82e1608dfa6e0b5569232559e3d385fea5a93112/library/std/src/panic.rs:142:14
[INFO] [stderr]     26:     0x5587630c87f7 - std::rt::lang_start_internal::{{closure}}::h705d3c9cbc06ef47
[INFO] [stderr]                                  at /rustc/82e1608dfa6e0b5569232559e3d385fea5a93112/library/std/src/rt.rs:148:48
[INFO] [stderr]     27:     0x5587630c87f7 - std::panicking::try::do_call::ha21f52ba13158470
[INFO] [stderr]                                  at /rustc/82e1608dfa6e0b5569232559e3d385fea5a93112/library/std/src/panicking.rs:552:40
[INFO] [stderr]     28:     0x5587630c87f7 - std::panicking::try::h5581346bf6aeb1f8
[INFO] [stderr]                                  at /rustc/82e1608dfa6e0b5569232559e3d385fea5a93112/library/std/src/panicking.rs:516:19
[INFO] [stderr]     29:     0x5587630c87f7 - std::panic::catch_unwind::h7919645a6b72e25b
[INFO] [stderr]                                  at /rustc/82e1608dfa6e0b5569232559e3d385fea5a93112/library/std/src/panic.rs:142:14
[INFO] [stderr]     30:     0x5587630c87f7 - std::rt::lang_start_internal::h12de51168669836e
[INFO] [stderr]                                  at /rustc/82e1608dfa6e0b5569232559e3d385fea5a93112/library/std/src/rt.rs:148:20
[INFO] [stderr]     31:     0x558762ab6dc7 - std::rt::lang_start::h29a7ffb455b92292
[INFO] [stderr]     32:     0x558762ab9875 - main
[INFO] [stderr]     33:     0x7f3e66df9d90 - <unknown>
[INFO] [stderr]     34:     0x7f3e66df9e40 - __libc_start_main
[INFO] [stderr]     35:     0x558762ab6445 - _start
[INFO] [stderr]     36:                0x0 - <unknown>
[INFO] running `Command { std: "docker" "inspect" "d771eb85244ec1d39ddf3fcb9659f55bb30a741a69cb6f761972c729d884be40", kill_on_drop: false }`
[INFO] running `Command { std: "docker" "rm" "-f" "d771eb85244ec1d39ddf3fcb9659f55bb30a741a69cb6f761972c729d884be40", kill_on_drop: false }`
[INFO] [stdout] d771eb85244ec1d39ddf3fcb9659f55bb30a741a69cb6f761972c729d884be40
[INFO] testing Atome-FE/llama-node against beta-2023-12-22 for beta-1.76-1
[INFO] running `Command { std: "git" "clone" "/workspace/cache/git-repos/https%3A%2F%2Fgithub.com%2FAtome-FE%2Fllama-node" "/workspace/builds/worker-3-tc2/source", kill_on_drop: false }`
[INFO] [stderr] Cloning into '/workspace/builds/worker-3-tc2/source'...
[INFO] [stderr] done.
[INFO] validating manifest of git repo https://github.com/Atome-FE/llama-node on toolchain beta-2023-12-22
[INFO] running `Command { std: CARGO_HOME="/workspace/cargo-home" RUSTUP_HOME="/workspace/rustup-home" "/workspace/cargo-home/bin/cargo" "+beta-2023-12-22" "metadata" "--manifest-path" "Cargo.toml" "--no-deps", kill_on_drop: false }`
[INFO] started tweaking git repo https://github.com/Atome-FE/llama-node
[INFO] finished tweaking git repo https://github.com/Atome-FE/llama-node
[INFO] tweaked toml for git repo https://github.com/Atome-FE/llama-node written to /workspace/builds/worker-3-tc2/source/Cargo.toml
[INFO] crate git repo https://github.com/Atome-FE/llama-node already has a lockfile, it will not be regenerated
[INFO] running `Command { std: CARGO_HOME="/workspace/cargo-home" RUSTUP_HOME="/workspace/rustup-home" "/workspace/cargo-home/bin/cargo" "+beta-2023-12-22" "fetch" "--manifest-path" "Cargo.toml", kill_on_drop: false }`
[INFO] [stderr] warning: virtual workspace defaulting to `resolver = "1"` despite one or more workspace members being on edition 2021 which implies `resolver = "2"`
[INFO] [stderr] note: to keep the current resolver, specify `workspace.resolver = "1"` in the workspace root's manifest
[INFO] [stderr] note: to use the edition 2021 resolver, specify `workspace.resolver = "2"` in the workspace root's manifest
[INFO] [stderr] note: for more details see https://doc.rust-lang.org/cargo/reference/resolver.html#resolver-versions
[INFO] running `Command { std: "docker" "create" "-v" "/var/lib/crater-agent-workspace/builds/worker-3-tc2/target:/opt/rustwide/target:rw,Z" "-v" "/var/lib/crater-agent-workspace/builds/worker-3-tc2/source:/opt/rustwide/workdir:ro,Z" "-v" "/var/lib/crater-agent-workspace/cargo-home:/opt/rustwide/cargo-home:ro,Z" "-v" "/var/lib/crater-agent-workspace/rustup-home:/opt/rustwide/rustup-home:ro,Z" "-e" "SOURCE_DIR=/opt/rustwide/workdir" "-e" "CARGO_TARGET_DIR=/opt/rustwide/target" "-e" "CARGO_HOME=/opt/rustwide/cargo-home" "-e" "RUSTUP_HOME=/opt/rustwide/rustup-home" "-w" "/opt/rustwide/workdir" "-m" "1610612736" "--user" "0:0" "--network" "none" "ghcr.io/rust-lang/crates-build-env/linux@sha256:2788e3201cd34a07e3172128adcd8b3090168a8e3bcc40d7c032b9dda1df7d1c" "/opt/rustwide/cargo-home/bin/cargo" "+beta-2023-12-22" "metadata" "--no-deps" "--format-version=1", kill_on_drop: false }`
[INFO] [stdout] c0769afa4c472a9d2bf31288a9b6ddde0a0897efd78565c254ab5aaf6bc0d901
[INFO] running `Command { std: "docker" "start" "-a" "c0769afa4c472a9d2bf31288a9b6ddde0a0897efd78565c254ab5aaf6bc0d901", kill_on_drop: false }`
[INFO] running `Command { std: "docker" "inspect" "c0769afa4c472a9d2bf31288a9b6ddde0a0897efd78565c254ab5aaf6bc0d901", kill_on_drop: false }`
[INFO] running `Command { std: "docker" "rm" "-f" "c0769afa4c472a9d2bf31288a9b6ddde0a0897efd78565c254ab5aaf6bc0d901", kill_on_drop: false }`
[INFO] [stdout] c0769afa4c472a9d2bf31288a9b6ddde0a0897efd78565c254ab5aaf6bc0d901
[INFO] running `Command { std: "docker" "create" "-v" "/var/lib/crater-agent-workspace/builds/worker-3-tc2/target:/opt/rustwide/target:rw,Z" "-v" "/var/lib/crater-agent-workspace/builds/worker-3-tc2/source:/opt/rustwide/workdir:ro,Z" "-v" "/var/lib/crater-agent-workspace/cargo-home:/opt/rustwide/cargo-home:ro,Z" "-v" "/var/lib/crater-agent-workspace/rustup-home:/opt/rustwide/rustup-home:ro,Z" "-e" "SOURCE_DIR=/opt/rustwide/workdir" "-e" "CARGO_TARGET_DIR=/opt/rustwide/target" "-e" "CARGO_INCREMENTAL=0" "-e" "RUST_BACKTRACE=full" "-e" "RUSTFLAGS=--cap-lints=warn" "-e" "RUSTDOCFLAGS=--cap-lints=warn" "-e" "CARGO_HOME=/opt/rustwide/cargo-home" "-e" "RUSTUP_HOME=/opt/rustwide/rustup-home" "-w" "/opt/rustwide/workdir" "-m" "1610612736" "--user" "0:0" "--network" "none" "ghcr.io/rust-lang/crates-build-env/linux@sha256:2788e3201cd34a07e3172128adcd8b3090168a8e3bcc40d7c032b9dda1df7d1c" "/opt/rustwide/cargo-home/bin/cargo" "+beta-2023-12-22" "build" "--frozen" "--message-format=json", kill_on_drop: false }`
[INFO] [stdout] 58b852b96147ce89e6f93fec0a5b12ca427fb4e30dfee87efc82ad0500278bae
[INFO] running `Command { std: "docker" "start" "-a" "58b852b96147ce89e6f93fec0a5b12ca427fb4e30dfee87efc82ad0500278bae", kill_on_drop: false }`
[INFO] [stderr] warning: virtual workspace defaulting to `resolver = "1"` despite one or more workspace members being on edition 2021 which implies `resolver = "2"`
[INFO] [stderr] note: to keep the current resolver, specify `workspace.resolver = "1"` in the workspace root's manifest
[INFO] [stderr] note: to use the edition 2021 resolver, specify `workspace.resolver = "2"` in the workspace root's manifest
[INFO] [stderr] note: for more details see https://doc.rust-lang.org/cargo/reference/resolver.html#resolver-versions
[INFO] [stderr]    Compiling libc v0.2.141
[INFO] [stderr]    Compiling proc-macro2 v1.0.56
[INFO] [stderr]    Compiling quote v1.0.26
[INFO] [stderr]    Compiling unicode-ident v1.0.8
[INFO] [stderr]    Compiling syn v1.0.109
[INFO] [stderr]    Compiling regex-syntax v0.7.2
[INFO] [stderr]    Compiling log v0.4.17
[INFO] [stderr]    Compiling aho-corasick v1.0.1
[INFO] [stderr]    Compiling serde v1.0.163
[INFO] [stderr]    Compiling once_cell v1.17.1
[INFO] [stderr]    Compiling either v1.8.1
[INFO] [stderr]    Compiling thiserror v1.0.40
[INFO] [stderr]    Compiling scopeguard v1.1.0
[INFO] [stderr]    Compiling pkg-config v0.3.26
[INFO] [stderr]    Compiling minimal-lexical v0.2.1
[INFO] [stderr]    Compiling clang-sys v1.6.1
[INFO] [stderr]    Compiling nom v7.1.3
[INFO] [stderr]    Compiling strsim v0.10.0
[INFO] [stderr]    Compiling syn v2.0.13
[INFO] [stderr]    Compiling io-lifetimes v1.0.10
[INFO] [stderr]    Compiling crossbeam-utils v0.8.15
[INFO] [stderr]    Compiling memoffset v0.8.0
[INFO] [stderr]    Compiling libloading v0.7.4
[INFO] [stderr]    Compiling rustix v0.37.11
[INFO] [stderr]    Compiling bindgen v0.64.0
[INFO] [stderr]    Compiling jobserver v0.1.26
[INFO] [stderr]    Compiling getrandom v0.2.9
[INFO] [stderr]    Compiling regex v1.8.3
[INFO] [stderr]    Compiling cc v1.0.79
[INFO] [stderr]    Compiling rand_core v0.6.4
[INFO] [stderr]    Compiling rand_chacha v0.3.1
[INFO] [stderr]    Compiling rand v0.8.5
[INFO] [stderr]    Compiling num_cpus v1.15.0
[INFO] [stderr]    Compiling smallvec v1.10.0
[INFO] [stderr]    Compiling ggml-sys v0.2.0-dev (https://github.com/rustformers/llm.git?branch=main#a5b9365a)
[INFO] [stderr]    Compiling platforms v3.0.2
[INFO] [stderr]    Compiling cexpr v0.6.0
[INFO] [stderr]    Compiling which v4.4.0
[INFO] [stderr]    Compiling memmap2 v0.5.10
[INFO] [stderr]    Compiling crossbeam-epoch v0.9.14
[INFO] [stderr]    Compiling wasm-bindgen-shared v0.2.84
[INFO] [stderr]    Compiling rustc-hash v1.1.0
[INFO] [stderr]    Compiling bytemuck v1.13.1
[INFO] [stderr]    Compiling napi-build v2.0.1
[INFO] [stderr]    Compiling fnv v1.0.7
[INFO] [stderr]    Compiling linux-raw-sys v0.3.1
[INFO] [stderr]    Compiling ident_case v1.0.1
[INFO] [stderr]    Compiling peeking_take_while v0.1.2
[INFO] [stderr]    Compiling partial_sort v0.2.0
[INFO] [stderr]    Compiling itoa v1.0.6
[INFO] [stderr]    Compiling lazycell v1.3.0
[INFO] [stderr]    Compiling shlex v1.1.0
[INFO] [stderr]    Compiling half v2.2.1
[INFO] [stderr]    Compiling unicode-segmentation v1.10.1
[INFO] [stderr]    Compiling futures-core v0.3.28
[INFO] [stderr]    Compiling lock_api v0.4.9
[INFO] [stderr]    Compiling futures-channel v0.3.28
[INFO] [stderr]    Compiling pin-project-lite v0.2.9
[INFO] [stderr]    Compiling parking_lot_core v0.9.7
[INFO] [stderr]    Compiling unicode-width v0.1.10
[INFO] [stderr]    Compiling utf8parse v0.2.1
[INFO] [stderr]    Compiling darling_core v0.14.4
[INFO] [stderr]    Compiling serde_json v1.0.96
[INFO] [stderr]    Compiling anstyle-parse v0.1.1
[INFO] [stderr]    Compiling console v0.15.5
[INFO] [stderr]    Compiling serde_derive v1.0.163
[INFO] [stderr]    Compiling thiserror-impl v1.0.40
[INFO] [stderr]    Compiling is-terminal v0.4.7
[INFO] [stderr]    Compiling rayon-core v1.11.0
[INFO] [stderr]    Compiling concolor-query v0.3.3
[INFO] [stderr]    Compiling futures-util v0.3.28
[INFO] [stderr]    Compiling concolor-override v1.0.0
[INFO] [stderr]    Compiling ryu v1.0.13
[INFO] [stderr]    Compiling futures-sink v0.3.28
[INFO] [stderr]    Compiling semver v1.0.17
[INFO] [stderr]    Compiling bumpalo v3.12.1
[INFO] [stderr]    Compiling anstyle v0.3.5
[INFO] [stderr]    Compiling wasm-bindgen-backend v0.2.84
[INFO] [stderr]    Compiling anstream v0.2.6
[INFO] [stderr]    Compiling crossbeam-deque v0.8.3
[INFO] [stderr]    Compiling futures-macro v0.3.28
[INFO] [stderr]    Compiling crossbeam-channel v0.5.8
[INFO] [stderr]    Compiling darling_macro v0.14.4
[INFO] [stderr]    Compiling onig_sys v69.8.1
[INFO] [stderr]    Compiling zstd-sys v2.0.8+zstd.1.5.5
[INFO] [stderr]    Compiling tokio v1.27.0
[INFO] [stderr]    Compiling num-traits v0.2.15
[INFO] [stderr]    Compiling paste v1.0.12
[INFO] [stderr]    Compiling option-ext v0.2.0
[INFO] [stderr]    Compiling clap_lex v0.4.1
[INFO] [stderr]    Compiling heck v0.4.1
[INFO] [stderr]    Compiling darling v0.14.4
[INFO] [stderr]    Compiling clap_builder v4.2.1
[INFO] [stderr]    Compiling derive_builder_core v0.12.0
[INFO] [stderr]    Compiling dirs-sys v0.4.1
[INFO] [stderr]    Compiling time-macros v0.2.9
[INFO] [stderr]    Compiling clap_derive v4.2.0
[INFO] [stderr]    Compiling wasm-bindgen-macro-support v0.2.84
[INFO] [stderr]    Compiling parking_lot v0.12.1
[INFO] [stderr]    Compiling tokio-macros v2.0.0
[INFO] [stderr]    Compiling convert_case v0.6.0
[INFO] [stderr]    Compiling esaxx-rs v0.1.8
[INFO] [stderr]    Compiling mio v0.8.6
[INFO] [stderr]    Compiling signal-hook-registry v1.4.1
[INFO] [stderr]    Compiling socket2 v0.4.9
[INFO] [stderr]    Compiling wasm-bindgen v0.2.84
[INFO] [stderr]    Compiling anyhow v1.0.70
[INFO] [stderr]    Compiling serde_bytes v0.11.9
[INFO] [stderr]    Compiling num_threads v0.1.6
[INFO] [stderr]    Compiling bit-vec v0.6.3
[INFO] [stderr]    Compiling time v0.3.21
[INFO] [stderr]    Compiling bit-set v0.5.3
[INFO] [stderr]    Compiling napi-derive-backend v1.0.49
[INFO] [stderr]    Compiling futures-executor v0.3.28
[INFO] [stderr]    Compiling wasm-bindgen-macro v0.2.84
[INFO] [stderr]    Compiling clap v4.2.1
[INFO] [stderr]    Compiling rayon v1.7.0
[INFO] [stderr]    Compiling ggml v0.2.0-dev (https://github.com/rustformers/llm.git?branch=main#a5b9365a)
[INFO] [stderr]    Compiling derive_builder_macro v0.12.0
[INFO] [stderr]    Compiling llm-base v0.2.0-dev (https://github.com/rustformers/llm.git?branch=main#a5b9365a)
[INFO] [stderr]    Compiling dirs v5.0.1
[INFO] [stderr]    Compiling ctor v0.2.0
[INFO] [stderr]    Compiling monostate-impl v0.1.6
[INFO] [stderr]    Compiling itertools v0.8.2
[INFO] [stderr]    Compiling num-integer v0.1.45
[INFO] [stderr]    Compiling napi-sys v2.2.3
[INFO] [stderr]    Compiling base64 v0.13.1
[INFO] [stderr]    Compiling bitflags v2.1.0
[INFO] [stderr]    Compiling number_prefix v0.3.0
[INFO] [stderr]    Compiling macro_rules_attribute-proc_macro v0.1.3
[INFO] [stderr]    Compiling zstd-safe v6.0.5+zstd.1.5.4
[INFO] [stderr]    Compiling spm_precompiled v0.1.4
[INFO] [stderr]    Compiling indicatif v0.15.0
[INFO] [stderr]    Compiling monostate v0.1.6
[INFO] [stderr]    Compiling rayon-cond v0.1.0
[INFO] [stderr]    Compiling napi-derive v2.12.3
[INFO] [stderr]    Compiling llama-sys v0.0.1 (/opt/rustwide/workdir/packages/llama-cpp/llama-sys)
[INFO] [stderr]    Compiling derive_builder v0.12.0
[INFO] [stderr]    Compiling common-rs v0.1.0 (/opt/rustwide/workdir/packages/common-rs)
[INFO] [stderr]    Compiling futures v0.3.28
[INFO] [stderr]    Compiling fancy-regex v0.10.0
[INFO] [stderr]    Compiling macro_rules_attribute v0.1.3
[INFO] [stderr]    Compiling rwkv-sys v0.0.1 (/opt/rustwide/workdir/packages/rwkv-cpp/rwkv-sys)
[INFO] [stderr]    Compiling unicode-normalization-alignments v0.1.12
[INFO] [stderr]    Compiling itertools v0.9.0
[INFO] [stderr]    Compiling aho-corasick v0.7.20
[INFO] [stderr]    Compiling napi v2.12.4
[INFO] [stderr]    Compiling rawpointer v0.2.1
[INFO] [stderr]    Compiling regex-syntax v0.6.29
[INFO] [stderr]    Compiling unicode_categories v0.1.1
[INFO] [stderr]    Compiling matrixmultiply v0.3.3
[INFO] [stderr] The following warnings were emitted during compilation:
[INFO] [stderr] 
[INFO] [stderr] warning: llama-sys@0.0.1: Unable to generate bindings: clang diagnosed error: wrapper.h:1:10: fatal error: 'llama.h' file not found
[INFO] [stderr] warning: llama-sys@0.0.1: Using bundled bindings.rs, which may be out of date
[INFO] [stderr] 
[INFO] [stderr] error: failed to run custom build command for `llama-sys v0.0.1 (/opt/rustwide/workdir/packages/llama-cpp/llama-sys)`
[INFO] [stderr] note: To improve backtraces for build dependencies, set the CARGO_PROFILE_DEV_BUILD_OVERRIDE_DEBUG=true environment variable to enable debug information generation.
[INFO] [stderr] 
[INFO] [stderr] Caused by:
[INFO] [stderr]   process didn't exit successfully: `/opt/rustwide/target/debug/build/llama-sys-a750181b4ff6a32c/build-script-build` (exit status: 101)
[INFO] [stderr]   --- stdout
[INFO] [stderr]   cargo:rustc-link-search=/opt/rustwide/target/debug/build/llama-sys-fb72c8e1841b58b1/out
[INFO] [stderr]   cargo:rustc-link-lib=static=llama
[INFO] [stderr]   cargo:rerun-if-changed=wrapper.h
[INFO] [stderr]   cargo:warning=Unable to generate bindings: clang diagnosed error: wrapper.h:1:10: fatal error: 'llama.h' file not found
[INFO] [stderr] 
[INFO] [stderr]   cargo:warning=Using bundled bindings.rs, which may be out of date
[INFO] [stderr] 
[INFO] [stderr]   --- stderr
[INFO] [stderr]   wrapper.h:1:10: fatal error: 'llama.h' file not found
[INFO] [stderr]   thread 'main' panicked at packages/llama-cpp/llama-sys/build.rs:107:35:
[INFO] [stderr]   Unable to change directory to llama.cpp build: Os { code: 2, kind: NotFound, message: "No such file or directory" }
[INFO] [stderr]   stack backtrace:
[INFO] [stderr]      0:     0x5648ec968886 - std::backtrace_rs::backtrace::libunwind::trace::h261606ad26a499c1
[INFO] [stderr]                                  at /rustc/0e09125c6c3c2fd70d7de961bcf0e51575235fad/library/std/src/../../backtrace/src/backtrace/libunwind.rs:104:5
[INFO] [stderr]      1:     0x5648ec968886 - std::backtrace_rs::backtrace::trace_unsynchronized::hd183f0625477fb28
[INFO] [stderr]                                  at /rustc/0e09125c6c3c2fd70d7de961bcf0e51575235fad/library/std/src/../../backtrace/src/backtrace/mod.rs:66:5
[INFO] [stderr]      2:     0x5648ec968886 - std::sys_common::backtrace::_print_fmt::hd7f8fef21b4eda67
[INFO] [stderr]                                  at /rustc/0e09125c6c3c2fd70d7de961bcf0e51575235fad/library/std/src/sys_common/backtrace.rs:68:5
[INFO] [stderr]      3:     0x5648ec968886 - <std::sys_common::backtrace::_print::DisplayBacktrace as core::fmt::Display>::fmt::h623d9b51f2f453f1
[INFO] [stderr]                                  at /rustc/0e09125c6c3c2fd70d7de961bcf0e51575235fad/library/std/src/sys_common/backtrace.rs:44:22
[INFO] [stderr]      4:     0x5648ec9932f0 - core::fmt::rt::Argument::fmt::h9f417ac76a86f368
[INFO] [stderr]                                  at /rustc/0e09125c6c3c2fd70d7de961bcf0e51575235fad/library/core/src/fmt/rt.rs:142:9
[INFO] [stderr]      5:     0x5648ec9932f0 - core::fmt::write::hc9b6faf4ac2aeff7
[INFO] [stderr]                                  at /rustc/0e09125c6c3c2fd70d7de961bcf0e51575235fad/library/core/src/fmt/mod.rs:1120:17
[INFO] [stderr]      6:     0x5648ec965e7f - std::io::Write::write_fmt::hfead1eee52c2e65e
[INFO] [stderr]                                  at /rustc/0e09125c6c3c2fd70d7de961bcf0e51575235fad/library/std/src/io/mod.rs:1810:15
[INFO] [stderr]      7:     0x5648ec968664 - std::sys_common::backtrace::_print::hd5d66399c7df88a2
[INFO] [stderr]                                  at /rustc/0e09125c6c3c2fd70d7de961bcf0e51575235fad/library/std/src/sys_common/backtrace.rs:47:5
[INFO] [stderr]      8:     0x5648ec968664 - std::sys_common::backtrace::print::he81ed2da642d37e5
[INFO] [stderr]                                  at /rustc/0e09125c6c3c2fd70d7de961bcf0e51575235fad/library/std/src/sys_common/backtrace.rs:34:9
[INFO] [stderr]      9:     0x5648ec969d37 - std::panicking::default_hook::{{closure}}::h85773f4fa117163d
[INFO] [stderr]     10:     0x5648ec969a99 - std::panicking::default_hook::h6a1694a91d09b278
[INFO] [stderr]                                  at /rustc/0e09125c6c3c2fd70d7de961bcf0e51575235fad/library/std/src/panicking.rs:292:9
[INFO] [stderr]     11:     0x5648ec96a1c8 - std::panicking::rust_panic_with_hook::h0a7ad96e90f7145b
[INFO] [stderr]                                  at /rustc/0e09125c6c3c2fd70d7de961bcf0e51575235fad/library/std/src/panicking.rs:779:13
[INFO] [stderr]     12:     0x5648ec96a0a2 - std::panicking::begin_panic_handler::{{closure}}::h7919090525c6485e
[INFO] [stderr]                                  at /rustc/0e09125c6c3c2fd70d7de961bcf0e51575235fad/library/std/src/panicking.rs:657:13
[INFO] [stderr]     13:     0x5648ec968d86 - std::sys_common::backtrace::__rust_end_short_backtrace::hf3289479464f7dfe
[INFO] [stderr]                                  at /rustc/0e09125c6c3c2fd70d7de961bcf0e51575235fad/library/std/src/sys_common/backtrace.rs:171:18
[INFO] [stderr]     14:     0x5648ec969e00 - rust_begin_unwind
[INFO] [stderr]                                  at /rustc/0e09125c6c3c2fd70d7de961bcf0e51575235fad/library/std/src/panicking.rs:645:5
[INFO] [stderr]     15:     0x5648ec333b95 - core::panicking::panic_fmt::hcc9f77c5c132af55
[INFO] [stderr]                                  at /rustc/0e09125c6c3c2fd70d7de961bcf0e51575235fad/library/core/src/panicking.rs:72:14
[INFO] [stderr]     16:     0x5648ec334173 - core::result::unwrap_failed::hbe14f498be1452f9
[INFO] [stderr]                                  at /rustc/0e09125c6c3c2fd70d7de961bcf0e51575235fad/library/core/src/result.rs:1649:5
[INFO] [stderr]     17:     0x5648ec477f43 - core::result::Result<T,E>::expect::h3883801198bd0621
[INFO] [stderr]     18:     0x5648ec3378c1 - build_script_build::main::h217cf11dda9a830a
[INFO] [stderr]     19:     0x5648ec335423 - core::ops::function::FnOnce::call_once::hee12476cd6f1336a
[INFO] [stderr]     20:     0x5648ec334546 - std::sys_common::backtrace::__rust_begin_short_backtrace::h972cae78aaffabb9
[INFO] [stderr]     21:     0x5648ec334f79 - std::rt::lang_start::{{closure}}::h0e2b6f8dbc781125
[INFO] [stderr]     22:     0x5648ec9613d1 - core::ops::function::impls::<impl core::ops::function::FnOnce<A> for &F>::call_once::h4eb4c5e1620f29b0
[INFO] [stderr]                                  at /rustc/0e09125c6c3c2fd70d7de961bcf0e51575235fad/library/core/src/ops/function.rs:284:13
[INFO] [stderr]     23:     0x5648ec9613d1 - std::panicking::try::do_call::h73fd26535faffcdf
[INFO] [stderr]                                  at /rustc/0e09125c6c3c2fd70d7de961bcf0e51575235fad/library/std/src/panicking.rs:552:40
[INFO] [stderr]     24:     0x5648ec9613d1 - std::panicking::try::h77ff1d98f0fb9f39
[INFO] [stderr]                                  at /rustc/0e09125c6c3c2fd70d7de961bcf0e51575235fad/library/std/src/panicking.rs:516:19
[INFO] [stderr]     25:     0x5648ec9613d1 - std::panic::catch_unwind::hab3caf2448b95e37
[INFO] [stderr]                                  at /rustc/0e09125c6c3c2fd70d7de961bcf0e51575235fad/library/std/src/panic.rs:142:14
[INFO] [stderr]     26:     0x5648ec9613d1 - std::rt::lang_start_internal::{{closure}}::h8086711f9c783f78
[INFO] [stderr]                                  at /rustc/0e09125c6c3c2fd70d7de961bcf0e51575235fad/library/std/src/rt.rs:148:48
[INFO] [stderr]     27:     0x5648ec9613d1 - std::panicking::try::do_call::hf920d4dc291cd6ca
[INFO] [stderr]                                  at /rustc/0e09125c6c3c2fd70d7de961bcf0e51575235fad/library/std/src/panicking.rs:552:40
[INFO] [stderr]     28:     0x5648ec9613d1 - std::panicking::try::h2b806ccc0a85db74
[INFO] [stderr]                                  at /rustc/0e09125c6c3c2fd70d7de961bcf0e51575235fad/library/std/src/panicking.rs:516:19
[INFO] [stderr]     29:     0x5648ec9613d1 - std::panic::catch_unwind::h038489539c507df2
[INFO] [stderr]                                  at /rustc/0e09125c6c3c2fd70d7de961bcf0e51575235fad/library/std/src/panic.rs:142:14
[INFO] [stderr]     30:     0x5648ec9613d1 - std::rt::lang_start_internal::h28503b88912e8a5c
[INFO] [stderr]                                  at /rustc/0e09125c6c3c2fd70d7de961bcf0e51575235fad/library/std/src/rt.rs:148:20
[INFO] [stderr]     31:     0x5648ec334f57 - std::rt::lang_start::h97480041830f2e85
[INFO] [stderr]     32:     0x5648ec338435 - main
[INFO] [stderr]     33:     0x7f8b106bad90 - <unknown>
[INFO] [stderr]     34:     0x7f8b106bae40 - __libc_start_main
[INFO] [stderr]     35:     0x5648ec334475 - _start
[INFO] [stderr]     36:                0x0 - <unknown>
[INFO] [stderr] warning: build failed, waiting for other jobs to finish...
[INFO] [stderr] The following warnings were emitted during compilation:
[INFO] [stderr] 
[INFO] [stderr] warning: rwkv-sys@0.0.1: Unable to generate bindings: clang diagnosed error: wrapper.h:1:10: fatal error: 'rwkv.h' file not found
[INFO] [stderr] warning: rwkv-sys@0.0.1: Using bundled bindings.rs, which may be out of date
[INFO] [stderr] 
[INFO] [stderr] error: failed to run custom build command for `rwkv-sys v0.0.1 (/opt/rustwide/workdir/packages/rwkv-cpp/rwkv-sys)`
[INFO] [stderr] note: To improve backtraces for build dependencies, set the CARGO_PROFILE_DEV_BUILD_OVERRIDE_DEBUG=true environment variable to enable debug information generation.
[INFO] [stderr] 
[INFO] [stderr] Caused by:
[INFO] [stderr]   process didn't exit successfully: `/opt/rustwide/target/debug/build/rwkv-sys-971d15eb0416563d/build-script-build` (exit status: 101)
[INFO] [stderr]   --- stdout
[INFO] [stderr]   cargo:rustc-link-search=/opt/rustwide/target/debug/build/rwkv-sys-e99082e03916b8ed/out
[INFO] [stderr]   cargo:rustc-link-lib=static=rwkv
[INFO] [stderr]   cargo:rerun-if-changed=wrapper.h
[INFO] [stderr]   cargo:warning=Unable to generate bindings: clang diagnosed error: wrapper.h:1:10: fatal error: 'rwkv.h' file not found
[INFO] [stderr] 
[INFO] [stderr]   cargo:warning=Using bundled bindings.rs, which may be out of date
[INFO] [stderr] 
[INFO] [stderr]   --- stderr
[INFO] [stderr]   wrapper.h:1:10: fatal error: 'rwkv.h' file not found
[INFO] [stderr]   thread 'main' panicked at packages/rwkv-cpp/rwkv-sys/build.rs:60:35:
[INFO] [stderr]   Unable to change directory to rwkv.cpp build: Os { code: 2, kind: NotFound, message: "No such file or directory" }
[INFO] [stderr]   stack backtrace:
[INFO] [stderr]      0:     0x55f49e55f546 - std::backtrace_rs::backtrace::libunwind::trace::h261606ad26a499c1
[INFO] [stderr]                                  at /rustc/0e09125c6c3c2fd70d7de961bcf0e51575235fad/library/std/src/../../backtrace/src/backtrace/libunwind.rs:104:5
[INFO] [stderr]      1:     0x55f49e55f546 - std::backtrace_rs::backtrace::trace_unsynchronized::hd183f0625477fb28
[INFO] [stderr]                                  at /rustc/0e09125c6c3c2fd70d7de961bcf0e51575235fad/library/std/src/../../backtrace/src/backtrace/mod.rs:66:5
[INFO] [stderr]      2:     0x55f49e55f546 - std::sys_common::backtrace::_print_fmt::hd7f8fef21b4eda67
[INFO] [stderr]                                  at /rustc/0e09125c6c3c2fd70d7de961bcf0e51575235fad/library/std/src/sys_common/backtrace.rs:68:5
[INFO] [stderr]      3:     0x55f49e55f546 - <std::sys_common::backtrace::_print::DisplayBacktrace as core::fmt::Display>::fmt::h623d9b51f2f453f1
[INFO] [stderr]                                  at /rustc/0e09125c6c3c2fd70d7de961bcf0e51575235fad/library/std/src/sys_common/backtrace.rs:44:22
[INFO] [stderr]      4:     0x55f49e589fb0 - core::fmt::rt::Argument::fmt::h9f417ac76a86f368
[INFO] [stderr]                                  at /rustc/0e09125c6c3c2fd70d7de961bcf0e51575235fad/library/core/src/fmt/rt.rs:142:9
[INFO] [stderr]      5:     0x55f49e589fb0 - core::fmt::write::hc9b6faf4ac2aeff7
[INFO] [stderr]                                  at /rustc/0e09125c6c3c2fd70d7de961bcf0e51575235fad/library/core/src/fmt/mod.rs:1120:17
[INFO] [stderr]      6:     0x55f49e55cb3f - std::io::Write::write_fmt::hfead1eee52c2e65e
[INFO] [stderr]                                  at /rustc/0e09125c6c3c2fd70d7de961bcf0e51575235fad/library/std/src/io/mod.rs:1810:15
[INFO] [stderr]      7:     0x55f49e55f324 - std::sys_common::backtrace::_print::hd5d66399c7df88a2
[INFO] [stderr]                                  at /rustc/0e09125c6c3c2fd70d7de961bcf0e51575235fad/library/std/src/sys_common/backtrace.rs:47:5
[INFO] [stderr]      8:     0x55f49e55f324 - std::sys_common::backtrace::print::he81ed2da642d37e5
[INFO] [stderr]                                  at /rustc/0e09125c6c3c2fd70d7de961bcf0e51575235fad/library/std/src/sys_common/backtrace.rs:34:9
[INFO] [stderr]      9:     0x55f49e5609f7 - std::panicking::default_hook::{{closure}}::h85773f4fa117163d
[INFO] [stderr]     10:     0x55f49e560759 - std::panicking::default_hook::h6a1694a91d09b278
[INFO] [stderr]                                  at /rustc/0e09125c6c3c2fd70d7de961bcf0e51575235fad/library/std/src/panicking.rs:292:9
[INFO] [stderr]     11:     0x55f49e560e88 - std::panicking::rust_panic_with_hook::h0a7ad96e90f7145b
[INFO] [stderr]                                  at /rustc/0e09125c6c3c2fd70d7de961bcf0e51575235fad/library/std/src/panicking.rs:779:13
[INFO] [stderr]     12:     0x55f49e560d62 - std::panicking::begin_panic_handler::{{closure}}::h7919090525c6485e
[INFO] [stderr]                                  at /rustc/0e09125c6c3c2fd70d7de961bcf0e51575235fad/library/std/src/panicking.rs:657:13
[INFO] [stderr]     13:     0x55f49e55fa46 - std::sys_common::backtrace::__rust_end_short_backtrace::hf3289479464f7dfe
[INFO] [stderr]                                  at /rustc/0e09125c6c3c2fd70d7de961bcf0e51575235fad/library/std/src/sys_common/backtrace.rs:171:18
[INFO] [stderr]     14:     0x55f49e560ac0 - rust_begin_unwind
[INFO] [stderr]                                  at /rustc/0e09125c6c3c2fd70d7de961bcf0e51575235fad/library/std/src/panicking.rs:645:5
[INFO] [stderr]     15:     0x55f49df2cb95 - core::panicking::panic_fmt::hcc9f77c5c132af55
[INFO] [stderr]                                  at /rustc/0e09125c6c3c2fd70d7de961bcf0e51575235fad/library/core/src/panicking.rs:72:14
[INFO] [stderr]     16:     0x55f49df2d173 - core::result::unwrap_failed::hbe14f498be1452f9
[INFO] [stderr]                                  at /rustc/0e09125c6c3c2fd70d7de961bcf0e51575235fad/library/core/src/result.rs:1649:5
[INFO] [stderr]     17:     0x55f49e055003 - core::result::Result<T,E>::expect::h3883801198bd0621
[INFO] [stderr]     18:     0x55f49df3013b - build_script_build::main::hc430c440e9181c3a
[INFO] [stderr]     19:     0x55f49df2e253 - core::ops::function::FnOnce::call_once::hfc15534cc3932541
[INFO] [stderr]     20:     0x55f49df2d546 - std::sys_common::backtrace::__rust_begin_short_backtrace::h5a106ec239f7f9de
[INFO] [stderr]     21:     0x55f49df2ddf9 - std::rt::lang_start::{{closure}}::hd0abb1a9788de80a
[INFO] [stderr]     22:     0x55f49e558091 - core::ops::function::impls::<impl core::ops::function::FnOnce<A> for &F>::call_once::h4eb4c5e1620f29b0
[INFO] [stderr]                                  at /rustc/0e09125c6c3c2fd70d7de961bcf0e51575235fad/library/core/src/ops/function.rs:284:13
[INFO] [stderr]     23:     0x55f49e558091 - std::panicking::try::do_call::h73fd26535faffcdf
[INFO] [stderr]                                  at /rustc/0e09125c6c3c2fd70d7de961bcf0e51575235fad/library/std/src/panicking.rs:552:40
[INFO] [stderr]     24:     0x55f49e558091 - std::panicking::try::h77ff1d98f0fb9f39
[INFO] [stderr]                                  at /rustc/0e09125c6c3c2fd70d7de961bcf0e51575235fad/library/std/src/panicking.rs:516:19
[INFO] [stderr]     25:     0x55f49e558091 - std::panic::catch_unwind::hab3caf2448b95e37
[INFO] [stderr]                                  at /rustc/0e09125c6c3c2fd70d7de961bcf0e51575235fad/library/std/src/panic.rs:142:14
[INFO] [stderr]     26:     0x55f49e558091 - std::rt::lang_start_internal::{{closure}}::h8086711f9c783f78
[INFO] [stderr]                                  at /rustc/0e09125c6c3c2fd70d7de961bcf0e51575235fad/library/std/src/rt.rs:148:48
[INFO] [stderr]     27:     0x55f49e558091 - std::panicking::try::do_call::hf920d4dc291cd6ca
[INFO] [stderr]                                  at /rustc/0e09125c6c3c2fd70d7de961bcf0e51575235fad/library/std/src/panicking.rs:552:40
[INFO] [stderr]     28:     0x55f49e558091 - std::panicking::try::h2b806ccc0a85db74
[INFO] [stderr]                                  at /rustc/0e09125c6c3c2fd70d7de961bcf0e51575235fad/library/std/src/panicking.rs:516:19
[INFO] [stderr]     29:     0x55f49e558091 - std::panic::catch_unwind::h038489539c507df2
[INFO] [stderr]                                  at /rustc/0e09125c6c3c2fd70d7de961bcf0e51575235fad/library/std/src/panic.rs:142:14
[INFO] [stderr]     30:     0x55f49e558091 - std::rt::lang_start_internal::h28503b88912e8a5c
[INFO] [stderr]                                  at /rustc/0e09125c6c3c2fd70d7de961bcf0e51575235fad/library/std/src/rt.rs:148:20
[INFO] [stderr]     31:     0x55f49df2ddd7 - std::rt::lang_start::h2305a324c592b14e
[INFO] [stderr]     32:     0x55f49df308f5 - main
[INFO] [stderr]     33:     0x7f5b19ddbd90 - <unknown>
[INFO] [stderr]     34:     0x7f5b19ddbe40 - __libc_start_main
[INFO] [stderr]     35:     0x55f49df2d475 - _start
[INFO] [stderr]     36:                0x0 - <unknown>
[INFO] running `Command { std: "docker" "inspect" "58b852b96147ce89e6f93fec0a5b12ca427fb4e30dfee87efc82ad0500278bae", kill_on_drop: false }`
[INFO] running `Command { std: "docker" "rm" "-f" "58b852b96147ce89e6f93fec0a5b12ca427fb4e30dfee87efc82ad0500278bae", kill_on_drop: false }`
[INFO] [stdout] 58b852b96147ce89e6f93fec0a5b12ca427fb4e30dfee87efc82ad0500278bae
