[INFO] cloning repository https://github.com/AsriFox/rs-fxr
[INFO] running `Command { std: "git" "-c" "credential.helper=" "-c" "credential.helper=/workspace/cargo-home/bin/git-credential-null" "clone" "--bare" "https://github.com/AsriFox/rs-fxr" "/workspace/cache/git-repos/https%3A%2F%2Fgithub.com%2FAsriFox%2Frs-fxr", kill_on_drop: false }`
[INFO] [stderr] Cloning into bare repository '/workspace/cache/git-repos/https%3A%2F%2Fgithub.com%2FAsriFox%2Frs-fxr'...
[INFO] running `Command { std: "git" "rev-parse" "HEAD", kill_on_drop: false }`
[INFO] [stdout] 85a4542e9368caf224e4324552c72bde5d21bce8
[INFO] testing AsriFox/rs-fxr against 1.75.0 for beta-1.76-1
[INFO] running `Command { std: "git" "clone" "/workspace/cache/git-repos/https%3A%2F%2Fgithub.com%2FAsriFox%2Frs-fxr" "/workspace/builds/worker-1-tc1/source", kill_on_drop: false }`
[INFO] [stderr] Cloning into '/workspace/builds/worker-1-tc1/source'...
[INFO] [stderr] done.
[INFO] validating manifest of git repo https://github.com/AsriFox/rs-fxr on toolchain 1.75.0
[INFO] running `Command { std: CARGO_HOME="/workspace/cargo-home" RUSTUP_HOME="/workspace/rustup-home" "/workspace/cargo-home/bin/cargo" "+1.75.0" "metadata" "--manifest-path" "Cargo.toml" "--no-deps", kill_on_drop: false }`
[INFO] started tweaking git repo https://github.com/AsriFox/rs-fxr
[INFO] removed 0 missing examples
[INFO] finished tweaking git repo https://github.com/AsriFox/rs-fxr
[INFO] tweaked toml for git repo https://github.com/AsriFox/rs-fxr written to /workspace/builds/worker-1-tc1/source/Cargo.toml
[INFO] crate git repo https://github.com/AsriFox/rs-fxr already has a lockfile, it will not be regenerated
[INFO] running `Command { std: CARGO_HOME="/workspace/cargo-home" RUSTUP_HOME="/workspace/rustup-home" "/workspace/cargo-home/bin/cargo" "+1.75.0" "fetch" "--manifest-path" "Cargo.toml", kill_on_drop: false }`
[INFO] [stderr]     Updating crates.io index
[INFO] [stderr]  Downloading crates ...
[INFO] [stderr]   Downloaded validator v0.16.0
[INFO] [stderr]   Downloaded realfft v3.2.0
[INFO] running `Command { std: "docker" "create" "-v" "/var/lib/crater-agent-workspace/builds/worker-1-tc1/target:/opt/rustwide/target:rw,Z" "-v" "/var/lib/crater-agent-workspace/builds/worker-1-tc1/source:/opt/rustwide/workdir:ro,Z" "-v" "/var/lib/crater-agent-workspace/cargo-home:/opt/rustwide/cargo-home:ro,Z" "-v" "/var/lib/crater-agent-workspace/rustup-home:/opt/rustwide/rustup-home:ro,Z" "-e" "SOURCE_DIR=/opt/rustwide/workdir" "-e" "CARGO_TARGET_DIR=/opt/rustwide/target" "-e" "CARGO_HOME=/opt/rustwide/cargo-home" "-e" "RUSTUP_HOME=/opt/rustwide/rustup-home" "-w" "/opt/rustwide/workdir" "-m" "1610612736" "--user" "0:0" "--network" "none" "ghcr.io/rust-lang/crates-build-env/linux@sha256:2788e3201cd34a07e3172128adcd8b3090168a8e3bcc40d7c032b9dda1df7d1c" "/opt/rustwide/cargo-home/bin/cargo" "+1.75.0" "metadata" "--no-deps" "--format-version=1", kill_on_drop: false }`
[INFO] [stdout] 8cb2d3105485c3022ad6e74a1b540b585d65baba5e1e66be01928a1f78203c8e
[INFO] running `Command { std: "docker" "start" "-a" "8cb2d3105485c3022ad6e74a1b540b585d65baba5e1e66be01928a1f78203c8e", kill_on_drop: false }`
[INFO] running `Command { std: "docker" "inspect" "8cb2d3105485c3022ad6e74a1b540b585d65baba5e1e66be01928a1f78203c8e", kill_on_drop: false }`
[INFO] running `Command { std: "docker" "rm" "-f" "8cb2d3105485c3022ad6e74a1b540b585d65baba5e1e66be01928a1f78203c8e", kill_on_drop: false }`
[INFO] [stdout] 8cb2d3105485c3022ad6e74a1b540b585d65baba5e1e66be01928a1f78203c8e
[INFO] running `Command { std: "docker" "create" "-v" "/var/lib/crater-agent-workspace/builds/worker-1-tc1/target:/opt/rustwide/target:rw,Z" "-v" "/var/lib/crater-agent-workspace/builds/worker-1-tc1/source:/opt/rustwide/workdir:ro,Z" "-v" "/var/lib/crater-agent-workspace/cargo-home:/opt/rustwide/cargo-home:ro,Z" "-v" "/var/lib/crater-agent-workspace/rustup-home:/opt/rustwide/rustup-home:ro,Z" "-e" "SOURCE_DIR=/opt/rustwide/workdir" "-e" "CARGO_TARGET_DIR=/opt/rustwide/target" "-e" "CARGO_INCREMENTAL=0" "-e" "RUST_BACKTRACE=full" "-e" "RUSTFLAGS=--cap-lints=warn" "-e" "RUSTDOCFLAGS=--cap-lints=warn" "-e" "CARGO_HOME=/opt/rustwide/cargo-home" "-e" "RUSTUP_HOME=/opt/rustwide/rustup-home" "-w" "/opt/rustwide/workdir" "-m" "1610612736" "--user" "0:0" "--network" "none" "ghcr.io/rust-lang/crates-build-env/linux@sha256:2788e3201cd34a07e3172128adcd8b3090168a8e3bcc40d7c032b9dda1df7d1c" "/opt/rustwide/cargo-home/bin/cargo" "+1.75.0" "build" "--frozen" "--message-format=json", kill_on_drop: false }`
[INFO] [stdout] fa34c3f1e3ef17cc72fbb914c7b97033beaf255fc2db4482e75c6717852127f7
[INFO] running `Command { std: "docker" "start" "-a" "fa34c3f1e3ef17cc72fbb914c7b97033beaf255fc2db4482e75c6717852127f7", kill_on_drop: false }`
[INFO] [stderr]    Compiling num-traits v0.2.15
[INFO] [stderr]    Compiling proc-macro2 v1.0.59
[INFO] [stderr]    Compiling unicode-ident v1.0.8
[INFO] [stderr]    Compiling quote v1.0.28
[INFO] [stderr]    Compiling num-integer v0.1.45
[INFO] [stderr]    Compiling libc v0.2.139
[INFO] [stderr]    Compiling wasm-bindgen-shared v0.2.86
[INFO] [stderr]    Compiling bumpalo v3.12.0
[INFO] [stderr]    Compiling once_cell v1.17.1
[INFO] [stderr]    Compiling strength_reduce v0.2.4
[INFO] [stderr]    Compiling wasm-bindgen v0.2.86
[INFO] [stderr]    Compiling rustfft v6.1.0
[INFO] [stderr]    Compiling syn v2.0.18
[INFO] [stderr]    Compiling getrandom v0.2.9
[INFO] [stderr]    Compiling rand_core v0.6.4
[INFO] [stderr]    Compiling num-complex v0.4.3
[INFO] [stderr]    Compiling rand_chacha v0.3.1
[INFO] [stderr]    Compiling rand v0.8.5
[INFO] [stderr]    Compiling primal-check v0.3.3
[INFO] [stderr]    Compiling transpose v0.2.2
[INFO] [stderr]    Compiling wasm-bindgen-backend v0.2.86
[INFO] [stderr]    Compiling wasm-bindgen-macro-support v0.2.86
[INFO] [stderr]    Compiling wasm-bindgen-macro v0.2.86
[INFO] [stderr]    Compiling realfft v3.2.0
[INFO] [stderr]    Compiling rs-fxr v0.1.0 (/opt/rustwide/workdir)
[INFO] [stderr]     Finished dev [unoptimized + debuginfo] target(s) in 6.89s
[INFO] running `Command { std: "docker" "inspect" "fa34c3f1e3ef17cc72fbb914c7b97033beaf255fc2db4482e75c6717852127f7", kill_on_drop: false }`
[INFO] running `Command { std: "docker" "rm" "-f" "fa34c3f1e3ef17cc72fbb914c7b97033beaf255fc2db4482e75c6717852127f7", kill_on_drop: false }`
[INFO] [stdout] fa34c3f1e3ef17cc72fbb914c7b97033beaf255fc2db4482e75c6717852127f7
[INFO] running `Command { std: "docker" "create" "-v" "/var/lib/crater-agent-workspace/builds/worker-1-tc1/target:/opt/rustwide/target:rw,Z" "-v" "/var/lib/crater-agent-workspace/builds/worker-1-tc1/source:/opt/rustwide/workdir:ro,Z" "-v" "/var/lib/crater-agent-workspace/cargo-home:/opt/rustwide/cargo-home:ro,Z" "-v" "/var/lib/crater-agent-workspace/rustup-home:/opt/rustwide/rustup-home:ro,Z" "-e" "SOURCE_DIR=/opt/rustwide/workdir" "-e" "CARGO_TARGET_DIR=/opt/rustwide/target" "-e" "CARGO_INCREMENTAL=0" "-e" "RUST_BACKTRACE=full" "-e" "RUSTFLAGS=--cap-lints=warn" "-e" "RUSTDOCFLAGS=--cap-lints=warn" "-e" "CARGO_HOME=/opt/rustwide/cargo-home" "-e" "RUSTUP_HOME=/opt/rustwide/rustup-home" "-w" "/opt/rustwide/workdir" "-m" "1610612736" "--user" "0:0" "--network" "none" "ghcr.io/rust-lang/crates-build-env/linux@sha256:2788e3201cd34a07e3172128adcd8b3090168a8e3bcc40d7c032b9dda1df7d1c" "/opt/rustwide/cargo-home/bin/cargo" "+1.75.0" "test" "--frozen" "--no-run" "--message-format=json", kill_on_drop: false }`
[INFO] [stdout] 126e1301a2d2d7174bc52c8f44ac9a7e47ce25a8f88437f988e8cf0eee3b0425
[INFO] running `Command { std: "docker" "start" "-a" "126e1301a2d2d7174bc52c8f44ac9a7e47ce25a8f88437f988e8cf0eee3b0425", kill_on_drop: false }`
[INFO] [stderr]    Compiling libc v0.2.139
[INFO] [stderr]    Compiling memoffset v0.6.5
[INFO] [stderr]    Compiling syn v1.0.109
[INFO] [stderr]    Compiling pkg-config v0.3.26
[INFO] [stderr]    Compiling lock_api v0.4.9
[INFO] [stderr]    Compiling parking_lot_core v0.9.7
[INFO] [stderr]    Compiling scopeguard v1.1.0
[INFO] [stderr]    Compiling thiserror v1.0.39
[INFO] [stderr]    Compiling smallvec v1.10.0
[INFO] [stderr]    Compiling bitflags v1.3.2
[INFO] [stderr]    Compiling anyhow v1.0.69
[INFO] [stderr]    Compiling cpal v0.14.2
[INFO] [stderr]    Compiling hound v3.5.0
[INFO] [stderr]    Compiling alsa-sys v0.3.1
[INFO] [stderr]    Compiling getrandom v0.2.9
[INFO] [stderr]    Compiling nix v0.23.2
[INFO] [stderr]    Compiling rand_core v0.6.4
[INFO] [stderr]    Compiling parking_lot v0.12.1
[INFO] [stderr]    Compiling rand_chacha v0.3.1
[INFO] [stderr]    Compiling rand v0.8.5
[INFO] [stderr]    Compiling thiserror-impl v1.0.39
[INFO] [stderr]    Compiling alsa v0.6.0
[INFO] [stderr]    Compiling rs-fxr v0.1.0 (/opt/rustwide/workdir)
[INFO] [stdout] error[E0433]: failed to resolve: use of undeclared crate or module `rs_fxr`
[INFO] [stdout]  --> examples/beep.rs:2:5
[INFO] [stdout]   |
[INFO] [stdout] 2 | use rs_fxr::{
[INFO] [stdout]   |     ^^^^^^ use of undeclared crate or module `rs_fxr`
[INFO] [stdout] 
[INFO] [stdout] 
[INFO] [stdout] error[E0433]: failed to resolve: use of undeclared crate or module `rs_fxr`
[INFO] [stdout]  --> examples/wav.rs:1:5
[INFO] [stdout]   |
[INFO] [stdout] 1 | use rs_fxr::{
[INFO] [stdout]   |     ^^^^^^ use of undeclared crate or module `rs_fxr`
[INFO] [stdout] 
[INFO] [stdout] 
[INFO] [stdout] error[E0432]: unresolved import `crate::serde`
[INFO] [stdout]  --> src/tests/mod.rs:1:12
[INFO] [stdout]   |
[INFO] [stdout] 1 | use crate::serde::{Description, WaveformType};
[INFO] [stdout]   |            ^^^^^ could not find `serde` in the crate root
[INFO] [stdout] 
[INFO] [stdout] 
[INFO] [stdout] error: aborting due to previous error
[INFO] [stdout] 
[INFO] [stdout] 
[INFO] [stdout] For more information about this error, try `rustc --explain E0433`.
[INFO] [stdout] 
[INFO] [stdout] error: aborting due to previous error
[INFO] [stdout] 
[INFO] [stdout] 
[INFO] [stdout] For more information about this error, try `rustc --explain E0433`.
[INFO] [stdout] 
[INFO] [stderr] error: could not compile `rs-fxr` (example "beep") due to 2 previous errors
[INFO] [stderr] warning: build failed, waiting for other jobs to finish...
[INFO] [stderr] error: could not compile `rs-fxr` (example "wav") due to 2 previous errors
[INFO] [stdout] error[E0433]: failed to resolve: use of undeclared crate or module `serde_json`
[INFO] [stdout]   --> src/tests/mod.rs:18:16
[INFO] [stdout]    |
[INFO] [stdout] 18 |     let jfxr = serde_json::to_value::<Description>(description).unwrap();
[INFO] [stdout]    |                ^^^^^^^^^^ use of undeclared crate or module `serde_json`
[INFO] [stdout] 
[INFO] [stdout] 
[INFO] [stdout] error: aborting due to 2 previous errors
[INFO] [stdout] 
[INFO] [stdout] 
[INFO] [stdout] Some errors have detailed explanations: E0432, E0433.
[INFO] [stdout] 
[INFO] [stdout] For more information about an error, try `rustc --explain E0432`.
[INFO] [stdout] 
[INFO] [stderr] error: could not compile `rs-fxr` (lib test) due to 3 previous errors
[INFO] running `Command { std: "docker" "inspect" "126e1301a2d2d7174bc52c8f44ac9a7e47ce25a8f88437f988e8cf0eee3b0425", kill_on_drop: false }`
[INFO] running `Command { std: "docker" "rm" "-f" "126e1301a2d2d7174bc52c8f44ac9a7e47ce25a8f88437f988e8cf0eee3b0425", kill_on_drop: false }`
[INFO] [stdout] 126e1301a2d2d7174bc52c8f44ac9a7e47ce25a8f88437f988e8cf0eee3b0425
