[INFO] cloning repository https://github.com/AryamannNingombam/idsolana
[INFO] running `Command { std: "git" "-c" "credential.helper=" "-c" "credential.helper=/workspace/cargo-home/bin/git-credential-null" "clone" "--bare" "https://github.com/AryamannNingombam/idsolana" "/workspace/cache/git-repos/https%3A%2F%2Fgithub.com%2FAryamannNingombam%2Fidsolana", kill_on_drop: false }`
[INFO] [stderr] Cloning into bare repository '/workspace/cache/git-repos/https%3A%2F%2Fgithub.com%2FAryamannNingombam%2Fidsolana'...
[INFO] running `Command { std: "git" "rev-parse" "HEAD", kill_on_drop: false }`
[INFO] [stdout] dbae7718b12c2edb196c9a99987e2d6b633786e0
[INFO] testing AryamannNingombam/idsolana against 1.75.0 for beta-1.76-1
[INFO] running `Command { std: "git" "clone" "/workspace/cache/git-repos/https%3A%2F%2Fgithub.com%2FAryamannNingombam%2Fidsolana" "/workspace/builds/worker-6-tc1/source", kill_on_drop: false }`
[INFO] [stderr] Cloning into '/workspace/builds/worker-6-tc1/source'...
[INFO] [stderr] done.
[INFO] validating manifest of git repo https://github.com/AryamannNingombam/idsolana on toolchain 1.75.0
[INFO] running `Command { std: CARGO_HOME="/workspace/cargo-home" RUSTUP_HOME="/workspace/rustup-home" "/workspace/cargo-home/bin/cargo" "+1.75.0" "metadata" "--manifest-path" "Cargo.toml" "--no-deps", kill_on_drop: false }`
[INFO] started tweaking git repo https://github.com/AryamannNingombam/idsolana
[INFO] finished tweaking git repo https://github.com/AryamannNingombam/idsolana
[INFO] tweaked toml for git repo https://github.com/AryamannNingombam/idsolana written to /workspace/builds/worker-6-tc1/source/Cargo.toml
[INFO] crate git repo https://github.com/AryamannNingombam/idsolana already has a lockfile, it will not be regenerated
[INFO] running `Command { std: CARGO_HOME="/workspace/cargo-home" RUSTUP_HOME="/workspace/rustup-home" "/workspace/cargo-home/bin/cargo" "+1.75.0" "fetch" "--manifest-path" "Cargo.toml", kill_on_drop: false }`
[INFO] [stderr]  Downloading crates ...
[INFO] [stderr]   Downloaded rand_xoshiro v0.4.0
[INFO] [stderr]   Downloaded anchor-attribute-access-control v0.21.0
[INFO] [stderr]   Downloaded anchor-syn v0.21.0
[INFO] [stderr]   Downloaded solana-sdk-macro v1.10.3
[INFO] [stderr]   Downloaded anchor-attribute-program v0.21.0
[INFO] [stderr]   Downloaded anchor-attribute-constant v0.21.0
[INFO] [stderr]   Downloaded solana-frozen-abi v1.10.3
[INFO] [stderr]   Downloaded anchor-lang v0.21.0
[INFO] [stderr]   Downloaded solana-program v1.10.3
[INFO] [stderr]   Downloaded im v15.0.0
[INFO] [stderr]   Downloaded anchor-attribute-error v0.21.0
[INFO] [stderr]   Downloaded anchor-attribute-state v0.21.0
[INFO] [stderr]   Downloaded anchor-derive-accounts v0.21.0
[INFO] [stderr]   Downloaded anchor-attribute-interface v0.21.0
[INFO] [stderr]   Downloaded solana-frozen-abi-macro v1.10.3
[INFO] [stderr]   Downloaded anchor-attribute-event v0.21.0
[INFO] [stderr]   Downloaded anchor-attribute-account v0.21.0
[INFO] running `Command { std: "docker" "create" "-v" "/var/lib/crater-agent-workspace/builds/worker-6-tc1/target:/opt/rustwide/target:rw,Z" "-v" "/var/lib/crater-agent-workspace/builds/worker-6-tc1/source:/opt/rustwide/workdir:ro,Z" "-v" "/var/lib/crater-agent-workspace/cargo-home:/opt/rustwide/cargo-home:ro,Z" "-v" "/var/lib/crater-agent-workspace/rustup-home:/opt/rustwide/rustup-home:ro,Z" "-e" "SOURCE_DIR=/opt/rustwide/workdir" "-e" "CARGO_TARGET_DIR=/opt/rustwide/target" "-e" "CARGO_HOME=/opt/rustwide/cargo-home" "-e" "RUSTUP_HOME=/opt/rustwide/rustup-home" "-w" "/opt/rustwide/workdir" "-m" "1610612736" "--user" "0:0" "--network" "none" "ghcr.io/rust-lang/crates-build-env/linux@sha256:2788e3201cd34a07e3172128adcd8b3090168a8e3bcc40d7c032b9dda1df7d1c" "/opt/rustwide/cargo-home/bin/cargo" "+1.75.0" "metadata" "--no-deps" "--format-version=1", kill_on_drop: false }`
[INFO] [stdout] 2903122fc93f6af45f851a7f258b2f90adb68b71622ce9b74dbe83f95a43f661
[INFO] running `Command { std: "docker" "start" "-a" "2903122fc93f6af45f851a7f258b2f90adb68b71622ce9b74dbe83f95a43f661", kill_on_drop: false }`
[INFO] running `Command { std: "docker" "inspect" "2903122fc93f6af45f851a7f258b2f90adb68b71622ce9b74dbe83f95a43f661", kill_on_drop: false }`
[INFO] running `Command { std: "docker" "rm" "-f" "2903122fc93f6af45f851a7f258b2f90adb68b71622ce9b74dbe83f95a43f661", kill_on_drop: false }`
[INFO] [stdout] 2903122fc93f6af45f851a7f258b2f90adb68b71622ce9b74dbe83f95a43f661
[INFO] running `Command { std: "docker" "create" "-v" "/var/lib/crater-agent-workspace/builds/worker-6-tc1/target:/opt/rustwide/target:rw,Z" "-v" "/var/lib/crater-agent-workspace/builds/worker-6-tc1/source:/opt/rustwide/workdir:ro,Z" "-v" "/var/lib/crater-agent-workspace/cargo-home:/opt/rustwide/cargo-home:ro,Z" "-v" "/var/lib/crater-agent-workspace/rustup-home:/opt/rustwide/rustup-home:ro,Z" "-e" "SOURCE_DIR=/opt/rustwide/workdir" "-e" "CARGO_TARGET_DIR=/opt/rustwide/target" "-e" "CARGO_INCREMENTAL=0" "-e" "RUST_BACKTRACE=full" "-e" "RUSTFLAGS=--cap-lints=warn" "-e" "RUSTDOCFLAGS=--cap-lints=warn" "-e" "CARGO_HOME=/opt/rustwide/cargo-home" "-e" "RUSTUP_HOME=/opt/rustwide/rustup-home" "-w" "/opt/rustwide/workdir" "-m" "1610612736" "--user" "0:0" "--network" "none" "ghcr.io/rust-lang/crates-build-env/linux@sha256:2788e3201cd34a07e3172128adcd8b3090168a8e3bcc40d7c032b9dda1df7d1c" "/opt/rustwide/cargo-home/bin/cargo" "+1.75.0" "build" "--frozen" "--message-format=json", kill_on_drop: false }`
[INFO] [stdout] 9833c38212e5e02d2bb1daf5527a8e4a62b784c49e33805dbf96fb1a029d050e
[INFO] running `Command { std: "docker" "start" "-a" "9833c38212e5e02d2bb1daf5527a8e4a62b784c49e33805dbf96fb1a029d050e", kill_on_drop: false }`
[INFO] [stderr]    Compiling proc-macro2 v1.0.36
[INFO] [stderr]    Compiling syn v1.0.89
[INFO] [stderr]    Compiling serde_derive v1.0.136
[INFO] [stderr]    Compiling serde v1.0.136
[INFO] [stderr]    Compiling generic-array v0.14.5
[INFO] [stderr]    Compiling libc v0.2.121
[INFO] [stderr]    Compiling subtle v2.4.1
[INFO] [stderr]    Compiling cpufeatures v0.2.2
[INFO] [stderr]    Compiling proc-macro2-diagnostics v0.9.1
[INFO] [stderr]    Compiling semver v1.0.6
[INFO] [stderr]    Compiling anyhow v1.0.56
[INFO] [stderr]    Compiling serde_json v1.0.79
[INFO] [stderr]    Compiling ryu v1.0.9
[INFO] [stderr]    Compiling getrandom v0.1.16
[INFO] [stderr]    Compiling itoa v1.0.1
[INFO] [stderr]    Compiling yansi v0.5.0
[INFO] [stderr]    Compiling unicode-segmentation v1.9.0
[INFO] [stderr]    Compiling bs58 v0.3.1
[INFO] [stderr]    Compiling crossbeam-utils v0.8.8
[INFO] [stderr]    Compiling memoffset v0.6.5
[INFO] [stderr]    Compiling quote v1.0.16
[INFO] [stderr]    Compiling heck v0.3.3
[INFO] [stderr]    Compiling rustc_version v0.4.0
[INFO] [stderr]    Compiling crunchy v0.2.2
[INFO] [stderr]    Compiling crossbeam-epoch v0.9.8
[INFO] [stderr]    Compiling rand_core v0.5.1
[INFO] [stderr]    Compiling log v0.4.14
[INFO] [stderr]    Compiling wasm-bindgen-shared v0.2.79
[INFO] [stderr]    Compiling rayon-core v1.9.1
[INFO] [stderr]    Compiling num_cpus v1.13.1
[INFO] [stderr]    Compiling rayon v1.5.1
[INFO] [stderr]    Compiling crossbeam-channel v0.5.4
[INFO] [stderr]    Compiling ahash v0.7.6
[INFO] [stderr]    Compiling either v1.6.1
[INFO] [stderr]    Compiling crossbeam-deque v0.8.1
[INFO] [stderr]    Compiling bumpalo v3.9.1
[INFO] [stderr]    Compiling rustversion v1.0.6
[INFO] [stderr]    Compiling feature-probe v0.1.1
[INFO] [stderr]    Compiling memchr v2.4.1
[INFO] [stderr]    Compiling solana-frozen-abi-macro v1.10.3
[INFO] [stderr]    Compiling getrandom v0.2.5
[INFO] [stderr]    Compiling bv v0.11.1
[INFO] [stderr]    Compiling bitmaps v2.1.0
[INFO] [stderr]    Compiling im v15.0.0
[INFO] [stderr]    Compiling once_cell v1.10.0
[INFO] [stderr]    Compiling bs58 v0.4.0
[INFO] [stderr]    Compiling blake3 v1.3.1
[INFO] [stderr]    Compiling rand_chacha v0.2.2
[INFO] [stderr]    Compiling solana-frozen-abi v1.10.3
[INFO] [stderr]    Compiling rand_xoshiro v0.4.0
[INFO] [stderr]    Compiling num-traits v0.2.14
[INFO] [stderr]    Compiling wasm-bindgen v0.2.79
[INFO] [stderr]    Compiling sized-chunks v0.6.5
[INFO] [stderr]    Compiling arrayref v0.3.6
[INFO] [stderr]    Compiling aho-corasick v0.7.18
[INFO] [stderr]    Compiling rand v0.7.3
[INFO] [stderr]    Compiling hashbrown v0.11.2
[INFO] [stderr]    Compiling solana-program v1.10.3
[INFO] [stderr]    Compiling memmap2 v0.5.3
[INFO] [stderr]    Compiling arrayvec v0.7.2
[INFO] [stderr]    Compiling constant_time_eq v0.1.5
[INFO] [stderr]    Compiling byteorder v1.4.3
[INFO] [stderr]    Compiling keccak v0.1.0
[INFO] [stderr]    Compiling base64 v0.12.3
[INFO] [stderr]    Compiling zeroize v1.3.0
[INFO] [stderr]    Compiling regex-syntax v0.6.25
[INFO] [stderr]    Compiling itertools v0.10.3
[INFO] [stderr]    Compiling wasm-bindgen-backend v0.2.79
[INFO] [stderr]    Compiling borsh-schema-derive-internal v0.9.3
[INFO] [stderr]    Compiling borsh-derive-internal v0.9.3
[INFO] [stderr]    Compiling wasm-bindgen-macro-support v0.2.79
[INFO] [stderr]    Compiling regex v1.5.5
[INFO] [stderr]    Compiling thiserror-impl v1.0.30
[INFO] [stderr]    Compiling bytemuck_derive v1.0.1
[INFO] [stderr]    Compiling num-derive v0.3.3
[INFO] [stderr]    Compiling solana-sdk-macro v1.10.3
[INFO] [stderr]    Compiling wasm-bindgen-macro v0.2.79
[INFO] [stderr]    Compiling bytemuck v1.8.0
[INFO] [stderr]    Compiling thiserror v1.0.30
[INFO] [stderr]    Compiling toml v0.5.8
[INFO] [stderr]    Compiling bincode v1.3.3
[INFO] [stderr]    Compiling serde_bytes v0.11.5
[INFO] [stderr]    Compiling digest v0.9.0
[INFO] [stderr]    Compiling block-buffer v0.9.0
[INFO] [stderr]    Compiling block-buffer v0.10.2
[INFO] [stderr]    Compiling crypto-common v0.1.3
[INFO] [stderr]    Compiling crypto-mac v0.8.0
[INFO] [stderr]    Compiling sha2 v0.9.9
[INFO] [stderr]    Compiling libsecp256k1-core v0.2.2
[INFO] [stderr]    Compiling digest v0.10.3
[INFO] [stderr]    Compiling hmac v0.8.1
[INFO] [stderr]    Compiling hmac-drbg v0.3.0
[INFO] [stderr]    Compiling proc-macro-crate v0.1.5
[INFO] [stderr]    Compiling sha2 v0.10.2
[INFO] [stderr]    Compiling anchor-syn v0.21.0
[INFO] [stderr]    Compiling sha3 v0.10.1
[INFO] [stderr]    Compiling curve25519-dalek v3.2.1
[INFO] [stderr]    Compiling libsecp256k1-gen-ecmult v0.2.1
[INFO] [stderr]    Compiling libsecp256k1-gen-genmult v0.2.1
[INFO] [stderr]    Compiling borsh-derive v0.9.3
[INFO] [stderr]    Compiling libsecp256k1 v0.6.0
[INFO] [stderr]    Compiling borsh v0.9.3
[INFO] [stderr]    Compiling anchor-derive-accounts v0.21.0
[INFO] [stderr]    Compiling anchor-attribute-error v0.21.0
[INFO] [stderr]    Compiling anchor-attribute-program v0.21.0
[INFO] [stderr]    Compiling anchor-attribute-event v0.21.0
[INFO] [stderr]    Compiling anchor-attribute-account v0.21.0
[INFO] [stderr]    Compiling anchor-attribute-state v0.21.0
[INFO] [stderr]    Compiling anchor-attribute-access-control v0.21.0
[INFO] [stderr]    Compiling anchor-attribute-interface v0.21.0
[INFO] [stderr]    Compiling anchor-attribute-constant v0.21.0
[INFO] [stderr]    Compiling anchor-lang v0.21.0
[INFO] [stderr]    Compiling idsolana v0.1.0 (/opt/rustwide/workdir/programs/idsolana)
[INFO] [stdout] error: bump targets should not be provided with init. Please use bump without a target.
[INFO] [stdout]   --> programs/idsolana/src/lib.rs:45:9
[INFO] [stdout]    |
[INFO] [stdout] 45 |         bump = bump,
[INFO] [stdout]    |         ^^^^
[INFO] [stdout] 
[INFO] [stdout] 
[INFO] [stdout] error[E0432]: unresolved import `crate`
[INFO] [stdout]  --> programs/idsolana/src/lib.rs:5:1
[INFO] [stdout]   |
[INFO] [stdout] 5 | #[program]
[INFO] [stdout]   | ^^^^^^^^^^ could not find `__client_accounts_create_user` in the crate root
[INFO] [stdout]   |
[INFO] [stdout]   = note: this error originates in the attribute macro `program` (in Nightly builds, run with -Z macro-backtrace for more info)
[INFO] [stdout] 
[INFO] [stdout] 
[INFO] [stdout] error[E0599]: no function or associated item named `try_accounts` found for struct `CreateUser` in the current scope
[INFO] [stdout]   --> programs/idsolana/src/lib.rs:5:1
[INFO] [stdout]    |
[INFO] [stdout] 5  | #[program]
[INFO] [stdout]    | ^^^^^^^^^^ function or associated item not found in `CreateUser<'_>`
[INFO] [stdout] ...
[INFO] [stdout] 41 | pub struct CreateUser<'info> {
[INFO] [stdout]    | ---------------------------- function or associated item `try_accounts` not found for this struct
[INFO] [stdout]    |
[INFO] [stdout]    = help: items from traits can only be used if the trait is implemented and in scope
[INFO] [stdout]    = note: the following trait defines an item `try_accounts`, perhaps you need to implement it:
[INFO] [stdout]            candidate #1: `anchor_lang::Accounts`
[INFO] [stdout]    = note: this error originates in the attribute macro `program` (in Nightly builds, run with -Z macro-backtrace for more info)
[INFO] [stdout] 
[INFO] [stdout] 
[INFO] [stdout] error[E0277]: the trait bound `CreateUser<'_>: anchor_lang::Accounts<'_>` is not satisfied
[INFO] [stdout]   --> programs/idsolana/src/lib.rs:5:1
[INFO] [stdout]    |
[INFO] [stdout] 5  | #[program]
[INFO] [stdout]    | ^^^^^^^^^^ the trait `anchor_lang::Accounts<'_>` is not implemented for `CreateUser<'_>`
[INFO] [stdout]    |
[INFO] [stdout]    = help: the following other types implement trait `anchor_lang::Accounts<'info>`:
[INFO] [stdout]              Initialize
[INFO] [stdout]              Box<T>
[INFO] [stdout]              Loader<'info, T>
[INFO] [stdout]              anchor_lang::prelude::Sysvar<'info, T>
[INFO] [stdout]              anchor_lang::prelude::Account<'info, T>
[INFO] [stdout]              AccountLoader<'info, T>
[INFO] [stdout]              CpiAccount<'info, T>
[INFO] [stdout]              CpiState<'info, T>
[INFO] [stdout]            and 12 others
[INFO] [stdout] note: required by a bound in `anchor_lang::context::Context::<'a, 'b, 'c, 'info, T>::new`
[INFO] [stdout]   --> /opt/rustwide/cargo-home/registry/src/index.crates.io-6f17d22bba15001f/anchor-lang-0.21.0/src/context.rs:50:28
[INFO] [stdout]    |
[INFO] [stdout] 50 | impl<'a, 'b, 'c, 'info, T: Accounts<'info>> Context<'a, 'b, 'c, 'info, T> {
[INFO] [stdout]    |                            ^^^^^^^^^^^^^^^ required by this bound in `Context::<'a, 'b, 'c, 'info, T>::new`
[INFO] [stdout] 51 |     pub fn new(
[INFO] [stdout]    |            --- required by a bound in this associated function
[INFO] [stdout]    = note: this error originates in the attribute macro `program` (in Nightly builds, run with -Z macro-backtrace for more info)
[INFO] [stdout] 
[INFO] [stdout] 
[INFO] [stdout] error: aborting due to 4 previous errors
[INFO] [stdout] 
[INFO] [stdout] 
[INFO] [stdout] Some errors have detailed explanations: E0277, E0432, E0599.
[INFO] [stdout] 
[INFO] [stdout] For more information about an error, try `rustc --explain E0277`.
[INFO] [stdout] 
[INFO] [stderr] error: could not compile `idsolana` (lib) due to 5 previous errors
[INFO] running `Command { std: "docker" "inspect" "9833c38212e5e02d2bb1daf5527a8e4a62b784c49e33805dbf96fb1a029d050e", kill_on_drop: false }`
[INFO] running `Command { std: "docker" "rm" "-f" "9833c38212e5e02d2bb1daf5527a8e4a62b784c49e33805dbf96fb1a029d050e", kill_on_drop: false }`
[INFO] [stdout] 9833c38212e5e02d2bb1daf5527a8e4a62b784c49e33805dbf96fb1a029d050e
