[INFO] cloning repository https://github.com/Artentus/softpipe
[INFO] running `Command { std: "git" "-c" "credential.helper=" "-c" "credential.helper=/workspace/cargo-home/bin/git-credential-null" "clone" "--bare" "https://github.com/Artentus/softpipe" "/workspace/cache/git-repos/https%3A%2F%2Fgithub.com%2FArtentus%2Fsoftpipe", kill_on_drop: false }`
[INFO] [stderr] Cloning into bare repository '/workspace/cache/git-repos/https%3A%2F%2Fgithub.com%2FArtentus%2Fsoftpipe'...
[INFO] running `Command { std: "git" "rev-parse" "HEAD", kill_on_drop: false }`
[INFO] [stdout] 5f118497a63016b5b46fb33b20ff5a3d6da670e4
[INFO] testing Artentus/softpipe against 1.75.0 for beta-1.76-1
[INFO] running `Command { std: "git" "clone" "/workspace/cache/git-repos/https%3A%2F%2Fgithub.com%2FArtentus%2Fsoftpipe" "/workspace/builds/worker-2-tc1/source", kill_on_drop: false }`
[INFO] [stderr] Cloning into '/workspace/builds/worker-2-tc1/source'...
[INFO] [stderr] done.
[INFO] validating manifest of git repo https://github.com/Artentus/softpipe on toolchain 1.75.0
[INFO] running `Command { std: CARGO_HOME="/workspace/cargo-home" RUSTUP_HOME="/workspace/rustup-home" "/workspace/cargo-home/bin/cargo" "+1.75.0" "metadata" "--manifest-path" "Cargo.toml" "--no-deps", kill_on_drop: false }`
[INFO] started tweaking git repo https://github.com/Artentus/softpipe
[INFO] finished tweaking git repo https://github.com/Artentus/softpipe
[INFO] tweaked toml for git repo https://github.com/Artentus/softpipe written to /workspace/builds/worker-2-tc1/source/Cargo.toml
[INFO] crate git repo https://github.com/Artentus/softpipe already has a lockfile, it will not be regenerated
[INFO] running `Command { std: CARGO_HOME="/workspace/cargo-home" RUSTUP_HOME="/workspace/rustup-home" "/workspace/cargo-home/bin/cargo" "+1.75.0" "fetch" "--manifest-path" "Cargo.toml", kill_on_drop: false }`
[INFO] [stderr]     Updating crates.io index
[INFO] [stderr]  Downloading crates ...
[INFO] [stderr]   Downloaded tobj v3.2.4
[INFO] [stderr]   Downloaded wgpu-types v0.15.1
[INFO] [stderr]   Downloaded slender-math v0.1.1
[INFO] [stderr]   Downloaded zune-inflate v0.2.50
[INFO] [stderr]   Downloaded glow v0.12.0
[INFO] [stderr]   Downloaded exr v1.5.3
[INFO] [stderr]   Downloaded wgpu-hal v0.15.2
[INFO] running `Command { std: "docker" "create" "-v" "/var/lib/crater-agent-workspace/builds/worker-2-tc1/target:/opt/rustwide/target:rw,Z" "-v" "/var/lib/crater-agent-workspace/builds/worker-2-tc1/source:/opt/rustwide/workdir:ro,Z" "-v" "/var/lib/crater-agent-workspace/cargo-home:/opt/rustwide/cargo-home:ro,Z" "-v" "/var/lib/crater-agent-workspace/rustup-home:/opt/rustwide/rustup-home:ro,Z" "-e" "SOURCE_DIR=/opt/rustwide/workdir" "-e" "CARGO_TARGET_DIR=/opt/rustwide/target" "-e" "CARGO_HOME=/opt/rustwide/cargo-home" "-e" "RUSTUP_HOME=/opt/rustwide/rustup-home" "-w" "/opt/rustwide/workdir" "-m" "1610612736" "--user" "0:0" "--network" "none" "ghcr.io/rust-lang/crates-build-env/linux@sha256:2788e3201cd34a07e3172128adcd8b3090168a8e3bcc40d7c032b9dda1df7d1c" "/opt/rustwide/cargo-home/bin/cargo" "+1.75.0" "metadata" "--no-deps" "--format-version=1", kill_on_drop: false }`
[INFO] [stdout] dea380bcea2a78a1874f6c8ba33d7e69c32c373681570bc65404a97600213cfa
[INFO] running `Command { std: "docker" "start" "-a" "dea380bcea2a78a1874f6c8ba33d7e69c32c373681570bc65404a97600213cfa", kill_on_drop: false }`
[INFO] running `Command { std: "docker" "inspect" "dea380bcea2a78a1874f6c8ba33d7e69c32c373681570bc65404a97600213cfa", kill_on_drop: false }`
[INFO] running `Command { std: "docker" "rm" "-f" "dea380bcea2a78a1874f6c8ba33d7e69c32c373681570bc65404a97600213cfa", kill_on_drop: false }`
[INFO] [stdout] dea380bcea2a78a1874f6c8ba33d7e69c32c373681570bc65404a97600213cfa
[INFO] running `Command { std: "docker" "create" "-v" "/var/lib/crater-agent-workspace/builds/worker-2-tc1/target:/opt/rustwide/target:rw,Z" "-v" "/var/lib/crater-agent-workspace/builds/worker-2-tc1/source:/opt/rustwide/workdir:ro,Z" "-v" "/var/lib/crater-agent-workspace/cargo-home:/opt/rustwide/cargo-home:ro,Z" "-v" "/var/lib/crater-agent-workspace/rustup-home:/opt/rustwide/rustup-home:ro,Z" "-e" "SOURCE_DIR=/opt/rustwide/workdir" "-e" "CARGO_TARGET_DIR=/opt/rustwide/target" "-e" "CARGO_INCREMENTAL=0" "-e" "RUST_BACKTRACE=full" "-e" "RUSTFLAGS=--cap-lints=warn" "-e" "RUSTDOCFLAGS=--cap-lints=warn" "-e" "CARGO_HOME=/opt/rustwide/cargo-home" "-e" "RUSTUP_HOME=/opt/rustwide/rustup-home" "-w" "/opt/rustwide/workdir" "-m" "1610612736" "--user" "0:0" "--network" "none" "ghcr.io/rust-lang/crates-build-env/linux@sha256:2788e3201cd34a07e3172128adcd8b3090168a8e3bcc40d7c032b9dda1df7d1c" "/opt/rustwide/cargo-home/bin/cargo" "+1.75.0" "build" "--frozen" "--message-format=json", kill_on_drop: false }`
[INFO] [stdout] 9214a6cf8d8cab32a07582a4ba0fdf8067e8e0ec70caa17707ab10259541e717
[INFO] running `Command { std: "docker" "start" "-a" "9214a6cf8d8cab32a07582a4ba0fdf8067e8e0ec70caa17707ab10259541e717", kill_on_drop: false }`
[INFO] [stderr]    Compiling autocfg v1.1.0
[INFO] [stderr]    Compiling libc v0.2.139
[INFO] [stderr]    Compiling proc-macro2 v1.0.51
[INFO] [stderr]    Compiling quote v1.0.23
[INFO] [stderr]    Compiling unicode-ident v1.0.6
[INFO] [stderr]    Compiling syn v1.0.107
[INFO] [stderr]    Compiling bitflags v1.3.2
[INFO] [stderr]    Compiling version_check v0.9.4
[INFO] [stderr]    Compiling once_cell v1.17.1
[INFO] [stderr]    Compiling pkg-config v0.3.26
[INFO] [stderr]    Compiling smallvec v1.10.0
[INFO] [stderr]    Compiling xml-rs v0.8.4
[INFO] [stderr]    Compiling log v0.4.17
[INFO] [stderr]    Compiling crossbeam-utils v0.8.14
[INFO] [stderr]    Compiling libloading v0.7.4
[INFO] [stderr]    Compiling thiserror v1.0.38
[INFO] [stderr]    Compiling crc32fast v1.3.2
[INFO] [stderr]    Compiling miniz_oxide v0.6.2
[INFO] [stderr]    Compiling dlib v0.5.0
[INFO] [stderr]    Compiling memchr v2.5.0
[INFO] [stderr]    Compiling arrayvec v0.7.2
[INFO] [stderr]    Compiling minimal-lexical v0.2.1
[INFO] [stderr]    Compiling downcast-rs v1.2.0
[INFO] [stderr]    Compiling ahash v0.7.6
[INFO] [stderr]    Compiling slotmap v1.0.6
[INFO] [stderr]    Compiling memoffset v0.6.5
[INFO] [stderr]    Compiling lock_api v0.4.9
[INFO] [stderr]    Compiling num-traits v0.2.15
[INFO] [stderr]    Compiling memoffset v0.7.1
[INFO] [stderr]    Compiling crossbeam-epoch v0.9.13
[INFO] [stderr]    Compiling indexmap v1.9.2
[INFO] [stderr]    Compiling flate2 v1.0.25
[INFO] [stderr]    Compiling wayland-sys v0.29.5
[INFO] [stderr]    Compiling parking_lot_core v0.9.7
[INFO] [stderr]    Compiling rayon-core v1.10.2
[INFO] [stderr]    Compiling scoped-tls v1.0.1
[INFO] [stderr]    Compiling crossbeam-channel v0.5.6
[INFO] [stderr]    Compiling futures-core v0.3.26
[INFO] [stderr]    Compiling either v1.8.1
[INFO] [stderr]    Compiling unicode-width v0.1.10
[INFO] [stderr]    Compiling bit-vec v0.6.3
[INFO] [stderr]    Compiling cty v0.2.2
[INFO] [stderr]    Compiling wayland-scanner v0.29.5
[INFO] [stderr]    Compiling nom v7.1.3
[INFO] [stderr]    Compiling khronos-egl v4.1.0
[INFO] [stderr]    Compiling ash v0.37.2+1.3.238
[INFO] [stderr]    Compiling termcolor v1.2.0
[INFO] [stderr]    Compiling crossbeam-deque v0.8.2
[INFO] [stderr]    Compiling bit-set v0.5.3
[INFO] [stderr]    Compiling png v0.17.7
[INFO] [stderr]    Compiling raw-window-handle v0.5.0
[INFO] [stderr]    Compiling smithay-client-toolkit v0.16.0
[INFO] [stderr]    Compiling num-integer v0.1.45
[INFO] [stderr]    Compiling gpu-descriptor-types v0.1.1
[INFO] [stderr]    Compiling gpu-alloc-types v0.2.0
[INFO] [stderr]    Compiling codespan-reporting v0.11.1
[INFO] [stderr]    Compiling unicode-xid v0.2.4
[INFO] [stderr]    Compiling vec_map v0.8.2
[INFO] [stderr]    Compiling arrayref v0.3.6
[INFO] [stderr]    Compiling rustc-hash v1.1.0
[INFO] [stderr]    Compiling serde_derive v1.0.152
[INFO] [stderr]    Compiling strict-num v0.1.0
[INFO] [stderr]    Compiling hexf-parse v0.2.1
[INFO] [stderr]    Compiling ttf-parser v0.18.1
[INFO] [stderr]    Compiling gpu-alloc v0.5.3
[INFO] [stderr]    Compiling fxhash v0.2.1
[INFO] [stderr]    Compiling spin v0.9.5
[INFO] [stderr]    Compiling x11-dl v2.21.0
[INFO] [stderr]    Compiling num-rational v0.4.1
[INFO] [stderr]    Compiling ahash v0.8.3
[INFO] [stderr]    Compiling getrandom v0.2.8
[INFO] [stderr]    Compiling num_cpus v1.15.0
[INFO] [stderr]    Compiling nix v0.24.3
[INFO] [stderr]    Compiling spirv v0.2.0+1.5.4
[INFO] [stderr]    Compiling nix v0.25.1
[INFO] [stderr]    Compiling nanorand v0.7.0
[INFO] [stderr]    Compiling hashbrown v0.12.3
[INFO] [stderr]    Compiling parking_lot v0.12.1
[INFO] [stderr]    Compiling memmap2 v0.5.8
[INFO] [stderr]    Compiling wgpu-types v0.15.1
[INFO] [stderr]    Compiling renderdoc-sys v0.7.1
[INFO] [stderr]    Compiling glow v0.12.0
[INFO] [stderr]    Compiling futures-sink v0.3.26
[INFO] [stderr]    Compiling wayland-client v0.29.5
[INFO] [stderr]    Compiling wayland-protocols v0.29.5
[INFO] [stderr]    Compiling rayon v1.6.1
[INFO] [stderr]    Compiling gpu-descriptor v0.2.3
[INFO] [stderr]    Compiling ab_glyph_rasterizer v0.1.8
[INFO] [stderr]    Compiling profiling v1.0.7
[INFO] [stderr]    Compiling weezl v0.1.7
[INFO] [stderr]    Compiling cfg_aliases v0.1.1
[INFO] [stderr]    Compiling simd-adler32 v0.3.4
[INFO] [stderr]    Compiling serde v1.0.152
[INFO] [stderr]    Compiling xcursor v0.3.4
[INFO] [stderr]    Compiling zune-inflate v0.2.50
[INFO] [stderr]    Compiling winit v0.28.1
[INFO] [stderr]    Compiling threadpool v1.8.1
[INFO] [stderr]    Compiling wayland-commons v0.29.5
[INFO] [stderr]    Compiling owned_ttf_parser v0.18.1
[INFO] [stderr]    Compiling serde_json v1.0.93
[INFO] [stderr]    Compiling ab_glyph v0.2.20
[INFO] [stderr]    Compiling bit_field v0.10.1
[INFO] [stderr]    Compiling lebe v0.5.2
[INFO] [stderr]    Compiling slender-math v0.1.1
[INFO] [stderr]    Compiling half v2.2.1
[INFO] [stderr]    Compiling gif v0.11.4
[INFO] [stderr]    Compiling mio v0.8.6
[INFO] [stderr]    Compiling instant v0.1.12
[INFO] [stderr]    Compiling static_assertions v1.1.0
[INFO] [stderr]    Compiling itoa v1.0.5
[INFO] [stderr]    Compiling ryu v1.0.12
[INFO] [stderr]    Compiling percent-encoding v2.2.0
[INFO] [stderr]    Compiling tobj v3.2.4
[INFO] [stderr]    Compiling itertools v0.10.5
[INFO] [stderr]    Compiling pollster v0.3.0
[INFO] [stderr]    Compiling spin_sleep v1.1.1
[INFO] [stderr]    Compiling jpeg-decoder v0.3.0
[INFO] [stderr]    Compiling thiserror-impl v1.0.38
[INFO] [stderr]    Compiling bytemuck_derive v1.4.0
[INFO] [stderr]    Compiling pin-project-internal v1.0.12
[INFO] [stderr]    Compiling tiff v0.8.1
[INFO] [stderr]    Compiling wayland-cursor v0.29.5
[INFO] [stderr]    Compiling bytemuck v1.13.0
[INFO] [stderr]    Compiling tiny-skia-path v0.8.3
[INFO] [stderr]    Compiling pin-project v1.0.12
[INFO] [stderr]    Compiling flume v0.10.14
[INFO] [stderr]    Compiling calloop v0.10.5
[INFO] [stderr]    Compiling naga v0.11.0
[INFO] [stdout] error[E0554]: `#![feature]` may not be used on the stable release channel
[INFO] [stdout]  --> /opt/rustwide/cargo-home/registry/src/index.crates.io-6f17d22bba15001f/slender-math-0.1.1/src/lib.rs:3:12
[INFO] [stdout]   |
[INFO] [stdout] 3 | #![feature(portable_simd)]
[INFO] [stdout]   |            ^^^^^^^^^^^^^
[INFO] [stdout] 
[INFO] [stdout] 
[INFO] [stderr]    Compiling exr v1.5.3
[INFO] [stderr]    Compiling tiny-skia v0.8.3
[INFO] [stdout] error: aborting due to previous error
[INFO] [stdout] 
[INFO] [stdout] 
[INFO] [stdout] For more information about this error, try `rustc --explain E0554`.
[INFO] [stdout] 
[INFO] [stderr] error: could not compile `slender-math` (lib) due to 2 previous errors
[INFO] [stderr] warning: build failed, waiting for other jobs to finish...
[INFO] running `Command { std: "docker" "inspect" "9214a6cf8d8cab32a07582a4ba0fdf8067e8e0ec70caa17707ab10259541e717", kill_on_drop: false }`
[INFO] running `Command { std: "docker" "rm" "-f" "9214a6cf8d8cab32a07582a4ba0fdf8067e8e0ec70caa17707ab10259541e717", kill_on_drop: false }`
[INFO] [stdout] 9214a6cf8d8cab32a07582a4ba0fdf8067e8e0ec70caa17707ab10259541e717
[INFO] testing Artentus/softpipe against beta-2023-12-22 for beta-1.76-1
[INFO] running `Command { std: "git" "clone" "/workspace/cache/git-repos/https%3A%2F%2Fgithub.com%2FArtentus%2Fsoftpipe" "/workspace/builds/worker-2-tc2/source", kill_on_drop: false }`
[INFO] [stderr] Cloning into '/workspace/builds/worker-2-tc2/source'...
[INFO] [stderr] done.
[INFO] validating manifest of git repo https://github.com/Artentus/softpipe on toolchain beta-2023-12-22
[INFO] running `Command { std: CARGO_HOME="/workspace/cargo-home" RUSTUP_HOME="/workspace/rustup-home" "/workspace/cargo-home/bin/cargo" "+beta-2023-12-22" "metadata" "--manifest-path" "Cargo.toml" "--no-deps", kill_on_drop: false }`
[INFO] started tweaking git repo https://github.com/Artentus/softpipe
[INFO] finished tweaking git repo https://github.com/Artentus/softpipe
[INFO] tweaked toml for git repo https://github.com/Artentus/softpipe written to /workspace/builds/worker-2-tc2/source/Cargo.toml
[INFO] crate git repo https://github.com/Artentus/softpipe already has a lockfile, it will not be regenerated
[INFO] running `Command { std: CARGO_HOME="/workspace/cargo-home" RUSTUP_HOME="/workspace/rustup-home" "/workspace/cargo-home/bin/cargo" "+beta-2023-12-22" "fetch" "--manifest-path" "Cargo.toml", kill_on_drop: false }`
[INFO] [stderr]     Blocking waiting for file lock on package cache
[INFO] [stderr]     Blocking waiting for file lock on package cache
[INFO] running `Command { std: "docker" "create" "-v" "/var/lib/crater-agent-workspace/builds/worker-2-tc2/target:/opt/rustwide/target:rw,Z" "-v" "/var/lib/crater-agent-workspace/builds/worker-2-tc2/source:/opt/rustwide/workdir:ro,Z" "-v" "/var/lib/crater-agent-workspace/cargo-home:/opt/rustwide/cargo-home:ro,Z" "-v" "/var/lib/crater-agent-workspace/rustup-home:/opt/rustwide/rustup-home:ro,Z" "-e" "SOURCE_DIR=/opt/rustwide/workdir" "-e" "CARGO_TARGET_DIR=/opt/rustwide/target" "-e" "CARGO_HOME=/opt/rustwide/cargo-home" "-e" "RUSTUP_HOME=/opt/rustwide/rustup-home" "-w" "/opt/rustwide/workdir" "-m" "1610612736" "--user" "0:0" "--network" "none" "ghcr.io/rust-lang/crates-build-env/linux@sha256:2788e3201cd34a07e3172128adcd8b3090168a8e3bcc40d7c032b9dda1df7d1c" "/opt/rustwide/cargo-home/bin/cargo" "+beta-2023-12-22" "metadata" "--no-deps" "--format-version=1", kill_on_drop: false }`
[INFO] [stdout] 3c5b48d0758a20e8a0fb2c2fdea329af1484bfa4c32eb83a343e299de7208c44
[INFO] running `Command { std: "docker" "start" "-a" "3c5b48d0758a20e8a0fb2c2fdea329af1484bfa4c32eb83a343e299de7208c44", kill_on_drop: false }`
[INFO] running `Command { std: "docker" "inspect" "3c5b48d0758a20e8a0fb2c2fdea329af1484bfa4c32eb83a343e299de7208c44", kill_on_drop: false }`
[INFO] running `Command { std: "docker" "rm" "-f" "3c5b48d0758a20e8a0fb2c2fdea329af1484bfa4c32eb83a343e299de7208c44", kill_on_drop: false }`
[INFO] [stdout] 3c5b48d0758a20e8a0fb2c2fdea329af1484bfa4c32eb83a343e299de7208c44
[INFO] running `Command { std: "docker" "create" "-v" "/var/lib/crater-agent-workspace/builds/worker-2-tc2/target:/opt/rustwide/target:rw,Z" "-v" "/var/lib/crater-agent-workspace/builds/worker-2-tc2/source:/opt/rustwide/workdir:ro,Z" "-v" "/var/lib/crater-agent-workspace/cargo-home:/opt/rustwide/cargo-home:ro,Z" "-v" "/var/lib/crater-agent-workspace/rustup-home:/opt/rustwide/rustup-home:ro,Z" "-e" "SOURCE_DIR=/opt/rustwide/workdir" "-e" "CARGO_TARGET_DIR=/opt/rustwide/target" "-e" "CARGO_INCREMENTAL=0" "-e" "RUST_BACKTRACE=full" "-e" "RUSTFLAGS=--cap-lints=warn" "-e" "RUSTDOCFLAGS=--cap-lints=warn" "-e" "CARGO_HOME=/opt/rustwide/cargo-home" "-e" "RUSTUP_HOME=/opt/rustwide/rustup-home" "-w" "/opt/rustwide/workdir" "-m" "1610612736" "--user" "0:0" "--network" "none" "ghcr.io/rust-lang/crates-build-env/linux@sha256:2788e3201cd34a07e3172128adcd8b3090168a8e3bcc40d7c032b9dda1df7d1c" "/opt/rustwide/cargo-home/bin/cargo" "+beta-2023-12-22" "build" "--frozen" "--message-format=json", kill_on_drop: false }`
[INFO] [stdout] e4a36687561559d447852910435106b4e601e3d4b5ec317dc8e1fa2ec17f60b5
[INFO] running `Command { std: "docker" "start" "-a" "e4a36687561559d447852910435106b4e601e3d4b5ec317dc8e1fa2ec17f60b5", kill_on_drop: false }`
[INFO] [stderr]    Compiling autocfg v1.1.0
[INFO] [stderr]    Compiling libc v0.2.139
[INFO] [stderr]    Compiling proc-macro2 v1.0.51
[INFO] [stderr]    Compiling unicode-ident v1.0.6
[INFO] [stderr]    Compiling quote v1.0.23
[INFO] [stderr]    Compiling syn v1.0.107
[INFO] [stderr]    Compiling bitflags v1.3.2
[INFO] [stderr]    Compiling version_check v0.9.4
[INFO] [stderr]    Compiling once_cell v1.17.1
[INFO] [stderr]    Compiling pkg-config v0.3.26
[INFO] [stderr]    Compiling smallvec v1.10.0
[INFO] [stderr]    Compiling xml-rs v0.8.4
[INFO] [stderr]    Compiling log v0.4.17
[INFO] [stderr]    Compiling crossbeam-utils v0.8.14
[INFO] [stderr]    Compiling libloading v0.7.4
[INFO] [stderr]    Compiling thiserror v1.0.38
[INFO] [stderr]    Compiling crc32fast v1.3.2
[INFO] [stderr]    Compiling miniz_oxide v0.6.2
[INFO] [stderr]    Compiling dlib v0.5.0
[INFO] [stderr]    Compiling memchr v2.5.0
[INFO] [stderr]    Compiling rayon-core v1.10.2
[INFO] [stderr]    Compiling arrayvec v0.7.2
[INFO] [stderr]    Compiling parking_lot_core v0.9.7
[INFO] [stderr]    Compiling ahash v0.7.6
[INFO] [stderr]    Compiling slotmap v1.0.6
[INFO] [stderr]    Compiling memoffset v0.6.5
[INFO] [stderr]    Compiling lock_api v0.4.9
[INFO] [stderr]    Compiling num-traits v0.2.15
[INFO] [stderr]    Compiling wayland-sys v0.29.5
[INFO] [stderr]    Compiling memoffset v0.7.1
[INFO] [stderr]    Compiling crossbeam-epoch v0.9.13
[INFO] [stderr]    Compiling flate2 v1.0.25
[INFO] [stderr]    Compiling indexmap v1.9.2
[INFO] [stderr]    Compiling scoped-tls v1.0.1
[INFO] [stderr]    Compiling minimal-lexical v0.2.1
[INFO] [stderr]    Compiling downcast-rs v1.2.0
[INFO] [stderr]    Compiling wayland-scanner v0.29.5
[INFO] [stderr]    Compiling nom v7.1.3
[INFO] [stderr]    Compiling crossbeam-channel v0.5.6
[INFO] [stderr]    Compiling unicode-width v0.1.10
[INFO] [stderr]    Compiling termcolor v1.2.0
[INFO] [stderr]    Compiling ash v0.37.2+1.3.238
[INFO] [stderr]    Compiling either v1.8.1
[INFO] [stderr]    Compiling khronos-egl v4.1.0
[INFO] [stderr]    Compiling cty v0.2.2
[INFO] [stderr]    Compiling bit-vec v0.6.3
[INFO] [stderr]    Compiling futures-core v0.3.26
[INFO] [stderr]    Compiling raw-window-handle v0.5.0
[INFO] [stderr]    Compiling png v0.17.7
[INFO] [stderr]    Compiling smithay-client-toolkit v0.16.0
[INFO] [stderr]    Compiling crossbeam-deque v0.8.2
[INFO] [stderr]    Compiling bit-set v0.5.3
[INFO] [stderr]    Compiling codespan-reporting v0.11.1
[INFO] [stderr]    Compiling getrandom v0.2.8
[INFO] [stderr]    Compiling nix v0.24.3
[INFO] [stderr]    Compiling num_cpus v1.15.0
[INFO] [stderr]    Compiling nix v0.25.1
[INFO] [stderr]    Compiling num-integer v0.1.45
[INFO] [stderr]    Compiling gpu-descriptor-types v0.1.1
[INFO] [stderr]    Compiling gpu-alloc-types v0.2.0
[INFO] [stderr]    Compiling hexf-parse v0.2.1
[INFO] [stderr]    Compiling rustc-hash v1.1.0
[INFO] [stderr]    Compiling hashbrown v0.12.3
[INFO] [stderr]    Compiling strict-num v0.1.0
[INFO] [stderr]    Compiling spirv v0.2.0+1.5.4
[INFO] [stderr]    Compiling unicode-xid v0.2.4
[INFO] [stderr]    Compiling ttf-parser v0.18.1
[INFO] [stderr]    Compiling vec_map v0.8.2
[INFO] [stderr]    Compiling arrayref v0.3.6
[INFO] [stderr]    Compiling serde_derive v1.0.152
[INFO] [stderr]    Compiling gpu-alloc v0.5.3
[INFO] [stderr]    Compiling parking_lot v0.12.1
[INFO] [stderr]    Compiling nanorand v0.7.0
[INFO] [stderr]    Compiling memmap2 v0.5.8
[INFO] [stderr]    Compiling rayon v1.6.1
[INFO] [stderr]    Compiling wayland-client v0.29.5
[INFO] [stderr]    Compiling wayland-protocols v0.29.5
[INFO] [stderr]    Compiling gpu-descriptor v0.2.3
[INFO] [stderr]    Compiling xcursor v0.3.4
[INFO] [stderr]    Compiling fxhash v0.2.1
[INFO] [stderr]    Compiling spin v0.9.5
[INFO] [stderr]    Compiling x11-dl v2.21.0
[INFO] [stderr]    Compiling num-rational v0.4.1
[INFO] [stderr]    Compiling ahash v0.8.3
[INFO] [stderr]    Compiling wgpu-types v0.15.1
[INFO] [stderr]    Compiling weezl v0.1.7
[INFO] [stderr]    Compiling futures-sink v0.3.26
[INFO] [stderr]    Compiling wayland-commons v0.29.5
[INFO] [stderr]    Compiling renderdoc-sys v0.7.1
[INFO] [stderr]    Compiling profiling v1.0.7
[INFO] [stderr]    Compiling serde v1.0.152
[INFO] [stderr]    Compiling ab_glyph_rasterizer v0.1.8
[INFO] [stderr]    Compiling cfg_aliases v0.1.1
[INFO] [stderr]    Compiling glow v0.12.0
[INFO] [stderr]    Compiling simd-adler32 v0.3.4
[INFO] [stderr]    Compiling winit v0.28.1
[INFO] [stderr]    Compiling zune-inflate v0.2.50
[INFO] [stderr]    Compiling threadpool v1.8.1
[INFO] [stderr]    Compiling slender-math v0.1.1
[INFO] [stderr]    Compiling lebe v0.5.2
[INFO] [stderr]    Compiling bit_field v0.10.1
[INFO] [stderr]    Compiling serde_json v1.0.93
[INFO] [stderr]    Compiling half v2.2.1
[INFO] [stderr]    Compiling gif v0.11.4
[INFO] [stderr]    Compiling owned_ttf_parser v0.18.1
[INFO] [stderr]    Compiling mio v0.8.6
[INFO] [stderr]    Compiling ab_glyph v0.2.20
[INFO] [stderr]    Compiling instant v0.1.12
[INFO] [stderr]    Compiling ryu v1.0.12
[INFO] [stderr]    Compiling jpeg-decoder v0.3.0
[INFO] [stderr]    Compiling percent-encoding v2.2.0
[INFO] [stderr]    Compiling static_assertions v1.1.0
[INFO] [stderr]    Compiling itoa v1.0.5
[INFO] [stderr]    Compiling tobj v3.2.4
[INFO] [stderr]    Compiling itertools v0.10.5
[INFO] [stderr]    Compiling pollster v0.3.0
[INFO] [stderr]    Compiling spin_sleep v1.1.1
[INFO] [stderr]    Compiling tiff v0.8.1
[INFO] [stderr]    Compiling thiserror-impl v1.0.38
[INFO] [stderr]    Compiling bytemuck_derive v1.4.0
[INFO] [stderr]    Compiling pin-project-internal v1.0.12
[INFO] [stderr]    Compiling wayland-cursor v0.29.5
[INFO] [stderr]    Compiling bytemuck v1.13.0
[INFO] [stderr]    Compiling tiny-skia-path v0.8.3
[INFO] [stderr]    Compiling pin-project v1.0.12
[INFO] [stderr]    Compiling calloop v0.10.5
[INFO] [stderr]    Compiling naga v0.11.0
[INFO] [stderr]    Compiling flume v0.10.14
[INFO] [stdout] error[E0432]: unresolved import `std::simd::Which`
[INFO] [stdout]   --> /opt/rustwide/cargo-home/registry/src/index.crates.io-6f17d22bba15001f/slender-math-0.1.1/src/lib.rs:15:16
[INFO] [stdout]    |
[INFO] [stdout] 15 | use std::simd::Which::*;
[INFO] [stdout]    |                ^^^^^ could not find `Which` in `simd`
[INFO] [stdout] 
[INFO] [stdout] 
[INFO] [stderr]    Compiling exr v1.5.3
[INFO] [stderr]    Compiling tiny-skia v0.8.3
[INFO] [stdout] error[E0554]: `#![feature]` may not be used on the beta release channel
[INFO] [stdout]  --> /opt/rustwide/cargo-home/registry/src/index.crates.io-6f17d22bba15001f/slender-math-0.1.1/src/lib.rs:3:12
[INFO] [stdout]   |
[INFO] [stdout] 3 | #![feature(portable_simd)]
[INFO] [stdout]   |            ^^^^^^^^^^^^^
[INFO] [stdout] 
[INFO] [stdout] 
[INFO] [stdout] error[E0425]: cannot find function, tuple struct or tuple variant `First` in this scope
[INFO] [stdout]     --> /opt/rustwide/cargo-home/registry/src/index.crates.io-6f17d22bba15001f/slender-math-0.1.1/src/lib.rs:1811:40
[INFO] [stdout]      |
[INFO] [stdout] 1811 |                 simd_swizzle!($a, $b, [First(0), Second(0), First(1), Second(1)])
[INFO] [stdout]      |                                        ^^^^^ not found in this scope
[INFO] [stdout] ...
[INFO] [stdout] 1834 |         let tmp0 = unpacklo!(c0, c1);
[INFO] [stdout]      |                    ----------------- in this macro invocation
[INFO] [stdout]      |
[INFO] [stdout]      = note: this error originates in the macro `unpacklo` (in Nightly builds, run with -Z macro-backtrace for more info)
[INFO] [stdout] 
[INFO] [stdout] 
[INFO] [stdout] error[E0425]: cannot find function, tuple struct or tuple variant `Second` in this scope
[INFO] [stdout]     --> /opt/rustwide/cargo-home/registry/src/index.crates.io-6f17d22bba15001f/slender-math-0.1.1/src/lib.rs:1811:50
[INFO] [stdout]      |
[INFO] [stdout] 1811 |                 simd_swizzle!($a, $b, [First(0), Second(0), First(1), Second(1)])
[INFO] [stdout]      |                                                  ^^^^^^ not found in this scope
[INFO] [stdout] ...
[INFO] [stdout] 1834 |         let tmp0 = unpacklo!(c0, c1);
[INFO] [stdout]      |                    ----------------- in this macro invocation
[INFO] [stdout]      |
[INFO] [stdout]      = note: this error originates in the macro `unpacklo` (in Nightly builds, run with -Z macro-backtrace for more info)
[INFO] [stdout] 
[INFO] [stdout] 
[INFO] [stdout] error[E0425]: cannot find function, tuple struct or tuple variant `First` in this scope
[INFO] [stdout]     --> /opt/rustwide/cargo-home/registry/src/index.crates.io-6f17d22bba15001f/slender-math-0.1.1/src/lib.rs:1811:61
[INFO] [stdout]      |
[INFO] [stdout] 1811 |                 simd_swizzle!($a, $b, [First(0), Second(0), First(1), Second(1)])
[INFO] [stdout]      |                                                             ^^^^^ not found in this scope
[INFO] [stdout] ...
[INFO] [stdout] 1834 |         let tmp0 = unpacklo!(c0, c1);
[INFO] [stdout]      |                    ----------------- in this macro invocation
[INFO] [stdout]      |
[INFO] [stdout]      = note: this error originates in the macro `unpacklo` (in Nightly builds, run with -Z macro-backtrace for more info)
[INFO] [stdout] 
[INFO] [stdout] 
[INFO] [stdout] error[E0425]: cannot find function, tuple struct or tuple variant `Second` in this scope
[INFO] [stdout]     --> /opt/rustwide/cargo-home/registry/src/index.crates.io-6f17d22bba15001f/slender-math-0.1.1/src/lib.rs:1811:71
[INFO] [stdout]      |
[INFO] [stdout] 1811 |                 simd_swizzle!($a, $b, [First(0), Second(0), First(1), Second(1)])
[INFO] [stdout]      |                                                                       ^^^^^^ not found in this scope
[INFO] [stdout] ...
[INFO] [stdout] 1834 |         let tmp0 = unpacklo!(c0, c1);
[INFO] [stdout]      |                    ----------------- in this macro invocation
[INFO] [stdout]      |
[INFO] [stdout]      = note: this error originates in the macro `unpacklo` (in Nightly builds, run with -Z macro-backtrace for more info)
[INFO] [stdout] 
[INFO] [stdout] 
[INFO] [stdout] error[E0425]: cannot find function, tuple struct or tuple variant `First` in this scope
[INFO] [stdout]     --> /opt/rustwide/cargo-home/registry/src/index.crates.io-6f17d22bba15001f/slender-math-0.1.1/src/lib.rs:1811:40
[INFO] [stdout]      |
[INFO] [stdout] 1811 |                 simd_swizzle!($a, $b, [First(0), Second(0), First(1), Second(1)])
[INFO] [stdout]      |                                        ^^^^^ not found in this scope
[INFO] [stdout] ...
[INFO] [stdout] 1835 |         let tmp2 = unpacklo!(c2, c3);
[INFO] [stdout]      |                    ----------------- in this macro invocation
[INFO] [stdout]      |
[INFO] [stdout]      = note: this error originates in the macro `unpacklo` (in Nightly builds, run with -Z macro-backtrace for more info)
[INFO] [stdout] 
[INFO] [stdout] 
[INFO] [stdout] error[E0425]: cannot find function, tuple struct or tuple variant `Second` in this scope
[INFO] [stdout]     --> /opt/rustwide/cargo-home/registry/src/index.crates.io-6f17d22bba15001f/slender-math-0.1.1/src/lib.rs:1811:50
[INFO] [stdout]      |
[INFO] [stdout] 1811 |                 simd_swizzle!($a, $b, [First(0), Second(0), First(1), Second(1)])
[INFO] [stdout]      |                                                  ^^^^^^ not found in this scope
[INFO] [stdout] ...
[INFO] [stdout] 1835 |         let tmp2 = unpacklo!(c2, c3);
[INFO] [stdout]      |                    ----------------- in this macro invocation
[INFO] [stdout]      |
[INFO] [stdout]      = note: this error originates in the macro `unpacklo` (in Nightly builds, run with -Z macro-backtrace for more info)
[INFO] [stdout] 
[INFO] [stdout] 
[INFO] [stdout] error[E0425]: cannot find function, tuple struct or tuple variant `First` in this scope
[INFO] [stdout]     --> /opt/rustwide/cargo-home/registry/src/index.crates.io-6f17d22bba15001f/slender-math-0.1.1/src/lib.rs:1811:61
[INFO] [stdout]      |
[INFO] [stdout] 1811 |                 simd_swizzle!($a, $b, [First(0), Second(0), First(1), Second(1)])
[INFO] [stdout]      |                                                             ^^^^^ not found in this scope
[INFO] [stdout] ...
[INFO] [stdout] 1835 |         let tmp2 = unpacklo!(c2, c3);
[INFO] [stdout]      |                    ----------------- in this macro invocation
[INFO] [stdout]      |
[INFO] [stdout]      = note: this error originates in the macro `unpacklo` (in Nightly builds, run with -Z macro-backtrace for more info)
[INFO] [stdout] 
[INFO] [stdout] 
[INFO] [stdout] error[E0425]: cannot find function, tuple struct or tuple variant `Second` in this scope
[INFO] [stdout]     --> /opt/rustwide/cargo-home/registry/src/index.crates.io-6f17d22bba15001f/slender-math-0.1.1/src/lib.rs:1811:71
[INFO] [stdout]      |
[INFO] [stdout] 1811 |                 simd_swizzle!($a, $b, [First(0), Second(0), First(1), Second(1)])
[INFO] [stdout]      |                                                                       ^^^^^^ not found in this scope
[INFO] [stdout] ...
[INFO] [stdout] 1835 |         let tmp2 = unpacklo!(c2, c3);
[INFO] [stdout]      |                    ----------------- in this macro invocation
[INFO] [stdout]      |
[INFO] [stdout]      = note: this error originates in the macro `unpacklo` (in Nightly builds, run with -Z macro-backtrace for more info)
[INFO] [stdout] 
[INFO] [stdout] 
[INFO] [stdout] error[E0425]: cannot find function, tuple struct or tuple variant `First` in this scope
[INFO] [stdout]     --> /opt/rustwide/cargo-home/registry/src/index.crates.io-6f17d22bba15001f/slender-math-0.1.1/src/lib.rs:1817:40
[INFO] [stdout]      |
[INFO] [stdout] 1817 |                 simd_swizzle!($a, $b, [First(2), Second(2), First(3), Second(3)])
[INFO] [stdout]      |                                        ^^^^^ not found in this scope
[INFO] [stdout] ...
[INFO] [stdout] 1836 |         let tmp1 = unpackhi!(c0, c1);
[INFO] [stdout]      |                    ----------------- in this macro invocation
[INFO] [stdout]      |
[INFO] [stdout]      = note: this error originates in the macro `unpackhi` (in Nightly builds, run with -Z macro-backtrace for more info)
[INFO] [stdout] 
[INFO] [stdout] 
[INFO] [stdout] error[E0425]: cannot find function, tuple struct or tuple variant `Second` in this scope
[INFO] [stdout]     --> /opt/rustwide/cargo-home/registry/src/index.crates.io-6f17d22bba15001f/slender-math-0.1.1/src/lib.rs:1817:50
[INFO] [stdout]      |
[INFO] [stdout] 1817 |                 simd_swizzle!($a, $b, [First(2), Second(2), First(3), Second(3)])
[INFO] [stdout]      |                                                  ^^^^^^ not found in this scope
[INFO] [stdout] ...
[INFO] [stdout] 1836 |         let tmp1 = unpackhi!(c0, c1);
[INFO] [stdout]      |                    ----------------- in this macro invocation
[INFO] [stdout]      |
[INFO] [stdout]      = note: this error originates in the macro `unpackhi` (in Nightly builds, run with -Z macro-backtrace for more info)
[INFO] [stdout] 
[INFO] [stdout] 
[INFO] [stdout] error[E0425]: cannot find function, tuple struct or tuple variant `First` in this scope
[INFO] [stdout]     --> /opt/rustwide/cargo-home/registry/src/index.crates.io-6f17d22bba15001f/slender-math-0.1.1/src/lib.rs:1817:61
[INFO] [stdout]      |
[INFO] [stdout] 1817 |                 simd_swizzle!($a, $b, [First(2), Second(2), First(3), Second(3)])
[INFO] [stdout]      |                                                             ^^^^^ not found in this scope
[INFO] [stdout] ...
[INFO] [stdout] 1836 |         let tmp1 = unpackhi!(c0, c1);
[INFO] [stdout]      |                    ----------------- in this macro invocation
[INFO] [stdout]      |
[INFO] [stdout]      = note: this error originates in the macro `unpackhi` (in Nightly builds, run with -Z macro-backtrace for more info)
[INFO] [stdout] 
[INFO] [stdout] 
[INFO] [stdout] error[E0425]: cannot find function, tuple struct or tuple variant `Second` in this scope
[INFO] [stdout]     --> /opt/rustwide/cargo-home/registry/src/index.crates.io-6f17d22bba15001f/slender-math-0.1.1/src/lib.rs:1817:71
[INFO] [stdout]      |
[INFO] [stdout] 1817 |                 simd_swizzle!($a, $b, [First(2), Second(2), First(3), Second(3)])
[INFO] [stdout]      |                                                                       ^^^^^^ not found in this scope
[INFO] [stdout] ...
[INFO] [stdout] 1836 |         let tmp1 = unpackhi!(c0, c1);
[INFO] [stdout]      |                    ----------------- in this macro invocation
[INFO] [stdout]      |
[INFO] [stdout]      = note: this error originates in the macro `unpackhi` (in Nightly builds, run with -Z macro-backtrace for more info)
[INFO] [stdout] 
[INFO] [stdout] 
[INFO] [stdout] error[E0425]: cannot find function, tuple struct or tuple variant `First` in this scope
[INFO] [stdout]     --> /opt/rustwide/cargo-home/registry/src/index.crates.io-6f17d22bba15001f/slender-math-0.1.1/src/lib.rs:1817:40
[INFO] [stdout]      |
[INFO] [stdout] 1817 |                 simd_swizzle!($a, $b, [First(2), Second(2), First(3), Second(3)])
[INFO] [stdout]      |                                        ^^^^^ not found in this scope
[INFO] [stdout] ...
[INFO] [stdout] 1837 |         let tmp3 = unpackhi!(c2, c3);
[INFO] [stdout]      |                    ----------------- in this macro invocation
[INFO] [stdout]      |
[INFO] [stdout]      = note: this error originates in the macro `unpackhi` (in Nightly builds, run with -Z macro-backtrace for more info)
[INFO] [stdout] 
[INFO] [stdout] 
[INFO] [stdout] error[E0425]: cannot find function, tuple struct or tuple variant `Second` in this scope
[INFO] [stdout]     --> /opt/rustwide/cargo-home/registry/src/index.crates.io-6f17d22bba15001f/slender-math-0.1.1/src/lib.rs:1817:50
[INFO] [stdout]      |
[INFO] [stdout] 1817 |                 simd_swizzle!($a, $b, [First(2), Second(2), First(3), Second(3)])
[INFO] [stdout]      |                                                  ^^^^^^ not found in this scope
[INFO] [stdout] ...
[INFO] [stdout] 1837 |         let tmp3 = unpackhi!(c2, c3);
[INFO] [stdout]      |                    ----------------- in this macro invocation
[INFO] [stdout]      |
[INFO] [stdout]      = note: this error originates in the macro `unpackhi` (in Nightly builds, run with -Z macro-backtrace for more info)
[INFO] [stdout] 
[INFO] [stdout] 
[INFO] [stdout] error[E0425]: cannot find function, tuple struct or tuple variant `First` in this scope
[INFO] [stdout]     --> /opt/rustwide/cargo-home/registry/src/index.crates.io-6f17d22bba15001f/slender-math-0.1.1/src/lib.rs:1817:61
[INFO] [stdout]      |
[INFO] [stdout] 1817 |                 simd_swizzle!($a, $b, [First(2), Second(2), First(3), Second(3)])
[INFO] [stdout]      |                                                             ^^^^^ not found in this scope
[INFO] [stdout] ...
[INFO] [stdout] 1837 |         let tmp3 = unpackhi!(c2, c3);
[INFO] [stdout]      |                    ----------------- in this macro invocation
[INFO] [stdout]      |
[INFO] [stdout]      = note: this error originates in the macro `unpackhi` (in Nightly builds, run with -Z macro-backtrace for more info)
[INFO] [stdout] 
[INFO] [stdout] 
[INFO] [stdout] error[E0425]: cannot find function, tuple struct or tuple variant `Second` in this scope
[INFO] [stdout]     --> /opt/rustwide/cargo-home/registry/src/index.crates.io-6f17d22bba15001f/slender-math-0.1.1/src/lib.rs:1817:71
[INFO] [stdout]      |
[INFO] [stdout] 1817 |                 simd_swizzle!($a, $b, [First(2), Second(2), First(3), Second(3)])
[INFO] [stdout]      |                                                                       ^^^^^^ not found in this scope
[INFO] [stdout] ...
[INFO] [stdout] 1837 |         let tmp3 = unpackhi!(c2, c3);
[INFO] [stdout]      |                    ----------------- in this macro invocation
[INFO] [stdout]      |
[INFO] [stdout]      = note: this error originates in the macro `unpackhi` (in Nightly builds, run with -Z macro-backtrace for more info)
[INFO] [stdout] 
[INFO] [stdout] 
[INFO] [stdout] error[E0425]: cannot find function, tuple struct or tuple variant `First` in this scope
[INFO] [stdout]     --> /opt/rustwide/cargo-home/registry/src/index.crates.io-6f17d22bba15001f/slender-math-0.1.1/src/lib.rs:1823:40
[INFO] [stdout]      |
[INFO] [stdout] 1823 |                 simd_swizzle!($a, $b, [First(0), First(1), Second(0), Second(1)])
[INFO] [stdout]      |                                        ^^^^^ not found in this scope
[INFO] [stdout] ...
[INFO] [stdout] 1838 |         let c0 = movelh!(tmp0, tmp2);
[INFO] [stdout]      |                  ------------------- in this macro invocation
[INFO] [stdout]      |
[INFO] [stdout]      = note: this error originates in the macro `movelh` (in Nightly builds, run with -Z macro-backtrace for more info)
[INFO] [stdout] 
[INFO] [stdout] 
[INFO] [stdout] error[E0425]: cannot find function, tuple struct or tuple variant `First` in this scope
[INFO] [stdout]     --> /opt/rustwide/cargo-home/registry/src/index.crates.io-6f17d22bba15001f/slender-math-0.1.1/src/lib.rs:1823:50
[INFO] [stdout]      |
[INFO] [stdout] 1823 |                 simd_swizzle!($a, $b, [First(0), First(1), Second(0), Second(1)])
[INFO] [stdout]      |                                                  ^^^^^ not found in this scope
[INFO] [stdout] ...
[INFO] [stdout] 1838 |         let c0 = movelh!(tmp0, tmp2);
[INFO] [stdout]      |                  ------------------- in this macro invocation
[INFO] [stdout]      |
[INFO] [stdout]      = note: this error originates in the macro `movelh` (in Nightly builds, run with -Z macro-backtrace for more info)
[INFO] [stdout] 
[INFO] [stdout] 
[INFO] [stdout] error[E0425]: cannot find function, tuple struct or tuple variant `Second` in this scope
[INFO] [stdout]     --> /opt/rustwide/cargo-home/registry/src/index.crates.io-6f17d22bba15001f/slender-math-0.1.1/src/lib.rs:1823:60
[INFO] [stdout]      |
[INFO] [stdout] 1823 |                 simd_swizzle!($a, $b, [First(0), First(1), Second(0), Second(1)])
[INFO] [stdout]      |                                                            ^^^^^^ not found in this scope
[INFO] [stdout] ...
[INFO] [stdout] 1838 |         let c0 = movelh!(tmp0, tmp2);
[INFO] [stdout]      |                  ------------------- in this macro invocation
[INFO] [stdout]      |
[INFO] [stdout]      = note: this error originates in the macro `movelh` (in Nightly builds, run with -Z macro-backtrace for more info)
[INFO] [stdout] 
[INFO] [stdout] 
[INFO] [stdout] error[E0425]: cannot find function, tuple struct or tuple variant `Second` in this scope
[INFO] [stdout]     --> /opt/rustwide/cargo-home/registry/src/index.crates.io-6f17d22bba15001f/slender-math-0.1.1/src/lib.rs:1823:71
[INFO] [stdout]      |
[INFO] [stdout] 1823 |                 simd_swizzle!($a, $b, [First(0), First(1), Second(0), Second(1)])
[INFO] [stdout]      |                                                                       ^^^^^^ not found in this scope
[INFO] [stdout] ...
[INFO] [stdout] 1838 |         let c0 = movelh!(tmp0, tmp2);
[INFO] [stdout]      |                  ------------------- in this macro invocation
[INFO] [stdout]      |
[INFO] [stdout]      = note: this error originates in the macro `movelh` (in Nightly builds, run with -Z macro-backtrace for more info)
[INFO] [stdout] 
[INFO] [stdout] 
[INFO] [stdout] error[E0425]: cannot find function, tuple struct or tuple variant `Second` in this scope
[INFO] [stdout]     --> /opt/rustwide/cargo-home/registry/src/index.crates.io-6f17d22bba15001f/slender-math-0.1.1/src/lib.rs:1829:40
[INFO] [stdout]      |
[INFO] [stdout] 1829 |                 simd_swizzle!($a, $b, [Second(2), Second(3), First(2), First(3)])
[INFO] [stdout]      |                                        ^^^^^^ not found in this scope
[INFO] [stdout] ...
[INFO] [stdout] 1839 |         let c1 = movehl!(tmp2, tmp0);
[INFO] [stdout]      |                  ------------------- in this macro invocation
[INFO] [stdout]      |
[INFO] [stdout]      = note: this error originates in the macro `movehl` (in Nightly builds, run with -Z macro-backtrace for more info)
[INFO] [stdout] 
[INFO] [stdout] 
[INFO] [stdout] error[E0425]: cannot find function, tuple struct or tuple variant `Second` in this scope
[INFO] [stdout]     --> /opt/rustwide/cargo-home/registry/src/index.crates.io-6f17d22bba15001f/slender-math-0.1.1/src/lib.rs:1829:51
[INFO] [stdout]      |
[INFO] [stdout] 1829 |                 simd_swizzle!($a, $b, [Second(2), Second(3), First(2), First(3)])
[INFO] [stdout]      |                                                   ^^^^^^ not found in this scope
[INFO] [stdout] ...
[INFO] [stdout] 1839 |         let c1 = movehl!(tmp2, tmp0);
[INFO] [stdout]      |                  ------------------- in this macro invocation
[INFO] [stdout]      |
[INFO] [stdout]      = note: this error originates in the macro `movehl` (in Nightly builds, run with -Z macro-backtrace for more info)
[INFO] [stdout] 
[INFO] [stdout] 
[INFO] [stdout] error[E0425]: cannot find function, tuple struct or tuple variant `First` in this scope
[INFO] [stdout]     --> /opt/rustwide/cargo-home/registry/src/index.crates.io-6f17d22bba15001f/slender-math-0.1.1/src/lib.rs:1829:62
[INFO] [stdout]      |
[INFO] [stdout] 1829 |                 simd_swizzle!($a, $b, [Second(2), Second(3), First(2), First(3)])
[INFO] [stdout]      |                                                              ^^^^^ not found in this scope
[INFO] [stdout] ...
[INFO] [stdout] 1839 |         let c1 = movehl!(tmp2, tmp0);
[INFO] [stdout]      |                  ------------------- in this macro invocation
[INFO] [stdout]      |
[INFO] [stdout]      = note: this error originates in the macro `movehl` (in Nightly builds, run with -Z macro-backtrace for more info)
[INFO] [stdout] 
[INFO] [stdout] 
[INFO] [stdout] error[E0425]: cannot find function, tuple struct or tuple variant `First` in this scope
[INFO] [stdout]     --> /opt/rustwide/cargo-home/registry/src/index.crates.io-6f17d22bba15001f/slender-math-0.1.1/src/lib.rs:1829:72
[INFO] [stdout]      |
[INFO] [stdout] 1829 |                 simd_swizzle!($a, $b, [Second(2), Second(3), First(2), First(3)])
[INFO] [stdout]      |                                                                        ^^^^^ not found in this scope
[INFO] [stdout] ...
[INFO] [stdout] 1839 |         let c1 = movehl!(tmp2, tmp0);
[INFO] [stdout]      |                  ------------------- in this macro invocation
[INFO] [stdout]      |
[INFO] [stdout]      = note: this error originates in the macro `movehl` (in Nightly builds, run with -Z macro-backtrace for more info)
[INFO] [stdout] 
[INFO] [stdout] 
[INFO] [stdout] error[E0425]: cannot find function, tuple struct or tuple variant `First` in this scope
[INFO] [stdout]     --> /opt/rustwide/cargo-home/registry/src/index.crates.io-6f17d22bba15001f/slender-math-0.1.1/src/lib.rs:1823:40
[INFO] [stdout]      |
[INFO] [stdout] 1823 |                 simd_swizzle!($a, $b, [First(0), First(1), Second(0), Second(1)])
[INFO] [stdout]      |                                        ^^^^^ not found in this scope
[INFO] [stdout] ...
[INFO] [stdout] 1840 |         let c2 = movelh!(tmp1, tmp3);
[INFO] [stdout]      |                  ------------------- in this macro invocation
[INFO] [stdout]      |
[INFO] [stdout]      = note: this error originates in the macro `movelh` (in Nightly builds, run with -Z macro-backtrace for more info)
[INFO] [stdout] 
[INFO] [stdout] 
[INFO] [stdout] error[E0425]: cannot find function, tuple struct or tuple variant `First` in this scope
[INFO] [stdout]     --> /opt/rustwide/cargo-home/registry/src/index.crates.io-6f17d22bba15001f/slender-math-0.1.1/src/lib.rs:1823:50
[INFO] [stdout]      |
[INFO] [stdout] 1823 |                 simd_swizzle!($a, $b, [First(0), First(1), Second(0), Second(1)])
[INFO] [stdout]      |                                                  ^^^^^ not found in this scope
[INFO] [stdout] ...
[INFO] [stdout] 1840 |         let c2 = movelh!(tmp1, tmp3);
[INFO] [stdout]      |                  ------------------- in this macro invocation
[INFO] [stdout]      |
[INFO] [stdout]      = note: this error originates in the macro `movelh` (in Nightly builds, run with -Z macro-backtrace for more info)
[INFO] [stdout] 
[INFO] [stdout] 
[INFO] [stdout] error[E0425]: cannot find function, tuple struct or tuple variant `Second` in this scope
[INFO] [stdout]     --> /opt/rustwide/cargo-home/registry/src/index.crates.io-6f17d22bba15001f/slender-math-0.1.1/src/lib.rs:1823:60
[INFO] [stdout]      |
[INFO] [stdout] 1823 |                 simd_swizzle!($a, $b, [First(0), First(1), Second(0), Second(1)])
[INFO] [stdout]      |                                                            ^^^^^^ not found in this scope
[INFO] [stdout] ...
[INFO] [stdout] 1840 |         let c2 = movelh!(tmp1, tmp3);
[INFO] [stdout]      |                  ------------------- in this macro invocation
[INFO] [stdout]      |
[INFO] [stdout]      = note: this error originates in the macro `movelh` (in Nightly builds, run with -Z macro-backtrace for more info)
[INFO] [stdout] 
[INFO] [stdout] 
[INFO] [stdout] error[E0425]: cannot find function, tuple struct or tuple variant `Second` in this scope
[INFO] [stdout]     --> /opt/rustwide/cargo-home/registry/src/index.crates.io-6f17d22bba15001f/slender-math-0.1.1/src/lib.rs:1823:71
[INFO] [stdout]      |
[INFO] [stdout] 1823 |                 simd_swizzle!($a, $b, [First(0), First(1), Second(0), Second(1)])
[INFO] [stdout]      |                                                                       ^^^^^^ not found in this scope
[INFO] [stdout] ...
[INFO] [stdout] 1840 |         let c2 = movelh!(tmp1, tmp3);
[INFO] [stdout]      |                  ------------------- in this macro invocation
[INFO] [stdout]      |
[INFO] [stdout]      = note: this error originates in the macro `movelh` (in Nightly builds, run with -Z macro-backtrace for more info)
[INFO] [stdout] 
[INFO] [stdout] 
[INFO] [stdout] error[E0425]: cannot find function, tuple struct or tuple variant `Second` in this scope
[INFO] [stdout]     --> /opt/rustwide/cargo-home/registry/src/index.crates.io-6f17d22bba15001f/slender-math-0.1.1/src/lib.rs:1829:40
[INFO] [stdout]      |
[INFO] [stdout] 1829 |                 simd_swizzle!($a, $b, [Second(2), Second(3), First(2), First(3)])
[INFO] [stdout]      |                                        ^^^^^^ not found in this scope
[INFO] [stdout] ...
[INFO] [stdout] 1841 |         let c3 = movehl!(tmp3, tmp1);
[INFO] [stdout]      |                  ------------------- in this macro invocation
[INFO] [stdout]      |
[INFO] [stdout]      = note: this error originates in the macro `movehl` (in Nightly builds, run with -Z macro-backtrace for more info)
[INFO] [stdout] 
[INFO] [stdout] 
[INFO] [stdout] error[E0425]: cannot find function, tuple struct or tuple variant `Second` in this scope
[INFO] [stdout]     --> /opt/rustwide/cargo-home/registry/src/index.crates.io-6f17d22bba15001f/slender-math-0.1.1/src/lib.rs:1829:51
[INFO] [stdout]      |
[INFO] [stdout] 1829 |                 simd_swizzle!($a, $b, [Second(2), Second(3), First(2), First(3)])
[INFO] [stdout]      |                                                   ^^^^^^ not found in this scope
[INFO] [stdout] ...
[INFO] [stdout] 1841 |         let c3 = movehl!(tmp3, tmp1);
[INFO] [stdout]      |                  ------------------- in this macro invocation
[INFO] [stdout]      |
[INFO] [stdout]      = note: this error originates in the macro `movehl` (in Nightly builds, run with -Z macro-backtrace for more info)
[INFO] [stdout] 
[INFO] [stdout] 
[INFO] [stdout] error[E0425]: cannot find function, tuple struct or tuple variant `First` in this scope
[INFO] [stdout]     --> /opt/rustwide/cargo-home/registry/src/index.crates.io-6f17d22bba15001f/slender-math-0.1.1/src/lib.rs:1829:62
[INFO] [stdout]      |
[INFO] [stdout] 1829 |                 simd_swizzle!($a, $b, [Second(2), Second(3), First(2), First(3)])
[INFO] [stdout]      |                                                              ^^^^^ not found in this scope
[INFO] [stdout] ...
[INFO] [stdout] 1841 |         let c3 = movehl!(tmp3, tmp1);
[INFO] [stdout]      |                  ------------------- in this macro invocation
[INFO] [stdout]      |
[INFO] [stdout]      = note: this error originates in the macro `movehl` (in Nightly builds, run with -Z macro-backtrace for more info)
[INFO] [stdout] 
[INFO] [stdout] 
[INFO] [stdout] error[E0425]: cannot find function, tuple struct or tuple variant `First` in this scope
[INFO] [stdout]     --> /opt/rustwide/cargo-home/registry/src/index.crates.io-6f17d22bba15001f/slender-math-0.1.1/src/lib.rs:1829:72
[INFO] [stdout]      |
[INFO] [stdout] 1829 |                 simd_swizzle!($a, $b, [Second(2), Second(3), First(2), First(3)])
[INFO] [stdout]      |                                                                        ^^^^^ not found in this scope
[INFO] [stdout] ...
[INFO] [stdout] 1841 |         let c3 = movehl!(tmp3, tmp1);
[INFO] [stdout]      |                  ------------------- in this macro invocation
[INFO] [stdout]      |
[INFO] [stdout]      = note: this error originates in the macro `movehl` (in Nightly builds, run with -Z macro-backtrace for more info)
[INFO] [stdout] 
[INFO] [stdout] 
[INFO] [stdout] error[E0425]: cannot find function, tuple struct or tuple variant `First` in this scope
[INFO] [stdout]     --> /opt/rustwide/cargo-home/registry/src/index.crates.io-6f17d22bba15001f/slender-math-0.1.1/src/lib.rs:26:32
[INFO] [stdout]      |
[INFO] [stdout] 26   |         simd_swizzle!($a, $b, [First(0), First(1), Second(0), Second(1)])
[INFO] [stdout]      |                                ^^^^^ not found in this scope
[INFO] [stdout] ...
[INFO] [stdout] 1877 |         let t0 = simd_swizzle_0101!(self_c0, self_c1); // 00, 01, 10, 11
[INFO] [stdout]      |                  ------------------------------------ in this macro invocation
[INFO] [stdout]      |
[INFO] [stdout]      = note: this error originates in the macro `simd_swizzle_0101` (in Nightly builds, run with -Z macro-backtrace for more info)
[INFO] [stdout] 
[INFO] [stdout] 
[INFO] [stdout] error[E0425]: cannot find function, tuple struct or tuple variant `First` in this scope
[INFO] [stdout]     --> /opt/rustwide/cargo-home/registry/src/index.crates.io-6f17d22bba15001f/slender-math-0.1.1/src/lib.rs:26:42
[INFO] [stdout]      |
[INFO] [stdout] 26   |         simd_swizzle!($a, $b, [First(0), First(1), Second(0), Second(1)])
[INFO] [stdout]      |                                          ^^^^^ not found in this scope
[INFO] [stdout] ...
[INFO] [stdout] 1877 |         let t0 = simd_swizzle_0101!(self_c0, self_c1); // 00, 01, 10, 11
[INFO] [stdout]      |                  ------------------------------------ in this macro invocation
[INFO] [stdout]      |
[INFO] [stdout]      = note: this error originates in the macro `simd_swizzle_0101` (in Nightly builds, run with -Z macro-backtrace for more info)
[INFO] [stdout] 
[INFO] [stdout] 
[INFO] [stdout] error[E0425]: cannot find function, tuple struct or tuple variant `Second` in this scope
[INFO] [stdout]     --> /opt/rustwide/cargo-home/registry/src/index.crates.io-6f17d22bba15001f/slender-math-0.1.1/src/lib.rs:26:52
[INFO] [stdout]      |
[INFO] [stdout] 26   |         simd_swizzle!($a, $b, [First(0), First(1), Second(0), Second(1)])
[INFO] [stdout]      |                                                    ^^^^^^ not found in this scope
[INFO] [stdout] ...
[INFO] [stdout] 1877 |         let t0 = simd_swizzle_0101!(self_c0, self_c1); // 00, 01, 10, 11
[INFO] [stdout]      |                  ------------------------------------ in this macro invocation
[INFO] [stdout]      |
[INFO] [stdout]      = note: this error originates in the macro `simd_swizzle_0101` (in Nightly builds, run with -Z macro-backtrace for more info)
[INFO] [stdout] 
[INFO] [stdout] 
[INFO] [stdout] error[E0425]: cannot find function, tuple struct or tuple variant `Second` in this scope
[INFO] [stdout]     --> /opt/rustwide/cargo-home/registry/src/index.crates.io-6f17d22bba15001f/slender-math-0.1.1/src/lib.rs:26:63
[INFO] [stdout]      |
[INFO] [stdout] 26   |         simd_swizzle!($a, $b, [First(0), First(1), Second(0), Second(1)])
[INFO] [stdout]      |                                                               ^^^^^^ not found in this scope
[INFO] [stdout] ...
[INFO] [stdout] 1877 |         let t0 = simd_swizzle_0101!(self_c0, self_c1); // 00, 01, 10, 11
[INFO] [stdout]      |                  ------------------------------------ in this macro invocation
[INFO] [stdout]      |
[INFO] [stdout]      = note: this error originates in the macro `simd_swizzle_0101` (in Nightly builds, run with -Z macro-backtrace for more info)
[INFO] [stdout] 
[INFO] [stdout] 
[INFO] [stdout] error[E0425]: cannot find function, tuple struct or tuple variant `First` in this scope
[INFO] [stdout]     --> /opt/rustwide/cargo-home/registry/src/index.crates.io-6f17d22bba15001f/slender-math-0.1.1/src/lib.rs:32:32
[INFO] [stdout]      |
[INFO] [stdout] 32   |         simd_swizzle!($a, $b, [First(2), First(3), Second(2), Second(3)])
[INFO] [stdout]      |                                ^^^^^ not found in this scope
[INFO] [stdout] ...
[INFO] [stdout] 1878 |         let t1 = simd_swizzle_2323!(self_c0, self_c1); // 02, 03, 12, 13
[INFO] [stdout]      |                  ------------------------------------ in this macro invocation
[INFO] [stdout]      |
[INFO] [stdout]      = note: this error originates in the macro `simd_swizzle_2323` (in Nightly builds, run with -Z macro-backtrace for more info)
[INFO] [stdout] 
[INFO] [stdout] 
[INFO] [stdout] error[E0425]: cannot find function, tuple struct or tuple variant `First` in this scope
[INFO] [stdout]     --> /opt/rustwide/cargo-home/registry/src/index.crates.io-6f17d22bba15001f/slender-math-0.1.1/src/lib.rs:32:42
[INFO] [stdout]      |
[INFO] [stdout] 32   |         simd_swizzle!($a, $b, [First(2), First(3), Second(2), Second(3)])
[INFO] [stdout]      |                                          ^^^^^ not found in this scope
[INFO] [stdout] ...
[INFO] [stdout] 1878 |         let t1 = simd_swizzle_2323!(self_c0, self_c1); // 02, 03, 12, 13
[INFO] [stdout]      |                  ------------------------------------ in this macro invocation
[INFO] [stdout]      |
[INFO] [stdout]      = note: this error originates in the macro `simd_swizzle_2323` (in Nightly builds, run with -Z macro-backtrace for more info)
[INFO] [stdout] 
[INFO] [stdout] 
[INFO] [stdout] error[E0425]: cannot find function, tuple struct or tuple variant `Second` in this scope
[INFO] [stdout]     --> /opt/rustwide/cargo-home/registry/src/index.crates.io-6f17d22bba15001f/slender-math-0.1.1/src/lib.rs:32:52
[INFO] [stdout]      |
[INFO] [stdout] 32   |         simd_swizzle!($a, $b, [First(2), First(3), Second(2), Second(3)])
[INFO] [stdout]      |                                                    ^^^^^^ not found in this scope
[INFO] [stdout] ...
[INFO] [stdout] 1878 |         let t1 = simd_swizzle_2323!(self_c0, self_c1); // 02, 03, 12, 13
[INFO] [stdout]      |                  ------------------------------------ in this macro invocation
[INFO] [stdout]      |
[INFO] [stdout]      = note: this error originates in the macro `simd_swizzle_2323` (in Nightly builds, run with -Z macro-backtrace for more info)
[INFO] [stdout] 
[INFO] [stdout] 
[INFO] [stdout] error[E0425]: cannot find function, tuple struct or tuple variant `Second` in this scope
[INFO] [stdout]     --> /opt/rustwide/cargo-home/registry/src/index.crates.io-6f17d22bba15001f/slender-math-0.1.1/src/lib.rs:32:63
[INFO] [stdout]      |
[INFO] [stdout] 32   |         simd_swizzle!($a, $b, [First(2), First(3), Second(2), Second(3)])
[INFO] [stdout]      |                                                               ^^^^^^ not found in this scope
[INFO] [stdout] ...
[INFO] [stdout] 1878 |         let t1 = simd_swizzle_2323!(self_c0, self_c1); // 02, 03, 12, 13
[INFO] [stdout]      |                  ------------------------------------ in this macro invocation
[INFO] [stdout]      |
[INFO] [stdout]      = note: this error originates in the macro `simd_swizzle_2323` (in Nightly builds, run with -Z macro-backtrace for more info)
[INFO] [stdout] 
[INFO] [stdout] 
[INFO] [stdout] error[E0425]: cannot find function, tuple struct or tuple variant `First` in this scope
[INFO] [stdout]     --> /opt/rustwide/cargo-home/registry/src/index.crates.io-6f17d22bba15001f/slender-math-0.1.1/src/lib.rs:1879:46
[INFO] [stdout]      |
[INFO] [stdout] 1879 |         let c0 = simd_swizzle!(t0, self_c2, [First(0), First(2), Second(0), Second(3)]); // 00, 10, 20, 23(=0)
[INFO] [stdout]      |                                              ^^^^^ not found in this scope
[INFO] [stdout] 
[INFO] [stdout] 
[INFO] [stdout] error[E0425]: cannot find function, tuple struct or tuple variant `First` in this scope
[INFO] [stdout]     --> /opt/rustwide/cargo-home/registry/src/index.crates.io-6f17d22bba15001f/slender-math-0.1.1/src/lib.rs:1879:56
[INFO] [stdout]      |
[INFO] [stdout] 1879 |         let c0 = simd_swizzle!(t0, self_c2, [First(0), First(2), Second(0), Second(3)]); // 00, 10, 20, 23(=0)
[INFO] [stdout]      |                                                        ^^^^^ not found in this scope
[INFO] [stdout] 
[INFO] [stdout] 
[INFO] [stdout] error[E0425]: cannot find function, tuple struct or tuple variant `Second` in this scope
[INFO] [stdout]     --> /opt/rustwide/cargo-home/registry/src/index.crates.io-6f17d22bba15001f/slender-math-0.1.1/src/lib.rs:1879:66
[INFO] [stdout]      |
[INFO] [stdout] 1879 |         let c0 = simd_swizzle!(t0, self_c2, [First(0), First(2), Second(0), Second(3)]); // 00, 10, 20, 23(=0)
[INFO] [stdout]      |                                                                  ^^^^^^ not found in this scope
[INFO] [stdout] 
[INFO] [stdout] 
[INFO] [stdout] error[E0425]: cannot find function, tuple struct or tuple variant `Second` in this scope
[INFO] [stdout]     --> /opt/rustwide/cargo-home/registry/src/index.crates.io-6f17d22bba15001f/slender-math-0.1.1/src/lib.rs:1879:77
[INFO] [stdout]      |
[INFO] [stdout] 1879 |         let c0 = simd_swizzle!(t0, self_c2, [First(0), First(2), Second(0), Second(3)]); // 00, 10, 20, 23(=0)
[INFO] [stdout]      |                                                                             ^^^^^^ not found in this scope
[INFO] [stdout] 
[INFO] [stdout] 
[INFO] [stdout] error[E0425]: cannot find function, tuple struct or tuple variant `First` in this scope
[INFO] [stdout]     --> /opt/rustwide/cargo-home/registry/src/index.crates.io-6f17d22bba15001f/slender-math-0.1.1/src/lib.rs:1880:46
[INFO] [stdout]      |
[INFO] [stdout] 1880 |         let c1 = simd_swizzle!(t0, self_c2, [First(1), First(3), Second(1), Second(3)]); // 01, 11, 21, 23(=0)
[INFO] [stdout]      |                                              ^^^^^ not found in this scope
[INFO] [stdout] 
[INFO] [stdout] 
[INFO] [stdout] error[E0425]: cannot find function, tuple struct or tuple variant `First` in this scope
[INFO] [stdout]     --> /opt/rustwide/cargo-home/registry/src/index.crates.io-6f17d22bba15001f/slender-math-0.1.1/src/lib.rs:1880:56
[INFO] [stdout]      |
[INFO] [stdout] 1880 |         let c1 = simd_swizzle!(t0, self_c2, [First(1), First(3), Second(1), Second(3)]); // 01, 11, 21, 23(=0)
[INFO] [stdout]      |                                                        ^^^^^ not found in this scope
[INFO] [stdout] 
[INFO] [stdout] 
[INFO] [stdout] error[E0425]: cannot find function, tuple struct or tuple variant `Second` in this scope
[INFO] [stdout]     --> /opt/rustwide/cargo-home/registry/src/index.crates.io-6f17d22bba15001f/slender-math-0.1.1/src/lib.rs:1880:66
[INFO] [stdout]      |
[INFO] [stdout] 1880 |         let c1 = simd_swizzle!(t0, self_c2, [First(1), First(3), Second(1), Second(3)]); // 01, 11, 21, 23(=0)
[INFO] [stdout]      |                                                                  ^^^^^^ not found in this scope
[INFO] [stdout] 
[INFO] [stdout] 
[INFO] [stdout] error[E0425]: cannot find function, tuple struct or tuple variant `Second` in this scope
[INFO] [stdout]     --> /opt/rustwide/cargo-home/registry/src/index.crates.io-6f17d22bba15001f/slender-math-0.1.1/src/lib.rs:1880:77
[INFO] [stdout]      |
[INFO] [stdout] 1880 |         let c1 = simd_swizzle!(t0, self_c2, [First(1), First(3), Second(1), Second(3)]); // 01, 11, 21, 23(=0)
[INFO] [stdout]      |                                                                             ^^^^^^ not found in this scope
[INFO] [stdout] 
[INFO] [stdout] 
[INFO] [stdout] error[E0425]: cannot find function, tuple struct or tuple variant `First` in this scope
[INFO] [stdout]     --> /opt/rustwide/cargo-home/registry/src/index.crates.io-6f17d22bba15001f/slender-math-0.1.1/src/lib.rs:1881:46
[INFO] [stdout]      |
[INFO] [stdout] 1881 |         let c2 = simd_swizzle!(t1, self_c2, [First(0), First(2), Second(2), Second(3)]); // 02, 12, 22, 23(=0)
[INFO] [stdout]      |                                              ^^^^^ not found in this scope
[INFO] [stdout] 
[INFO] [stdout] 
[INFO] [stdout] error[E0425]: cannot find function, tuple struct or tuple variant `First` in this scope
[INFO] [stdout]     --> /opt/rustwide/cargo-home/registry/src/index.crates.io-6f17d22bba15001f/slender-math-0.1.1/src/lib.rs:1881:56
[INFO] [stdout]      |
[INFO] [stdout] 1881 |         let c2 = simd_swizzle!(t1, self_c2, [First(0), First(2), Second(2), Second(3)]); // 02, 12, 22, 23(=0)
[INFO] [stdout]      |                                                        ^^^^^ not found in this scope
[INFO] [stdout] 
[INFO] [stdout] 
[INFO] [stdout] error[E0425]: cannot find function, tuple struct or tuple variant `Second` in this scope
[INFO] [stdout]     --> /opt/rustwide/cargo-home/registry/src/index.crates.io-6f17d22bba15001f/slender-math-0.1.1/src/lib.rs:1881:66
[INFO] [stdout]      |
[INFO] [stdout] 1881 |         let c2 = simd_swizzle!(t1, self_c2, [First(0), First(2), Second(2), Second(3)]); // 02, 12, 22, 23(=0)
[INFO] [stdout]      |                                                                  ^^^^^^ not found in this scope
[INFO] [stdout] 
[INFO] [stdout] 
[INFO] [stdout] error[E0425]: cannot find function, tuple struct or tuple variant `Second` in this scope
[INFO] [stdout]     --> /opt/rustwide/cargo-home/registry/src/index.crates.io-6f17d22bba15001f/slender-math-0.1.1/src/lib.rs:1881:77
[INFO] [stdout]      |
[INFO] [stdout] 1881 |         let c2 = simd_swizzle!(t1, self_c2, [First(0), First(2), Second(2), Second(3)]); // 02, 12, 22, 23(=0)
[INFO] [stdout]      |                                                                             ^^^^^^ not found in this scope
[INFO] [stdout] 
[INFO] [stdout] 
[INFO] [stdout] error[E0425]: cannot find function, tuple struct or tuple variant `First` in this scope
[INFO] [stdout]     --> /opt/rustwide/cargo-home/registry/src/index.crates.io-6f17d22bba15001f/slender-math-0.1.1/src/lib.rs:26:32
[INFO] [stdout]      |
[INFO] [stdout] 26   |         simd_swizzle!($a, $b, [First(0), First(1), Second(0), Second(1)])
[INFO] [stdout]      |                                ^^^^^ not found in this scope
[INFO] [stdout] ...
[INFO] [stdout] 1944 |         let a = simd_swizzle_0101!(self_c0, self_c1);
[INFO] [stdout]      |                 ------------------------------------ in this macro invocation
[INFO] [stdout]      |
[INFO] [stdout]      = note: this error originates in the macro `simd_swizzle_0101` (in Nightly builds, run with -Z macro-backtrace for more info)
[INFO] [stdout] 
[INFO] [stdout] 
[INFO] [stdout] error[E0425]: cannot find function, tuple struct or tuple variant `First` in this scope
[INFO] [stdout]     --> /opt/rustwide/cargo-home/registry/src/index.crates.io-6f17d22bba15001f/slender-math-0.1.1/src/lib.rs:26:42
[INFO] [stdout]      |
[INFO] [stdout] 26   |         simd_swizzle!($a, $b, [First(0), First(1), Second(0), Second(1)])
[INFO] [stdout]      |                                          ^^^^^ not found in this scope
[INFO] [stdout] ...
[INFO] [stdout] 1944 |         let a = simd_swizzle_0101!(self_c0, self_c1);
[INFO] [stdout]      |                 ------------------------------------ in this macro invocation
[INFO] [stdout]      |
[INFO] [stdout]      = note: this error originates in the macro `simd_swizzle_0101` (in Nightly builds, run with -Z macro-backtrace for more info)
[INFO] [stdout] 
[INFO] [stdout] 
[INFO] [stdout] error[E0425]: cannot find function, tuple struct or tuple variant `Second` in this scope
[INFO] [stdout]     --> /opt/rustwide/cargo-home/registry/src/index.crates.io-6f17d22bba15001f/slender-math-0.1.1/src/lib.rs:26:52
[INFO] [stdout]      |
[INFO] [stdout] 26   |         simd_swizzle!($a, $b, [First(0), First(1), Second(0), Second(1)])
[INFO] [stdout]      |                                                    ^^^^^^ not found in this scope
[INFO] [stdout] ...
[INFO] [stdout] 1944 |         let a = simd_swizzle_0101!(self_c0, self_c1);
[INFO] [stdout]      |                 ------------------------------------ in this macro invocation
[INFO] [stdout]      |
[INFO] [stdout]      = note: this error originates in the macro `simd_swizzle_0101` (in Nightly builds, run with -Z macro-backtrace for more info)
[INFO] [stdout] 
[INFO] [stdout] 
[INFO] [stdout] error[E0425]: cannot find function, tuple struct or tuple variant `Second` in this scope
[INFO] [stdout]     --> /opt/rustwide/cargo-home/registry/src/index.crates.io-6f17d22bba15001f/slender-math-0.1.1/src/lib.rs:26:63
[INFO] [stdout]      |
[INFO] [stdout] 26   |         simd_swizzle!($a, $b, [First(0), First(1), Second(0), Second(1)])
[INFO] [stdout]      |                                                               ^^^^^^ not found in this scope
[INFO] [stdout] ...
[INFO] [stdout] 1944 |         let a = simd_swizzle_0101!(self_c0, self_c1);
[INFO] [stdout]      |                 ------------------------------------ in this macro invocation
[INFO] [stdout]      |
[INFO] [stdout]      = note: this error originates in the macro `simd_swizzle_0101` (in Nightly builds, run with -Z macro-backtrace for more info)
[INFO] [stdout] 
[INFO] [stdout] 
[INFO] [stdout] error[E0425]: cannot find function, tuple struct or tuple variant `First` in this scope
[INFO] [stdout]     --> /opt/rustwide/cargo-home/registry/src/index.crates.io-6f17d22bba15001f/slender-math-0.1.1/src/lib.rs:32:32
[INFO] [stdout]      |
[INFO] [stdout] 32   |         simd_swizzle!($a, $b, [First(2), First(3), Second(2), Second(3)])
[INFO] [stdout]      |                                ^^^^^ not found in this scope
[INFO] [stdout] ...
[INFO] [stdout] 1945 |         let b = simd_swizzle_2323!(self_c0, self_c1);
[INFO] [stdout]      |                 ------------------------------------ in this macro invocation
[INFO] [stdout]      |
[INFO] [stdout]      = note: this error originates in the macro `simd_swizzle_2323` (in Nightly builds, run with -Z macro-backtrace for more info)
[INFO] [stdout] 
[INFO] [stdout] 
[INFO] [stdout] error[E0425]: cannot find function, tuple struct or tuple variant `First` in this scope
[INFO] [stdout]     --> /opt/rustwide/cargo-home/registry/src/index.crates.io-6f17d22bba15001f/slender-math-0.1.1/src/lib.rs:32:42
[INFO] [stdout]      |
[INFO] [stdout] 32   |         simd_swizzle!($a, $b, [First(2), First(3), Second(2), Second(3)])
[INFO] [stdout]      |                                          ^^^^^ not found in this scope
[INFO] [stdout] ...
[INFO] [stdout] 1945 |         let b = simd_swizzle_2323!(self_c0, self_c1);
[INFO] [stdout]      |                 ------------------------------------ in this macro invocation
[INFO] [stdout]      |
[INFO] [stdout]      = note: this error originates in the macro `simd_swizzle_2323` (in Nightly builds, run with -Z macro-backtrace for more info)
[INFO] [stdout] 
[INFO] [stdout] 
[INFO] [stdout] error[E0425]: cannot find function, tuple struct or tuple variant `Second` in this scope
[INFO] [stdout]     --> /opt/rustwide/cargo-home/registry/src/index.crates.io-6f17d22bba15001f/slender-math-0.1.1/src/lib.rs:32:52
[INFO] [stdout]      |
[INFO] [stdout] 32   |         simd_swizzle!($a, $b, [First(2), First(3), Second(2), Second(3)])
[INFO] [stdout]      |                                                    ^^^^^^ not found in this scope
[INFO] [stdout] ...
[INFO] [stdout] 1945 |         let b = simd_swizzle_2323!(self_c0, self_c1);
[INFO] [stdout]      |                 ------------------------------------ in this macro invocation
[INFO] [stdout]      |
[INFO] [stdout]      = note: this error originates in the macro `simd_swizzle_2323` (in Nightly builds, run with -Z macro-backtrace for more info)
[INFO] [stdout] 
[INFO] [stdout] 
[INFO] [stdout] error[E0425]: cannot find function, tuple struct or tuple variant `Second` in this scope
[INFO] [stdout]     --> /opt/rustwide/cargo-home/registry/src/index.crates.io-6f17d22bba15001f/slender-math-0.1.1/src/lib.rs:32:63
[INFO] [stdout]      |
[INFO] [stdout] 32   |         simd_swizzle!($a, $b, [First(2), First(3), Second(2), Second(3)])
[INFO] [stdout]      |                                                               ^^^^^^ not found in this scope
[INFO] [stdout] ...
[INFO] [stdout] 1945 |         let b = simd_swizzle_2323!(self_c0, self_c1);
[INFO] [stdout]      |                 ------------------------------------ in this macro invocation
[INFO] [stdout]      |
[INFO] [stdout]      = note: this error originates in the macro `simd_swizzle_2323` (in Nightly builds, run with -Z macro-backtrace for more info)
[INFO] [stdout] 
[INFO] [stdout] 
[INFO] [stdout] error[E0425]: cannot find function, tuple struct or tuple variant `First` in this scope
[INFO] [stdout]     --> /opt/rustwide/cargo-home/registry/src/index.crates.io-6f17d22bba15001f/slender-math-0.1.1/src/lib.rs:26:32
[INFO] [stdout]      |
[INFO] [stdout] 26   |         simd_swizzle!($a, $b, [First(0), First(1), Second(0), Second(1)])
[INFO] [stdout]      |                                ^^^^^ not found in this scope
[INFO] [stdout] ...
[INFO] [stdout] 1946 |         let c = simd_swizzle_0101!(self_c2, self_c3);
[INFO] [stdout]      |                 ------------------------------------ in this macro invocation
[INFO] [stdout]      |
[INFO] [stdout]      = note: this error originates in the macro `simd_swizzle_0101` (in Nightly builds, run with -Z macro-backtrace for more info)
[INFO] [stdout] 
[INFO] [stdout] 
[INFO] [stdout] error[E0425]: cannot find function, tuple struct or tuple variant `First` in this scope
[INFO] [stdout]     --> /opt/rustwide/cargo-home/registry/src/index.crates.io-6f17d22bba15001f/slender-math-0.1.1/src/lib.rs:26:42
[INFO] [stdout]      |
[INFO] [stdout] 26   |         simd_swizzle!($a, $b, [First(0), First(1), Second(0), Second(1)])
[INFO] [stdout]      |                                          ^^^^^ not found in this scope
[INFO] [stdout] ...
[INFO] [stdout] 1946 |         let c = simd_swizzle_0101!(self_c2, self_c3);
[INFO] [stdout]      |                 ------------------------------------ in this macro invocation
[INFO] [stdout]      |
[INFO] [stdout]      = note: this error originates in the macro `simd_swizzle_0101` (in Nightly builds, run with -Z macro-backtrace for more info)
[INFO] [stdout] 
[INFO] [stdout] 
[INFO] [stdout] error[E0425]: cannot find function, tuple struct or tuple variant `Second` in this scope
[INFO] [stdout]     --> /opt/rustwide/cargo-home/registry/src/index.crates.io-6f17d22bba15001f/slender-math-0.1.1/src/lib.rs:26:52
[INFO] [stdout]      |
[INFO] [stdout] 26   |         simd_swizzle!($a, $b, [First(0), First(1), Second(0), Second(1)])
[INFO] [stdout]      |                                                    ^^^^^^ not found in this scope
[INFO] [stdout] ...
[INFO] [stdout] 1946 |         let c = simd_swizzle_0101!(self_c2, self_c3);
[INFO] [stdout]      |                 ------------------------------------ in this macro invocation
[INFO] [stdout]      |
[INFO] [stdout]      = note: this error originates in the macro `simd_swizzle_0101` (in Nightly builds, run with -Z macro-backtrace for more info)
[INFO] [stdout] 
[INFO] [stdout] 
[INFO] [stdout] error[E0425]: cannot find function, tuple struct or tuple variant `Second` in this scope
[INFO] [stdout]     --> /opt/rustwide/cargo-home/registry/src/index.crates.io-6f17d22bba15001f/slender-math-0.1.1/src/lib.rs:26:63
[INFO] [stdout]      |
[INFO] [stdout] 26   |         simd_swizzle!($a, $b, [First(0), First(1), Second(0), Second(1)])
[INFO] [stdout]      |                                                               ^^^^^^ not found in this scope
[INFO] [stdout] ...
[INFO] [stdout] 1946 |         let c = simd_swizzle_0101!(self_c2, self_c3);
[INFO] [stdout]      |                 ------------------------------------ in this macro invocation
[INFO] [stdout]      |
[INFO] [stdout]      = note: this error originates in the macro `simd_swizzle_0101` (in Nightly builds, run with -Z macro-backtrace for more info)
[INFO] [stdout] 
[INFO] [stdout] 
[INFO] [stdout] error[E0425]: cannot find function, tuple struct or tuple variant `First` in this scope
[INFO] [stdout]     --> /opt/rustwide/cargo-home/registry/src/index.crates.io-6f17d22bba15001f/slender-math-0.1.1/src/lib.rs:32:32
[INFO] [stdout]      |
[INFO] [stdout] 32   |         simd_swizzle!($a, $b, [First(2), First(3), Second(2), Second(3)])
[INFO] [stdout]      |                                ^^^^^ not found in this scope
[INFO] [stdout] ...
[INFO] [stdout] 1947 |         let d = simd_swizzle_2323!(self_c2, self_c3);
[INFO] [stdout]      |                 ------------------------------------ in this macro invocation
[INFO] [stdout]      |
[INFO] [stdout]      = note: this error originates in the macro `simd_swizzle_2323` (in Nightly builds, run with -Z macro-backtrace for more info)
[INFO] [stdout] 
[INFO] [stdout] 
[INFO] [stdout] error[E0425]: cannot find function, tuple struct or tuple variant `First` in this scope
[INFO] [stdout]     --> /opt/rustwide/cargo-home/registry/src/index.crates.io-6f17d22bba15001f/slender-math-0.1.1/src/lib.rs:32:42
[INFO] [stdout]      |
[INFO] [stdout] 32   |         simd_swizzle!($a, $b, [First(2), First(3), Second(2), Second(3)])
[INFO] [stdout]      |                                          ^^^^^ not found in this scope
[INFO] [stdout] ...
[INFO] [stdout] 1947 |         let d = simd_swizzle_2323!(self_c2, self_c3);
[INFO] [stdout]      |                 ------------------------------------ in this macro invocation
[INFO] [stdout]      |
[INFO] [stdout]      = note: this error originates in the macro `simd_swizzle_2323` (in Nightly builds, run with -Z macro-backtrace for more info)
[INFO] [stdout] 
[INFO] [stdout] 
[INFO] [stdout] error[E0425]: cannot find function, tuple struct or tuple variant `Second` in this scope
[INFO] [stdout]     --> /opt/rustwide/cargo-home/registry/src/index.crates.io-6f17d22bba15001f/slender-math-0.1.1/src/lib.rs:32:52
[INFO] [stdout]      |
[INFO] [stdout] 32   |         simd_swizzle!($a, $b, [First(2), First(3), Second(2), Second(3)])
[INFO] [stdout]      |                                                    ^^^^^^ not found in this scope
[INFO] [stdout] ...
[INFO] [stdout] 1947 |         let d = simd_swizzle_2323!(self_c2, self_c3);
[INFO] [stdout]      |                 ------------------------------------ in this macro invocation
[INFO] [stdout]      |
[INFO] [stdout]      = note: this error originates in the macro `simd_swizzle_2323` (in Nightly builds, run with -Z macro-backtrace for more info)
[INFO] [stdout] 
[INFO] [stdout] 
[INFO] [stdout] error[E0425]: cannot find function, tuple struct or tuple variant `Second` in this scope
[INFO] [stdout]     --> /opt/rustwide/cargo-home/registry/src/index.crates.io-6f17d22bba15001f/slender-math-0.1.1/src/lib.rs:32:63
[INFO] [stdout]      |
[INFO] [stdout] 32   |         simd_swizzle!($a, $b, [First(2), First(3), Second(2), Second(3)])
[INFO] [stdout]      |                                                               ^^^^^^ not found in this scope
[INFO] [stdout] ...
[INFO] [stdout] 1947 |         let d = simd_swizzle_2323!(self_c2, self_c3);
[INFO] [stdout]      |                 ------------------------------------ in this macro invocation
[INFO] [stdout]      |
[INFO] [stdout]      = note: this error originates in the macro `simd_swizzle_2323` (in Nightly builds, run with -Z macro-backtrace for more info)
[INFO] [stdout] 
[INFO] [stdout] 
[INFO] [stdout] error[E0425]: cannot find function, tuple struct or tuple variant `First` in this scope
[INFO] [stdout]     --> /opt/rustwide/cargo-home/registry/src/index.crates.io-6f17d22bba15001f/slender-math-0.1.1/src/lib.rs:1951:46
[INFO] [stdout]      |
[INFO] [stdout] 1951 |             simd_swizzle!(self_c0, self_c2, [First(0), First(2), Second(0), Second(2)])
[INFO] [stdout]      |                                              ^^^^^ not found in this scope
[INFO] [stdout] 
[INFO] [stdout] 
[INFO] [stdout] error[E0425]: cannot find function, tuple struct or tuple variant `First` in this scope
[INFO] [stdout]     --> /opt/rustwide/cargo-home/registry/src/index.crates.io-6f17d22bba15001f/slender-math-0.1.1/src/lib.rs:1951:56
[INFO] [stdout]      |
[INFO] [stdout] 1951 |             simd_swizzle!(self_c0, self_c2, [First(0), First(2), Second(0), Second(2)])
[INFO] [stdout]      |                                                        ^^^^^ not found in this scope
[INFO] [stdout] 
[INFO] [stdout] 
[INFO] [stdout] error[E0425]: cannot find function, tuple struct or tuple variant `Second` in this scope
[INFO] [stdout]     --> /opt/rustwide/cargo-home/registry/src/index.crates.io-6f17d22bba15001f/slender-math-0.1.1/src/lib.rs:1951:66
[INFO] [stdout]      |
[INFO] [stdout] 1951 |             simd_swizzle!(self_c0, self_c2, [First(0), First(2), Second(0), Second(2)])
[INFO] [stdout]      |                                                                  ^^^^^^ not found in this scope
[INFO] [stdout] 
[INFO] [stdout] 
[INFO] [stdout] error[E0425]: cannot find function, tuple struct or tuple variant `Second` in this scope
[INFO] [stdout]     --> /opt/rustwide/cargo-home/registry/src/index.crates.io-6f17d22bba15001f/slender-math-0.1.1/src/lib.rs:1951:77
[INFO] [stdout]      |
[INFO] [stdout] 1951 |             simd_swizzle!(self_c0, self_c2, [First(0), First(2), Second(0), Second(2)])
[INFO] [stdout]      |                                                                             ^^^^^^ not found in this scope
[INFO] [stdout] 
[INFO] [stdout] 
[INFO] [stdout] error[E0425]: cannot find function, tuple struct or tuple variant `First` in this scope
[INFO] [stdout]     --> /opt/rustwide/cargo-home/registry/src/index.crates.io-6f17d22bba15001f/slender-math-0.1.1/src/lib.rs:1952:52
[INFO] [stdout]      |
[INFO] [stdout] 1952 |                 * simd_swizzle!(self_c1, self_c3, [First(1), First(3), Second(1), Second(3)])
[INFO] [stdout]      |                                                    ^^^^^ not found in this scope
[INFO] [stdout] 
[INFO] [stdout] 
[INFO] [stdout] error[E0425]: cannot find function, tuple struct or tuple variant `First` in this scope
[INFO] [stdout]     --> /opt/rustwide/cargo-home/registry/src/index.crates.io-6f17d22bba15001f/slender-math-0.1.1/src/lib.rs:1952:62
[INFO] [stdout]      |
[INFO] [stdout] 1952 |                 * simd_swizzle!(self_c1, self_c3, [First(1), First(3), Second(1), Second(3)])
[INFO] [stdout]      |                                                              ^^^^^ not found in this scope
[INFO] [stdout] 
[INFO] [stdout] 
[INFO] [stdout] error[E0425]: cannot find function, tuple struct or tuple variant `Second` in this scope
[INFO] [stdout]     --> /opt/rustwide/cargo-home/registry/src/index.crates.io-6f17d22bba15001f/slender-math-0.1.1/src/lib.rs:1952:72
[INFO] [stdout]      |
[INFO] [stdout] 1952 |                 * simd_swizzle!(self_c1, self_c3, [First(1), First(3), Second(1), Second(3)])
[INFO] [stdout]      |                                                                        ^^^^^^ not found in this scope
[INFO] [stdout] 
[INFO] [stdout] 
[INFO] [stdout] error[E0425]: cannot find function, tuple struct or tuple variant `Second` in this scope
[INFO] [stdout]     --> /opt/rustwide/cargo-home/registry/src/index.crates.io-6f17d22bba15001f/slender-math-0.1.1/src/lib.rs:1952:83
[INFO] [stdout]      |
[INFO] [stdout] 1952 |                 * simd_swizzle!(self_c1, self_c3, [First(1), First(3), Second(1), Second(3)])
[INFO] [stdout]      |                                                                                   ^^^^^^ not found in this scope
[INFO] [stdout] 
[INFO] [stdout] 
[INFO] [stdout] error[E0425]: cannot find function, tuple struct or tuple variant `First` in this scope
[INFO] [stdout]     --> /opt/rustwide/cargo-home/registry/src/index.crates.io-6f17d22bba15001f/slender-math-0.1.1/src/lib.rs:1954:46
[INFO] [stdout]      |
[INFO] [stdout] 1954 |             simd_swizzle!(self_c0, self_c2, [First(1), First(3), Second(1), Second(3)])
[INFO] [stdout]      |                                              ^^^^^ not found in this scope
[INFO] [stdout] 
[INFO] [stdout] 
[INFO] [stdout] error[E0425]: cannot find function, tuple struct or tuple variant `First` in this scope
[INFO] [stdout]     --> /opt/rustwide/cargo-home/registry/src/index.crates.io-6f17d22bba15001f/slender-math-0.1.1/src/lib.rs:1954:56
[INFO] [stdout]      |
[INFO] [stdout] 1954 |             simd_swizzle!(self_c0, self_c2, [First(1), First(3), Second(1), Second(3)])
[INFO] [stdout]      |                                                        ^^^^^ not found in this scope
[INFO] [stdout] 
[INFO] [stdout] 
[INFO] [stdout] error[E0425]: cannot find function, tuple struct or tuple variant `Second` in this scope
[INFO] [stdout]     --> /opt/rustwide/cargo-home/registry/src/index.crates.io-6f17d22bba15001f/slender-math-0.1.1/src/lib.rs:1954:66
[INFO] [stdout]      |
[INFO] [stdout] 1954 |             simd_swizzle!(self_c0, self_c2, [First(1), First(3), Second(1), Second(3)])
[INFO] [stdout]      |                                                                  ^^^^^^ not found in this scope
[INFO] [stdout] 
[INFO] [stdout] 
[INFO] [stdout] error[E0425]: cannot find function, tuple struct or tuple variant `Second` in this scope
[INFO] [stdout]     --> /opt/rustwide/cargo-home/registry/src/index.crates.io-6f17d22bba15001f/slender-math-0.1.1/src/lib.rs:1954:77
[INFO] [stdout]      |
[INFO] [stdout] 1954 |             simd_swizzle!(self_c0, self_c2, [First(1), First(3), Second(1), Second(3)])
[INFO] [stdout]      |                                                                             ^^^^^^ not found in this scope
[INFO] [stdout] 
[INFO] [stdout] 
[INFO] [stdout] error[E0425]: cannot find function, tuple struct or tuple variant `First` in this scope
[INFO] [stdout]     --> /opt/rustwide/cargo-home/registry/src/index.crates.io-6f17d22bba15001f/slender-math-0.1.1/src/lib.rs:1955:52
[INFO] [stdout]      |
[INFO] [stdout] 1955 |                 * simd_swizzle!(self_c1, self_c3, [First(0), First(2), Second(0), Second(2)])
[INFO] [stdout]      |                                                    ^^^^^ not found in this scope
[INFO] [stdout] 
[INFO] [stdout] 
[INFO] [stdout] error[E0425]: cannot find function, tuple struct or tuple variant `First` in this scope
[INFO] [stdout]     --> /opt/rustwide/cargo-home/registry/src/index.crates.io-6f17d22bba15001f/slender-math-0.1.1/src/lib.rs:1955:62
[INFO] [stdout]      |
[INFO] [stdout] 1955 |                 * simd_swizzle!(self_c1, self_c3, [First(0), First(2), Second(0), Second(2)])
[INFO] [stdout]      |                                                              ^^^^^ not found in this scope
[INFO] [stdout] 
[INFO] [stdout] 
[INFO] [stdout] error[E0425]: cannot find function, tuple struct or tuple variant `Second` in this scope
[INFO] [stdout]     --> /opt/rustwide/cargo-home/registry/src/index.crates.io-6f17d22bba15001f/slender-math-0.1.1/src/lib.rs:1955:72
[INFO] [stdout]      |
[INFO] [stdout] 1955 |                 * simd_swizzle!(self_c1, self_c3, [First(0), First(2), Second(0), Second(2)])
[INFO] [stdout]      |                                                                        ^^^^^^ not found in this scope
[INFO] [stdout] 
[INFO] [stdout] 
[INFO] [stdout] error[E0425]: cannot find function, tuple struct or tuple variant `Second` in this scope
[INFO] [stdout]     --> /opt/rustwide/cargo-home/registry/src/index.crates.io-6f17d22bba15001f/slender-math-0.1.1/src/lib.rs:1955:83
[INFO] [stdout]      |
[INFO] [stdout] 1955 |                 * simd_swizzle!(self_c1, self_c3, [First(0), First(2), Second(0), Second(2)])
[INFO] [stdout]      |                                                                                   ^^^^^^ not found in this scope
[INFO] [stdout] 
[INFO] [stdout] 
[INFO] [stdout] error[E0425]: cannot find function, tuple struct or tuple variant `First` in this scope
[INFO] [stdout]     --> /opt/rustwide/cargo-home/registry/src/index.crates.io-6f17d22bba15001f/slender-math-0.1.1/src/lib.rs:2001:39
[INFO] [stdout]      |
[INFO] [stdout] 2001 |         let c0 = simd_swizzle!(x, y, [First(3), First(1), Second(3), Second(1)]);
[INFO] [stdout]      |                                       ^^^^^ not found in this scope
[INFO] [stdout] 
[INFO] [stdout] 
[INFO] [stdout] error[E0425]: cannot find function, tuple struct or tuple variant `First` in this scope
[INFO] [stdout]     --> /opt/rustwide/cargo-home/registry/src/index.crates.io-6f17d22bba15001f/slender-math-0.1.1/src/lib.rs:2001:49
[INFO] [stdout]      |
[INFO] [stdout] 2001 |         let c0 = simd_swizzle!(x, y, [First(3), First(1), Second(3), Second(1)]);
[INFO] [stdout]      |                                                 ^^^^^ not found in this scope
[INFO] [stdout] 
[INFO] [stdout] 
[INFO] [stdout] error[E0425]: cannot find function, tuple struct or tuple variant `Second` in this scope
[INFO] [stdout]     --> /opt/rustwide/cargo-home/registry/src/index.crates.io-6f17d22bba15001f/slender-math-0.1.1/src/lib.rs:2001:59
[INFO] [stdout]      |
[INFO] [stdout] 2001 |         let c0 = simd_swizzle!(x, y, [First(3), First(1), Second(3), Second(1)]);
[INFO] [stdout]      |                                                           ^^^^^^ not found in this scope
[INFO] [stdout] 
[INFO] [stdout] 
[INFO] [stdout] error[E0425]: cannot find function, tuple struct or tuple variant `Second` in this scope
[INFO] [stdout]     --> /opt/rustwide/cargo-home/registry/src/index.crates.io-6f17d22bba15001f/slender-math-0.1.1/src/lib.rs:2001:70
[INFO] [stdout]      |
[INFO] [stdout] 2001 |         let c0 = simd_swizzle!(x, y, [First(3), First(1), Second(3), Second(1)]);
[INFO] [stdout]      |                                                                      ^^^^^^ not found in this scope
[INFO] [stdout] 
[INFO] [stdout] 
[INFO] [stdout] error[E0425]: cannot find function, tuple struct or tuple variant `First` in this scope
[INFO] [stdout]     --> /opt/rustwide/cargo-home/registry/src/index.crates.io-6f17d22bba15001f/slender-math-0.1.1/src/lib.rs:2002:39
[INFO] [stdout]      |
[INFO] [stdout] 2002 |         let c1 = simd_swizzle!(x, y, [First(2), First(0), Second(2), Second(0)]);
[INFO] [stdout]      |                                       ^^^^^ not found in this scope
[INFO] [stdout] 
[INFO] [stdout] 
[INFO] [stdout] error[E0425]: cannot find function, tuple struct or tuple variant `First` in this scope
[INFO] [stdout]     --> /opt/rustwide/cargo-home/registry/src/index.crates.io-6f17d22bba15001f/slender-math-0.1.1/src/lib.rs:2002:49
[INFO] [stdout]      |
[INFO] [stdout] 2002 |         let c1 = simd_swizzle!(x, y, [First(2), First(0), Second(2), Second(0)]);
[INFO] [stdout]      |                                                 ^^^^^ not found in this scope
[INFO] [stdout] 
[INFO] [stdout] 
[INFO] [stdout] error[E0425]: cannot find function, tuple struct or tuple variant `Second` in this scope
[INFO] [stdout]     --> /opt/rustwide/cargo-home/registry/src/index.crates.io-6f17d22bba15001f/slender-math-0.1.1/src/lib.rs:2002:59
[INFO] [stdout]      |
[INFO] [stdout] 2002 |         let c1 = simd_swizzle!(x, y, [First(2), First(0), Second(2), Second(0)]);
[INFO] [stdout]      |                                                           ^^^^^^ not found in this scope
[INFO] [stdout] 
[INFO] [stdout] 
[INFO] [stdout] error[E0425]: cannot find function, tuple struct or tuple variant `Second` in this scope
[INFO] [stdout]     --> /opt/rustwide/cargo-home/registry/src/index.crates.io-6f17d22bba15001f/slender-math-0.1.1/src/lib.rs:2002:70
[INFO] [stdout]      |
[INFO] [stdout] 2002 |         let c1 = simd_swizzle!(x, y, [First(2), First(0), Second(2), Second(0)]);
[INFO] [stdout]      |                                                                      ^^^^^^ not found in this scope
[INFO] [stdout] 
[INFO] [stdout] 
[INFO] [stdout] error[E0425]: cannot find function, tuple struct or tuple variant `First` in this scope
[INFO] [stdout]     --> /opt/rustwide/cargo-home/registry/src/index.crates.io-6f17d22bba15001f/slender-math-0.1.1/src/lib.rs:2003:39
[INFO] [stdout]      |
[INFO] [stdout] 2003 |         let c2 = simd_swizzle!(z, w, [First(3), First(1), Second(3), Second(1)]);
[INFO] [stdout]      |                                       ^^^^^ not found in this scope
[INFO] [stdout] 
[INFO] [stdout] 
[INFO] [stdout] error[E0425]: cannot find function, tuple struct or tuple variant `First` in this scope
[INFO] [stdout]     --> /opt/rustwide/cargo-home/registry/src/index.crates.io-6f17d22bba15001f/slender-math-0.1.1/src/lib.rs:2003:49
[INFO] [stdout]      |
[INFO] [stdout] 2003 |         let c2 = simd_swizzle!(z, w, [First(3), First(1), Second(3), Second(1)]);
[INFO] [stdout]      |                                                 ^^^^^ not found in this scope
[INFO] [stdout] 
[INFO] [stdout] 
[INFO] [stdout] error[E0425]: cannot find function, tuple struct or tuple variant `Second` in this scope
[INFO] [stdout]     --> /opt/rustwide/cargo-home/registry/src/index.crates.io-6f17d22bba15001f/slender-math-0.1.1/src/lib.rs:2003:59
[INFO] [stdout]      |
[INFO] [stdout] 2003 |         let c2 = simd_swizzle!(z, w, [First(3), First(1), Second(3), Second(1)]);
[INFO] [stdout]      |                                                           ^^^^^^ not found in this scope
[INFO] [stdout] 
[INFO] [stdout] 
[INFO] [stdout] error[E0425]: cannot find function, tuple struct or tuple variant `Second` in this scope
[INFO] [stdout]     --> /opt/rustwide/cargo-home/registry/src/index.crates.io-6f17d22bba15001f/slender-math-0.1.1/src/lib.rs:2003:70
[INFO] [stdout]      |
[INFO] [stdout] 2003 |         let c2 = simd_swizzle!(z, w, [First(3), First(1), Second(3), Second(1)]);
[INFO] [stdout]      |                                                                      ^^^^^^ not found in this scope
[INFO] [stdout] 
[INFO] [stdout] 
[INFO] [stdout] error[E0425]: cannot find function, tuple struct or tuple variant `First` in this scope
[INFO] [stdout]     --> /opt/rustwide/cargo-home/registry/src/index.crates.io-6f17d22bba15001f/slender-math-0.1.1/src/lib.rs:2004:39
[INFO] [stdout]      |
[INFO] [stdout] 2004 |         let c3 = simd_swizzle!(z, w, [First(2), First(0), Second(2), Second(0)]);
[INFO] [stdout]      |                                       ^^^^^ not found in this scope
[INFO] [stdout] 
[INFO] [stdout] 
[INFO] [stdout] error[E0425]: cannot find function, tuple struct or tuple variant `First` in this scope
[INFO] [stdout]     --> /opt/rustwide/cargo-home/registry/src/index.crates.io-6f17d22bba15001f/slender-math-0.1.1/src/lib.rs:2004:49
[INFO] [stdout]      |
[INFO] [stdout] 2004 |         let c3 = simd_swizzle!(z, w, [First(2), First(0), Second(2), Second(0)]);
[INFO] [stdout]      |                                                 ^^^^^ not found in this scope
[INFO] [stdout] 
[INFO] [stdout] 
[INFO] [stdout] error[E0425]: cannot find function, tuple struct or tuple variant `Second` in this scope
[INFO] [stdout]     --> /opt/rustwide/cargo-home/registry/src/index.crates.io-6f17d22bba15001f/slender-math-0.1.1/src/lib.rs:2004:59
[INFO] [stdout]      |
[INFO] [stdout] 2004 |         let c3 = simd_swizzle!(z, w, [First(2), First(0), Second(2), Second(0)]);
[INFO] [stdout]      |                                                           ^^^^^^ not found in this scope
[INFO] [stdout] 
[INFO] [stdout] 
[INFO] [stdout] error[E0425]: cannot find function, tuple struct or tuple variant `Second` in this scope
[INFO] [stdout]     --> /opt/rustwide/cargo-home/registry/src/index.crates.io-6f17d22bba15001f/slender-math-0.1.1/src/lib.rs:2004:70
[INFO] [stdout]      |
[INFO] [stdout] 2004 |         let c3 = simd_swizzle!(z, w, [First(2), First(0), Second(2), Second(0)]);
[INFO] [stdout]      |                                                                      ^^^^^^ not found in this scope
[INFO] [stdout] 
[INFO] [stdout] 
[INFO] [stdout] error: aborting due to 102 previous errors
[INFO] [stdout] 
[INFO] [stdout] 
[INFO] [stdout] Some errors have detailed explanations: E0425, E0432, E0554.
[INFO] [stdout] 
[INFO] [stdout] For more information about an error, try `rustc --explain E0425`.
[INFO] [stdout] 
[INFO] [stderr] error: could not compile `slender-math` (lib) due to 103 previous errors
[INFO] [stderr] warning: build failed, waiting for other jobs to finish...
[INFO] running `Command { std: "docker" "inspect" "e4a36687561559d447852910435106b4e601e3d4b5ec317dc8e1fa2ec17f60b5", kill_on_drop: false }`
[INFO] running `Command { std: "docker" "rm" "-f" "e4a36687561559d447852910435106b4e601e3d4b5ec317dc8e1fa2ec17f60b5", kill_on_drop: false }`
[INFO] [stdout] e4a36687561559d447852910435106b4e601e3d4b5ec317dc8e1fa2ec17f60b5
