[INFO] cloning repository https://github.com/Art-Arm/ZkSynk
[INFO] running `Command { std: "git" "-c" "credential.helper=" "-c" "credential.helper=/workspace/cargo-home/bin/git-credential-null" "clone" "--bare" "https://github.com/Art-Arm/ZkSynk" "/workspace/cache/git-repos/https%3A%2F%2Fgithub.com%2FArt-Arm%2FZkSynk", kill_on_drop: false }`
[INFO] [stderr] Cloning into bare repository '/workspace/cache/git-repos/https%3A%2F%2Fgithub.com%2FArt-Arm%2FZkSynk'...
[INFO] running `Command { std: "git" "rev-parse" "HEAD", kill_on_drop: false }`
[INFO] [stdout] 82cfd3ff19d3bfa071c0a5061390b8f3d91f47ee
[INFO] testing Art-Arm/ZkSynk against 1.75.0 for beta-1.76-1
[INFO] running `Command { std: "git" "clone" "/workspace/cache/git-repos/https%3A%2F%2Fgithub.com%2FArt-Arm%2FZkSynk" "/workspace/builds/worker-2-tc1/source", kill_on_drop: false }`
[INFO] [stderr] Cloning into '/workspace/builds/worker-2-tc1/source'...
[INFO] [stderr] done.
[INFO] validating manifest of git repo https://github.com/Art-Arm/ZkSynk on toolchain 1.75.0
[INFO] running `Command { std: CARGO_HOME="/workspace/cargo-home" RUSTUP_HOME="/workspace/rustup-home" "/workspace/cargo-home/bin/cargo" "+1.75.0" "metadata" "--manifest-path" "Cargo.toml" "--no-deps", kill_on_drop: false }`
[INFO] started tweaking git repo https://github.com/Art-Arm/ZkSynk
[INFO] finished tweaking git repo https://github.com/Art-Arm/ZkSynk
[INFO] tweaked toml for git repo https://github.com/Art-Arm/ZkSynk written to /workspace/builds/worker-2-tc1/source/Cargo.toml
[INFO] crate git repo https://github.com/Art-Arm/ZkSynk already has a lockfile, it will not be regenerated
[INFO] running `Command { std: CARGO_HOME="/workspace/cargo-home" RUSTUP_HOME="/workspace/rustup-home" "/workspace/cargo-home/bin/cargo" "+1.75.0" "fetch" "--manifest-path" "Cargo.toml", kill_on_drop: false }`
[INFO] [stderr] warning: virtual workspace defaulting to `resolver = "1"` despite one or more workspace members being on edition 2021 which implies `resolver = "2"`
[INFO] [stderr] note: to keep the current resolver, specify `workspace.resolver = "1"` in the workspace root's manifest
[INFO] [stderr] note: to use the edition 2021 resolver, specify `workspace.resolver = "2"` in the workspace root's manifest
[INFO] [stderr] note: for more details see https://doc.rust-lang.org/cargo/reference/resolver.html#resolver-versions
[INFO] [stderr]     Updating crates.io index
[INFO] [stderr]     Updating git repository `https://github.com/matter-labs/franklin-crypto.git`
[INFO] [stderr]     Updating git repository `https://github.com/matter-labs/recursive_aggregation_circuit.git`
[INFO] [stderr]     Updating git repository `https://github.com/matter-labs/rescue-poseidon.git`
[INFO] [stderr]     Updating git repository `https://github.com/matter-labs/bellman`
[INFO] [stderr]     Updating git repository `https://github.com/shamatar/poseidon_hash.git`
[INFO] [stderr]  Downloading crates ...
[INFO] [stderr]   Downloaded actix-server v2.0.0-beta.6
[INFO] [stderr]   Downloaded darling_core v0.13.0
[INFO] [stderr]   Downloaded websocket-base v0.24.0
[INFO] [stderr]   Downloaded sqlx-rt v0.5.9
[INFO] [stderr]   Downloaded metrics-macros v0.4.0
[INFO] [stderr]   Downloaded zstd-safe v3.1.0+zstd.1.4.9
[INFO] [stderr]   Downloaded serde_with_macros v1.5.1
[INFO] [stderr]   Downloaded debugid v0.7.2
[INFO] [stderr]   Downloaded pairing_ce v0.24.2
[INFO] [stderr]   Downloaded zstd-sys v1.5.0+zstd.1.4.9
[INFO] [stderr]   Downloaded mathru v0.6.10
[INFO] [stderr]   Downloaded sqlx-core v0.5.9
[INFO] [stderr]   Downloaded sentry-types v0.23.0
[INFO] [stderr]   Downloaded sentry-core v0.23.0
[INFO] [stderr]   Downloaded serde_repr v0.1.7
[INFO] [stderr]   Downloaded metrics-util v0.10.1
[INFO] [stderr]   Downloaded jsonrpc-ws-server v18.0.0
[INFO] [stderr]   Downloaded sketches-ddsketch v0.1.2
[INFO] [stderr]   Downloaded tracing-appender v0.1.2
[INFO] [stderr]   Downloaded tracing-attributes v0.1.18
[INFO] [stderr]   Downloaded whoami v1.2.0
[INFO] [stderr]   Downloaded actix-service v2.0.1
[INFO] [stderr]   Downloaded websocket v0.24.0
[INFO] [stderr]   Downloaded actix-web-httpauth v0.6.0-beta.3
[INFO] [stderr]   Downloaded deadpool v0.8.2
[INFO] [stderr]   Downloaded sentry v0.23.0
[INFO] [stderr]   Downloaded parity-crypto v0.8.0
[INFO] [stderr]   Downloaded actix-web v4.0.0-beta.10
[INFO] [stderr]   Downloaded bincode_derive v2.0.0-rc.1
[INFO] [stderr]   Downloaded bincode v2.0.0-rc.1
[INFO] [stderr]   Downloaded ethabi v16.0.0
[INFO] [stderr]   Downloaded web3 v0.18.0
[INFO] [stderr]   Downloaded headers v0.3.5
[INFO] [stderr]   Downloaded actix v0.12.0
[INFO] [stderr]   Downloaded raw-cpuid v10.2.0
[INFO] [stderr]   Downloaded backoff v0.1.6
[INFO] [stderr]   Downloaded sqlx-macros v0.5.9
[INFO] [stderr]   Downloaded sqlx v0.5.9
[INFO] [stderr]   Downloaded time v0.3.4
[INFO] [stderr]   Downloaded scrypt v0.5.0
[INFO] [stderr]   Downloaded ff_ce v0.12.0
[INFO] [stderr]   Downloaded splitmut v0.2.1
[INFO] [stderr]   Downloaded bigdecimal v0.2.0
[INFO] [stderr]   Downloaded firestorm v0.4.6
[INFO] [stderr]   Downloaded actix-test v0.1.0-beta.5
[INFO] [stderr]   Downloaded ff_derive_ce v0.9.3
[INFO] [stderr]   Downloaded virtue v0.0.7
[INFO] [stderr]   Downloaded actix-router v0.5.0-beta.2
[INFO] [stderr]   Downloaded darling v0.13.0
[INFO] [stderr]   Downloaded sentry-backtrace v0.23.0
[INFO] [stderr]   Downloaded sentry-panic v0.23.0
[INFO] [stderr]   Downloaded actix-tls v3.0.0-beta.7
[INFO] [stderr]   Downloaded byte-slice-cast v1.2.0
[INFO] [stderr]   Downloaded secp256k1 v0.21.3
[INFO] [stderr]   Downloaded web3-async-native-tls v0.4.0
[INFO] [stderr]   Downloaded proc-macro-crate v1.1.0
[INFO] [stderr]   Downloaded quanta v0.9.3
[INFO] [stderr]   Downloaded actix-cors v0.6.0-beta.3
[INFO] [stderr]   Downloaded awc v3.0.0-beta.9
[INFO] [stderr]   Downloaded backoff v0.3.0
[INFO] [stderr]   Downloaded actix-web-actors v4.0.0-beta.6
[INFO] [stderr]   Downloaded atomic-shim v0.1.0
[INFO] [stderr]   Downloaded ordered-float v2.8.0
[INFO] [stderr]   Downloaded actix-http v3.0.0-beta.11
[INFO] [stderr]   Downloaded sentry-contexts v0.23.0
[INFO] [stderr]   Downloaded actix-codec v0.4.1
[INFO] [stderr]   Downloaded zstd v0.7.0+zstd.1.4.9
[INFO] [stderr]   Downloaded actix-web-codegen v0.5.0-beta.5
[INFO] [stderr]   Downloaded jsonrpc-core v17.1.0
[INFO] [stderr]   Downloaded actix-http-test v3.0.0-beta.5
[INFO] [stderr]   Downloaded metrics-exporter-prometheus v0.6.1
[INFO] [stderr]   Downloaded local-waker v0.1.1
[INFO] [stderr]   Downloaded impl-trait-for-tuples v0.2.1
[INFO] [stderr]   Downloaded base64ct v1.5.0
[INFO] [stderr]   Downloaded metrics v0.17.0
[INFO] [stderr]   Downloaded parity-crypto v0.9.0
[INFO] [stderr]   Downloaded uint v0.9.1
[INFO] [stderr]   Downloaded darling_macro v0.13.0
[INFO] running `Command { std: "docker" "create" "-v" "/var/lib/crater-agent-workspace/builds/worker-2-tc1/target:/opt/rustwide/target:rw,Z" "-v" "/var/lib/crater-agent-workspace/builds/worker-2-tc1/source:/opt/rustwide/workdir:ro,Z" "-v" "/var/lib/crater-agent-workspace/cargo-home:/opt/rustwide/cargo-home:ro,Z" "-v" "/var/lib/crater-agent-workspace/rustup-home:/opt/rustwide/rustup-home:ro,Z" "-e" "SOURCE_DIR=/opt/rustwide/workdir" "-e" "CARGO_TARGET_DIR=/opt/rustwide/target" "-e" "CARGO_HOME=/opt/rustwide/cargo-home" "-e" "RUSTUP_HOME=/opt/rustwide/rustup-home" "-w" "/opt/rustwide/workdir" "-m" "1610612736" "--user" "0:0" "--network" "none" "ghcr.io/rust-lang/crates-build-env/linux@sha256:2788e3201cd34a07e3172128adcd8b3090168a8e3bcc40d7c032b9dda1df7d1c" "/opt/rustwide/cargo-home/bin/cargo" "+1.75.0" "metadata" "--no-deps" "--format-version=1", kill_on_drop: false }`
[INFO] [stdout] 5f76ed0926611232eceda69456c6718dc3ceac99aedc4152929676ab676124b1
[INFO] running `Command { std: "docker" "start" "-a" "5f76ed0926611232eceda69456c6718dc3ceac99aedc4152929676ab676124b1", kill_on_drop: false }`
[INFO] running `Command { std: "docker" "inspect" "5f76ed0926611232eceda69456c6718dc3ceac99aedc4152929676ab676124b1", kill_on_drop: false }`
[INFO] running `Command { std: "docker" "rm" "-f" "5f76ed0926611232eceda69456c6718dc3ceac99aedc4152929676ab676124b1", kill_on_drop: false }`
[INFO] [stdout] 5f76ed0926611232eceda69456c6718dc3ceac99aedc4152929676ab676124b1
[INFO] running `Command { std: "docker" "create" "-v" "/var/lib/crater-agent-workspace/builds/worker-2-tc1/target:/opt/rustwide/target:rw,Z" "-v" "/var/lib/crater-agent-workspace/builds/worker-2-tc1/source:/opt/rustwide/workdir:ro,Z" "-v" "/var/lib/crater-agent-workspace/cargo-home:/opt/rustwide/cargo-home:ro,Z" "-v" "/var/lib/crater-agent-workspace/rustup-home:/opt/rustwide/rustup-home:ro,Z" "-e" "SOURCE_DIR=/opt/rustwide/workdir" "-e" "CARGO_TARGET_DIR=/opt/rustwide/target" "-e" "CARGO_INCREMENTAL=0" "-e" "RUST_BACKTRACE=full" "-e" "RUSTFLAGS=--cap-lints=warn" "-e" "RUSTDOCFLAGS=--cap-lints=warn" "-e" "CARGO_HOME=/opt/rustwide/cargo-home" "-e" "RUSTUP_HOME=/opt/rustwide/rustup-home" "-w" "/opt/rustwide/workdir" "-m" "1610612736" "--user" "0:0" "--network" "none" "ghcr.io/rust-lang/crates-build-env/linux@sha256:2788e3201cd34a07e3172128adcd8b3090168a8e3bcc40d7c032b9dda1df7d1c" "/opt/rustwide/cargo-home/bin/cargo" "+1.75.0" "build" "--frozen" "--message-format=json", kill_on_drop: false }`
[INFO] [stdout] 0a67a90bbc455b9747a55bd37201d30db347ded9bda585990e616fc9be67955a
[INFO] running `Command { std: "docker" "start" "-a" "0a67a90bbc455b9747a55bd37201d30db347ded9bda585990e616fc9be67955a", kill_on_drop: false }`
[INFO] [stderr] warning: virtual workspace defaulting to `resolver = "1"` despite one or more workspace members being on edition 2021 which implies `resolver = "2"`
[INFO] [stderr] note: to keep the current resolver, specify `workspace.resolver = "1"` in the workspace root's manifest
[INFO] [stderr] note: to use the edition 2021 resolver, specify `workspace.resolver = "2"` in the workspace root's manifest
[INFO] [stderr] note: for more details see https://doc.rust-lang.org/cargo/reference/resolver.html#resolver-versions
[INFO] [stderr]    Compiling libc v0.2.107
[INFO] [stderr]    Compiling autocfg v1.0.1
[INFO] [stderr]    Compiling proc-macro2 v1.0.32
[INFO] [stderr]    Compiling unicode-xid v0.2.2
[INFO] [stderr]    Compiling syn v1.0.81
[INFO] [stderr]    Compiling version_check v0.9.3
[INFO] [stderr]    Compiling serde_derive v1.0.130
[INFO] [stderr]    Compiling serde v1.0.130
[INFO] [stderr]    Compiling memchr v2.4.1
[INFO] [stderr]    Compiling once_cell v1.10.0
[INFO] [stderr]    Compiling log v0.4.14
[INFO] [stderr]    Compiling typenum v1.14.0
[INFO] [stderr]    Compiling bytes v1.1.0
[INFO] [stderr]    Compiling pin-project-lite v0.2.7
[INFO] [stderr]    Compiling futures-core v0.3.17
[INFO] [stderr]    Compiling proc-macro-hack v0.5.19
[INFO] [stderr]    Compiling quote v1.0.10
[INFO] [stderr]    Compiling smallvec v1.7.0
[INFO] [stderr]    Compiling futures v0.1.31
[INFO] [stderr]    Compiling itoa v0.4.8
[INFO] [stderr]    Compiling ahash v0.7.6
[INFO] [stderr]    Compiling generic-array v0.14.4
[INFO] [stderr]    Compiling ppv-lite86 v0.2.15
[INFO] [stderr]    Compiling slab v0.4.5
[INFO] [stderr]    Compiling libm v0.2.1
[INFO] [stderr]    Compiling num-traits v0.2.14
[INFO] [stderr]    Compiling getrandom v0.2.3
[INFO] [stderr]    Compiling num_cpus v1.13.0
[INFO] [stderr]    Compiling jobserver v0.1.24
[INFO] [stderr]    Compiling instant v0.1.12
[INFO] [stderr]    Compiling parking_lot_core v0.8.5
[INFO] [stderr]    Compiling cc v1.0.71
[INFO] [stderr]    Compiling lock_api v0.4.6
[INFO] [stderr]    Compiling futures-sink v0.3.17
[INFO] [stderr]    Compiling hashbrown v0.11.2
[INFO] [stderr]    Compiling indexmap v1.7.0
[INFO] [stderr]    Compiling futures-io v0.3.17
[INFO] [stderr]    Compiling parking_lot v0.11.2
[INFO] [stderr]    Compiling futures-macro v0.3.17
[INFO] [stderr]    Compiling proc-macro-nested v0.1.7
[INFO] [stderr]    Compiling ryu v1.0.5
[INFO] [stderr]    Compiling futures-task v0.3.17
[INFO] [stderr]    Compiling futures-channel v0.3.17
[INFO] [stderr]    Compiling futures-util v0.3.17
[INFO] [stderr]    Compiling tokio v1.13.1
[INFO] [stderr]    Compiling fnv v1.0.7
[INFO] [stderr]    Compiling pin-utils v0.1.0
[INFO] [stderr]    Compiling mio v0.7.14
[INFO] [stderr]    Compiling signal-hook-registry v1.4.0
[INFO] [stderr]    Compiling num-integer v0.1.44
[INFO] [stderr]    Compiling serde_json v1.0.69
[INFO] [stderr]    Compiling rand_core v0.6.3
[INFO] [stderr]    Compiling tinyvec_macros v0.1.0
[INFO] [stderr]    Compiling opaque-debug v0.3.0
[INFO] [stderr]    Compiling tinyvec v1.5.0
[INFO] [stderr]    Compiling digest v0.9.0
[INFO] [stderr]    Compiling matches v0.1.9
[INFO] [stderr]    Compiling rand_chacha v0.3.1
[INFO] [stderr]    Compiling unicode-bidi v0.3.7
[INFO] [stderr]    Compiling block-padding v0.2.1
[INFO] [stderr]    Compiling block-buffer v0.9.0
[INFO] [stderr]    Compiling rand v0.8.4
[INFO] [stderr]    Compiling regex-syntax v0.6.25
[INFO] [stderr]    Compiling percent-encoding v2.1.0
[INFO] [stderr]    Compiling pkg-config v0.3.22
[INFO] [stderr]    Compiling http v0.2.5
[INFO] [stderr]    Compiling unicode-normalization v0.1.19
[INFO] [stderr]    Compiling aho-corasick v0.7.18
[INFO] [stderr]    Compiling httparse v1.5.1
[INFO] [stderr]    Compiling openssl-sys v0.9.70
[INFO] [stderr]    Compiling form_urlencoded v1.0.1
[INFO] [stderr]    Compiling tracing-core v0.1.21
[INFO] [stderr]    Compiling hex v0.4.3
[INFO] [stderr]    Compiling idna v0.2.3
[INFO] [stderr]    Compiling base64 v0.13.0
[INFO] [stderr]    Compiling crunchy v0.2.2
[INFO] [stderr]    Compiling regex v1.5.5
[INFO] [stderr]    Compiling foreign-types-shared v0.1.1
[INFO] [stderr]    Compiling cpufeatures v0.2.1
[INFO] [stderr]    Compiling maybe-uninit v2.0.0
[INFO] [stderr]    Compiling openssl v0.10.38
[INFO] [stderr]    Compiling foreign-types v0.3.2
[INFO] [stderr]    Compiling native-tls v0.2.8
[INFO] [stderr]    Compiling getrandom v0.1.16
[INFO] [stderr]    Compiling time v0.1.43
[INFO] [stderr]    Compiling crossbeam-utils v0.7.2
[INFO] [stderr]    Compiling openssl-probe v0.1.4
[INFO] [stderr]    Compiling crossbeam-utils v0.8.5
[INFO] [stderr]    Compiling static_assertions v1.1.0
[INFO] [stderr]    Compiling subtle v2.4.1
[INFO] [stderr]    Compiling httpdate v1.0.1
[INFO] [stderr]    Compiling rand_core v0.5.1
[INFO] [stderr]    Compiling rand_chacha v0.2.2
[INFO] [stderr]    Compiling socket2 v0.4.2
[INFO] [stderr]    Compiling radium v0.6.2
[INFO] [stderr]    Compiling autocfg v0.1.7
[INFO] [stderr]    Compiling rand v0.7.3
[INFO] [stderr]    Compiling rustc-hex v2.1.0
[INFO] [stderr]    Compiling rustc-serialize v0.3.24
[INFO] [stderr]    Compiling tap v1.0.1
[INFO] [stderr]    Compiling funty v1.1.0
[INFO] [stderr]    Compiling wyz v0.2.0
[INFO] [stderr]    Compiling rlp v0.5.1
[INFO] [stderr]    Compiling sha-1 v0.9.8
[INFO] [stderr]    Compiling generic-array v0.12.4
[INFO] [stderr]    Compiling bitvec v0.20.4
[INFO] [stderr]    Compiling tokio-macros v1.5.1
[INFO] [stderr]    Compiling thiserror-impl v1.0.30
[INFO] [stderr]    Compiling tracing-attributes v0.1.18
[INFO] [stderr]    Compiling impl-trait-for-tuples v0.2.1
[INFO] [stderr]    Compiling num-bigint v0.3.3
[INFO] [stderr]    Compiling encoding_rs v0.8.29
[INFO] [stderr]    Compiling thiserror v1.0.30
[INFO] [stderr]    Compiling byte-slice-cast v1.2.0
[INFO] [stderr]    Compiling try-lock v0.2.3
[INFO] [stderr]    Compiling arrayvec v0.7.2
[INFO] [stderr]    Compiling want v0.3.0
[INFO] [stderr]    Compiling impl-rlp v0.3.0
[INFO] [stderr]    Compiling fixed-hash v0.7.0
[INFO] [stderr]    Compiling rand_core v0.3.1
[INFO] [stderr]    Compiling http-body v0.4.4
[INFO] [stderr]    Compiling miniz_oxide v0.4.4
[INFO] [stderr]    Compiling convert_case v0.4.0
[INFO] [stderr]    Compiling tracing v0.1.29
[INFO] [stderr]    Compiling tiny-keccak v2.0.2
[INFO] [stderr]    Compiling tower-service v0.3.1
[INFO] [stderr]    Compiling mime v0.3.16
[INFO] [stderr]    Compiling uint v0.9.1
[INFO] [stderr]    Compiling derive_more v0.99.16
[INFO] [stderr]    Compiling memoffset v0.6.4
[INFO] [stderr]    Compiling num-bigint v0.4.3
[INFO] [stderr]    Compiling byte-tools v0.3.1
[INFO] [stderr]    Compiling arrayvec v0.5.2
[INFO] [stderr]    Compiling block-padding v0.1.5
[INFO] [stderr]    Compiling digest v0.8.1
[INFO] [stderr]    Compiling futures-executor v0.3.17
[INFO] [stderr]    Compiling pin-project-internal v1.0.8
[INFO] [stderr]    Compiling rand_chacha v0.1.1
[INFO] [stderr]    Compiling futures v0.3.17
[INFO] [stderr]    Compiling rand_pcg v0.1.2
[INFO] [stderr]    Compiling crossbeam-channel v0.5.1
[INFO] [stderr]    Compiling sha2 v0.9.8
[INFO] [stderr]    Compiling tokio-util v0.6.9
[INFO] [stderr]    Compiling tokio-native-tls v0.3.0
[INFO] [stderr]    Compiling rand v0.4.6
[INFO] [stderr]    Compiling memoffset v0.5.6
[INFO] [stderr]    Compiling h2 v0.3.7
[INFO] [stderr]    Compiling pin-project v1.0.8
[INFO] [stderr]    Compiling tokio-stream v0.1.8
[INFO] [stderr]    Compiling block-buffer v0.7.3
[INFO] [stderr]    Compiling rand v0.6.5
[INFO] [stderr]    Compiling secp256k1-sys v0.4.2
[INFO] [stderr]    Compiling crossbeam-epoch v0.8.2
[INFO] [stderr]    Compiling num-bigint v0.2.6
[INFO] [stderr]    Compiling opaque-debug v0.2.3
[INFO] [stderr]    Compiling constant_time_eq v0.1.5
[INFO] [stderr]    Compiling fake-simd v0.1.2
[INFO] [stderr]    Compiling rand_isaac v0.1.1
[INFO] [stderr]    Compiling rand_hc v0.1.0
[INFO] [stderr]    Compiling rand_xorshift v0.1.1
[INFO] [stderr]    Compiling url v2.2.2
[INFO] [stderr]    Compiling toml v0.5.8
[INFO] [stderr]    Compiling either v1.6.1
[INFO] [stderr]    Compiling chrono v0.4.19
[INFO] [stderr]    Compiling impl-serde v0.3.2
[INFO] [stderr]    Compiling serde_urlencoded v0.7.0
[INFO] [stderr]    Compiling jsonrpc-core v18.0.0
[INFO] [stderr]    Compiling proc-macro-crate v1.1.0
[INFO] [stderr]    Compiling ethbloom v0.11.1
[INFO] [stderr]    Compiling ff_derive_ce v0.9.3
[INFO] [stderr]    Compiling rand_jitter v0.1.4
[INFO] [stderr]    Compiling rand_os v0.1.3
[INFO] [stderr]    Compiling regex-automata v0.1.10
[INFO] [stderr]    Compiling parity-scale-codec-derive v2.3.1
[INFO] [stderr]    Compiling cipher v0.2.5
[INFO] [stderr]    Compiling num-complex v0.2.4
[INFO] [stderr]    Compiling arrayvec v0.4.12
[INFO] [stderr]    Compiling crossbeam-epoch v0.9.5
[INFO] [stderr]    Compiling uuid v0.8.2
[INFO] [stderr]    Compiling arrayref v0.3.6
[INFO] [stderr]    Compiling ipnet v2.3.1
[INFO] [stderr]    Compiling nodrop v0.1.14
[INFO] [stderr]    Compiling semver v1.0.4
[INFO] [stderr]    Compiling ff_ce v0.12.0
[INFO] [stderr]    Compiling keccak v0.1.0
[INFO] [stderr]    Compiling pairing_ce v0.24.2
[INFO] [stderr]    Compiling sha3 v0.9.1
[INFO] [stderr]    Compiling crossbeam-deque v0.7.4
[INFO] [stderr]    Compiling debugid v0.7.2
[INFO] [stderr]    Compiling crossbeam-queue v0.2.3
[INFO] [stderr]    Compiling parity-scale-codec v2.3.1
[INFO] [stderr]    Compiling hyper v0.14.14
[INFO] [stderr]    Compiling crossbeam-channel v0.4.4
[INFO] [stderr]    Compiling tiny-keccak v1.5.0
[INFO] [stderr]    Compiling approx v0.3.2
[INFO] [stderr]    Compiling num-iter v0.1.42
[INFO] [stderr]    Compiling parking_lot_core v0.9.1
[INFO] [stderr]    Compiling subtle v1.0.0
[INFO] [stderr]    Compiling alga v0.9.3
[INFO] [stderr]    Compiling crypto-mac v0.7.0
[INFO] [stderr]    Compiling crossbeam v0.7.3
[INFO] [stderr]    Compiling sentry-types v0.23.0
[INFO] [stderr]    Compiling blake2-rfc_bellman_edition v0.0.1
[INFO] [stderr]    Compiling impl-codec v0.5.1
[INFO] [stderr]    Compiling primitive-types v0.10.1
[INFO] [stderr]    Compiling blake2s_const v0.6.0 (https://github.com/matter-labs/bellman?branch=beta#5809cc16)
[INFO] [stderr]    Compiling blake2s_simd v0.5.11
[INFO] [stderr]    Compiling mathru v0.6.10
[INFO] [stderr]    Compiling sha2 v0.8.2
[INFO] [stderr]    Compiling ethereum-types v0.12.1
[INFO] [stderr]    Compiling crypto-mac v0.8.0
[INFO] [stderr]    Compiling crypto-mac v0.10.1
[INFO] [stderr]    Compiling backtrace v0.3.63
[INFO] [stderr]    Compiling generic-array v0.9.1
[INFO] [stderr]    Compiling num-rational v0.3.2
[INFO] [stderr]    Compiling rayon-core v1.9.1
[INFO] [stderr]    Compiling bit-vec v0.6.3
[INFO] [stderr]    Compiling gimli v0.26.1
[INFO] [stderr]    Compiling sentry-core v0.23.0
[INFO] [stderr]    Compiling digest v0.7.6
[INFO] [stderr]    Compiling bellman_ce v0.3.2 (https://github.com/matter-labs/bellman?branch=beta#5809cc16)
[INFO] [stderr]    Compiling ethabi v16.0.0
[INFO] [stderr]    Compiling hmac v0.10.1
[INFO] [stderr]    Compiling poseidon_hash v0.0.1 (https://github.com/shamatar/poseidon_hash.git#495ae87f)
[INFO] [stderr]    Compiling blake2 v0.9.2
[INFO] [stderr]    Compiling rustc_version v0.4.0
[INFO] [stderr]    Compiling hmac v0.7.1
[INFO] [stderr]    Compiling itertools v0.9.0
[INFO] [stderr]    Compiling headers-core v0.2.0
[INFO] [stderr]    Compiling object v0.27.1
[INFO] [stderr]    Compiling splitmut v0.2.1
[INFO] [stderr]    Compiling ident_case v1.0.1
[INFO] [stderr]    Compiling strsim v0.10.0
[INFO] [stderr]    Compiling rustc-demangle v0.1.21
[INFO] [stderr]    Compiling darling_core v0.13.0
[INFO] [stderr]    Compiling addr2line v0.17.0
[INFO] [stderr]    Compiling headers v0.3.5
[INFO] [stderr]    Compiling parking_lot v0.12.0
[INFO] [stderr]    Compiling sentry-contexts v0.23.0
[INFO] [stderr]    Compiling crossbeam-deque v0.8.1
[INFO] [stderr]    Compiling aes-soft v0.6.4
[INFO] [stderr]    Compiling bigdecimal v0.2.0
[INFO] [stderr]    Compiling web3-async-native-tls v0.4.0
[INFO] [stderr]    Compiling num-complex v0.3.1
[INFO] [stderr]    Compiling soketto v0.7.1
[INFO] [stderr]    Compiling rayon v1.5.1
[INFO] [stderr]    Compiling match_cfg v0.1.0
[INFO] [stderr]    Compiling virtue v0.0.7
[INFO] [stderr]    Compiling futures-timer v3.0.2
[INFO] [stderr]    Compiling num v0.3.1
[INFO] [stderr]    Compiling hostname v0.3.1
[INFO] [stderr]    Compiling hyper-tls v0.5.0
[INFO] [stderr]    Compiling bincode_derive v2.0.0-rc.1
[INFO] [stderr]    Compiling pbkdf2 v0.6.0
[INFO] [stderr]    Compiling reqwest v0.11.6
[INFO] [stderr]    Compiling matchers v0.0.1
[INFO] [stderr]    Compiling salsa20 v0.7.2
[INFO] [stderr]    Compiling sentry-backtrace v0.23.0
[INFO] [stderr]    Compiling ctr v0.6.0
[INFO] [stderr]    Compiling tracing-serde v0.1.2
[INFO] [stderr]    Compiling darling_macro v0.13.0
[INFO] [stderr]    Compiling tracing-log v0.1.2
[INFO] [stderr]    Compiling uname v0.1.1
[INFO] [stderr]    Compiling thread_local v1.1.4
[INFO] [stderr]    Compiling sharded-slab v0.1.4
[INFO] [stderr]    Compiling rustversion v1.0.5
[INFO] [stderr]    Compiling ansi_term v0.12.1
[INFO] [stderr]    Compiling base64ct v1.5.0
[INFO] [stderr]    Compiling anyhow v1.0.45
[INFO] [stderr]    Compiling password-hash v0.1.4
[INFO] [stderr]    Compiling tracing-subscriber v0.2.25
[INFO] [stderr]    Compiling darling v0.13.0
[INFO] [stderr]    Compiling bincode v2.0.0-rc.1
[INFO] [stderr]    Compiling sentry-panic v0.23.0
[INFO] [stderr]    Compiling aes-ctr v0.6.0
[INFO] [stderr]    Compiling scrypt v0.5.0
[INFO] [stderr]    Compiling aes v0.6.0
[INFO] [stderr]    Compiling block-modes v0.7.0
[INFO] [stderr]    Compiling ripemd160 v0.9.1
[INFO] [stderr]    Compiling zeroize v1.4.3
[INFO] [stderr]    Compiling sentry v0.23.0
[INFO] [stderr]    Compiling pbkdf2 v0.7.5
[INFO] [stderr]    Compiling serde_with_macros v1.5.1
[INFO] [stderr]    Compiling tracing-appender v0.1.2
[INFO] [stderr]    Compiling vlog v1.0.0 (/opt/rustwide/workdir/core/lib/vlog)
[INFO] [stderr]    Compiling zksync_utils v1.0.0 (/opt/rustwide/workdir/core/lib/utils)
[INFO] [stdout] warning: unused import: `macros::*`
[INFO] [stdout]   --> core/lib/utils/src/lib.rs:14:9
[INFO] [stdout]    |
[INFO] [stdout] 14 | pub use macros::*;
[INFO] [stdout]    |         ^^^^^^^^^
[INFO] [stdout]    |
[INFO] [stdout]    = note: `#[warn(unused_imports)]` on by default
[INFO] [stdout] 
[INFO] [stdout] 
[INFO] [stderr]    Compiling franklin-crypto v0.0.5 (https://github.com/matter-labs/franklin-crypto.git?branch=beta#7b6d409b)
[INFO] [stderr]    Compiling serde_with v1.11.0
[INFO] [stdout] warning: 1 warning emitted
[INFO] [stdout] 
[INFO] [stdout] 
[INFO] [stderr]    Compiling metrics v0.17.0
[INFO] [stderr]    Compiling metrics-macros v0.4.0
[INFO] [stderr]    Compiling async-trait v0.1.51
[INFO] [stderr]    Compiling unicode-segmentation v1.8.0
[INFO] [stderr]    Compiling nom v7.1.0
[INFO] [stderr]    Compiling heck v0.3.3
[INFO] [stderr]    Compiling gcc v0.3.55
[INFO] [stderr]    Compiling crossbeam-queue v0.3.2
[INFO] [stderr]    Compiling whoami v1.2.0
[INFO] [stderr]    Compiling lexical-core v0.7.6
[INFO] [stderr]    Compiling minimal-lexical v0.2.1
[INFO] [stderr]    Compiling itertools v0.10.1
[INFO] [stderr]    Compiling rand v0.3.23
[INFO] [stderr]    Compiling rust-crypto v0.2.36
[INFO] [stderr]    Compiling crypto-mac v0.11.1
[INFO] [stderr]    Compiling dirs-sys v0.3.6
[INFO] [stderr]    Compiling nom v5.1.2
[INFO] [stderr]    Compiling unicode_categories v0.1.1
[INFO] [stderr]    Compiling hmac v0.11.0
[INFO] [stderr]    Compiling dirs v3.0.2
[INFO] [stderr]    Compiling envy v0.4.2
[INFO] [stderr]    Compiling sqlx-rt v0.5.9
[INFO] [stderr]    Compiling stringprep v0.1.2
[INFO] [stderr]    Compiling md-5 v0.9.1
[INFO] [stderr]    Compiling atoi v0.4.0
[INFO] [stderr]    Compiling hashlink v0.7.0
[INFO] [stderr]    Compiling futures-intrusive v0.4.0
[INFO] [stderr]    Compiling backoff v0.1.6
[INFO] [stderr]    Compiling dotenv v0.15.0
[INFO] [stderr]    Compiling zstd-sys v1.5.0+zstd.1.4.9
[INFO] [stderr]    Compiling standback v0.2.17
[INFO] [stderr]    Compiling proc-macro-error-attr v1.0.4
[INFO] [stderr]    Compiling sqlformat v0.1.8
[INFO] [stderr]    Compiling actix-macros v0.2.3
[INFO] [stderr]    Compiling proc-macro-error v1.0.4
[INFO] [stderr]    Compiling local-waker v0.1.1
[INFO] [stderr]    Compiling brotli-sys v0.3.2
[INFO] [stderr]    Compiling paste v1.0.6
[INFO] [stderr]    Compiling zstd-safe v3.1.0+zstd.1.4.9
[INFO] [stderr]    Compiling actix-rt v2.4.0
[INFO] [stderr]    Compiling unicode-width v0.1.9
[INFO] [stderr]    Compiling crc32fast v1.2.1
[INFO] [stderr]    Compiling const_fn v0.4.8
[INFO] [stderr]    Compiling actix-service v2.0.1
[INFO] [stderr]    Compiling sqlx-core v0.5.9
[INFO] [stderr]    Compiling textwrap v0.11.0
[INFO] [stderr]    Compiling time-macros-impl v0.1.2
[INFO] [stderr]    Compiling config v0.11.0
[INFO] [stderr]    Compiling actix-utils v3.0.0
[INFO] [stderr]    Compiling zksync_contracts v1.0.0 (/opt/rustwide/workdir/core/lib/contracts)
[INFO] [stderr]    Compiling primitive-types v0.9.1
[INFO] [stderr]    Compiling atty v0.2.14
[INFO] [stderr]    Compiling bytestring v1.0.0
[INFO] [stderr]    Compiling time v0.2.27
[INFO] [stderr]    Compiling vec_map v0.8.2
[INFO] [stderr]    Compiling ansi_term v0.11.0
[INFO] [stderr]    Compiling strsim v0.8.0
[INFO] [stderr]    Compiling time-macros v0.1.1
[INFO] [stderr]    Compiling deadpool v0.8.2
[INFO] [stderr]    Compiling clap v2.33.3
[INFO] [stderr]    Compiling ethereum-types v0.11.0
[INFO] [stderr]    Compiling structopt-derive v0.4.18
[INFO] [stderr]    Compiling jsonrpc-core v17.1.0
[INFO] [stderr]    Compiling actix-codec v0.4.1
[INFO] [stderr]    Compiling raw-cpuid v10.2.0
[INFO] [stderr]    Compiling nibble_vec v0.1.0
[INFO] [stderr]    Compiling cookie v0.15.1
[INFO] [stderr]    Compiling firestorm v0.4.6
[INFO] [stderr]    Compiling endian-type v0.1.2
[INFO] [stderr]    Compiling radix_trie v0.2.1
[INFO] [stderr]    Compiling rescue_poseidon v0.3.0 (https://github.com/matter-labs/rescue-poseidon.git?branch=stable#3415de1f)
[INFO] [stderr]    Compiling recursive_aggregation_circuit v1.0.0 (https://github.com/matter-labs/recursive_aggregation_circuit.git?branch=master#30bbf42c)
[INFO] [stderr]    Compiling quanta v0.9.3
[INFO] [stderr]    Compiling actix-router v0.5.0-beta.2
[INFO] [stderr]    Compiling structopt v0.3.25
[INFO] [stderr]    Compiling actix-tls v3.0.0-beta.7
[INFO] [stderr]    Compiling flate2 v1.0.22
[INFO] [stderr]    Compiling local-channel v0.1.2
[INFO] [stderr]    Compiling ordered-float v2.8.0
[INFO] [stderr]    Compiling dashmap v4.0.2
[INFO] [stderr]    Compiling language-tags v0.3.2
[INFO] [stderr]    Compiling sketches-ddsketch v0.1.2
[INFO] [stderr]    Compiling atomic-shim v0.1.0
[INFO] [stderr]    Compiling metrics-util v0.10.1
[INFO] [stderr]    Compiling actix-web-codegen v0.5.0-beta.5
[INFO] [stderr]    Compiling actix-server v2.0.0-beta.6
[INFO] [stderr]    Compiling time v0.3.4
[INFO] [stderr]    Compiling metrics-exporter-prometheus v0.6.1
[INFO] [stderr]    Compiling nix v0.23.0
[INFO] [stderr]    Compiling iovec v0.1.4
[INFO] [stderr]    Compiling semver-parser v0.7.0
[INFO] [stderr]    Compiling semver v0.9.0
[INFO] [stderr]    Compiling bytes v0.4.12
[INFO] [stderr]    Compiling rustc_version v0.2.3
[INFO] [stderr]    Compiling net2 v0.2.37
[INFO] [stderr]    Compiling zksync_balancer v1.0.0 (/opt/rustwide/workdir/core/lib/balancer)
[INFO] [stderr]    Compiling parking_lot_core v0.6.2
[INFO] [stderr]    Compiling parking_lot v0.9.0
[INFO] [stderr]    Compiling sqlx-macros v0.5.9
[INFO] [stderr]    Compiling mio v0.6.23
[INFO] [stderr]    Compiling tokio-io v0.1.13
[INFO] [stderr]    Compiling smallvec v0.6.14
[INFO] [stderr]    Compiling ring v0.16.20
[INFO] [stderr]    Compiling lock_api v0.3.4
[INFO] [stderr]    Compiling version_check v0.1.5
[INFO] [stderr]    Compiling unicase v1.4.2
[INFO] [stderr]    Compiling tokio-executor v0.1.10
[INFO] [stderr]    Compiling ctrlc v3.2.1
[INFO] [stderr]    Compiling tokio-sync v0.1.8
[INFO] [stderr]    Compiling untrusted v0.7.1
[INFO] [stderr]    Compiling spin v0.5.2
[INFO] [stderr]    Compiling simple_asn1 v0.4.1
[INFO] [stderr]    Compiling pem v0.8.3
[INFO] [stderr]    Compiling tokio-reactor v0.1.12
[INFO] [stderr]    Compiling idna v0.1.5
[INFO] [stderr]    Compiling log v0.3.9
[INFO] [stderr]    Compiling unicase v2.6.0
[INFO] [stderr]    Compiling base64 v0.12.3
[INFO] [stderr]    Compiling percent-encoding v1.0.1
[INFO] [stderr]    Compiling safemem v0.3.3
[INFO] [stderr]    Compiling base64 v0.9.3
[INFO] [stderr]    Compiling url v1.7.2
[INFO] [stderr]    Compiling mime v0.2.6
[INFO] [stderr]    Compiling tokio-tcp v0.1.4
[INFO] [stderr]    Compiling tokio-tls v0.2.1
[INFO] [stderr]    Compiling tokio-codec v0.1.2
[INFO] [stderr]    Compiling bstr v0.2.17
[INFO] [stderr]    Compiling base64 v0.10.1
[INFO] [stderr]    Compiling traitobject v0.1.0
[INFO] [stderr]    Compiling language-tags v0.2.2
[INFO] [stderr]    Compiling sha1 v0.6.0
[INFO] [stderr]    Compiling typeable v0.1.2
[INFO] [stderr]    Compiling hyper v0.10.16
[INFO] [stderr]    Compiling websocket-base v0.24.0
[INFO] [stderr]    Compiling globset v0.4.8
[INFO] [stderr]    Compiling mio-extras v2.0.6
[INFO] [stderr]    Compiling jsonrpc-pubsub v18.0.0
[INFO] [stderr]    Compiling jsonrpc-server-utils v18.0.0
[INFO] [stderr]    Compiling sha-1 v0.8.2
[INFO] [stderr]    Compiling parity-ws v0.11.1
[INFO] [stderr]    Compiling proc-macro-crate v0.1.5
[INFO] [stderr]    Compiling linked-hash-map v0.5.4
[INFO] [stderr]    Compiling ucd-trie v0.1.3
[INFO] [stderr]    Compiling pest v2.1.3
[INFO] [stderr]    Compiling jsonrpc-ws-server v18.0.0
[INFO] [stderr]    Compiling websocket v0.24.0
[INFO] [stderr]    Compiling jsonwebtoken v7.2.0
[INFO] [stderr]    Compiling jsonrpc-client-transports v18.0.0
[INFO] [stderr]    Compiling lru-cache v0.1.2
[INFO] [stderr]    Compiling jsonrpc-core-client v18.0.0
[INFO] [stderr]    Compiling jsonrpc-derive v18.0.0
[INFO] [stderr]    Compiling jsonrpc-http-server v18.0.0
[INFO] [stderr]    Compiling sqlx v0.5.9
[INFO] [stderr]    Compiling serde_repr v0.1.7
[INFO] [stderr]    Compiling qstring v0.7.2
[INFO] [stderr]    Compiling maplit v1.0.2
[INFO] [stderr]    Compiling pest_meta v2.1.3
[INFO] [stderr]    Compiling actix_derive v0.6.0
[INFO] [stderr]    Compiling pest_generator v2.1.3
[INFO] [stderr]    Compiling backoff v0.3.0
[INFO] [stderr]    Compiling quick-error v2.0.1
[INFO] [stderr]    Compiling db_test_macro v0.1.0 (/opt/rustwide/workdir/core/lib/storage/db_test_macro)
[INFO] [stderr]    Compiling actix v0.12.0
[INFO] [stderr]    Compiling pest_derive v2.1.0
[INFO] [stderr]    Compiling handlebars v3.5.5
[INFO] [stderr]    Compiling secp256k1 v0.21.3
[INFO] [stderr]    Compiling secp256k1 v0.20.3
[INFO] [stderr]    Compiling web3 v0.18.0
[INFO] [stderr]    Compiling parity-crypto v0.9.0
[INFO] [stderr]    Compiling parity-crypto v0.8.0
[INFO] [stderr]    Compiling zksync_basic_types v1.0.0 (/opt/rustwide/workdir/core/lib/basic_types)
[INFO] [stderr]    Compiling zksync_crypto v1.0.0 (/opt/rustwide/workdir/core/lib/crypto)
[INFO] [stdout] warning: unused import: `crypto_exports::*`
[INFO] [stdout]   --> core/lib/crypto/src/lib.rs:31:9
[INFO] [stdout]    |
[INFO] [stdout] 31 | pub use crypto_exports::*;
[INFO] [stdout]    |         ^^^^^^^^^^^^^^^^^
[INFO] [stdout]    |
[INFO] [stdout]    = note: `#[warn(unused_imports)]` on by default
[INFO] [stdout] 
[INFO] [stdout] 
[INFO] [stderr]    Compiling zksync_types v1.0.0 (/opt/rustwide/workdir/core/lib/types)
[INFO] [stderr]    Compiling brotli2 v0.3.2
[INFO] [stdout] warning: 1 warning emitted
[INFO] [stdout] 
[INFO] [stdout] 
[INFO] [stderr]    Compiling flamegraph_target v0.1.0 (/opt/rustwide/workdir/core/tests/flamegraph_target)
[INFO] [stderr]    Compiling zksync_state v1.0.0 (/opt/rustwide/workdir/core/lib/state)
[INFO] [stderr]    Compiling zksync_config v1.0.0 (/opt/rustwide/workdir/core/lib/config)
[INFO] [stderr]    Compiling zksync_api_types v1.0.0 (/opt/rustwide/workdir/core/lib/api_types)
[INFO] [stderr]    Compiling zksync_circuit v1.0.0 (/opt/rustwide/workdir/core/lib/circuit)
[INFO] [stderr]    Compiling zksync_eth_signer v1.0.0 (/opt/rustwide/workdir/core/lib/eth_signer)
[INFO] [stderr]    Compiling zksync_notifier v1.0.0 (/opt/rustwide/workdir/core/lib/notifier)
[INFO] [stderr]    Compiling zksync_test_account v1.0.0 (/opt/rustwide/workdir/core/tests/test_account)
[INFO] [stderr]    Compiling zksync_api_client v0.1.0 (/opt/rustwide/workdir/core/lib/api_client)
[INFO] [stderr]    Compiling zksync_eth_client v1.0.0 (/opt/rustwide/workdir/core/lib/eth_client)
[INFO] [stderr]    Compiling parse_pub_data v1.0.0 (/opt/rustwide/workdir/core/bin/parse_pub_data)
[INFO] [stderr]    Compiling zksync_gateway_watcher v1.0.0 (/opt/rustwide/workdir/core/lib/gateway_watcher)
[INFO] [stderr]    Compiling zksync v0.3.0 (/opt/rustwide/workdir/sdk/zksync-rs)
[INFO] [stderr]    Compiling zksync_prover_utils v1.0.0 (/opt/rustwide/workdir/core/lib/prover_utils)
[INFO] [stderr]    Compiling loadnext v0.1.0 (/opt/rustwide/workdir/core/tests/loadnext)
[INFO] [stderr]    Compiling zksync_storage v1.0.0 (/opt/rustwide/workdir/core/lib/storage)
[INFO] [stderr]    Compiling key_generator v1.0.0 (/opt/rustwide/workdir/core/bin/key_generator)
[INFO] [stderr]    Compiling zstd v0.7.0+zstd.1.4.9
[INFO] [stderr]    Compiling actix-http v3.0.0-beta.11
[INFO] [stdout] error: linking with `cc` failed: exit status: 1
[INFO] [stdout]   |
[INFO] [stdout]   = note: LC_ALL="C" PATH="/opt/rustwide/rustup-home/toolchains/1.75.0-x86_64-unknown-linux-gnu/lib/rustlib/x86_64-unknown-linux-gnu/bin:/opt/rustwide/cargo-home/bin:/usr/local/sbin:/usr/local/bin:/usr/sbin:/usr/bin:/sbin:/bin" VSLANG="1033" "cc" "-m64" "/tmp/rustcqeTeQK/symbols.o" "/opt/rustwide/target/debug/deps/parse_pub_data-78accc660608a6ac.parse_pub_data.fa4cf1338a61f3a3-cgu.0.rcgu.o" "/opt/rustwide/target/debug/deps/parse_pub_data-78accc660608a6ac.4hhcq5sant781ou0.rcgu.o" "-Wl,--as-needed" "-L" "/opt/rustwide/target/debug/deps" "-L" "/opt/rustwide/target/debug/build/secp256k1-sys-379f5f1c04d28a58/out" "-L" "/opt/rustwide/rustup-home/toolchains/1.75.0-x86_64-unknown-linux-gnu/lib/rustlib/x86_64-unknown-linux-gnu/lib" "-Wl,-Bstatic" "/opt/rustwide/target/debug/deps/libzksync_types-9151a3ccc2ae9c86.rlib" "/opt/rustwide/target/debug/deps/libserde_with-21892e04f469d71e.rlib" "/opt/rustwide/target/debug/deps/libvlog-839d6523714701c2.rlib" "/opt/rustwide/target/debug/deps/libtracing_appender-18512e945b059c54.rlib" "/opt/rustwide/target/debug/deps/libtracing_subscriber-a85b86b11e2e8d9a.rlib" "/opt/rustwide/target/debug/deps/libthread_local-d35f3ca4fafcc7a5.rlib" "/opt/rustwide/target/debug/deps/libsharded_slab-02c3102eff4edbd9.rlib" "/opt/rustwide/target/debug/deps/libtracing_serde-f84e2bf4743594f0.rlib" "/opt/rustwide/target/debug/deps/libtracing_log-f617e8b016734b5c.rlib" "/opt/rustwide/target/debug/deps/libansi_term-b21a82a9f4d0b6eb.rlib" "/opt/rustwide/target/debug/deps/libmatchers-2a7a49734b6b9071.rlib" "/opt/rustwide/target/debug/deps/libregex_automata-81b76f549442b744.rlib" "/opt/rustwide/target/debug/deps/libsentry-a96d56ba48bc7886.rlib" "/opt/rustwide/target/debug/deps/libsentry_panic-1bff27fcdfc22f3a.rlib" "/opt/rustwide/target/debug/deps/libsentry_contexts-4625b330596a272f.rlib" "/opt/rustwide/target/debug/deps/libhostname-d84d60c9a7adcff6.rlib" "/opt/rustwide/target/debug/deps/libmatch_cfg-bd3aaf417320192e.rlib" "/opt/rustwide/target/debug/deps/libuname-bc942b3e5ca145d1.rlib" "/opt/rustwide/target/debug/deps/libsentry_backtrace-050c65eef75af75c.rlib" "/opt/rustwide/target/debug/deps/libbacktrace-f2d0adff221c187b.rlib" "/opt/rustwide/target/debug/deps/libminiz_oxide-5f8041ef7f4066db.rlib" "/opt/rustwide/target/debug/deps/libadler-c8f2240c56a0abca.rlib" "/opt/rustwide/target/debug/deps/libobject-e09816923a432223.rlib" "/opt/rustwide/target/debug/deps/libaddr2line-a133b609ec8918b0.rlib" "/opt/rustwide/target/debug/deps/libgimli-32d3641b44e6e0c6.rlib" "/opt/rustwide/target/debug/deps/librustc_demangle-62bea9c4f7fb2971.rlib" "/opt/rustwide/target/debug/deps/libregex-a9e22bbb57bd123b.rlib" "/opt/rustwide/target/debug/deps/libaho_corasick-ffec38ae5b395b94.rlib" "/opt/rustwide/target/debug/deps/libregex_syntax-df051bb3664d7987.rlib" "/opt/rustwide/target/debug/deps/libsentry_core-8dfcba545db1c39a.rlib" "/opt/rustwide/target/debug/deps/libsentry_types-1e1fe64b37966d4d.rlib" "/opt/rustwide/target/debug/deps/libdebugid-4cab2c3a5e96ca7d.rlib" "/opt/rustwide/target/debug/deps/libuuid-95879f5800b5e680.rlib" "/opt/rustwide/target/debug/deps/libparity_crypto-9170c5d40fb3fa83.rlib" "/opt/rustwide/target/debug/deps/libpbkdf2-9462c1eafda4b01f.rlib" "/opt/rustwide/target/debug/deps/libpassword_hash-12b42bf299d39d09.rlib" "/opt/rustwide/target/debug/deps/libbase64ct-70fc4ed37727da3b.rlib" "/opt/rustwide/target/debug/deps/libripemd160-540826cc194fc7f6.rlib" "/opt/rustwide/target/debug/deps/libscrypt-51bf4811fff6ab78.rlib" "/opt/rustwide/target/debug/deps/libsalsa20-4ab02c10616c975c.rlib" "/opt/rustwide/target/debug/deps/libpbkdf2-7692c1217e5dba8c.rlib" "/opt/rustwide/target/debug/deps/librand_core-07fcbdfb3be577ed.rlib" "/opt/rustwide/target/debug/deps/libgetrandom-fba56c24ec0787f1.rlib" "/opt/rustwide/target/debug/deps/libsecp256k1-a029282239b8e164.rlib" "/opt/rustwide/target/debug/deps/librand-bcd4b82e2611ed7b.rlib" "/opt/rustwide/target/debug/deps/librand_xorshift-9b7e196cd50c4e67.rlib" "/opt/rustwide/target/debug/deps/librand_pcg-3c8ef7712ac8b37b.rlib" "/opt/rustwide/target/debug/deps/librand_hc-677515abc5e770db.rlib" "/opt/rustwide/target/debug/deps/librand_chacha-5a40055b7fb3edec.rlib" "/opt/rustwide/target/debug/deps/librand_isaac-9055555a0ce64bea.rlib" "/opt/rustwide/target/debug/deps/librand_core-2d6f500acd6a936c.rlib" "/opt/rustwide/target/debug/deps/librand_os-5a890b76078abfbe.rlib" "/opt/rustwide/target/debug/deps/librand_jitter-e0716e2be2341726.rlib" "/opt/rustwide/target/debug/deps/librand_core-5f8dc8f8f4491b97.rlib" "/opt/rustwide/target/debug/deps/libzeroize-18b5bbdf167ebb23.rlib" "/opt/rustwide/target/debug/deps/libhmac-fa6473e029485952.rlib" "/opt/rustwide/target/debug/deps/libcrypto_mac-db3fb3265e21e53c.rlib" "/opt/rustwide/target/debug/deps/libblock_modes-ff29f037e2a7845c.rlib" "/opt/rustwide/target/debug/deps/libaes_ctr-88265be7646ba18c.rlib" "/opt/rustwide/target/debug/deps/libctr-bb3cf72b21525224.rlib" "/opt/rustwide/target/debug/deps/libaes-6cbda2d8bdf0b310.rlib" "/opt/rustwide/target/debug/deps/libaes_soft-d4a0c133eb004bb9.rlib" "/opt/rustwide/target/debug/deps/libcipher-80c582377a5436a0.rlib" "/opt/rustwide/target/debug/deps/libchrono-acc745013aa7226c.rlib" "/opt/rustwide/target/debug/deps/librustc_serialize-ca8414f5670a47db.rlib" "/opt/rustwide/target/debug/deps/libtime-bd978793a6318cea.rlib" "/opt/rustwide/target/debug/deps/libzksync_utils-88322bacb38d9210.rlib" "/opt/rustwide/target/debug/deps/libanyhow-739636aab3ace26c.rlib" "/opt/rustwide/target/debug/deps/libbigdecimal-fc1e495e5da0afca.rlib" "/opt/rustwide/target/debug/deps/libzksync_crypto-a7e6db72b3ac8edf.rlib" "/opt/rustwide/target/debug/deps/librayon-b1f7cfa3902b2992.rlib" "/opt/rustwide/target/debug/deps/librayon_core-713b66bacbe54750.rlib" "/opt/rustwide/target/debug/deps/libcrossbeam_deque-10505b24b3d77f08.rlib" "/opt/rustwide/target/debug/deps/libcrossbeam_epoch-9da90aa2c79e5785.rlib" "/opt/rustwide/target/debug/deps/libmemoffset-6f79aac6c21b3630.rlib" "/opt/rustwide/target/debug/deps/libcrossbeam_channel-183468561eb65ba9.rlib" "/opt/rustwide/target/debug/deps/libcrossbeam_utils-bf8ae1909b23e097.rlib" "/opt/rustwide/target/debug/deps/libbincode-851ee10566e82a1c.rlib" "/opt/rustwide/target/debug/deps/libzksync_basic_types-f841c6fbfce920d7.rlib" "/opt/rustwide/target/debug/deps/libweb3-7501da8dd2f76b6f.rlib" "/opt/rustwide/target/debug/deps/libweb3_async_native_tls-08a4b49c48b7ed51.rlib" "/opt/rustwide/target/debug/deps/libtokio_stream-e046b17215299885.rlib" "/opt/rustwide/target/debug/deps/libheaders-40a98e28ad23baa2.rlib" "/opt/rustwide/target/debug/deps/libheaders_core-2df18a3790db1748.rlib" "/opt/rustwide/target/debug/deps/libsoketto-ad6583c127a78a3f.rlib" "/opt/rustwide/target/debug/deps/libsha1-199371148a3f6e74.rlib" "/opt/rustwide/target/debug/deps/libreqwest-32197c9d68bd78a3.rlib" "/opt/rustwide/target/debug/deps/libhyper_tls-57b7d62a363d5845.rlib" "/opt/rustwide/target/debug/deps/libipnet-6f7e696fa040902e.rlib" "/opt/rustwide/target/debug/deps/libtokio_native_tls-b06eeefc8ccd58e2.rlib" "/opt/rustwide/target/debug/deps/libserde_urlencoded-3d4270e6209d3e8d.rlib" "/opt/rustwide/target/debug/deps/libmime-450b243d21db2a61.rlib" "/opt/rustwide/target/debug/deps/libencoding_rs-b6fae1d903f5f1ab.rlib" "/opt/rustwide/target/debug/deps/libbase64-2bf8ed8e2a1214cd.rlib" "/opt/rustwide/target/debug/deps/libnative_tls-b3164107d9e462d0.rlib" "/opt/rustwide/target/debug/deps/libopenssl_probe-337040a071287d36.rlib" "/opt/rustwide/target/debug/deps/libopenssl-11bb6cd130f0080a.rlib" "/opt/rustwide/target/debug/deps/libbitflags-b7cee2ca4fb438d0.rlib" "/opt/rustwide/target/debug/deps/libforeign_types-c05743815e5b8a9d.rlib" "/opt/rustwide/target/debug/deps/libforeign_types_shared-d149f5491fde2862.rlib" "/opt/rustwide/target/debug/deps/libopenssl_sys-46a35324938081ab.rlib" "/opt/rustwide/target/debug/deps/libhyper-17180ebaf0d82094.rlib" "/opt/rustwide/target/debug/deps/libwant-92f89184417cd6dd.rlib" "/opt/rustwide/target/debug/deps/libtry_lock-6573df21d991c823.rlib" "/opt/rustwide/target/debug/deps/libsocket2-792f58316eb17b96.rlib" "/opt/rustwide/target/debug/deps/libhttparse-c45cf483b346e59b.rlib" "/opt/rustwide/target/debug/deps/libh2-3328d87fd885bd0a.rlib" "/opt/rustwide/target/debug/deps/libtokio_util-84fbe255894472c2.rlib" "/opt/rustwide/target/debug/deps/libtower_service-9991ae2cafd1f41b.rlib" "/opt/rustwide/target/debug/deps/libtracing-629b4435857b31f1.rlib" "/opt/rustwide/target/debug/deps/libtracing_core-b867a4829e2ac571.rlib" "/opt/rustwide/target/debug/deps/libhttpdate-e734debe6bc8e931.rlib" "/opt/rustwide/target/debug/deps/libtokio-a2ad749ece9392c2.rlib" "/opt/rustwide/target/debug/deps/libsignal_hook_registry-831010a1d50145f0.rlib" "/opt/rustwide/target/debug/deps/libmio-727e6edb33cb4658.rlib" "/opt/rustwide/target/debug/deps/libparking_lot-e1da2850c1b984f1.rlib" "/opt/rustwide/target/debug/deps/libparking_lot_core-af361492e1f2e710.rlib" "/opt/rustwide/target/debug/deps/libinstant-65b44248b363c7fa.rlib" "/opt/rustwide/target/debug/deps/libhttp_body-73af4b2d11c10e2e.rlib" "/opt/rustwide/target/debug/deps/liburl-19f3f5a6ae1ef72e.rlib" "/opt/rustwide/target/debug/deps/libform_urlencoded-74b1dcad9e8d80e6.rlib" "/opt/rustwide/target/debug/deps/libpercent_encoding-526c9d71c02fb5bb.rlib" "/opt/rustwide/target/debug/deps/libhttp-3a2b80210ca166d7.rlib" "/opt/rustwide/target/debug/deps/libfnv-18bf5144d055e772.rlib" "/opt/rustwide/target/debug/deps/libparking_lot-ca3179a51e1dcb74.rlib" "/opt/rustwide/target/debug/deps/libparking_lot_core-58bdd6622b2c6c8a.rlib" "/opt/rustwide/target/debug/deps/libsmallvec-d559a48e3940c1f0.rlib" "/opt/rustwide/target/debug/deps/liblock_api-27b992132c09bfdd.rlib" "/opt/rustwide/target/debug/deps/libsecp256k1-7e365d3cc31af294.rlib" "/opt/rustwide/target/debug/deps/libsecp256k1_sys-32ffc734427c68c5.rlib" "/opt/rustwide/target/debug/deps/libidna-1490133ec5a74fd6.rlib" "/opt/rustwide/target/debug/deps/libunicode_normalization-89a4ae126b277b3c.rlib" "/opt/rustwide/target/debug/deps/libtinyvec-6885cdf29ec8b58c.rlib" "/opt/rustwide/target/debug/deps/libtinyvec_macros-bfeb7a087f0273ce.rlib" "/opt/rustwide/target/debug/deps/libunicode_bidi-d3ecfe40977b4a59.rlib" "/opt/rustwide/target/debug/deps/libmatches-e0861c3f10bd1789.rlib" "/opt/rustwide/target/debug/deps/libfutures_timer-377201e06f6c6302.rlib" "/opt/rustwide/target/debug/deps/libpin_project-e017b6fc544e3a38.rlib" "/opt/rustwide/target/debug/deps/libethabi-798024ead3553789.rlib" "/opt/rustwide/target/debug/deps/libethereum_types-bbfe38f5edb6c4fc.rlib" "/opt/rustwide/target/debug/deps/libethbloom-3fe0c5395766b59f.rlib" "/opt/rustwide/target/debug/deps/libtiny_keccak-a526fb48c3739c94.rlib" "/opt/rustwide/target/debug/deps/libprimitive_types-996c907eb5967801.rlib" "/opt/rustwide/target/debug/deps/libimpl_codec-77941108471b5a18.rlib" "/opt/rustwide/target/debug/deps/libparity_scale_codec-ecea972427a8c381.rlib" "/opt/rustwide/target/debug/deps/libbyte_slice_cast-ab00aa3f57b4120a.rlib" "/opt/rustwide/target/debug/deps/libarrayvec-f19559cf4c7b17eb.rlib" "/opt/rustwide/target/debug/deps/libimpl_serde-03b6143323de869a.rlib" "/opt/rustwide/target/debug/deps/libimpl_rlp-22cbdb21a5217c27.rlib" "/opt/rustwide/target/debug/deps/librlp-891bfae62da7a806.rlib" "/opt/rustwide/target/debug/deps/libbytes-55e4baa7bb335bc7.rlib" "/opt/rustwide/target/debug/deps/libfixed_hash-4830a68d85103136.rlib" "/opt/rustwide/target/debug/deps/librand-dd6e02140f3255dc.rlib" "/opt/rustwide/target/debug/deps/librand_chacha-f274d9e192811448.rlib" "/opt/rustwide/target/debug/deps/libppv_lite86-170061c62a7a96f6.rlib" "/opt/rustwide/target/debug/deps/librand_core-b51b5ad7f710de2e.rlib" "/opt/rustwide/target/debug/deps/librustc_hex-95472170041180ae.rlib" "/opt/rustwide/target/debug/deps/libuint-70ee2165cbddff19.rlib" "/opt/rustwide/target/debug/deps/libstatic_assertions-06b6572b5d394a0a.rlib" "/opt/rustwide/target/debug/deps/libthiserror-5e10ff885bcda151.rlib" "/opt/rustwide/target/debug/deps/libjsonrpc_core-294e0738c0715aa8.rlib" "/opt/rustwide/target/debug/deps/libserde_json-4fbbf5eeb5d730da.rlib" "/opt/rustwide/target/debug/deps/libryu-aa04a306730705ee.rlib" "/opt/rustwide/target/debug/deps/libitoa-88dc5e7d606068cc.rlib" "/opt/rustwide/target/debug/deps/libindexmap-6aae1b6760c1ae2b.rlib" "/opt/rustwide/target/debug/deps/libhashbrown-5f8a468c5d36e1e7.rlib" "/opt/rustwide/target/debug/deps/libahash-a83df03a7526fc80.rlib" "/opt/rustwide/target/debug/deps/libgetrandom-8b06f65955c722af.rlib" "/opt/rustwide/target/debug/deps/liblog-5a74203e6e19203f.rlib" "/opt/rustwide/target/debug/deps/librescue_poseidon-19ee521da6eeed5c.rlib" "/opt/rustwide/target/debug/deps/libsha3-f06b36de84ca5348.rlib" "/opt/rustwide/target/debug/deps/libkeccak-64bdda24f9360f5d.rlib" "/opt/rustwide/target/debug/deps/librecursive_aggregation_circuit-fc3243993c0c8665.rlib" "/opt/rustwide/target/debug/deps/libonce_cell-d4185e3ff62717e2.rlib" "/opt/rustwide/target/debug/deps/libsha2-2d76146365514851.rlib" "/opt/rustwide/target/debug/deps/libcpufeatures-568e5c51194b9ef5.rlib" "/opt/rustwide/target/debug/deps/libblock_buffer-a160dec125c91e34.rlib" "/opt/rustwide/target/debug/deps/libblock_padding-f342a93ff9370570.rlib" "/opt/rustwide/target/debug/deps/libfranklin_crypto-6ad3a2231b36a46f.rlib" "/opt/rustwide/target/debug/deps/libblake2-c4feda4795effe4d.rlib" "/opt/rustwide/target/debug/deps/libopaque_debug-15273823c1ba1453.rlib" "/opt/rustwide/target/debug/deps/libcrypto_mac-9004d7c9f43c036b.rlib" "/opt/rustwide/target/debug/deps/libsubtle-94487541d742eeea.rlib" "/opt/rustwide/target/debug/deps/libdigest-44781c79ee17fa87.rlib" "/opt/rustwide/target/debug/deps/libgeneric_array-b731eb36b4697639.rlib" "/opt/rustwide/target/debug/deps/libsplitmut-7a20d9861c486b83.rlib" "/opt/rustwide/target/debug/deps/libitertools-9e90d6d0aa34efe7.rlib" "/opt/rustwide/target/debug/deps/libeither-97d77aa23a1992d4.rlib" "/opt/rustwide/target/debug/deps/libhmac-74c4ef38f5a45a61.rlib" "/opt/rustwide/target/debug/deps/libcrypto_mac-b572bdc3fff009a5.rlib" "/opt/rustwide/target/debug/deps/libsubtle-d15cb4a80e107c88.rlib" "/opt/rustwide/target/debug/deps/libsha2-74b7f1d2c94e20fd.rlib" "/opt/rustwide/target/debug/deps/libdigest-a61c34cfcbfcff9f.rlib" "/opt/rustwide/target/debug/deps/libopaque_debug-804d9e13b6282a7a.rlib" "/opt/rustwide/target/debug/deps/libfake_simd-f5f63bdff85047cd.rlib" "/opt/rustwide/target/debug/deps/libblock_buffer-2c4966333e049d91.rlib" "/opt/rustwide/target/debug/deps/libgeneric_array-bd26323944606f86.rlib" "/opt/rustwide/target/debug/deps/libblock_padding-2267d541f673c456.rlib" "/opt/rustwide/target/debug/deps/libbyte_tools-2219004c21e9b9ac.rlib" "/opt/rustwide/target/debug/deps/libdigest-e0bd07cb8178246c.rlib" "/opt/rustwide/target/debug/deps/libgeneric_array-6614f8fff65b3977.rlib" "/opt/rustwide/target/debug/deps/libtypenum-4b247780d87be374.rlib" "/opt/rustwide/target/debug/deps/libblake2_rfc_bellman_edition-fdb98f63270de1b2.rlib" "/opt/rustwide/target/debug/deps/libarrayvec-5bbc783d16c7f652.rlib" "/opt/rustwide/target/debug/deps/libnodrop-9ae9aa74de45a65d.rlib" "/opt/rustwide/target/debug/deps/libbellman_ce-1cffca3508830830.rlib" "/opt/rustwide/target/debug/deps/libcrossbeam-c4e2a64844f9785a.rlib" "/opt/rustwide/target/debug/deps/libcrossbeam_queue-2889937bffbd65d9.rlib" "/opt/rustwide/target/debug/deps/libcrossbeam_channel-7143d07a755a8810.rlib" "/opt/rustwide/target/debug/deps/libcrossbeam_deque-4a1039d0416e3de9.rlib" "/opt/rustwide/target/debug/deps/libcrossbeam_epoch-89d7a7e2a1dd40a7.rlib" "/opt/rustwide/target/debug/deps/libscopeguard-b35f5c652940acc2.rlib" "/opt/rustwide/target/debug/deps/libmemoffset-f657aaacac9ed8a4.rlib" "/opt/rustwide/target/debug/deps/libcrossbeam_utils-5daf343731be201f.rlib" "/opt/rustwide/target/debug/deps/libmaybe_uninit-5d087cbaeefa52e2.rlib" "/opt/rustwide/target/debug/deps/libcfg_if-925b73a2e437f0c3.rlib" "/opt/rustwide/target/debug/deps/libblake2s_const-6a0ba65a98b9a1fc.rlib" "/opt/rustwide/target/debug/deps/libtiny_keccak-2f60d81f5782cddf.rlib" "/opt/rustwide/target/debug/deps/libcrunchy-76bb1c13370ea62c.rlib" "/opt/rustwide/target/debug/deps/libblake2s_simd-e3f3b981f257d32e.rlib" "/opt/rustwide/target/debug/deps/libconstant_time_eq-47127742af566368.rlib" "/opt/rustwide/target/debug/deps/libarrayvec-1c365209deac1d4b.rlib" "/opt/rustwide/target/debug/deps/libarrayref-ff686991724e9e8c.rlib" "/opt/rustwide/target/debug/deps/libfutures-fa6fedb156ba67c8.rlib" "/opt/rustwide/target/debug/deps/libfutures_executor-a632d3c58112d243.rlib" "/opt/rustwide/target/debug/deps/libnum_cpus-1b7591b0a4fd2dcd.rlib" "/opt/rustwide/target/debug/deps/libfutures_util-0fcc2316e2accff1.rlib" "/opt/rustwide/target/debug/deps/libmemchr-5a84f82bd0d05428.rlib" "/opt/rustwide/target/debug/deps/libfutures-8d8915a23f05644b.rlib" "/opt/rustwide/target/debug/deps/libfutures_io-8cd56e7711ce87f4.rlib" "/opt/rustwide/target/debug/deps/libslab-3fdda774eccf4f9f.rlib" "/opt/rustwide/target/debug/deps/libfutures_channel-af60897112d9f4d6.rlib" "/opt/rustwide/target/debug/deps/libpin_project_lite-c675bd61a64207ec.rlib" "/opt/rustwide/target/debug/deps/libfutures_sink-54c6ec83f134deb8.rlib" "/opt/rustwide/target/debug/deps/libfutures_task-6cad9d0cae9a9ced.rlib" "/opt/rustwide/target/debug/deps/libpin_utils-741f7d9d160e4a16.rlib" "/opt/rustwide/target/debug/deps/libfutures_core-4fef102c9c2bcb12.rlib" "/opt/rustwide/target/debug/deps/liblazy_static-591486ebcb9a7ead.rlib" "/opt/rustwide/target/debug/deps/libbit_vec-686f97f41052bc6d.rlib" "/opt/rustwide/target/debug/deps/libpairing_ce-daec99cc83b72208.rlib" "/opt/rustwide/target/debug/deps/libff_ce-d73be4ee10bd24c4.rlib" "/opt/rustwide/target/debug/deps/libhex-05644b5497b79c5b.rlib" "/opt/rustwide/target/debug/deps/librand-d8b4468070b13963.rlib" "/opt/rustwide/target/debug/deps/liblibc-473200cb7b8b1fd1.rlib" "/opt/rustwide/target/debug/deps/libbyteorder-b7588b59c1d17615.rlib" "/opt/rustwide/target/debug/deps/libcfg_if-61dc7a6799e72b18.rlib" "/opt/rustwide/target/debug/deps/libnum-1df2920138c82e97.rlib" "/opt/rustwide/target/debug/deps/libnum_iter-ace5c7441cfadae1.rlib" "/opt/rustwide/target/debug/deps/libnum_rational-6cdf1b87f8fba4b2.rlib" "/opt/rustwide/target/debug/deps/libnum_complex-566281a25c4cc5bb.rlib" "/opt/rustwide/target/debug/deps/libnum_bigint-bd2744b80171459b.rlib" "/opt/rustwide/target/debug/deps/libserde-8857119c36c623fd.rlib" "/opt/rustwide/target/debug/deps/libnum_integer-2bf37a059d4b8dab.rlib" "/opt/rustwide/target/debug/deps/libnum_traits-db2713e921216f97.rlib" "/opt/rustwide/rustup-home/toolchains/1.75.0-x86_64-unknown-linux-gnu/lib/rustlib/x86_64-unknown-linux-gnu/lib/libstd-90f6ddbf82de36ec.rlib" "/opt/rustwide/rustup-home/toolchains/1.75.0-x86_64-unknown-linux-gnu/lib/rustlib/x86_64-unknown-linux-gnu/lib/libpanic_unwind-480c41e9d4e1f677.rlib" "/opt/rustwide/rustup-home/toolchains/1.75.0-x86_64-unknown-linux-gnu/lib/rustlib/x86_64-unknown-linux-gnu/lib/libobject-db744c0ca03eed1d.rlib" "/opt/rustwide/rustup-home/toolchains/1.75.0-x86_64-unknown-linux-gnu/lib/rustlib/x86_64-unknown-linux-gnu/lib/libmemchr-8ba652dc7d4b285a.rlib" "/opt/rustwide/rustup-home/toolchains/1.75.0-x86_64-unknown-linux-gnu/lib/rustlib/x86_64-unknown-linux-gnu/lib/libaddr2line-d5f4520a9ebc0d58.rlib" "/opt/rustwide/rustup-home/toolchains/1.75.0-x86_64-unknown-linux-gnu/lib/rustlib/x86_64-unknown-linux-gnu/lib/libgimli-4ad84de58f0cb463.rlib" "/opt/rustwide/rustup-home/toolchains/1.75.0-x86_64-unknown-linux-gnu/lib/rustlib/x86_64-unknown-linux-gnu/lib/librustc_demangle-0d10aae2e0f38735.rlib" "/opt/rustwide/rustup-home/toolchains/1.75.0-x86_64-unknown-linux-gnu/lib/rustlib/x86_64-unknown-linux-gnu/lib/libstd_detect-0c17cff739e6745b.rlib" "/opt/rustwide/rustup-home/toolchains/1.75.0-x86_64-unknown-linux-gnu/lib/rustlib/x86_64-unknown-linux-gnu/lib/libhashbrown-b29e17139dde1aa8.rlib" "/opt/rustwide/rustup-home/toolchains/1.75.0-x86_64-unknown-linux-gnu/lib/rustlib/x86_64-unknown-linux-gnu/lib/librustc_std_workspace_alloc-1f975299829cc7bd.rlib" "/opt/rustwide/rustup-home/toolchains/1.75.0-x86_64-unknown-linux-gnu/lib/rustlib/x86_64-unknown-linux-gnu/lib/libminiz_oxide-86bae3bc3079f89b.rlib" "/opt/rustwide/rustup-home/toolchains/1.75.0-x86_64-unknown-linux-gnu/lib/rustlib/x86_64-unknown-linux-gnu/lib/libadler-321b82c30dffdf5f.rlib" "/opt/rustwide/rustup-home/toolchains/1.75.0-x86_64-unknown-linux-gnu/lib/rustlib/x86_64-unknown-linux-gnu/lib/libunwind-3dd8a6810a0bdfef.rlib" "/opt/rustwide/rustup-home/toolchains/1.75.0-x86_64-unknown-linux-gnu/lib/rustlib/x86_64-unknown-linux-gnu/lib/libcfg_if-eb39a61c0c879984.rlib" "/opt/rustwide/rustup-home/toolchains/1.75.0-x86_64-unknown-linux-gnu/lib/rustlib/x86_64-unknown-linux-gnu/lib/liblibc-aa769569f91c3548.rlib" "/opt/rustwide/rustup-home/toolchains/1.75.0-x86_64-unknown-linux-gnu/lib/rustlib/x86_64-unknown-linux-gnu/lib/liballoc-510a192a50a983ed.rlib" "/opt/rustwide/rustup-home/toolchains/1.75.0-x86_64-unknown-linux-gnu/lib/rustlib/x86_64-unknown-linux-gnu/lib/librustc_std_workspace_core-0577018320f99037.rlib" "/opt/rustwide/rustup-home/toolchains/1.75.0-x86_64-unknown-linux-gnu/lib/rustlib/x86_64-unknown-linux-gnu/lib/libcore-193cf992125ccd4c.rlib" "/opt/rustwide/rustup-home/toolchains/1.75.0-x86_64-unknown-linux-gnu/lib/rustlib/x86_64-unknown-linux-gnu/lib/libcompiler_builtins-8e138eaf26ebb4a8.rlib" "-Wl,-Bdynamic" "-lssl" "-lcrypto" "-lgcc_s" "-lutil" "-lrt" "-lpthread" "-lm" "-ldl" "-lc" "-Wl,--eh-frame-hdr" "-Wl,-z,noexecstack" "-L" "/opt/rustwide/rustup-home/toolchains/1.75.0-x86_64-unknown-linux-gnu/lib/rustlib/x86_64-unknown-linux-gnu/lib" "-o" "/opt/rustwide/target/debug/deps/parse_pub_data-78accc660608a6ac" "-Wl,--gc-sections" "-pie" "-Wl,-z,relro,-z,now" "-nodefaultlibs"
[INFO] [stdout]   = note: collect2: fatal error: ld terminated with signal 9 [Killed]
[INFO] [stdout]           compilation terminated.
[INFO] [stdout]           
[INFO] [stdout] 
[INFO] [stdout] 
[INFO] [stdout] error: aborting due to previous error
[INFO] [stdout] 
[INFO] [stdout] 
[INFO] [stderr] error: could not compile `parse_pub_data` (bin "parse_pub_data") due to 2 previous errors
[INFO] [stderr] warning: build failed, waiting for other jobs to finish...
[INFO] [stdout] error: linking with `cc` failed: exit status: 1
[INFO] [stdout]   |
[INFO] [stdout]   = note: LC_ALL="C" PATH="/opt/rustwide/rustup-home/toolchains/1.75.0-x86_64-unknown-linux-gnu/lib/rustlib/x86_64-unknown-linux-gnu/bin:/opt/rustwide/cargo-home/bin:/usr/local/sbin:/usr/local/bin:/usr/sbin:/usr/bin:/sbin:/bin" VSLANG="1033" "cc" "-m64" "/tmp/rustcwFFCt0/symbols.o" "/opt/rustwide/target/debug/deps/loadnext-6783f06990d4ac1c.loadnext.6f8310be699c90ab-cgu.00.rcgu.o" "/opt/rustwide/target/debug/deps/loadnext-6783f06990d4ac1c.loadnext.6f8310be699c90ab-cgu.01.rcgu.o" "/opt/rustwide/target/debug/deps/loadnext-6783f06990d4ac1c.loadnext.6f8310be699c90ab-cgu.02.rcgu.o" "/opt/rustwide/target/debug/deps/loadnext-6783f06990d4ac1c.loadnext.6f8310be699c90ab-cgu.03.rcgu.o" "/opt/rustwide/target/debug/deps/loadnext-6783f06990d4ac1c.loadnext.6f8310be699c90ab-cgu.04.rcgu.o" "/opt/rustwide/target/debug/deps/loadnext-6783f06990d4ac1c.loadnext.6f8310be699c90ab-cgu.05.rcgu.o" "/opt/rustwide/target/debug/deps/loadnext-6783f06990d4ac1c.loadnext.6f8310be699c90ab-cgu.06.rcgu.o" "/opt/rustwide/target/debug/deps/loadnext-6783f06990d4ac1c.loadnext.6f8310be699c90ab-cgu.07.rcgu.o" "/opt/rustwide/target/debug/deps/loadnext-6783f06990d4ac1c.loadnext.6f8310be699c90ab-cgu.08.rcgu.o" "/opt/rustwide/target/debug/deps/loadnext-6783f06990d4ac1c.loadnext.6f8310be699c90ab-cgu.09.rcgu.o" "/opt/rustwide/target/debug/deps/loadnext-6783f06990d4ac1c.loadnext.6f8310be699c90ab-cgu.10.rcgu.o" "/opt/rustwide/target/debug/deps/loadnext-6783f06990d4ac1c.loadnext.6f8310be699c90ab-cgu.11.rcgu.o" "/opt/rustwide/target/debug/deps/loadnext-6783f06990d4ac1c.loadnext.6f8310be699c90ab-cgu.12.rcgu.o" "/opt/rustwide/target/debug/deps/loadnext-6783f06990d4ac1c.loadnext.6f8310be699c90ab-cgu.13.rcgu.o" "/opt/rustwide/target/debug/deps/loadnext-6783f06990d4ac1c.loadnext.6f8310be699c90ab-cgu.14.rcgu.o" "/opt/rustwide/target/debug/deps/loadnext-6783f06990d4ac1c.loadnext.6f8310be699c90ab-cgu.15.rcgu.o" "/opt/rustwide/target/debug/deps/loadnext-6783f06990d4ac1c.3v32cvrkffzy2n7b.rcgu.o" "-Wl,--as-needed" "-L" "/opt/rustwide/target/debug/deps" "-L" "/opt/rustwide/target/debug/build/secp256k1-sys-379f5f1c04d28a58/out" "-L" "/opt/rustwide/rustup-home/toolchains/1.75.0-x86_64-unknown-linux-gnu/lib/rustlib/x86_64-unknown-linux-gnu/lib" "-Wl,-Bstatic" "/opt/rustwide/target/debug/deps/libloadnext-67e55f4f7e342951.rlib" "/opt/rustwide/target/debug/deps/libzksync-a7a2fe3de769eb68.rlib" "/opt/rustwide/target/debug/deps/libzksync_eth_client-8f0cf9b3a0358b58.rlib" "/opt/rustwide/target/debug/deps/libmetrics-96304ef9dc140d58.rlib" "/opt/rustwide/target/debug/deps/libzksync_contracts-8d41369e4c4970e8.rlib" "/opt/rustwide/target/debug/deps/libzksync_config-16233adadb017b4d.rlib" "/opt/rustwide/target/debug/deps/libenvy-086dadf8f0cd83f3.rlib" "/opt/rustwide/target/debug/deps/libzksync_eth_signer-0e3d49c73124bc1c.rlib" "/opt/rustwide/target/debug/deps/libjsonrpc_core-495e95c6afd51c72.rlib" "/opt/rustwide/target/debug/deps/libzksync_types-9151a3ccc2ae9c86.rlib" "/opt/rustwide/target/debug/deps/libserde_with-21892e04f469d71e.rlib" "/opt/rustwide/target/debug/deps/libvlog-839d6523714701c2.rlib" "/opt/rustwide/target/debug/deps/libtracing_appender-18512e945b059c54.rlib" "/opt/rustwide/target/debug/deps/libtracing_subscriber-a85b86b11e2e8d9a.rlib" "/opt/rustwide/target/debug/deps/libthread_local-d35f3ca4fafcc7a5.rlib" "/opt/rustwide/target/debug/deps/libsharded_slab-02c3102eff4edbd9.rlib" "/opt/rustwide/target/debug/deps/libtracing_serde-f84e2bf4743594f0.rlib" "/opt/rustwide/target/debug/deps/libtracing_log-f617e8b016734b5c.rlib" "/opt/rustwide/target/debug/deps/libansi_term-b21a82a9f4d0b6eb.rlib" "/opt/rustwide/target/debug/deps/libmatchers-2a7a49734b6b9071.rlib" "/opt/rustwide/target/debug/deps/libregex_automata-81b76f549442b744.rlib" "/opt/rustwide/target/debug/deps/libsentry-a96d56ba48bc7886.rlib" "/opt/rustwide/target/debug/deps/libsentry_panic-1bff27fcdfc22f3a.rlib" "/opt/rustwide/target/debug/deps/libsentry_contexts-4625b330596a272f.rlib" "/opt/rustwide/target/debug/deps/libhostname-d84d60c9a7adcff6.rlib" "/opt/rustwide/target/debug/deps/libmatch_cfg-bd3aaf417320192e.rlib" "/opt/rustwide/target/debug/deps/libuname-bc942b3e5ca145d1.rlib" "/opt/rustwide/target/debug/deps/libsentry_backtrace-050c65eef75af75c.rlib" "/opt/rustwide/target/debug/deps/libbacktrace-f2d0adff221c187b.rlib" "/opt/rustwide/target/debug/deps/libminiz_oxide-5f8041ef7f4066db.rlib" "/opt/rustwide/target/debug/deps/libadler-c8f2240c56a0abca.rlib" "/opt/rustwide/target/debug/deps/libobject-e09816923a432223.rlib" "/opt/rustwide/target/debug/deps/libaddr2line-a133b609ec8918b0.rlib" "/opt/rustwide/target/debug/deps/libgimli-32d3641b44e6e0c6.rlib" "/opt/rustwide/target/debug/deps/librustc_demangle-62bea9c4f7fb2971.rlib" "/opt/rustwide/target/debug/deps/libregex-a9e22bbb57bd123b.rlib" "/opt/rustwide/target/debug/deps/libaho_corasick-ffec38ae5b395b94.rlib" "/opt/rustwide/target/debug/deps/libregex_syntax-df051bb3664d7987.rlib" "/opt/rustwide/target/debug/deps/libsentry_core-8dfcba545db1c39a.rlib" "/opt/rustwide/target/debug/deps/libsentry_types-1e1fe64b37966d4d.rlib" "/opt/rustwide/target/debug/deps/libdebugid-4cab2c3a5e96ca7d.rlib" "/opt/rustwide/target/debug/deps/libuuid-95879f5800b5e680.rlib" "/opt/rustwide/target/debug/deps/libparity_crypto-9170c5d40fb3fa83.rlib" "/opt/rustwide/target/debug/deps/libpbkdf2-9462c1eafda4b01f.rlib" "/opt/rustwide/target/debug/deps/libpassword_hash-12b42bf299d39d09.rlib" "/opt/rustwide/target/debug/deps/libbase64ct-70fc4ed37727da3b.rlib" "/opt/rustwide/target/debug/deps/libripemd160-540826cc194fc7f6.rlib" "/opt/rustwide/target/debug/deps/libscrypt-51bf4811fff6ab78.rlib" "/opt/rustwide/target/debug/deps/libsalsa20-4ab02c10616c975c.rlib" "/opt/rustwide/target/debug/deps/libpbkdf2-7692c1217e5dba8c.rlib" "/opt/rustwide/target/debug/deps/librand_core-07fcbdfb3be577ed.rlib" "/opt/rustwide/target/debug/deps/libgetrandom-fba56c24ec0787f1.rlib" "/opt/rustwide/target/debug/deps/libsecp256k1-a029282239b8e164.rlib" "/opt/rustwide/target/debug/deps/librand-bcd4b82e2611ed7b.rlib" "/opt/rustwide/target/debug/deps/librand_xorshift-9b7e196cd50c4e67.rlib" "/opt/rustwide/target/debug/deps/librand_pcg-3c8ef7712ac8b37b.rlib" "/opt/rustwide/target/debug/deps/librand_hc-677515abc5e770db.rlib" "/opt/rustwide/target/debug/deps/librand_chacha-5a40055b7fb3edec.rlib" "/opt/rustwide/target/debug/deps/librand_isaac-9055555a0ce64bea.rlib" "/opt/rustwide/target/debug/deps/librand_core-2d6f500acd6a936c.rlib" "/opt/rustwide/target/debug/deps/librand_os-5a890b76078abfbe.rlib" "/opt/rustwide/target/debug/deps/librand_jitter-e0716e2be2341726.rlib" "/opt/rustwide/target/debug/deps/librand_core-5f8dc8f8f4491b97.rlib" "/opt/rustwide/target/debug/deps/libzeroize-18b5bbdf167ebb23.rlib" "/opt/rustwide/target/debug/deps/libhmac-fa6473e029485952.rlib" "/opt/rustwide/target/debug/deps/libcrypto_mac-db3fb3265e21e53c.rlib" "/opt/rustwide/target/debug/deps/libblock_modes-ff29f037e2a7845c.rlib" "/opt/rustwide/target/debug/deps/libaes_ctr-88265be7646ba18c.rlib" "/opt/rustwide/target/debug/deps/libctr-bb3cf72b21525224.rlib" "/opt/rustwide/target/debug/deps/libaes-6cbda2d8bdf0b310.rlib" "/opt/rustwide/target/debug/deps/libaes_soft-d4a0c133eb004bb9.rlib" "/opt/rustwide/target/debug/deps/libcipher-80c582377a5436a0.rlib" "/opt/rustwide/target/debug/deps/libchrono-acc745013aa7226c.rlib" "/opt/rustwide/target/debug/deps/librustc_serialize-ca8414f5670a47db.rlib" "/opt/rustwide/target/debug/deps/libtime-bd978793a6318cea.rlib" "/opt/rustwide/target/debug/deps/libzksync_utils-88322bacb38d9210.rlib" "/opt/rustwide/target/debug/deps/libanyhow-739636aab3ace26c.rlib" "/opt/rustwide/target/debug/deps/libbigdecimal-fc1e495e5da0afca.rlib" "/opt/rustwide/target/debug/deps/libzksync_crypto-a7e6db72b3ac8edf.rlib" "/opt/rustwide/target/debug/deps/librayon-b1f7cfa3902b2992.rlib" "/opt/rustwide/target/debug/deps/librayon_core-713b66bacbe54750.rlib" "/opt/rustwide/target/debug/deps/libcrossbeam_deque-10505b24b3d77f08.rlib" "/opt/rustwide/target/debug/deps/libcrossbeam_epoch-9da90aa2c79e5785.rlib" "/opt/rustwide/target/debug/deps/libmemoffset-6f79aac6c21b3630.rlib" "/opt/rustwide/target/debug/deps/libcrossbeam_channel-183468561eb65ba9.rlib" "/opt/rustwide/target/debug/deps/libcrossbeam_utils-bf8ae1909b23e097.rlib" "/opt/rustwide/target/debug/deps/libbincode-851ee10566e82a1c.rlib" "/opt/rustwide/target/debug/deps/libnum-1df2920138c82e97.rlib" "/opt/rustwide/target/debug/deps/libnum_rational-6cdf1b87f8fba4b2.rlib" "/opt/rustwide/target/debug/deps/libnum_complex-566281a25c4cc5bb.rlib" "/opt/rustwide/target/debug/deps/libzksync_basic_types-f841c6fbfce920d7.rlib" "/opt/rustwide/target/debug/deps/librescue_poseidon-19ee521da6eeed5c.rlib" "/opt/rustwide/target/debug/deps/libnum_iter-ace5c7441cfadae1.rlib" "/opt/rustwide/target/debug/deps/librecursive_aggregation_circuit-fc3243993c0c8665.rlib" "/opt/rustwide/target/debug/deps/libsha2-2d76146365514851.rlib" "/opt/rustwide/target/debug/deps/libfranklin_crypto-6ad3a2231b36a46f.rlib" "/opt/rustwide/target/debug/deps/libblake2-c4feda4795effe4d.rlib" "/opt/rustwide/target/debug/deps/libcrypto_mac-9004d7c9f43c036b.rlib" "/opt/rustwide/target/debug/deps/libsubtle-94487541d742eeea.rlib" "/opt/rustwide/target/debug/deps/libsplitmut-7a20d9861c486b83.rlib" "/opt/rustwide/target/debug/deps/libitertools-9e90d6d0aa34efe7.rlib" "/opt/rustwide/target/debug/deps/libeither-97d77aa23a1992d4.rlib" "/opt/rustwide/target/debug/deps/libnum_bigint-bd2744b80171459b.rlib" "/opt/rustwide/target/debug/deps/libnum_integer-2bf37a059d4b8dab.rlib" "/opt/rustwide/target/debug/deps/libnum_traits-db2713e921216f97.rlib" "/opt/rustwide/target/debug/deps/libhmac-74c4ef38f5a45a61.rlib" "/opt/rustwide/target/debug/deps/libcrypto_mac-b572bdc3fff009a5.rlib" "/opt/rustwide/target/debug/deps/libsubtle-d15cb4a80e107c88.rlib" "/opt/rustwide/target/debug/deps/libsha2-74b7f1d2c94e20fd.rlib" "/opt/rustwide/target/debug/deps/libdigest-a61c34cfcbfcff9f.rlib" "/opt/rustwide/target/debug/deps/libopaque_debug-804d9e13b6282a7a.rlib" "/opt/rustwide/target/debug/deps/libfake_simd-f5f63bdff85047cd.rlib" "/opt/rustwide/target/debug/deps/libblock_buffer-2c4966333e049d91.rlib" "/opt/rustwide/target/debug/deps/libgeneric_array-bd26323944606f86.rlib" "/opt/rustwide/target/debug/deps/libblock_padding-2267d541f673c456.rlib" "/opt/rustwide/target/debug/deps/libbyte_tools-2219004c21e9b9ac.rlib" "/opt/rustwide/target/debug/deps/libdigest-e0bd07cb8178246c.rlib" "/opt/rustwide/target/debug/deps/libgeneric_array-6614f8fff65b3977.rlib" "/opt/rustwide/target/debug/deps/libblake2_rfc_bellman_edition-fdb98f63270de1b2.rlib" "/opt/rustwide/target/debug/deps/libarrayvec-5bbc783d16c7f652.rlib" "/opt/rustwide/target/debug/deps/libnodrop-9ae9aa74de45a65d.rlib" "/opt/rustwide/target/debug/deps/libbellman_ce-1cffca3508830830.rlib" "/opt/rustwide/target/debug/deps/libcrossbeam-c4e2a64844f9785a.rlib" "/opt/rustwide/target/debug/deps/libcrossbeam_queue-2889937bffbd65d9.rlib" "/opt/rustwide/target/debug/deps/libcrossbeam_channel-7143d07a755a8810.rlib" "/opt/rustwide/target/debug/deps/libcrossbeam_deque-4a1039d0416e3de9.rlib" "/opt/rustwide/target/debug/deps/libcrossbeam_epoch-89d7a7e2a1dd40a7.rlib" "/opt/rustwide/target/debug/deps/libmemoffset-f657aaacac9ed8a4.rlib" "/opt/rustwide/target/debug/deps/libcrossbeam_utils-5daf343731be201f.rlib" "/opt/rustwide/target/debug/deps/libmaybe_uninit-5d087cbaeefa52e2.rlib" "/opt/rustwide/target/debug/deps/libcfg_if-925b73a2e437f0c3.rlib" "/opt/rustwide/target/debug/deps/libblake2s_const-6a0ba65a98b9a1fc.rlib" "/opt/rustwide/target/debug/deps/libtiny_keccak-2f60d81f5782cddf.rlib" "/opt/rustwide/target/debug/deps/libblake2s_simd-e3f3b981f257d32e.rlib" "/opt/rustwide/target/debug/deps/libconstant_time_eq-47127742af566368.rlib" "/opt/rustwide/target/debug/deps/libarrayvec-1c365209deac1d4b.rlib" "/opt/rustwide/target/debug/deps/libarrayref-ff686991724e9e8c.rlib" "/opt/rustwide/target/debug/deps/libbit_vec-686f97f41052bc6d.rlib" "/opt/rustwide/target/debug/deps/libpairing_ce-daec99cc83b72208.rlib" "/opt/rustwide/target/debug/deps/libff_ce-d73be4ee10bd24c4.rlib" "/opt/rustwide/target/debug/deps/librand-d8b4468070b13963.rlib" "/opt/rustwide/target/debug/deps/libweb3-7501da8dd2f76b6f.rlib" "/opt/rustwide/target/debug/deps/libweb3_async_native_tls-08a4b49c48b7ed51.rlib" "/opt/rustwide/target/debug/deps/libtokio_stream-e046b17215299885.rlib" "/opt/rustwide/target/debug/deps/libheaders-40a98e28ad23baa2.rlib" "/opt/rustwide/target/debug/deps/libheaders_core-2df18a3790db1748.rlib" "/opt/rustwide/target/debug/deps/libsoketto-ad6583c127a78a3f.rlib" "/opt/rustwide/target/debug/deps/libsha1-199371148a3f6e74.rlib" "/opt/rustwide/target/debug/deps/libcpufeatures-568e5c51194b9ef5.rlib" "/opt/rustwide/target/debug/deps/libreqwest-32197c9d68bd78a3.rlib" "/opt/rustwide/target/debug/deps/libhyper_tls-57b7d62a363d5845.rlib" "/opt/rustwide/target/debug/deps/libipnet-6f7e696fa040902e.rlib" "/opt/rustwide/target/debug/deps/libtokio_native_tls-b06eeefc8ccd58e2.rlib" "/opt/rustwide/target/debug/deps/libserde_urlencoded-3d4270e6209d3e8d.rlib" "/opt/rustwide/target/debug/deps/libmime-450b243d21db2a61.rlib" "/opt/rustwide/target/debug/deps/libencoding_rs-b6fae1d903f5f1ab.rlib" "/opt/rustwide/target/debug/deps/libbase64-2bf8ed8e2a1214cd.rlib" "/opt/rustwide/target/debug/deps/libnative_tls-b3164107d9e462d0.rlib" "/opt/rustwide/target/debug/deps/libopenssl_probe-337040a071287d36.rlib" "/opt/rustwide/target/debug/deps/libopenssl-11bb6cd130f0080a.rlib" "/opt/rustwide/target/debug/deps/libbitflags-b7cee2ca4fb438d0.rlib" "/opt/rustwide/target/debug/deps/libforeign_types-c05743815e5b8a9d.rlib" "/opt/rustwide/target/debug/deps/libforeign_types_shared-d149f5491fde2862.rlib" "/opt/rustwide/target/debug/deps/libopenssl_sys-46a35324938081ab.rlib" "/opt/rustwide/target/debug/deps/libhyper-17180ebaf0d82094.rlib" "/opt/rustwide/target/debug/deps/libwant-92f89184417cd6dd.rlib" "/opt/rustwide/target/debug/deps/libtry_lock-6573df21d991c823.rlib" "/opt/rustwide/target/debug/deps/libsocket2-792f58316eb17b96.rlib" "/opt/rustwide/target/debug/deps/libhttparse-c45cf483b346e59b.rlib" "/opt/rustwide/target/debug/deps/libh2-3328d87fd885bd0a.rlib" "/opt/rustwide/target/debug/deps/libtokio_util-84fbe255894472c2.rlib" "/opt/rustwide/target/debug/deps/libtower_service-9991ae2cafd1f41b.rlib" "/opt/rustwide/target/debug/deps/libtracing-629b4435857b31f1.rlib" "/opt/rustwide/target/debug/deps/libtracing_core-b867a4829e2ac571.rlib" "/opt/rustwide/target/debug/deps/libhttpdate-e734debe6bc8e931.rlib" "/opt/rustwide/target/debug/deps/libtokio-a2ad749ece9392c2.rlib" "/opt/rustwide/target/debug/deps/libsignal_hook_registry-831010a1d50145f0.rlib" "/opt/rustwide/target/debug/deps/libmio-727e6edb33cb4658.rlib" "/opt/rustwide/target/debug/deps/libparking_lot-e1da2850c1b984f1.rlib" "/opt/rustwide/target/debug/deps/libparking_lot_core-af361492e1f2e710.rlib" "/opt/rustwide/target/debug/deps/libinstant-65b44248b363c7fa.rlib" "/opt/rustwide/target/debug/deps/libhttp_body-73af4b2d11c10e2e.rlib" "/opt/rustwide/target/debug/deps/liblazy_static-591486ebcb9a7ead.rlib" "/opt/rustwide/target/debug/deps/liburl-19f3f5a6ae1ef72e.rlib" "/opt/rustwide/target/debug/deps/libform_urlencoded-74b1dcad9e8d80e6.rlib" "/opt/rustwide/target/debug/deps/libpercent_encoding-526c9d71c02fb5bb.rlib" "/opt/rustwide/target/debug/deps/libhttp-3a2b80210ca166d7.rlib" "/opt/rustwide/target/debug/deps/libfnv-18bf5144d055e772.rlib" "/opt/rustwide/target/debug/deps/libparking_lot-ca3179a51e1dcb74.rlib" "/opt/rustwide/target/debug/deps/libparking_lot_core-58bdd6622b2c6c8a.rlib" "/opt/rustwide/target/debug/deps/libsmallvec-d559a48e3940c1f0.rlib" "/opt/rustwide/target/debug/deps/liblock_api-27b992132c09bfdd.rlib" "/opt/rustwide/target/debug/deps/libscopeguard-b35f5c652940acc2.rlib" "/opt/rustwide/target/debug/deps/libsecp256k1-7e365d3cc31af294.rlib" "/opt/rustwide/target/debug/deps/libsecp256k1_sys-32ffc734427c68c5.rlib" "/opt/rustwide/target/debug/deps/libidna-1490133ec5a74fd6.rlib" "/opt/rustwide/target/debug/deps/libunicode_normalization-89a4ae126b277b3c.rlib" "/opt/rustwide/target/debug/deps/libtinyvec-6885cdf29ec8b58c.rlib" "/opt/rustwide/target/debug/deps/libtinyvec_macros-bfeb7a087f0273ce.rlib" "/opt/rustwide/target/debug/deps/libunicode_bidi-d3ecfe40977b4a59.rlib" "/opt/rustwide/target/debug/deps/libmatches-e0861c3f10bd1789.rlib" "/opt/rustwide/target/debug/deps/libfutures_timer-377201e06f6c6302.rlib" "/opt/rustwide/target/debug/deps/libpin_project-e017b6fc544e3a38.rlib" "/opt/rustwide/target/debug/deps/libethabi-798024ead3553789.rlib" "/opt/rustwide/target/debug/deps/libethereum_types-bbfe38f5edb6c4fc.rlib" "/opt/rustwide/target/debug/deps/libethbloom-3fe0c5395766b59f.rlib" "/opt/rustwide/target/debug/deps/libtiny_keccak-a526fb48c3739c94.rlib" "/opt/rustwide/target/debug/deps/libprimitive_types-996c907eb5967801.rlib" "/opt/rustwide/target/debug/deps/libimpl_codec-77941108471b5a18.rlib" "/opt/rustwide/target/debug/deps/libparity_scale_codec-ecea972427a8c381.rlib" "/opt/rustwide/target/debug/deps/libbyte_slice_cast-ab00aa3f57b4120a.rlib" "/opt/rustwide/target/debug/deps/libarrayvec-f19559cf4c7b17eb.rlib" "/opt/rustwide/target/debug/deps/libimpl_serde-03b6143323de869a.rlib" "/opt/rustwide/target/debug/deps/libimpl_rlp-22cbdb21a5217c27.rlib" "/opt/rustwide/target/debug/deps/librlp-891bfae62da7a806.rlib" "/opt/rustwide/target/debug/deps/libbytes-55e4baa7bb335bc7.rlib" "/opt/rustwide/target/debug/deps/libfixed_hash-4830a68d85103136.rlib" "/opt/rustwide/target/debug/deps/librand-dd6e02140f3255dc.rlib" "/opt/rustwide/target/debug/deps/librand_chacha-f274d9e192811448.rlib" "/opt/rustwide/target/debug/deps/libppv_lite86-170061c62a7a96f6.rlib" "/opt/rustwide/target/debug/deps/librand_core-b51b5ad7f710de2e.rlib" "/opt/rustwide/target/debug/deps/librustc_hex-95472170041180ae.rlib" "/opt/rustwide/target/debug/deps/libsha3-f06b36de84ca5348.rlib" "/opt/rustwide/target/debug/deps/libkeccak-64bdda24f9360f5d.rlib" "/opt/rustwide/target/debug/deps/libopaque_debug-15273823c1ba1453.rlib" "/opt/rustwide/target/debug/deps/libblock_buffer-a160dec125c91e34.rlib" "/opt/rustwide/target/debug/deps/libblock_padding-f342a93ff9370570.rlib" "/opt/rustwide/target/debug/deps/libdigest-44781c79ee17fa87.rlib" "/opt/rustwide/target/debug/deps/libgeneric_array-b731eb36b4697639.rlib" "/opt/rustwide/target/debug/deps/libtypenum-4b247780d87be374.rlib" "/opt/rustwide/target/debug/deps/libuint-70ee2165cbddff19.rlib" "/opt/rustwide/target/debug/deps/libcrunchy-76bb1c13370ea62c.rlib" "/opt/rustwide/target/debug/deps/libstatic_assertions-06b6572b5d394a0a.rlib" "/opt/rustwide/target/debug/deps/libhex-05644b5497b79c5b.rlib" "/opt/rustwide/target/debug/deps/libbyteorder-b7588b59c1d17615.rlib" "/opt/rustwide/target/debug/deps/libthiserror-5e10ff885bcda151.rlib" "/opt/rustwide/target/debug/deps/libjsonrpc_core-294e0738c0715aa8.rlib" "/opt/rustwide/target/debug/deps/libserde_json-4fbbf5eeb5d730da.rlib" "/opt/rustwide/target/debug/deps/libryu-aa04a306730705ee.rlib" "/opt/rustwide/target/debug/deps/libitoa-88dc5e7d606068cc.rlib" "/opt/rustwide/target/debug/deps/libindexmap-6aae1b6760c1ae2b.rlib" "/opt/rustwide/target/debug/deps/libhashbrown-5f8a468c5d36e1e7.rlib" "/opt/rustwide/target/debug/deps/libahash-a83df03a7526fc80.rlib" "/opt/rustwide/target/debug/deps/libgetrandom-8b06f65955c722af.rlib" "/opt/rustwide/target/debug/deps/libonce_cell-d4185e3ff62717e2.rlib" "/opt/rustwide/target/debug/deps/libserde-8857119c36c623fd.rlib" "/opt/rustwide/target/debug/deps/liblog-5a74203e6e19203f.rlib" "/opt/rustwide/target/debug/deps/libcfg_if-61dc7a6799e72b18.rlib" "/opt/rustwide/target/debug/deps/libfutures-fa6fedb156ba67c8.rlib" "/opt/rustwide/target/debug/deps/libfutures_executor-a632d3c58112d243.rlib" "/opt/rustwide/target/debug/deps/libnum_cpus-1b7591b0a4fd2dcd.rlib" "/opt/rustwide/target/debug/deps/liblibc-473200cb7b8b1fd1.rlib" "/opt/rustwide/target/debug/deps/libfutures_util-0fcc2316e2accff1.rlib" "/opt/rustwide/target/debug/deps/libmemchr-5a84f82bd0d05428.rlib" "/opt/rustwide/target/debug/deps/libfutures-8d8915a23f05644b.rlib" "/opt/rustwide/target/debug/deps/libfutures_io-8cd56e7711ce87f4.rlib" "/opt/rustwide/target/debug/deps/libslab-3fdda774eccf4f9f.rlib" "/opt/rustwide/target/debug/deps/libfutures_channel-af60897112d9f4d6.rlib" "/opt/rustwide/target/debug/deps/libpin_project_lite-c675bd61a64207ec.rlib" "/opt/rustwide/target/debug/deps/libfutures_sink-54c6ec83f134deb8.rlib" "/opt/rustwide/target/debug/deps/libfutures_task-6cad9d0cae9a9ced.rlib" "/opt/rustwide/target/debug/deps/libpin_utils-741f7d9d160e4a16.rlib" "/opt/rustwide/target/debug/deps/libfutures_core-4fef102c9c2bcb12.rlib" "/opt/rustwide/rustup-home/toolchains/1.75.0-x86_64-unknown-linux-gnu/lib/rustlib/x86_64-unknown-linux-gnu/lib/libstd-90f6ddbf82de36ec.rlib" "/opt/rustwide/rustup-home/toolchains/1.75.0-x86_64-unknown-linux-gnu/lib/rustlib/x86_64-unknown-linux-gnu/lib/libpanic_unwind-480c41e9d4e1f677.rlib" "/opt/rustwide/rustup-home/toolchains/1.75.0-x86_64-unknown-linux-gnu/lib/rustlib/x86_64-unknown-linux-gnu/lib/libobject-db744c0ca03eed1d.rlib" "/opt/rustwide/rustup-home/toolchains/1.75.0-x86_64-unknown-linux-gnu/lib/rustlib/x86_64-unknown-linux-gnu/lib/libmemchr-8ba652dc7d4b285a.rlib" "/opt/rustwide/rustup-home/toolchains/1.75.0-x86_64-unknown-linux-gnu/lib/rustlib/x86_64-unknown-linux-gnu/lib/libaddr2line-d5f4520a9ebc0d58.rlib" "/opt/rustwide/rustup-home/toolchains/1.75.0-x86_64-unknown-linux-gnu/lib/rustlib/x86_64-unknown-linux-gnu/lib/libgimli-4ad84de58f0cb463.rlib" "/opt/rustwide/rustup-home/toolchains/1.75.0-x86_64-unknown-linux-gnu/lib/rustlib/x86_64-unknown-linux-gnu/lib/librustc_demangle-0d10aae2e0f38735.rlib" "/opt/rustwide/rustup-home/toolchains/1.75.0-x86_64-unknown-linux-gnu/lib/rustlib/x86_64-unknown-linux-gnu/lib/libstd_detect-0c17cff739e6745b.rlib" "/opt/rustwide/rustup-home/toolchains/1.75.0-x86_64-unknown-linux-gnu/lib/rustlib/x86_64-unknown-linux-gnu/lib/libhashbrown-b29e17139dde1aa8.rlib" "/opt/rustwide/rustup-home/toolchains/1.75.0-x86_64-unknown-linux-gnu/lib/rustlib/x86_64-unknown-linux-gnu/lib/librustc_std_workspace_alloc-1f975299829cc7bd.rlib" "/opt/rustwide/rustup-home/toolchains/1.75.0-x86_64-unknown-linux-gnu/lib/rustlib/x86_64-unknown-linux-gnu/lib/libminiz_oxide-86bae3bc3079f89b.rlib" "/opt/rustwide/rustup-home/toolchains/1.75.0-x86_64-unknown-linux-gnu/lib/rustlib/x86_64-unknown-linux-gnu/lib/libadler-321b82c30dffdf5f.rlib" "/opt/rustwide/rustup-home/toolchains/1.75.0-x86_64-unknown-linux-gnu/lib/rustlib/x86_64-unknown-linux-gnu/lib/libunwind-3dd8a6810a0bdfef.rlib" "/opt/rustwide/rustup-home/toolchains/1.75.0-x86_64-unknown-linux-gnu/lib/rustlib/x86_64-unknown-linux-gnu/lib/libcfg_if-eb39a61c0c879984.rlib" "/opt/rustwide/rustup-home/toolchains/1.75.0-x86_64-unknown-linux-gnu/lib/rustlib/x86_64-unknown-linux-gnu/lib/liblibc-aa769569f91c3548.rlib" "/opt/rustwide/rustup-home/toolchains/1.75.0-x86_64-unknown-linux-gnu/lib/rustlib/x86_64-unknown-linux-gnu/lib/liballoc-510a192a50a983ed.rlib" "/opt/rustwide/rustup-home/toolchains/1.75.0-x86_64-unknown-linux-gnu/lib/rustlib/x86_64-unknown-linux-gnu/lib/librustc_std_workspace_core-0577018320f99037.rlib" "/opt/rustwide/rustup-home/toolchains/1.75.0-x86_64-unknown-linux-gnu/lib/rustlib/x86_64-unknown-linux-gnu/lib/libcore-193cf992125ccd4c.rlib" "/opt/rustwide/rustup-home/toolchains/1.75.0-x86_64-unknown-linux-gnu/lib/rustlib/x86_64-unknown-linux-gnu/lib/libcompiler_builtins-8e138eaf26ebb4a8.rlib" "-Wl,-Bdynamic" "-lssl" "-lcrypto" "-lgcc_s" "-lutil" "-lrt" "-lpthread" "-lm" "-ldl" "-lc" "-Wl,--eh-frame-hdr" "-Wl,-z,noexecstack" "-L" "/opt/rustwide/rustup-home/toolchains/1.75.0-x86_64-unknown-linux-gnu/lib/rustlib/x86_64-unknown-linux-gnu/lib" "-o" "/opt/rustwide/target/debug/deps/loadnext-6783f06990d4ac1c" "-Wl,--gc-sections" "-pie" "-Wl,-z,relro,-z,now" "-nodefaultlibs"
[INFO] [stdout]   = note: collect2: fatal error: ld terminated with signal 9 [Killed]
[INFO] [stdout]           compilation terminated.
[INFO] [stdout]           
[INFO] [stdout] 
[INFO] [stdout] 
[INFO] [stdout] error: aborting due to previous error
[INFO] [stdout] 
[INFO] [stdout] 
[INFO] [stderr] error: could not compile `loadnext` (bin "loadnext") due to 2 previous errors
[INFO] running `Command { std: "docker" "inspect" "0a67a90bbc455b9747a55bd37201d30db347ded9bda585990e616fc9be67955a", kill_on_drop: false }`
[INFO] running `Command { std: "docker" "rm" "-f" "0a67a90bbc455b9747a55bd37201d30db347ded9bda585990e616fc9be67955a", kill_on_drop: false }`
[INFO] [stdout] 0a67a90bbc455b9747a55bd37201d30db347ded9bda585990e616fc9be67955a
[INFO] testing Art-Arm/ZkSynk against beta-2023-12-22 for beta-1.76-1
[INFO] running `Command { std: "git" "clone" "/workspace/cache/git-repos/https%3A%2F%2Fgithub.com%2FArt-Arm%2FZkSynk" "/workspace/builds/worker-2-tc2/source", kill_on_drop: false }`
[INFO] [stderr] Cloning into '/workspace/builds/worker-2-tc2/source'...
[INFO] [stderr] done.
[INFO] validating manifest of git repo https://github.com/Art-Arm/ZkSynk on toolchain beta-2023-12-22
[INFO] running `Command { std: CARGO_HOME="/workspace/cargo-home" RUSTUP_HOME="/workspace/rustup-home" "/workspace/cargo-home/bin/cargo" "+beta-2023-12-22" "metadata" "--manifest-path" "Cargo.toml" "--no-deps", kill_on_drop: false }`
[INFO] started tweaking git repo https://github.com/Art-Arm/ZkSynk
[INFO] finished tweaking git repo https://github.com/Art-Arm/ZkSynk
[INFO] tweaked toml for git repo https://github.com/Art-Arm/ZkSynk written to /workspace/builds/worker-2-tc2/source/Cargo.toml
[INFO] crate git repo https://github.com/Art-Arm/ZkSynk already has a lockfile, it will not be regenerated
[INFO] running `Command { std: CARGO_HOME="/workspace/cargo-home" RUSTUP_HOME="/workspace/rustup-home" "/workspace/cargo-home/bin/cargo" "+beta-2023-12-22" "fetch" "--manifest-path" "Cargo.toml", kill_on_drop: false }`
[INFO] [stderr] warning: virtual workspace defaulting to `resolver = "1"` despite one or more workspace members being on edition 2021 which implies `resolver = "2"`
[INFO] [stderr] note: to keep the current resolver, specify `workspace.resolver = "1"` in the workspace root's manifest
[INFO] [stderr] note: to use the edition 2021 resolver, specify `workspace.resolver = "2"` in the workspace root's manifest
[INFO] [stderr] note: for more details see https://doc.rust-lang.org/cargo/reference/resolver.html#resolver-versions
[INFO] running `Command { std: "docker" "create" "-v" "/var/lib/crater-agent-workspace/builds/worker-2-tc2/target:/opt/rustwide/target:rw,Z" "-v" "/var/lib/crater-agent-workspace/builds/worker-2-tc2/source:/opt/rustwide/workdir:ro,Z" "-v" "/var/lib/crater-agent-workspace/cargo-home:/opt/rustwide/cargo-home:ro,Z" "-v" "/var/lib/crater-agent-workspace/rustup-home:/opt/rustwide/rustup-home:ro,Z" "-e" "SOURCE_DIR=/opt/rustwide/workdir" "-e" "CARGO_TARGET_DIR=/opt/rustwide/target" "-e" "CARGO_HOME=/opt/rustwide/cargo-home" "-e" "RUSTUP_HOME=/opt/rustwide/rustup-home" "-w" "/opt/rustwide/workdir" "-m" "1610612736" "--user" "0:0" "--network" "none" "ghcr.io/rust-lang/crates-build-env/linux@sha256:2788e3201cd34a07e3172128adcd8b3090168a8e3bcc40d7c032b9dda1df7d1c" "/opt/rustwide/cargo-home/bin/cargo" "+beta-2023-12-22" "metadata" "--no-deps" "--format-version=1", kill_on_drop: false }`
[INFO] [stdout] 4142c82ef23d33558e147643846ca64679b0c3e8ea11ff8557245b0a53d8794e
[INFO] running `Command { std: "docker" "start" "-a" "4142c82ef23d33558e147643846ca64679b0c3e8ea11ff8557245b0a53d8794e", kill_on_drop: false }`
[INFO] running `Command { std: "docker" "inspect" "4142c82ef23d33558e147643846ca64679b0c3e8ea11ff8557245b0a53d8794e", kill_on_drop: false }`
[INFO] running `Command { std: "docker" "rm" "-f" "4142c82ef23d33558e147643846ca64679b0c3e8ea11ff8557245b0a53d8794e", kill_on_drop: false }`
[INFO] [stdout] 4142c82ef23d33558e147643846ca64679b0c3e8ea11ff8557245b0a53d8794e
[INFO] running `Command { std: "docker" "create" "-v" "/var/lib/crater-agent-workspace/builds/worker-2-tc2/target:/opt/rustwide/target:rw,Z" "-v" "/var/lib/crater-agent-workspace/builds/worker-2-tc2/source:/opt/rustwide/workdir:ro,Z" "-v" "/var/lib/crater-agent-workspace/cargo-home:/opt/rustwide/cargo-home:ro,Z" "-v" "/var/lib/crater-agent-workspace/rustup-home:/opt/rustwide/rustup-home:ro,Z" "-e" "SOURCE_DIR=/opt/rustwide/workdir" "-e" "CARGO_TARGET_DIR=/opt/rustwide/target" "-e" "CARGO_INCREMENTAL=0" "-e" "RUST_BACKTRACE=full" "-e" "RUSTFLAGS=--cap-lints=warn" "-e" "RUSTDOCFLAGS=--cap-lints=warn" "-e" "CARGO_HOME=/opt/rustwide/cargo-home" "-e" "RUSTUP_HOME=/opt/rustwide/rustup-home" "-w" "/opt/rustwide/workdir" "-m" "1610612736" "--user" "0:0" "--network" "none" "ghcr.io/rust-lang/crates-build-env/linux@sha256:2788e3201cd34a07e3172128adcd8b3090168a8e3bcc40d7c032b9dda1df7d1c" "/opt/rustwide/cargo-home/bin/cargo" "+beta-2023-12-22" "build" "--frozen" "--message-format=json", kill_on_drop: false }`
[INFO] [stdout] 6426f3493a18d5cca26b18b4fd1a1bbb7b8f22f1c65075dbc0fd8f47301ce57d
[INFO] running `Command { std: "docker" "start" "-a" "6426f3493a18d5cca26b18b4fd1a1bbb7b8f22f1c65075dbc0fd8f47301ce57d", kill_on_drop: false }`
[INFO] [stderr] warning: virtual workspace defaulting to `resolver = "1"` despite one or more workspace members being on edition 2021 which implies `resolver = "2"`
[INFO] [stderr] note: to keep the current resolver, specify `workspace.resolver = "1"` in the workspace root's manifest
[INFO] [stderr] note: to use the edition 2021 resolver, specify `workspace.resolver = "2"` in the workspace root's manifest
[INFO] [stderr] note: for more details see https://doc.rust-lang.org/cargo/reference/resolver.html#resolver-versions
[INFO] [stderr]    Compiling libc v0.2.107
[INFO] [stderr]    Compiling autocfg v1.0.1
[INFO] [stderr]    Compiling proc-macro2 v1.0.32
[INFO] [stderr]    Compiling unicode-xid v0.2.2
[INFO] [stderr]    Compiling syn v1.0.81
[INFO] [stderr]    Compiling version_check v0.9.3
[INFO] [stderr]    Compiling serde_derive v1.0.130
[INFO] [stderr]    Compiling serde v1.0.130
[INFO] [stderr]    Compiling memchr v2.4.1
[INFO] [stderr]    Compiling once_cell v1.10.0
[INFO] [stderr]    Compiling log v0.4.14
[INFO] [stderr]    Compiling typenum v1.14.0
[INFO] [stderr]    Compiling bytes v1.1.0
[INFO] [stderr]    Compiling pin-project-lite v0.2.7
[INFO] [stderr]    Compiling futures-core v0.3.17
[INFO] [stderr]    Compiling proc-macro-hack v0.5.19
[INFO] [stderr]    Compiling smallvec v1.7.0
[INFO] [stderr]    Compiling futures v0.1.31
[INFO] [stderr]    Compiling itoa v0.4.8
[INFO] [stderr]    Compiling quote v1.0.10
[INFO] [stderr]    Compiling ahash v0.7.6
[INFO] [stderr]    Compiling generic-array v0.14.4
[INFO] [stderr]    Compiling ppv-lite86 v0.2.15
[INFO] [stderr]    Compiling slab v0.4.5
[INFO] [stderr]    Compiling libm v0.2.1
[INFO] [stderr]    Compiling num-traits v0.2.14
[INFO] [stderr]    Compiling instant v0.1.12
[INFO] [stderr]    Compiling parking_lot_core v0.8.5
[INFO] [stderr]    Compiling getrandom v0.2.3
[INFO] [stderr]    Compiling num_cpus v1.13.0
[INFO] [stderr]    Compiling jobserver v0.1.24
[INFO] [stderr]    Compiling lock_api v0.4.6
[INFO] [stderr]    Compiling cc v1.0.71
[INFO] [stderr]    Compiling futures-sink v0.3.17
[INFO] [stderr]    Compiling hashbrown v0.11.2
[INFO] [stderr]    Compiling indexmap v1.7.0
[INFO] [stderr]    Compiling futures-io v0.3.17
[INFO] [stderr]    Compiling futures-macro v0.3.17
[INFO] [stderr]    Compiling futures-channel v0.3.17
[INFO] [stderr]    Compiling parking_lot v0.11.2
[INFO] [stderr]    Compiling proc-macro-nested v0.1.7
[INFO] [stderr]    Compiling ryu v1.0.5
[INFO] [stderr]    Compiling futures-task v0.3.17
[INFO] [stderr]    Compiling futures-util v0.3.17
[INFO] [stderr]    Compiling tokio v1.13.1
[INFO] [stderr]    Compiling pin-utils v0.1.0
[INFO] [stderr]    Compiling fnv v1.0.7
[INFO] [stderr]    Compiling mio v0.7.14
[INFO] [stderr]    Compiling signal-hook-registry v1.4.0
[INFO] [stderr]    Compiling num-integer v0.1.44
[INFO] [stderr]    Compiling serde_json v1.0.69
[INFO] [stderr]    Compiling rand_core v0.6.3
[INFO] [stderr]    Compiling tinyvec_macros v0.1.0
[INFO] [stderr]    Compiling opaque-debug v0.3.0
[INFO] [stderr]    Compiling tinyvec v1.5.0
[INFO] [stderr]    Compiling digest v0.9.0
[INFO] [stderr]    Compiling matches v0.1.9
[INFO] [stderr]    Compiling rand_chacha v0.3.1
[INFO] [stderr]    Compiling unicode-bidi v0.3.7
[INFO] [stderr]    Compiling block-padding v0.2.1
[INFO] [stderr]    Compiling rand v0.8.4
[INFO] [stderr]    Compiling block-buffer v0.9.0
[INFO] [stderr]    Compiling regex-syntax v0.6.25
[INFO] [stderr]    Compiling percent-encoding v2.1.0
[INFO] [stderr]    Compiling pkg-config v0.3.22
[INFO] [stderr]    Compiling http v0.2.5
[INFO] [stderr]    Compiling aho-corasick v0.7.18
[INFO] [stderr]    Compiling unicode-normalization v0.1.19
[INFO] [stderr]    Compiling httparse v1.5.1
[INFO] [stderr]    Compiling openssl-sys v0.9.70
[INFO] [stderr]    Compiling form_urlencoded v1.0.1
[INFO] [stderr]    Compiling tracing-core v0.1.21
[INFO] [stderr]    Compiling hex v0.4.3
[INFO] [stderr]    Compiling idna v0.2.3
[INFO] [stderr]    Compiling crunchy v0.2.2
[INFO] [stderr]    Compiling base64 v0.13.0
[INFO] [stderr]    Compiling maybe-uninit v2.0.0
[INFO] [stderr]    Compiling cpufeatures v0.2.1
[INFO] [stderr]    Compiling openssl v0.10.38
[INFO] [stderr]    Compiling foreign-types-shared v0.1.1
[INFO] [stderr]    Compiling foreign-types v0.3.2
[INFO] [stderr]    Compiling getrandom v0.1.16
[INFO] [stderr]    Compiling native-tls v0.2.8
[INFO] [stderr]    Compiling time v0.1.43
[INFO] [stderr]    Compiling regex v1.5.5
[INFO] [stderr]    Compiling crossbeam-utils v0.7.2
[INFO] [stderr]    Compiling crossbeam-utils v0.8.5
[INFO] [stderr]    Compiling openssl-probe v0.1.4
[INFO] [stderr]    Compiling subtle v2.4.1
[INFO] [stderr]    Compiling httpdate v1.0.1
[INFO] [stderr]    Compiling static_assertions v1.1.0
[INFO] [stderr]    Compiling rand_core v0.5.1
[INFO] [stderr]    Compiling rand_chacha v0.2.2
[INFO] [stderr]    Compiling socket2 v0.4.2
[INFO] [stderr]    Compiling autocfg v0.1.7
[INFO] [stderr]    Compiling radium v0.6.2
[INFO] [stderr]    Compiling rand v0.7.3
[INFO] [stderr]    Compiling rustc-serialize v0.3.24
[INFO] [stderr]    Compiling rustc-hex v2.1.0
[INFO] [stderr]    Compiling funty v1.1.0
[INFO] [stdout] error[E0310]: the parameter type `T` may not live long enough
[INFO] [stdout]     --> /opt/rustwide/cargo-home/registry/src/index.crates.io-6f17d22bba15001f/rustc-serialize-0.3.24/src/serialize.rs:1155:5
[INFO] [stdout]      |
[INFO] [stdout] 1155 |     fn decode<D: Decoder>(d: &mut D) -> Result<Cow<'static, T>, D::Error> {
[INFO] [stdout]      |     ^^^^^^^^^^^^^^^^^^^^^^^^^^^^^^^^^^^^^^^^^^^^^^^^^^^^^^^^^^^^^^^^^^^^^
[INFO] [stdout]      |     |
[INFO] [stdout]      |     the parameter type `T` must be valid for the static lifetime...
[INFO] [stdout]      |     ...so that the type `T` will meet its required lifetime bounds...
[INFO] [stdout]      |
[INFO] [stdout] note: ...that is required by this bound
[INFO] [stdout]     --> /rustc/0e09125c6c3c2fd70d7de961bcf0e51575235fad/library/alloc/src/borrow.rs:180:30
[INFO] [stdout] help: consider adding an explicit lifetime bound
[INFO] [stdout]      |
[INFO] [stdout] 1151 | impl<'a, T: ?Sized + 'static> Decodable for Cow<'a, T>
[INFO] [stdout]      |                    +++++++++
[INFO] [stdout] 
[INFO] [stdout] 
[INFO] [stderr]    Compiling tap v1.0.1
[INFO] [stderr]    Compiling wyz v0.2.0
[INFO] [stderr]    Compiling rlp v0.5.1
[INFO] [stderr]    Compiling sha-1 v0.9.8
[INFO] [stderr]    Compiling generic-array v0.12.4
[INFO] [stdout] error: aborting due to 1 previous error
[INFO] [stdout] 
[INFO] [stdout] 
[INFO] [stdout] For more information about this error, try `rustc --explain E0310`.
[INFO] [stdout] 
[INFO] [stderr] error: could not compile `rustc-serialize` (lib) due to 2 previous errors
[INFO] [stderr] warning: build failed, waiting for other jobs to finish...
[INFO] running `Command { std: "docker" "inspect" "6426f3493a18d5cca26b18b4fd1a1bbb7b8f22f1c65075dbc0fd8f47301ce57d", kill_on_drop: false }`
[INFO] running `Command { std: "docker" "rm" "-f" "6426f3493a18d5cca26b18b4fd1a1bbb7b8f22f1c65075dbc0fd8f47301ce57d", kill_on_drop: false }`
[INFO] [stdout] 6426f3493a18d5cca26b18b4fd1a1bbb7b8f22f1c65075dbc0fd8f47301ce57d
