[INFO] cloning repository https://github.com/Array-fish/password_hash_test
[INFO] running `Command { std: "git" "-c" "credential.helper=" "-c" "credential.helper=/workspace/cargo-home/bin/git-credential-null" "clone" "--bare" "https://github.com/Array-fish/password_hash_test" "/workspace/cache/git-repos/https%3A%2F%2Fgithub.com%2FArray-fish%2Fpassword_hash_test", kill_on_drop: false }`
[INFO] [stderr] Cloning into bare repository '/workspace/cache/git-repos/https%3A%2F%2Fgithub.com%2FArray-fish%2Fpassword_hash_test'...
[INFO] running `Command { std: "git" "rev-parse" "HEAD", kill_on_drop: false }`
[INFO] [stdout] 9fbaebc916e9419ebac8c8de04fbd5bd08c1e189
[INFO] testing Array-fish/password_hash_test against 1.75.0 for beta-1.76-1
[INFO] running `Command { std: "git" "clone" "/workspace/cache/git-repos/https%3A%2F%2Fgithub.com%2FArray-fish%2Fpassword_hash_test" "/workspace/builds/worker-0-tc1/source", kill_on_drop: false }`
[INFO] [stderr] Cloning into '/workspace/builds/worker-0-tc1/source'...
[INFO] [stderr] done.
[INFO] validating manifest of git repo https://github.com/Array-fish/password_hash_test on toolchain 1.75.0
[INFO] running `Command { std: CARGO_HOME="/workspace/cargo-home" RUSTUP_HOME="/workspace/rustup-home" "/workspace/cargo-home/bin/cargo" "+1.75.0" "metadata" "--manifest-path" "Cargo.toml" "--no-deps", kill_on_drop: false }`
[INFO] started tweaking git repo https://github.com/Array-fish/password_hash_test
[INFO] finished tweaking git repo https://github.com/Array-fish/password_hash_test
[INFO] tweaked toml for git repo https://github.com/Array-fish/password_hash_test written to /workspace/builds/worker-0-tc1/source/Cargo.toml
[INFO] crate git repo https://github.com/Array-fish/password_hash_test already has a lockfile, it will not be regenerated
[INFO] running `Command { std: CARGO_HOME="/workspace/cargo-home" RUSTUP_HOME="/workspace/rustup-home" "/workspace/cargo-home/bin/cargo" "+1.75.0" "fetch" "--manifest-path" "Cargo.toml", kill_on_drop: false }`
[INFO] running `Command { std: "docker" "create" "-v" "/var/lib/crater-agent-workspace/builds/worker-0-tc1/target:/opt/rustwide/target:rw,Z" "-v" "/var/lib/crater-agent-workspace/builds/worker-0-tc1/source:/opt/rustwide/workdir:ro,Z" "-v" "/var/lib/crater-agent-workspace/cargo-home:/opt/rustwide/cargo-home:ro,Z" "-v" "/var/lib/crater-agent-workspace/rustup-home:/opt/rustwide/rustup-home:ro,Z" "-e" "SOURCE_DIR=/opt/rustwide/workdir" "-e" "CARGO_TARGET_DIR=/opt/rustwide/target" "-e" "CARGO_HOME=/opt/rustwide/cargo-home" "-e" "RUSTUP_HOME=/opt/rustwide/rustup-home" "-w" "/opt/rustwide/workdir" "-m" "1610612736" "--user" "0:0" "--network" "none" "ghcr.io/rust-lang/crates-build-env/linux@sha256:2788e3201cd34a07e3172128adcd8b3090168a8e3bcc40d7c032b9dda1df7d1c" "/opt/rustwide/cargo-home/bin/cargo" "+1.75.0" "metadata" "--no-deps" "--format-version=1", kill_on_drop: false }`
[INFO] [stdout] 4258fc0242cd7def1fdbe3ef8ece5238776203031e56d7e31a078a5e023a4992
[INFO] running `Command { std: "docker" "start" "-a" "4258fc0242cd7def1fdbe3ef8ece5238776203031e56d7e31a078a5e023a4992", kill_on_drop: false }`
[INFO] running `Command { std: "docker" "inspect" "4258fc0242cd7def1fdbe3ef8ece5238776203031e56d7e31a078a5e023a4992", kill_on_drop: false }`
[INFO] running `Command { std: "docker" "rm" "-f" "4258fc0242cd7def1fdbe3ef8ece5238776203031e56d7e31a078a5e023a4992", kill_on_drop: false }`
[INFO] [stdout] 4258fc0242cd7def1fdbe3ef8ece5238776203031e56d7e31a078a5e023a4992
[INFO] running `Command { std: "docker" "create" "-v" "/var/lib/crater-agent-workspace/builds/worker-0-tc1/target:/opt/rustwide/target:rw,Z" "-v" "/var/lib/crater-agent-workspace/builds/worker-0-tc1/source:/opt/rustwide/workdir:ro,Z" "-v" "/var/lib/crater-agent-workspace/cargo-home:/opt/rustwide/cargo-home:ro,Z" "-v" "/var/lib/crater-agent-workspace/rustup-home:/opt/rustwide/rustup-home:ro,Z" "-e" "SOURCE_DIR=/opt/rustwide/workdir" "-e" "CARGO_TARGET_DIR=/opt/rustwide/target" "-e" "CARGO_INCREMENTAL=0" "-e" "RUST_BACKTRACE=full" "-e" "RUSTFLAGS=--cap-lints=warn" "-e" "RUSTDOCFLAGS=--cap-lints=warn" "-e" "CARGO_HOME=/opt/rustwide/cargo-home" "-e" "RUSTUP_HOME=/opt/rustwide/rustup-home" "-w" "/opt/rustwide/workdir" "-m" "1610612736" "--user" "0:0" "--network" "none" "ghcr.io/rust-lang/crates-build-env/linux@sha256:2788e3201cd34a07e3172128adcd8b3090168a8e3bcc40d7c032b9dda1df7d1c" "/opt/rustwide/cargo-home/bin/cargo" "+1.75.0" "build" "--frozen" "--message-format=json", kill_on_drop: false }`
[INFO] [stdout] e0bd66f47ca7f05acb082811a4dd7ebb1720c7cbf7fa281648ca7da862ccf8d6
[INFO] running `Command { std: "docker" "start" "-a" "e0bd66f47ca7f05acb082811a4dd7ebb1720c7cbf7fa281648ca7da862ccf8d6", kill_on_drop: false }`
[INFO] [stderr]    Compiling rand_core v0.6.4
[INFO] [stderr]    Compiling base64ct v1.6.0
[INFO] [stderr]    Compiling password-hash v0.5.0
[INFO] [stderr]    Compiling password_hash_test v0.1.0 (/opt/rustwide/workdir)
[INFO] [stdout] error: expected `;`, found `assert_eq`
[INFO] [stdout]   --> src/main.rs:40:50
[INFO] [stdout]    |
[INFO] [stdout] 40 |     password_hash.verify_password(phfs, password)
[INFO] [stdout]    |                                                  ^ help: add `;` here
[INFO] [stdout] 41 |     assert_eq!(
[INFO] [stdout]    |     --------- unexpected token
[INFO] [stdout] 
[INFO] [stdout] 
[INFO] [stdout] error[E0425]: cannot find value `s` in this scope
[INFO] [stdout]   --> src/main.rs:42:9
[INFO] [stdout]    |
[INFO] [stdout] 42 |         s,
[INFO] [stdout]    |         ^ not found in this scope
[INFO] [stdout] 
[INFO] [stdout] 
[INFO] [stdout] error[E0425]: cannot find value `s` in this scope
[INFO] [stdout]   --> src/main.rs:46:38
[INFO] [stdout]    |
[INFO] [stdout] 46 |     let ph2 = PasswordHash::try_from(s.as_str()).unwrap();
[INFO] [stdout]    |                                      ^ not found in this scope
[INFO] [stdout] 
[INFO] [stdout] 
[INFO] [stdout] warning: unused import: `Salt`
[INFO] [stdout]  --> src/main.rs:1:56
[INFO] [stdout]   |
[INFO] [stdout] 1 | use password_hash::{Ident, ParamsString, PasswordHash, Salt};
[INFO] [stdout]   |                                                        ^^^^
[INFO] [stdout]   |
[INFO] [stdout]   = note: `#[warn(unused_imports)]` on by default
[INFO] [stdout] 
[INFO] [stdout] 
[INFO] [stdout] error: aborting due to 3 previous errors; 1 warning emitted
[INFO] [stdout] 
[INFO] [stdout] 
[INFO] [stdout] For more information about this error, try `rustc --explain E0425`.
[INFO] [stdout] 
[INFO] [stderr] error: could not compile `password_hash_test` (bin "password_hash_test") due to 4 previous errors; 1 warning emitted
[INFO] running `Command { std: "docker" "inspect" "e0bd66f47ca7f05acb082811a4dd7ebb1720c7cbf7fa281648ca7da862ccf8d6", kill_on_drop: false }`
[INFO] running `Command { std: "docker" "rm" "-f" "e0bd66f47ca7f05acb082811a4dd7ebb1720c7cbf7fa281648ca7da862ccf8d6", kill_on_drop: false }`
[INFO] [stdout] e0bd66f47ca7f05acb082811a4dd7ebb1720c7cbf7fa281648ca7da862ccf8d6
[INFO] testing Array-fish/password_hash_test against beta-2023-12-22 for beta-1.76-1
[INFO] running `Command { std: "git" "clone" "/workspace/cache/git-repos/https%3A%2F%2Fgithub.com%2FArray-fish%2Fpassword_hash_test" "/workspace/builds/worker-0-tc2/source", kill_on_drop: false }`
[INFO] [stderr] Cloning into '/workspace/builds/worker-0-tc2/source'...
[INFO] [stderr] done.
[INFO] validating manifest of git repo https://github.com/Array-fish/password_hash_test on toolchain beta-2023-12-22
[INFO] running `Command { std: CARGO_HOME="/workspace/cargo-home" RUSTUP_HOME="/workspace/rustup-home" "/workspace/cargo-home/bin/cargo" "+beta-2023-12-22" "metadata" "--manifest-path" "Cargo.toml" "--no-deps", kill_on_drop: false }`
[INFO] started tweaking git repo https://github.com/Array-fish/password_hash_test
[INFO] finished tweaking git repo https://github.com/Array-fish/password_hash_test
[INFO] tweaked toml for git repo https://github.com/Array-fish/password_hash_test written to /workspace/builds/worker-0-tc2/source/Cargo.toml
[INFO] crate git repo https://github.com/Array-fish/password_hash_test already has a lockfile, it will not be regenerated
[INFO] running `Command { std: CARGO_HOME="/workspace/cargo-home" RUSTUP_HOME="/workspace/rustup-home" "/workspace/cargo-home/bin/cargo" "+beta-2023-12-22" "fetch" "--manifest-path" "Cargo.toml", kill_on_drop: false }`
[INFO] running `Command { std: "docker" "create" "-v" "/var/lib/crater-agent-workspace/builds/worker-0-tc2/target:/opt/rustwide/target:rw,Z" "-v" "/var/lib/crater-agent-workspace/builds/worker-0-tc2/source:/opt/rustwide/workdir:ro,Z" "-v" "/var/lib/crater-agent-workspace/cargo-home:/opt/rustwide/cargo-home:ro,Z" "-v" "/var/lib/crater-agent-workspace/rustup-home:/opt/rustwide/rustup-home:ro,Z" "-e" "SOURCE_DIR=/opt/rustwide/workdir" "-e" "CARGO_TARGET_DIR=/opt/rustwide/target" "-e" "CARGO_HOME=/opt/rustwide/cargo-home" "-e" "RUSTUP_HOME=/opt/rustwide/rustup-home" "-w" "/opt/rustwide/workdir" "-m" "1610612736" "--user" "0:0" "--network" "none" "ghcr.io/rust-lang/crates-build-env/linux@sha256:2788e3201cd34a07e3172128adcd8b3090168a8e3bcc40d7c032b9dda1df7d1c" "/opt/rustwide/cargo-home/bin/cargo" "+beta-2023-12-22" "metadata" "--no-deps" "--format-version=1", kill_on_drop: false }`
[INFO] [stdout] d7a706f37b73f1275c7bc696a4e3e788265a7e077a94a0575aecb95744ac09d2
[INFO] running `Command { std: "docker" "start" "-a" "d7a706f37b73f1275c7bc696a4e3e788265a7e077a94a0575aecb95744ac09d2", kill_on_drop: false }`
[INFO] running `Command { std: "docker" "inspect" "d7a706f37b73f1275c7bc696a4e3e788265a7e077a94a0575aecb95744ac09d2", kill_on_drop: false }`
[INFO] running `Command { std: "docker" "rm" "-f" "d7a706f37b73f1275c7bc696a4e3e788265a7e077a94a0575aecb95744ac09d2", kill_on_drop: false }`
[INFO] [stdout] d7a706f37b73f1275c7bc696a4e3e788265a7e077a94a0575aecb95744ac09d2
[INFO] running `Command { std: "docker" "create" "-v" "/var/lib/crater-agent-workspace/builds/worker-0-tc2/target:/opt/rustwide/target:rw,Z" "-v" "/var/lib/crater-agent-workspace/builds/worker-0-tc2/source:/opt/rustwide/workdir:ro,Z" "-v" "/var/lib/crater-agent-workspace/cargo-home:/opt/rustwide/cargo-home:ro,Z" "-v" "/var/lib/crater-agent-workspace/rustup-home:/opt/rustwide/rustup-home:ro,Z" "-e" "SOURCE_DIR=/opt/rustwide/workdir" "-e" "CARGO_TARGET_DIR=/opt/rustwide/target" "-e" "CARGO_INCREMENTAL=0" "-e" "RUST_BACKTRACE=full" "-e" "RUSTFLAGS=--cap-lints=warn" "-e" "RUSTDOCFLAGS=--cap-lints=warn" "-e" "CARGO_HOME=/opt/rustwide/cargo-home" "-e" "RUSTUP_HOME=/opt/rustwide/rustup-home" "-w" "/opt/rustwide/workdir" "-m" "1610612736" "--user" "0:0" "--network" "none" "ghcr.io/rust-lang/crates-build-env/linux@sha256:2788e3201cd34a07e3172128adcd8b3090168a8e3bcc40d7c032b9dda1df7d1c" "/opt/rustwide/cargo-home/bin/cargo" "+beta-2023-12-22" "build" "--frozen" "--message-format=json", kill_on_drop: false }`
[INFO] [stdout] 375dcb8911577c211d4b916900b71ca72923b3e7d7b0b2d118499025807906d3
[INFO] running `Command { std: "docker" "start" "-a" "375dcb8911577c211d4b916900b71ca72923b3e7d7b0b2d118499025807906d3", kill_on_drop: false }`
[INFO] [stderr]    Compiling base64ct v1.6.0
[INFO] [stderr]    Compiling rand_core v0.6.4
[INFO] [stderr]    Compiling password-hash v0.5.0
[INFO] [stderr]    Compiling password_hash_test v0.1.0 (/opt/rustwide/workdir)
[INFO] [stdout] error: expected `;`, found `assert_eq`
[INFO] [stdout]   --> src/main.rs:40:50
[INFO] [stdout]    |
[INFO] [stdout] 40 |     password_hash.verify_password(phfs, password)
[INFO] [stdout]    |                                                  ^ help: add `;` here
[INFO] [stdout] 41 |     assert_eq!(
[INFO] [stdout]    |     --------- unexpected token
[INFO] [stdout] 
[INFO] [stdout] 
[INFO] [stdout] error[E0425]: cannot find value `s` in this scope
[INFO] [stdout]   --> src/main.rs:42:9
[INFO] [stdout]    |
[INFO] [stdout] 42 |         s,
[INFO] [stdout]    |         ^ not found in this scope
[INFO] [stdout] 
[INFO] [stdout] 
[INFO] [stdout] error[E0425]: cannot find value `s` in this scope
[INFO] [stdout]   --> src/main.rs:46:38
[INFO] [stdout]    |
[INFO] [stdout] 46 |     let ph2 = PasswordHash::try_from(s.as_str()).unwrap();
[INFO] [stdout]    |                                      ^ not found in this scope
[INFO] [stdout] 
[INFO] [stdout] 
[INFO] [stdout] warning: unused import: `Salt`
[INFO] [stdout]  --> src/main.rs:1:56
[INFO] [stdout]   |
[INFO] [stdout] 1 | use password_hash::{Ident, ParamsString, PasswordHash, Salt};
[INFO] [stdout]   |                                                        ^^^^
[INFO] [stdout]   |
[INFO] [stdout]   = note: `#[warn(unused_imports)]` on by default
[INFO] [stdout] 
[INFO] [stdout] 
[INFO] [stdout] error: aborting due to 3 previous errors; 1 warning emitted
[INFO] [stdout] 
[INFO] [stdout] 
[INFO] [stdout] For more information about this error, try `rustc --explain E0425`.
[INFO] [stdout] 
[INFO] [stderr] error: could not compile `password_hash_test` (bin "password_hash_test") due to 4 previous errors; 1 warning emitted
[INFO] running `Command { std: "docker" "inspect" "375dcb8911577c211d4b916900b71ca72923b3e7d7b0b2d118499025807906d3", kill_on_drop: false }`
[INFO] running `Command { std: "docker" "rm" "-f" "375dcb8911577c211d4b916900b71ca72923b3e7d7b0b2d118499025807906d3", kill_on_drop: false }`
[INFO] [stdout] 375dcb8911577c211d4b916900b71ca72923b3e7d7b0b2d118499025807906d3
