[INFO] cloning repository https://github.com/Arnaslie/bitcoin_client_rust
[INFO] running `Command { std: "git" "-c" "credential.helper=" "-c" "credential.helper=/workspace/cargo-home/bin/git-credential-null" "clone" "--bare" "https://github.com/Arnaslie/bitcoin_client_rust" "/workspace/cache/git-repos/https%3A%2F%2Fgithub.com%2FArnaslie%2Fbitcoin_client_rust", kill_on_drop: false }`
[INFO] [stderr] Cloning into bare repository '/workspace/cache/git-repos/https%3A%2F%2Fgithub.com%2FArnaslie%2Fbitcoin_client_rust'...
[INFO] running `Command { std: "git" "rev-parse" "HEAD", kill_on_drop: false }`
[INFO] [stdout] c8226c013b6a532519068e0150578767bf562e99
[INFO] testing Arnaslie/bitcoin_client_rust against 1.75.0 for beta-1.76-1
[INFO] running `Command { std: "git" "clone" "/workspace/cache/git-repos/https%3A%2F%2Fgithub.com%2FArnaslie%2Fbitcoin_client_rust" "/workspace/builds/worker-6-tc1/source", kill_on_drop: false }`
[INFO] [stderr] Cloning into '/workspace/builds/worker-6-tc1/source'...
[INFO] [stderr] done.
[INFO] validating manifest of git repo https://github.com/Arnaslie/bitcoin_client_rust on toolchain 1.75.0
[INFO] running `Command { std: CARGO_HOME="/workspace/cargo-home" RUSTUP_HOME="/workspace/rustup-home" "/workspace/cargo-home/bin/cargo" "+1.75.0" "metadata" "--manifest-path" "Cargo.toml" "--no-deps", kill_on_drop: false }`
[INFO] started tweaking git repo https://github.com/Arnaslie/bitcoin_client_rust
[INFO] finished tweaking git repo https://github.com/Arnaslie/bitcoin_client_rust
[INFO] tweaked toml for git repo https://github.com/Arnaslie/bitcoin_client_rust written to /workspace/builds/worker-6-tc1/source/Cargo.toml
[INFO] crate git repo https://github.com/Arnaslie/bitcoin_client_rust already has a lockfile, it will not be regenerated
[INFO] running `Command { std: CARGO_HOME="/workspace/cargo-home" RUSTUP_HOME="/workspace/rustup-home" "/workspace/cargo-home/bin/cargo" "+1.75.0" "fetch" "--manifest-path" "Cargo.toml", kill_on_drop: false }`
[INFO] [stderr]  Downloading crates ...
[INFO] [stderr]   Downloaded ntest_test_cases v0.7.3
[INFO] [stderr]   Downloaded ntest_proc_macro_helper v0.7.3
[INFO] [stderr]   Downloaded ntest v0.7.3
[INFO] [stderr]   Downloaded ntest_timeout v0.7.3
[INFO] [stderr]   Downloaded tiny_http v0.9.0
[INFO] [stderr]   Downloaded futures-channel v0.3.18
[INFO] [stderr]   Downloaded wasm-bindgen-shared v0.2.51
[INFO] [stderr]   Downloaded untrusted v0.7.0
[INFO] [stderr]   Downloaded wasm-bindgen-macro-support v0.2.51
[INFO] [stderr]   Downloaded wasm-bindgen-macro v0.2.51
[INFO] [stderr]   Downloaded js-sys v0.3.28
[INFO] [stderr]   Downloaded wasm-bindgen v0.2.51
[INFO] [stderr]   Downloaded web-sys v0.3.28
[INFO] [stderr]   Downloaded wasm-bindgen-backend v0.2.51
[INFO] [stderr]   Downloaded ring v0.16.9
[INFO] [stderr]   Downloaded wasm-bindgen-webidl v0.2.51
[INFO] [stderr]   Downloaded async-process v1.3.0
[INFO] [stderr]   Downloaded futures-io v0.3.18
[INFO] [stderr]   Downloaded ascii v1.0.0
[INFO] [stderr]   Downloaded async-fs v1.5.0
[INFO] [stderr]   Downloaded async-net v1.6.1
[INFO] [stderr]   Downloaded futures-executor v0.3.18
[INFO] [stderr]   Downloaded futures v0.3.18
[INFO] [stderr]   Downloaded hex v0.4.0
[INFO] running `Command { std: "docker" "create" "-v" "/var/lib/crater-agent-workspace/builds/worker-6-tc1/target:/opt/rustwide/target:rw,Z" "-v" "/var/lib/crater-agent-workspace/builds/worker-6-tc1/source:/opt/rustwide/workdir:ro,Z" "-v" "/var/lib/crater-agent-workspace/cargo-home:/opt/rustwide/cargo-home:ro,Z" "-v" "/var/lib/crater-agent-workspace/rustup-home:/opt/rustwide/rustup-home:ro,Z" "-e" "SOURCE_DIR=/opt/rustwide/workdir" "-e" "CARGO_TARGET_DIR=/opt/rustwide/target" "-e" "CARGO_HOME=/opt/rustwide/cargo-home" "-e" "RUSTUP_HOME=/opt/rustwide/rustup-home" "-w" "/opt/rustwide/workdir" "-m" "1610612736" "--user" "0:0" "--network" "none" "ghcr.io/rust-lang/crates-build-env/linux@sha256:2788e3201cd34a07e3172128adcd8b3090168a8e3bcc40d7c032b9dda1df7d1c" "/opt/rustwide/cargo-home/bin/cargo" "+1.75.0" "metadata" "--no-deps" "--format-version=1", kill_on_drop: false }`
[INFO] [stdout] 31d8e644c274297b3b568dd5c75695b60a3252a53d44bf3353168a6d2d002c4e
[INFO] running `Command { std: "docker" "start" "-a" "31d8e644c274297b3b568dd5c75695b60a3252a53d44bf3353168a6d2d002c4e", kill_on_drop: false }`
[INFO] running `Command { std: "docker" "inspect" "31d8e644c274297b3b568dd5c75695b60a3252a53d44bf3353168a6d2d002c4e", kill_on_drop: false }`
[INFO] running `Command { std: "docker" "rm" "-f" "31d8e644c274297b3b568dd5c75695b60a3252a53d44bf3353168a6d2d002c4e", kill_on_drop: false }`
[INFO] [stdout] 31d8e644c274297b3b568dd5c75695b60a3252a53d44bf3353168a6d2d002c4e
[INFO] running `Command { std: "docker" "create" "-v" "/var/lib/crater-agent-workspace/builds/worker-6-tc1/target:/opt/rustwide/target:rw,Z" "-v" "/var/lib/crater-agent-workspace/builds/worker-6-tc1/source:/opt/rustwide/workdir:ro,Z" "-v" "/var/lib/crater-agent-workspace/cargo-home:/opt/rustwide/cargo-home:ro,Z" "-v" "/var/lib/crater-agent-workspace/rustup-home:/opt/rustwide/rustup-home:ro,Z" "-e" "SOURCE_DIR=/opt/rustwide/workdir" "-e" "CARGO_TARGET_DIR=/opt/rustwide/target" "-e" "CARGO_INCREMENTAL=0" "-e" "RUST_BACKTRACE=full" "-e" "RUSTFLAGS=--cap-lints=warn" "-e" "RUSTDOCFLAGS=--cap-lints=warn" "-e" "CARGO_HOME=/opt/rustwide/cargo-home" "-e" "RUSTUP_HOME=/opt/rustwide/rustup-home" "-w" "/opt/rustwide/workdir" "-m" "1610612736" "--user" "0:0" "--network" "none" "ghcr.io/rust-lang/crates-build-env/linux@sha256:2788e3201cd34a07e3172128adcd8b3090168a8e3bcc40d7c032b9dda1df7d1c" "/opt/rustwide/cargo-home/bin/cargo" "+1.75.0" "build" "--frozen" "--message-format=json", kill_on_drop: false }`
[INFO] [stdout] aea94bba0da76fdcf17ea113670e15e86080530d53be26bf9d71f7098cdfa938
[INFO] running `Command { std: "docker" "start" "-a" "aea94bba0da76fdcf17ea113670e15e86080530d53be26bf9d71f7098cdfa938", kill_on_drop: false }`
[INFO] [stderr]    Compiling libc v0.2.108
[INFO] [stderr]    Compiling cfg-if v1.0.0
[INFO] [stderr]    Compiling futures-core v0.3.18
[INFO] [stderr]    Compiling memchr v2.4.1
[INFO] [stderr]    Compiling proc-macro2 v1.0.32
[INFO] [stderr]    Compiling futures-io v0.3.18
[INFO] [stderr]    Compiling autocfg v0.1.6
[INFO] [stderr]    Compiling pin-project-lite v0.2.7
[INFO] [stderr]    Compiling unicode-xid v0.2.0
[INFO] [stderr]    Compiling syn v1.0.82
[INFO] [stderr]    Compiling lazy_static v1.4.0
[INFO] [stderr]    Compiling event-listener v2.5.1
[INFO] [stderr]    Compiling cache-padded v1.1.1
[INFO] [stderr]    Compiling log v0.4.14
[INFO] [stderr]    Compiling fastrand v1.5.0
[INFO] [stderr]    Compiling waker-fn v1.1.0
[INFO] [stderr]    Compiling slab v0.4.2
[INFO] [stderr]    Compiling parking v2.0.0
[INFO] [stderr]    Compiling once_cell v1.8.0
[INFO] [stderr]    Compiling concurrent-queue v1.2.2
[INFO] [stderr]    Compiling crossbeam-utils v0.8.5
[INFO] [stderr]    Compiling autocfg v1.0.1
[INFO] [stderr]    Compiling async-task v4.0.3
[INFO] [stderr]    Compiling futures-task v0.3.18
[INFO] [stderr]    Compiling futures-channel v0.3.18
[INFO] [stderr]    Compiling smallvec v0.6.10
[INFO] [stderr]    Compiling serde v1.0.101
[INFO] [stderr]    Compiling futures-util v0.3.18
[INFO] [stderr]    Compiling num-traits v0.2.8
[INFO] [stderr]    Compiling num-integer v0.1.41
[INFO] [stderr]    Compiling atomic-waker v1.0.0
[INFO] [stderr]    Compiling async-channel v1.6.1
[INFO] [stderr]    Compiling matches v0.1.8
[INFO] [stderr]    Compiling futures-sink v0.3.18
[INFO] [stderr]    Compiling signal-hook v0.3.10
[INFO] [stderr]    Compiling crossbeam-epoch v0.9.5
[INFO] [stderr]    Compiling unicode-bidi v0.3.4
[INFO] [stderr]    Compiling unicode-normalization v0.1.8
[INFO] [stderr]    Compiling scopeguard v1.1.0
[INFO] [stderr]    Compiling pin-utils v0.1.0
[INFO] [stderr]    Compiling memoffset v0.6.4
[INFO] [stderr]    Compiling crossbeam-queue v0.3.2
[INFO] [stderr]    Compiling byteorder v1.3.2
[INFO] [stderr]    Compiling cc v1.0.45
[INFO] [stderr]    Compiling bitflags v1.2.0
[INFO] [stderr]    Compiling ryu v1.0.2
[INFO] [stderr]    Compiling bincode v1.2.0
[INFO] [stderr]    Compiling quote v1.0.2
[INFO] [stderr]    Compiling async-lock v2.4.0
[INFO] [stderr]    Compiling futures-lite v1.12.0
[INFO] [stderr]    Compiling polling v2.2.0
[INFO] [stderr]    Compiling socket2 v0.4.2
[INFO] [stderr]    Compiling signal-hook-registry v1.4.0
[INFO] [stderr]    Compiling getrandom v0.2.3
[INFO] [stderr]    Compiling time v0.1.44
[INFO] [stderr]    Compiling atty v0.2.13
[INFO] [stderr]    Compiling term_size v0.3.1
[INFO] [stderr]    Compiling percent-encoding v2.1.0
[INFO] [stderr]    Compiling unicode-width v0.1.6
[INFO] [stderr]    Compiling ppv-lite86 v0.2.15
[INFO] [stderr]    Compiling rand_core v0.6.3
[INFO] [stderr]    Compiling textwrap v0.11.0
[INFO] [stderr]    Compiling idna v0.2.0
[INFO] [stderr]    Compiling crossbeam-deque v0.8.1
[INFO] [stderr]    Compiling crossbeam-channel v0.5.1
[INFO] [stderr]    Compiling simple-mutex v1.1.5
[INFO] [stderr]    Compiling rand_chacha v0.3.1
[INFO] [stderr]    Compiling thread_local v1.0.1
[INFO] [stderr]    Compiling blocking v1.1.0
[INFO] [stderr]    Compiling async-io v1.6.0
[INFO] [stderr]    Compiling async-executor v1.4.1
[INFO] [stderr]    Compiling ring v0.16.9
[INFO] [stderr]    Compiling ansi_term v0.11.0
[INFO] [stderr]    Compiling chunked_transfer v1.4.0
[INFO] [stderr]    Compiling termcolor v1.1.2
[INFO] [stderr]    Compiling spin v0.5.2
[INFO] [stderr]    Compiling chrono v0.4.19
[INFO] [stderr]    Compiling url v2.1.0
[INFO] [stderr]    Compiling async-fs v1.5.0
[INFO] [stderr]    Compiling itoa v0.4.4
[INFO] [stderr]    Compiling ascii v1.0.0
[INFO] [stderr]    Compiling strsim v0.8.0
[INFO] [stderr]    Compiling untrusted v0.7.0
[INFO] [stderr]    Compiling vec_map v0.8.1
[INFO] [stderr]    Compiling rand v0.8.4
[INFO] [stderr]    Compiling async-net v1.6.1
[INFO] [stderr]    Compiling async-process v1.3.0
[INFO] [stderr]    Compiling clap v2.33.0
[INFO] [stderr]    Compiling crossbeam v0.8.1
[INFO] [stderr]    Compiling async-dup v1.2.2
[INFO] [stderr]    Compiling hex-literal v0.3.4
[INFO] [stderr]    Compiling hex v0.4.0
[INFO] [stderr]    Compiling smol v1.2.5
[INFO] [stderr]    Compiling tiny_http v0.9.0
[INFO] [stderr]    Compiling stderrlog v0.5.1
[INFO] [stderr]    Compiling futures-macro v0.3.18
[INFO] [stderr]    Compiling serde_derive v1.0.101
[INFO] [stderr]    Compiling futures-executor v0.3.18
[INFO] [stderr]    Compiling futures v0.3.18
[INFO] [stderr]    Compiling serde_json v1.0.44
[INFO] [stderr]    Compiling bitcoin v0.1.0 (/opt/rustwide/workdir)
[INFO] [stdout] error[E0583]: file not found for module `transaction_generator`
[INFO] [stdout]   --> src/main.rs:10:1
[INFO] [stdout]    |
[INFO] [stdout] 10 | pub mod transaction_generator;
[INFO] [stdout]    | ^^^^^^^^^^^^^^^^^^^^^^^^^^^^^^
[INFO] [stdout]    |
[INFO] [stdout]    = help: to create the module `transaction_generator`, create file "src/transaction_generator.rs" or "src/transaction_generator/mod.rs"
[INFO] [stdout]    = note: if there is a `mod transaction_generator` elsewhere in the crate already, import it with `use crate::...` instead
[INFO] [stdout] 
[INFO] [stdout] 
[INFO] [stdout] error[E0432]: unresolved import `crate::transaction_generator::Handle`
[INFO] [stdout]  --> src/api/mod.rs:4:5
[INFO] [stdout]   |
[INFO] [stdout] 4 | use crate::transaction_generator::Handle as TxGeneratorHandle;
[INFO] [stdout]   |     ^^^^^^^^^^^^^^^^^^^^^^^^^^^^^^^^^^^^^^^^^^^^^^^^^^^^^^^^^ no `Handle` in `transaction_generator`
[INFO] [stdout]   |
[INFO] [stdout] help: consider importing one of these items instead
[INFO] [stdout]   |
[INFO] [stdout] 4 | use crate::miner::Handle as TxGeneratorHandle;
[INFO] [stdout]   |     ~~~~~~~~~~~~~~~~~~~~~~~~~~~~~~~~~~~~~~~~~
[INFO] [stdout] 4 | use crate::network::peer::Handle as TxGeneratorHandle;
[INFO] [stdout]   |     ~~~~~~~~~~~~~~~~~~~~~~~~~~~~~~~~~~~~~~~~~~~~~~~~~
[INFO] [stdout] 4 | use crate::network::server::Handle as TxGeneratorHandle;
[INFO] [stdout]   |     ~~~~~~~~~~~~~~~~~~~~~~~~~~~~~~~~~~~~~~~~~~~~~~~~~~~
[INFO] [stdout] 
[INFO] [stdout] 
[INFO] [stdout] error[E0425]: cannot find function `new` in module `transaction_generator`
[INFO] [stdout]   --> src/main.rs:90:79
[INFO] [stdout]    |
[INFO] [stdout] 90 |     let (generator_ctx, generator, finished_tx_chan) = transaction_generator::new(&blockchain, &mempool);
[INFO] [stdout]    |                                                                               ^^^ not found in `transaction_generator`
[INFO] [stdout]    |
[INFO] [stdout] help: consider importing one of these items
[INFO] [stdout]    |
[INFO] [stdout] 12 + use crate::miner::new;
[INFO] [stdout]    |
[INFO] [stdout] 12 + use crate::network::peer::new;
[INFO] [stdout]    |
[INFO] [stdout] 12 + use crate::network::server::new;
[INFO] [stdout]    |
[INFO] [stdout] 12 + use stderrlog::new;
[INFO] [stdout]    |
[INFO] [stdout] help: if you import `new`, refer to it directly
[INFO] [stdout]    |
[INFO] [stdout] 90 -     let (generator_ctx, generator, finished_tx_chan) = transaction_generator::new(&blockchain, &mempool);
[INFO] [stdout] 90 +     let (generator_ctx, generator, finished_tx_chan) = new(&blockchain, &mempool);
[INFO] [stdout]    |
[INFO] [stdout] 
[INFO] [stdout] 
[INFO] [stdout] error[E0433]: failed to resolve: could not find `worker` in `transaction_generator`
[INFO] [stdout]   --> src/main.rs:91:55
[INFO] [stdout]    |
[INFO] [stdout] 91 |     let generator_worker_ctx = transaction_generator::worker::Worker::new(&server, finished_tx_chan, &blockchain, &mempool);
[INFO] [stdout]    |                                                       ^^^^^^ could not find `worker` in `transaction_generator`
[INFO] [stdout]    |
[INFO] [stdout] help: consider importing one of these items
[INFO] [stdout]    |
[INFO] [stdout] 12 + use crate::miner::worker::Worker;
[INFO] [stdout]    |
[INFO] [stdout] 12 + use crate::network::worker::Worker;
[INFO] [stdout]    |
[INFO] [stdout] help: if you import `Worker`, refer to it directly
[INFO] [stdout]    |
[INFO] [stdout] 91 -     let generator_worker_ctx = transaction_generator::worker::Worker::new(&server, finished_tx_chan, &blockchain, &mempool);
[INFO] [stdout] 91 +     let generator_worker_ctx = Worker::new(&server, finished_tx_chan, &blockchain, &mempool);
[INFO] [stdout]    |
[INFO] [stdout] 
[INFO] [stdout] 
[INFO] [stdout] warning: unused import: `rand::Rng`
[INFO] [stdout]  --> src/types/block.rs:3:5
[INFO] [stdout]   |
[INFO] [stdout] 3 | use rand::Rng;
[INFO] [stdout]   |     ^^^^^^^^^
[INFO] [stdout]   |
[INFO] [stdout]   = note: `#[warn(unused_imports)]` on by default
[INFO] [stdout] 
[INFO] [stdout] 
[INFO] [stdout] warning: unused imports: `SystemTime`, `UNIX_EPOCH`
[INFO] [stdout]  --> src/types/block.rs:4:17
[INFO] [stdout]   |
[INFO] [stdout] 4 | use std::time::{SystemTime, UNIX_EPOCH};
[INFO] [stdout]   |                 ^^^^^^^^^^  ^^^^^^^^^^
[INFO] [stdout] 
[INFO] [stdout] 
[INFO] [stdout] warning: unused import: `super::merkle::MerkleTree`
[INFO] [stdout]  --> src/types/block.rs:6:5
[INFO] [stdout]   |
[INFO] [stdout] 6 | use super::merkle::MerkleTree;
[INFO] [stdout]   |     ^^^^^^^^^^^^^^^^^^^^^^^^^
[INFO] [stdout] 
[INFO] [stdout] 
[INFO] [stdout] warning: unused import: `rand::Rng`
[INFO] [stdout]  --> src/types/transaction.rs:3:5
[INFO] [stdout]   |
[INFO] [stdout] 3 | use rand::Rng;
[INFO] [stdout]   |     ^^^^^^^^^
[INFO] [stdout] 
[INFO] [stdout] 
[INFO] [stdout] warning: unused import: `info`
[INFO] [stdout]   --> src/network/worker.rs:11:31
[INFO] [stdout]    |
[INFO] [stdout] 11 | use log::{debug, warn, error, info};
[INFO] [stdout]    |                               ^^^^
[INFO] [stdout] 
[INFO] [stdout] 
[INFO] [stdout] warning: unused import: `serde::de`
[INFO] [stdout]   --> src/network/worker.rs:12:5
[INFO] [stdout]    |
[INFO] [stdout] 12 | use serde::de;
[INFO] [stdout]    |     ^^^^^^^^^
[INFO] [stdout] 
[INFO] [stdout] 
[INFO] [stdout] error: aborting due to 4 previous errors; 6 warnings emitted
[INFO] [stdout] 
[INFO] [stdout] 
[INFO] [stdout] Some errors have detailed explanations: E0425, E0432, E0433, E0583.
[INFO] [stdout] 
[INFO] [stdout] For more information about an error, try `rustc --explain E0425`.
[INFO] [stdout] 
[INFO] [stderr] error: could not compile `bitcoin` (bin "bitcoin") due to 5 previous errors; 6 warnings emitted
[INFO] running `Command { std: "docker" "inspect" "aea94bba0da76fdcf17ea113670e15e86080530d53be26bf9d71f7098cdfa938", kill_on_drop: false }`
[INFO] running `Command { std: "docker" "rm" "-f" "aea94bba0da76fdcf17ea113670e15e86080530d53be26bf9d71f7098cdfa938", kill_on_drop: false }`
[INFO] [stdout] aea94bba0da76fdcf17ea113670e15e86080530d53be26bf9d71f7098cdfa938
