[INFO] cloning repository https://github.com/Arkweid/stellar-explorer-rust
[INFO] running `Command { std: "git" "-c" "credential.helper=" "-c" "credential.helper=/workspace/cargo-home/bin/git-credential-null" "clone" "--bare" "https://github.com/Arkweid/stellar-explorer-rust" "/workspace/cache/git-repos/https%3A%2F%2Fgithub.com%2FArkweid%2Fstellar-explorer-rust", kill_on_drop: false }`
[INFO] [stderr] Cloning into bare repository '/workspace/cache/git-repos/https%3A%2F%2Fgithub.com%2FArkweid%2Fstellar-explorer-rust'...
[INFO] running `Command { std: "git" "rev-parse" "HEAD", kill_on_drop: false }`
[INFO] [stdout] 5e0dc581fced2e391b27f6c68e2c21a50ca51c93
[INFO] testing Arkweid/stellar-explorer-rust against 1.75.0 for beta-1.76-1
[INFO] running `Command { std: "git" "clone" "/workspace/cache/git-repos/https%3A%2F%2Fgithub.com%2FArkweid%2Fstellar-explorer-rust" "/workspace/builds/worker-5-tc1/source", kill_on_drop: false }`
[INFO] [stderr] Cloning into '/workspace/builds/worker-5-tc1/source'...
[INFO] [stderr] done.
[INFO] validating manifest of git repo https://github.com/Arkweid/stellar-explorer-rust on toolchain 1.75.0
[INFO] running `Command { std: CARGO_HOME="/workspace/cargo-home" RUSTUP_HOME="/workspace/rustup-home" "/workspace/cargo-home/bin/cargo" "+1.75.0" "metadata" "--manifest-path" "Cargo.toml" "--no-deps", kill_on_drop: false }`
[INFO] started tweaking git repo https://github.com/Arkweid/stellar-explorer-rust
[INFO] finished tweaking git repo https://github.com/Arkweid/stellar-explorer-rust
[INFO] tweaked toml for git repo https://github.com/Arkweid/stellar-explorer-rust written to /workspace/builds/worker-5-tc1/source/Cargo.toml
[INFO] crate git repo https://github.com/Arkweid/stellar-explorer-rust already has a lockfile, it will not be regenerated
[INFO] running `Command { std: CARGO_HOME="/workspace/cargo-home" RUSTUP_HOME="/workspace/rustup-home" "/workspace/cargo-home/bin/cargo" "+1.75.0" "fetch" "--manifest-path" "Cargo.toml", kill_on_drop: false }`
[INFO] [stderr]     Updating crates.io index
[INFO] [stderr]  Downloading crates ...
[INFO] [stderr]   Downloaded hkdf v0.7.1
[INFO] [stderr]   Downloaded riker-log v0.2.4
[INFO] [stderr]   Downloaded crc16 v0.3.4
[INFO] [stderr]   Downloaded futures-sink-preview v0.3.0-alpha.17
[INFO] [stderr]   Downloaded futures-preview v0.3.0-alpha.17
[INFO] [stderr]   Downloaded rustc-demangle v0.1.15
[INFO] [stderr]   Downloaded runtime-fmt v0.3.0
[INFO] [stderr]   Downloaded aho-corasick v0.7.4
[INFO] [stderr]   Downloaded diesel v1.4.2
[INFO] [stderr]   Downloaded syn v0.15.42
[INFO] [stderr]   Downloaded libsqlite3-sys v0.12.0
[INFO] [stderr]   Downloaded libc v0.2.60
[INFO] [stderr]   Downloaded regex v1.2.0
[INFO] [stderr]   Downloaded bigdecimal v0.0.10
[INFO] [stderr]   Downloaded chrono v0.4.7
[INFO] [stderr]   Downloaded x25519-dalek v0.5.2
[INFO] [stderr]   Downloaded parking_lot v0.8.0
[INFO] [stderr]   Downloaded backtrace v0.3.33
[INFO] [stderr]   Downloaded serde-xdr v0.5.1
[INFO] [stderr]   Downloaded riker-default v0.2.4
[INFO] [stderr]   Downloaded cc v1.0.38
[INFO] [stderr]   Downloaded riker-mapvec v0.2.4
[INFO] [stderr]   Downloaded regex-syntax v0.6.10
[INFO] [stderr]   Downloaded sha2 v0.8.0
[INFO] [stderr]   Downloaded riker v0.2.4
[INFO] [stderr]   Downloaded diesel_derives v1.4.0
[INFO] [stderr]   Downloaded lock_api v0.2.0
[INFO] [stderr]   Downloaded parking_lot_core v0.5.0
[INFO] [stderr]   Downloaded r2d2 v0.8.5
[INFO] [stderr]   Downloaded futures-executor-preview v0.3.0-alpha.17
[INFO] [stderr]   Downloaded serde_repr v0.1.4
[INFO] [stderr]   Downloaded opaque-debug v0.2.2
[INFO] [stderr]   Downloaded utf8-ranges v1.0.3
[INFO] [stderr]   Downloaded subtle v2.1.0
[INFO] [stderr]   Downloaded riker-timer v0.2.4
[INFO] [stderr]   Downloaded clear_on_drop v0.2.3
[INFO] [stderr]   Downloaded base32 v0.3.1
[INFO] [stderr]   Downloaded scheduled-thread-pool v0.2.2
[INFO] [stderr]   Downloaded derive-error-chain v0.10.1
[INFO] [stderr]   Downloaded dotenv v0.10.1
[INFO] [stderr]   Downloaded riker-deadletter v0.2.4
[INFO] [stderr]   Downloaded riker-dispatcher v0.2.4
[INFO] [stderr]   Downloaded curve25519-dalek v1.2.1
[INFO] running `Command { std: "docker" "create" "-v" "/var/lib/crater-agent-workspace/builds/worker-5-tc1/target:/opt/rustwide/target:rw,Z" "-v" "/var/lib/crater-agent-workspace/builds/worker-5-tc1/source:/opt/rustwide/workdir:ro,Z" "-v" "/var/lib/crater-agent-workspace/cargo-home:/opt/rustwide/cargo-home:ro,Z" "-v" "/var/lib/crater-agent-workspace/rustup-home:/opt/rustwide/rustup-home:ro,Z" "-e" "SOURCE_DIR=/opt/rustwide/workdir" "-e" "CARGO_TARGET_DIR=/opt/rustwide/target" "-e" "CARGO_HOME=/opt/rustwide/cargo-home" "-e" "RUSTUP_HOME=/opt/rustwide/rustup-home" "-w" "/opt/rustwide/workdir" "-m" "1610612736" "--user" "0:0" "--network" "none" "ghcr.io/rust-lang/crates-build-env/linux@sha256:2788e3201cd34a07e3172128adcd8b3090168a8e3bcc40d7c032b9dda1df7d1c" "/opt/rustwide/cargo-home/bin/cargo" "+1.75.0" "metadata" "--no-deps" "--format-version=1", kill_on_drop: false }`
[INFO] [stdout] 5eef32a4163f3636db8e7ac8a8bb3984c91e52e74038495f17148a9ac49a1dc0
[INFO] running `Command { std: "docker" "start" "-a" "5eef32a4163f3636db8e7ac8a8bb3984c91e52e74038495f17148a9ac49a1dc0", kill_on_drop: false }`
[INFO] running `Command { std: "docker" "inspect" "5eef32a4163f3636db8e7ac8a8bb3984c91e52e74038495f17148a9ac49a1dc0", kill_on_drop: false }`
[INFO] running `Command { std: "docker" "rm" "-f" "5eef32a4163f3636db8e7ac8a8bb3984c91e52e74038495f17148a9ac49a1dc0", kill_on_drop: false }`
[INFO] [stdout] 5eef32a4163f3636db8e7ac8a8bb3984c91e52e74038495f17148a9ac49a1dc0
[INFO] running `Command { std: "docker" "create" "-v" "/var/lib/crater-agent-workspace/builds/worker-5-tc1/target:/opt/rustwide/target:rw,Z" "-v" "/var/lib/crater-agent-workspace/builds/worker-5-tc1/source:/opt/rustwide/workdir:ro,Z" "-v" "/var/lib/crater-agent-workspace/cargo-home:/opt/rustwide/cargo-home:ro,Z" "-v" "/var/lib/crater-agent-workspace/rustup-home:/opt/rustwide/rustup-home:ro,Z" "-e" "SOURCE_DIR=/opt/rustwide/workdir" "-e" "CARGO_TARGET_DIR=/opt/rustwide/target" "-e" "CARGO_INCREMENTAL=0" "-e" "RUST_BACKTRACE=full" "-e" "RUSTFLAGS=--cap-lints=warn" "-e" "RUSTDOCFLAGS=--cap-lints=warn" "-e" "CARGO_HOME=/opt/rustwide/cargo-home" "-e" "RUSTUP_HOME=/opt/rustwide/rustup-home" "-w" "/opt/rustwide/workdir" "-m" "1610612736" "--user" "0:0" "--network" "none" "ghcr.io/rust-lang/crates-build-env/linux@sha256:2788e3201cd34a07e3172128adcd8b3090168a8e3bcc40d7c032b9dda1df7d1c" "/opt/rustwide/cargo-home/bin/cargo" "+1.75.0" "build" "--frozen" "--message-format=json", kill_on_drop: false }`
[INFO] [stdout] 462ae188763d5877bd5146f42cb47606bb58562ff64745f4e681c765036539c1
[INFO] running `Command { std: "docker" "start" "-a" "462ae188763d5877bd5146f42cb47606bb58562ff64745f4e681c765036539c1", kill_on_drop: false }`
[INFO] [stderr]    Compiling libc v0.2.60
[INFO] [stderr]    Compiling autocfg v0.1.5
[INFO] [stderr]    Compiling proc-macro2 v0.4.30
[INFO] [stderr]    Compiling unicode-xid v0.1.0
[INFO] [stderr]    Compiling syn v0.15.42
[INFO] [stderr]    Compiling cfg-if v0.1.9
[INFO] [stderr]    Compiling memchr v2.2.1
[INFO] [stderr]    Compiling cc v1.0.38
[INFO] [stderr]    Compiling byteorder v1.3.2
[INFO] [stderr]    Compiling rand_core v0.4.0
[INFO] [stderr]    Compiling semver-parser v0.7.0
[INFO] [stderr]    Compiling ucd-util v0.1.5
[INFO] [stderr]    Compiling serde v1.0.98
[INFO] [stderr]    Compiling typenum v1.10.0
[INFO] [stderr]    Compiling lazy_static v1.3.0
[INFO] [stderr]    Compiling utf8-ranges v1.0.3
[INFO] [stderr]    Compiling log v0.4.8
[INFO] [stderr]    Compiling thread_local v0.3.6
[INFO] [stderr]    Compiling futures-core-preview v0.3.0-alpha.17
[INFO] [stderr]    Compiling regex-syntax v0.6.10
[INFO] [stderr]    Compiling semver v0.9.0
[INFO] [stderr]    Compiling rand_core v0.3.1
[INFO] [stderr]    Compiling futures-sink-preview v0.3.0-alpha.17
[INFO] [stderr]    Compiling num-traits v0.2.8
[INFO] [stderr]    Compiling num-integer v0.1.41
[INFO] [stderr]    Compiling serde v0.8.23
[INFO] [stderr]    Compiling version_check v0.1.5
[INFO] [stderr]    Compiling ryu v1.0.0
[INFO] [stderr]    Compiling futures-channel-preview v0.3.0-alpha.17
[INFO] [stderr]    Compiling rustc_version v0.2.3
[INFO] [stderr]    Compiling regex v0.2.11
[INFO] [stderr]    Compiling pin-utils v0.1.0-alpha.4
[INFO] [stderr]    Compiling futures-io-preview v0.3.0-alpha.17
[INFO] [stderr]    Compiling regex-syntax v0.5.6
[INFO] [stderr]    Compiling quote v0.6.13
[INFO] [stderr]    Compiling nom v4.2.3
[INFO] [stderr]    Compiling itoa v0.4.4
[INFO] [stderr]    Compiling lazy_static v0.2.11
[INFO] [stderr]    Compiling linked-hash-map v0.5.2
[INFO] [stderr]    Compiling rand_chacha v0.1.1
[INFO] [stderr]    Compiling aho-corasick v0.7.4
[INFO] [stderr]    Compiling futures-util-preview v0.3.0-alpha.17
[INFO] [stderr]    Compiling rand v0.4.6
[INFO] [stderr]    Compiling num_cpus v1.10.1
[INFO] [stderr]    Compiling time v0.1.42
[INFO] [stderr]    Compiling aho-corasick v0.6.10
[INFO] [stderr]    Compiling yaml-rust v0.4.3
[INFO] [stderr]    Compiling iovec v0.1.2
[INFO] [stderr]    Compiling rand_pcg v0.1.2
[INFO] [stderr]    Compiling rust-ini v0.13.0
[INFO] [stderr]    Compiling backtrace-sys v0.1.31
[INFO] [stderr]    Compiling clear_on_drop v0.2.3
[INFO] [stderr]    Compiling bytes v0.4.12
[INFO] [stderr]    Compiling generic-array v0.12.3
[INFO] [stderr]    Compiling uuid v0.6.5
[INFO] [stderr]    Compiling regex v1.2.0
[INFO] [stderr]    Compiling num-traits v0.1.43
[INFO] [stderr]    Compiling digest v0.8.1
[INFO] [stderr]    Compiling rand v0.6.5
[INFO] [stderr]    Compiling scopeguard v1.0.0
[INFO] [stderr]    Compiling smallvec v0.6.10
[INFO] [stderr]    Compiling serde_test v0.8.23
[INFO] [stderr]    Compiling chrono v0.4.7
[INFO] [stderr]    Compiling rand_os v0.1.3
[INFO] [stderr]    Compiling parking_lot_core v0.6.2
[INFO] [stderr]    Compiling rand_hc v0.1.0
[INFO] [stderr]    Compiling rand_isaac v0.1.1
[INFO] [stderr]    Compiling linked-hash-map v0.3.0
[INFO] [stderr]    Compiling rand_xorshift v0.1.1
[INFO] [stderr]    Compiling rand_jitter v0.1.4
[INFO] [stderr]    Compiling rustc-demangle v0.1.15
[INFO] [stderr]    Compiling parking_lot v0.9.0
[INFO] [stderr]    Compiling parking_lot_core v0.5.0
[INFO] [stderr]    Compiling subtle v2.1.0
[INFO] [stderr]    Compiling serde-hjson v0.8.2
[INFO] [stderr]    Compiling failure_derive v0.1.5
[INFO] [stderr]    Compiling lock_api v0.3.1
[INFO] [stderr]    Compiling parking_lot v0.8.0
[INFO] [stderr]    Compiling curve25519-dalek v1.2.1
[INFO] [stderr]    Compiling backtrace v0.3.33
[INFO] [stderr]    Compiling num-iter v0.1.39
[INFO] [stderr]    Compiling unicode-xid v0.0.4
[INFO] [stderr]    Compiling pkg-config v0.3.15
[INFO] [stderr]    Compiling futures-executor-preview v0.3.0-alpha.17
[INFO] [stderr]    Compiling block-padding v0.1.4
[INFO] [stderr]    Compiling synom v0.11.3
[INFO] [stderr]    Compiling lock_api v0.2.0
[INFO] [stderr]    Compiling rustc-serialize v0.3.24
[INFO] [stderr]    Compiling subtle v1.0.0
[INFO] [stderr]    Compiling quote v0.3.15
[INFO] [stderr]    Compiling futures-preview v0.3.0-alpha.17
[INFO] [stderr]    Compiling syn v0.11.11
[INFO] [stderr]    Compiling crypto-mac v0.7.0
[INFO] [stderr]    Compiling scheduled-thread-pool v0.2.2
[INFO] [stderr]    Compiling block-buffer v0.7.3
[INFO] [stderr]    Compiling opaque-debug v0.2.2
[INFO] [stderr]    Compiling runtime-fmt v0.3.0
[INFO] [stdout] error[E0432]: unresolved import `std::fmt::ArgumentV1`
[INFO] [stdout]   --> /opt/rustwide/cargo-home/registry/src/index.crates.io-6f17d22bba15001f/runtime-fmt-0.3.0/src/lib.rs:39:33
[INFO] [stdout]    |
[INFO] [stdout] 39 | use std::fmt::{self, Arguments, ArgumentV1};
[INFO] [stdout]    |                                 ^^^^^^^^^^
[INFO] [stdout]    |                                 |
[INFO] [stdout]    |                                 no `ArgumentV1` in `fmt`
[INFO] [stdout]    |                                 help: a similar name exists in the module: `Arguments`
[INFO] [stdout] 
[INFO] [stdout] 
[INFO] [stdout] error[E0432]: unresolved import `std::fmt::rt`
[INFO] [stdout]   --> /opt/rustwide/cargo-home/registry/src/index.crates.io-6f17d22bba15001f/runtime-fmt-0.3.0/src/lib.rs:40:15
[INFO] [stdout]    |
[INFO] [stdout] 40 | use std::fmt::rt::v1;
[INFO] [stdout]    |               ^^ could not find `rt` in `fmt`
[INFO] [stdout] 
[INFO] [stdout] 
[INFO] [stdout] error[E0433]: failed to resolve: could not find `ArgumentV1` in `fmt`
[INFO] [stdout]   --> /opt/rustwide/cargo-home/registry/src/index.crates.io-6f17d22bba15001f/runtime-fmt-0.3.0/src/erase.rs:54:48
[INFO] [stdout]    |
[INFO] [stdout] 54 |                               Some(f) => Ok(fmt::ArgumentV1::new(self, f)),
[INFO] [stdout]    |                                                  ^^^^^^^^^^
[INFO] [stdout]    |                                                  |
[INFO] [stdout]    |                                                  could not find `ArgumentV1` in `fmt`
[INFO] [stdout]    |                                                  help: a struct with a similar name exists: `Arguments`
[INFO] [stdout] ...
[INFO] [stdout] 85 | / traits! {
[INFO] [stdout] 86 | |     "", Display, display;
[INFO] [stdout] 87 | |     "?", Debug, debug;
[INFO] [stdout] 88 | |     "e", LowerExp, lower_exp;
[INFO] [stdout] ...  |
[INFO] [stdout] 94 | |     "X", UpperHex, upper_hex;
[INFO] [stdout] 95 | | }
[INFO] [stdout]    | |_- in this macro invocation
[INFO] [stdout]    |
[INFO] [stdout]    = note: this error originates in the macro `traits` (in Nightly builds, run with -Z macro-backtrace for more info)
[INFO] [stdout] 
[INFO] [stdout] 
[INFO] [stderr]    Compiling libsqlite3-sys v0.12.0
[INFO] [stdout] error[E0412]: cannot find type `ArgumentV1` in module `fmt`
[INFO] [stdout]   --> /opt/rustwide/cargo-home/registry/src/index.crates.io-6f17d22bba15001f/runtime-fmt-0.3.0/src/erase.rs:42:77
[INFO] [stdout]    |
[INFO] [stdout] 42 |               fn by_name<'n>(&self, name: &'n str, idx: usize) -> Result<fmt::ArgumentV1, Error<'n>>;
[INFO] [stdout]    |                                                                               ^^^^^^^^^^ help: a struct with a similar name exists: `Arguments`
[INFO] [stdout] ...
[INFO] [stdout] 85 | / traits! {
[INFO] [stdout] 86 | |     "", Display, display;
[INFO] [stdout] 87 | |     "?", Debug, debug;
[INFO] [stdout] 88 | |     "e", LowerExp, lower_exp;
[INFO] [stdout] ...  |
[INFO] [stdout] 94 | |     "X", UpperHex, upper_hex;
[INFO] [stdout] 95 | | }
[INFO] [stdout]    | |_- in this macro invocation
[INFO] [stdout]   --> /rustc/82e1608dfa6e0b5569232559e3d385fea5a93112/library/core/src/fmt/mod.rs:303:1
[INFO] [stdout]    |
[INFO] [stdout]    = note: similarly named struct `Arguments` defined here
[INFO] [stdout]    |
[INFO] [stdout]    = note: this error originates in the macro `traits` (in Nightly builds, run with -Z macro-backtrace for more info)
[INFO] [stdout] 
[INFO] [stdout] 
[INFO] [stdout] error[E0412]: cannot find type `ArgumentV1` in module `fmt`
[INFO] [stdout]   --> /opt/rustwide/cargo-home/registry/src/index.crates.io-6f17d22bba15001f/runtime-fmt-0.3.0/src/erase.rs:50:77
[INFO] [stdout]    |
[INFO] [stdout] 50 |               fn by_name<'n>(&self, name: &'n str, idx: usize) -> Result<fmt::ArgumentV1, Error<'n>> {
[INFO] [stdout]    |                                                                               ^^^^^^^^^^ help: a struct with a similar name exists: `Arguments`
[INFO] [stdout] ...
[INFO] [stdout] 85 | / traits! {
[INFO] [stdout] 86 | |     "", Display, display;
[INFO] [stdout] 87 | |     "?", Debug, debug;
[INFO] [stdout] 88 | |     "e", LowerExp, lower_exp;
[INFO] [stdout] ...  |
[INFO] [stdout] 94 | |     "X", UpperHex, upper_hex;
[INFO] [stdout] 95 | | }
[INFO] [stdout]    | |_- in this macro invocation
[INFO] [stdout]   --> /rustc/82e1608dfa6e0b5569232559e3d385fea5a93112/library/core/src/fmt/mod.rs:303:1
[INFO] [stdout]    |
[INFO] [stdout]    = note: similarly named struct `Arguments` defined here
[INFO] [stdout]    |
[INFO] [stdout]    = note: this error originates in the macro `traits` (in Nightly builds, run with -Z macro-backtrace for more info)
[INFO] [stdout] 
[INFO] [stdout] 
[INFO] [stdout] error[E0554]: `#![feature]` may not be used on the stable release channel
[INFO] [stdout]   --> /opt/rustwide/cargo-home/registry/src/index.crates.io-6f17d22bba15001f/runtime-fmt-0.3.0/src/lib.rs:17:1
[INFO] [stdout]    |
[INFO] [stdout] 17 | #![feature(fmt_internals)]
[INFO] [stdout]    | ^^^^^^^^^^^^^^^^^^^^^^^^^^
[INFO] [stdout] 
[INFO] [stdout] 
[INFO] [stdout] error[E0554]: `#![feature]` may not be used on the stable release channel
[INFO] [stdout]   --> /opt/rustwide/cargo-home/registry/src/index.crates.io-6f17d22bba15001f/runtime-fmt-0.3.0/src/lib.rs:18:1
[INFO] [stdout]    |
[INFO] [stdout] 18 | #![feature(conservative_impl_trait)]
[INFO] [stdout]    | ^^^^^^^^^^^^^^^^^^^^^^^^^^^^^^^^^^^^ help: remove the attribute
[INFO] [stdout]    |
[INFO] [stdout]    = help: the feature `conservative_impl_trait` has been stable since `1.26.0` and no longer requires an attribute to enable
[INFO] [stdout] 
[INFO] [stdout] 
[INFO] [stdout] error[E0554]: `#![feature]` may not be used on the stable release channel
[INFO] [stdout]   --> /opt/rustwide/cargo-home/registry/src/index.crates.io-6f17d22bba15001f/runtime-fmt-0.3.0/src/lib.rs:19:1
[INFO] [stdout]    |
[INFO] [stdout] 19 | #![feature(specialization)]
[INFO] [stdout]    | ^^^^^^^^^^^^^^^^^^^^^^^^^^^
[INFO] [stdout] 
[INFO] [stdout] 
[INFO] [stdout] error[E0554]: `#![feature]` may not be used on the stable release channel
[INFO] [stdout]   --> /opt/rustwide/cargo-home/registry/src/index.crates.io-6f17d22bba15001f/runtime-fmt-0.3.0/src/lib.rs:20:1
[INFO] [stdout]    |
[INFO] [stdout] 20 | #![feature(print_internals)]
[INFO] [stdout]    | ^^^^^^^^^^^^^^^^^^^^^^^^^^^^
[INFO] [stdout] 
[INFO] [stdout] 
[INFO] [stdout] error[E0554]: `#![feature]` may not be used on the stable release channel
[INFO] [stdout]   --> /opt/rustwide/cargo-home/registry/src/index.crates.io-6f17d22bba15001f/runtime-fmt-0.3.0/src/lib.rs:21:1
[INFO] [stdout]    |
[INFO] [stdout] 21 | #![feature(rustc_private)]
[INFO] [stdout]    | ^^^^^^^^^^^^^^^^^^^^^^^^^^
[INFO] [stdout] 
[INFO] [stdout] 
[INFO] [stdout] error[E0554]: `#![feature]` may not be used on the stable release channel
[INFO] [stdout]   --> /opt/rustwide/cargo-home/registry/src/index.crates.io-6f17d22bba15001f/runtime-fmt-0.3.0/src/lib.rs:22:1
[INFO] [stdout]    |
[INFO] [stdout] 22 | #![feature(try_from)]
[INFO] [stdout]    | ^^^^^^^^^^^^^^^^^^^^^
[INFO] [stdout] 
[INFO] [stdout] 
[INFO] [stdout] error[E0554]: `#![feature]` may not be used on the stable release channel
[INFO] [stdout]   --> /opt/rustwide/cargo-home/registry/src/index.crates.io-6f17d22bba15001f/runtime-fmt-0.3.0/src/lib.rs:17:12
[INFO] [stdout]    |
[INFO] [stdout] 17 | #![feature(fmt_internals)]
[INFO] [stdout]    |            ^^^^^^^^^^^^^
[INFO] [stdout] 
[INFO] [stdout] 
[INFO] [stdout] error[E0554]: `#![feature]` may not be used on the stable release channel
[INFO] [stdout]   --> /opt/rustwide/cargo-home/registry/src/index.crates.io-6f17d22bba15001f/runtime-fmt-0.3.0/src/lib.rs:20:12
[INFO] [stdout]    |
[INFO] [stdout] 20 | #![feature(print_internals)]
[INFO] [stdout]    |            ^^^^^^^^^^^^^^^
[INFO] [stdout] 
[INFO] [stdout] 
[INFO] [stdout] error[E0554]: `#![feature]` may not be used on the stable release channel
[INFO] [stdout]   --> /opt/rustwide/cargo-home/registry/src/index.crates.io-6f17d22bba15001f/runtime-fmt-0.3.0/src/lib.rs:22:12
[INFO] [stdout]    |
[INFO] [stdout] 22 | #![feature(try_from)]
[INFO] [stdout]    |            ^^^^^^^^
[INFO] [stdout] 
[INFO] [stdout] 
[INFO] [stdout] error: aborting due to 14 previous errors
[INFO] [stdout] 
[INFO] [stdout] 
[INFO] [stdout] Some errors have detailed explanations: E0412, E0432, E0433, E0554.
[INFO] [stdout] 
[INFO] [stdout] For more information about an error, try `rustc --explain E0412`.
[INFO] [stdout] 
[INFO] [stderr] error: could not compile `runtime-fmt` (lib) due to 15 previous errors
[INFO] [stderr] warning: build failed, waiting for other jobs to finish...
[INFO] running `Command { std: "docker" "inspect" "462ae188763d5877bd5146f42cb47606bb58562ff64745f4e681c765036539c1", kill_on_drop: false }`
[INFO] running `Command { std: "docker" "rm" "-f" "462ae188763d5877bd5146f42cb47606bb58562ff64745f4e681c765036539c1", kill_on_drop: false }`
[INFO] [stdout] 462ae188763d5877bd5146f42cb47606bb58562ff64745f4e681c765036539c1
[INFO] testing Arkweid/stellar-explorer-rust against beta-2023-12-22 for beta-1.76-1
[INFO] running `Command { std: "git" "clone" "/workspace/cache/git-repos/https%3A%2F%2Fgithub.com%2FArkweid%2Fstellar-explorer-rust" "/workspace/builds/worker-5-tc2/source", kill_on_drop: false }`
[INFO] [stderr] Cloning into '/workspace/builds/worker-5-tc2/source'...
[INFO] [stderr] done.
[INFO] validating manifest of git repo https://github.com/Arkweid/stellar-explorer-rust on toolchain beta-2023-12-22
[INFO] running `Command { std: CARGO_HOME="/workspace/cargo-home" RUSTUP_HOME="/workspace/rustup-home" "/workspace/cargo-home/bin/cargo" "+beta-2023-12-22" "metadata" "--manifest-path" "Cargo.toml" "--no-deps", kill_on_drop: false }`
[INFO] started tweaking git repo https://github.com/Arkweid/stellar-explorer-rust
[INFO] finished tweaking git repo https://github.com/Arkweid/stellar-explorer-rust
[INFO] tweaked toml for git repo https://github.com/Arkweid/stellar-explorer-rust written to /workspace/builds/worker-5-tc2/source/Cargo.toml
[INFO] crate git repo https://github.com/Arkweid/stellar-explorer-rust already has a lockfile, it will not be regenerated
[INFO] running `Command { std: CARGO_HOME="/workspace/cargo-home" RUSTUP_HOME="/workspace/rustup-home" "/workspace/cargo-home/bin/cargo" "+beta-2023-12-22" "fetch" "--manifest-path" "Cargo.toml", kill_on_drop: false }`
[INFO] running `Command { std: "docker" "create" "-v" "/var/lib/crater-agent-workspace/builds/worker-5-tc2/target:/opt/rustwide/target:rw,Z" "-v" "/var/lib/crater-agent-workspace/builds/worker-5-tc2/source:/opt/rustwide/workdir:ro,Z" "-v" "/var/lib/crater-agent-workspace/cargo-home:/opt/rustwide/cargo-home:ro,Z" "-v" "/var/lib/crater-agent-workspace/rustup-home:/opt/rustwide/rustup-home:ro,Z" "-e" "SOURCE_DIR=/opt/rustwide/workdir" "-e" "CARGO_TARGET_DIR=/opt/rustwide/target" "-e" "CARGO_HOME=/opt/rustwide/cargo-home" "-e" "RUSTUP_HOME=/opt/rustwide/rustup-home" "-w" "/opt/rustwide/workdir" "-m" "1610612736" "--user" "0:0" "--network" "none" "ghcr.io/rust-lang/crates-build-env/linux@sha256:2788e3201cd34a07e3172128adcd8b3090168a8e3bcc40d7c032b9dda1df7d1c" "/opt/rustwide/cargo-home/bin/cargo" "+beta-2023-12-22" "metadata" "--no-deps" "--format-version=1", kill_on_drop: false }`
[INFO] [stdout] 5ce6f3c811e6387ae4fd2663275c8fb7551e5b60d874d16967153ce3e6624567
[INFO] running `Command { std: "docker" "start" "-a" "5ce6f3c811e6387ae4fd2663275c8fb7551e5b60d874d16967153ce3e6624567", kill_on_drop: false }`
[INFO] running `Command { std: "docker" "inspect" "5ce6f3c811e6387ae4fd2663275c8fb7551e5b60d874d16967153ce3e6624567", kill_on_drop: false }`
[INFO] running `Command { std: "docker" "rm" "-f" "5ce6f3c811e6387ae4fd2663275c8fb7551e5b60d874d16967153ce3e6624567", kill_on_drop: false }`
[INFO] [stdout] 5ce6f3c811e6387ae4fd2663275c8fb7551e5b60d874d16967153ce3e6624567
[INFO] running `Command { std: "docker" "create" "-v" "/var/lib/crater-agent-workspace/builds/worker-5-tc2/target:/opt/rustwide/target:rw,Z" "-v" "/var/lib/crater-agent-workspace/builds/worker-5-tc2/source:/opt/rustwide/workdir:ro,Z" "-v" "/var/lib/crater-agent-workspace/cargo-home:/opt/rustwide/cargo-home:ro,Z" "-v" "/var/lib/crater-agent-workspace/rustup-home:/opt/rustwide/rustup-home:ro,Z" "-e" "SOURCE_DIR=/opt/rustwide/workdir" "-e" "CARGO_TARGET_DIR=/opt/rustwide/target" "-e" "CARGO_INCREMENTAL=0" "-e" "RUST_BACKTRACE=full" "-e" "RUSTFLAGS=--cap-lints=warn" "-e" "RUSTDOCFLAGS=--cap-lints=warn" "-e" "CARGO_HOME=/opt/rustwide/cargo-home" "-e" "RUSTUP_HOME=/opt/rustwide/rustup-home" "-w" "/opt/rustwide/workdir" "-m" "1610612736" "--user" "0:0" "--network" "none" "ghcr.io/rust-lang/crates-build-env/linux@sha256:2788e3201cd34a07e3172128adcd8b3090168a8e3bcc40d7c032b9dda1df7d1c" "/opt/rustwide/cargo-home/bin/cargo" "+beta-2023-12-22" "build" "--frozen" "--message-format=json", kill_on_drop: false }`
[INFO] [stdout] 5087747791b52804763f4f12ac6d91a70381e03d70e4b78d8fbf325cb9846c70
[INFO] running `Command { std: "docker" "start" "-a" "5087747791b52804763f4f12ac6d91a70381e03d70e4b78d8fbf325cb9846c70", kill_on_drop: false }`
[INFO] [stderr]    Compiling libc v0.2.60
[INFO] [stderr]    Compiling autocfg v0.1.5
[INFO] [stderr]    Compiling proc-macro2 v0.4.30
[INFO] [stderr]    Compiling unicode-xid v0.1.0
[INFO] [stderr]    Compiling cfg-if v0.1.9
[INFO] [stderr]    Compiling syn v0.15.42
[INFO] [stderr]    Compiling memchr v2.2.1
[INFO] [stderr]    Compiling cc v1.0.38
[INFO] [stderr]    Compiling byteorder v1.3.2
[INFO] [stderr]    Compiling rand_core v0.4.0
[INFO] [stderr]    Compiling semver-parser v0.7.0
[INFO] [stderr]    Compiling ucd-util v0.1.5
[INFO] [stderr]    Compiling serde v1.0.98
[INFO] [stderr]    Compiling typenum v1.10.0
[INFO] [stderr]    Compiling lazy_static v1.3.0
[INFO] [stderr]    Compiling utf8-ranges v1.0.3
[INFO] [stderr]    Compiling log v0.4.8
[INFO] [stderr]    Compiling thread_local v0.3.6
[INFO] [stderr]    Compiling futures-core-preview v0.3.0-alpha.17
[INFO] [stderr]    Compiling semver v0.9.0
[INFO] [stderr]    Compiling rand_core v0.3.1
[INFO] [stderr]    Compiling regex-syntax v0.6.10
[INFO] [stderr]    Compiling num-traits v0.2.8
[INFO] [stderr]    Compiling num-integer v0.1.41
[INFO] [stderr]    Compiling futures-sink-preview v0.3.0-alpha.17
[INFO] [stderr]    Compiling rustc_version v0.2.3
[INFO] [stderr]    Compiling ryu v1.0.0
[INFO] [stderr]    Compiling version_check v0.1.5
[INFO] [stderr]    Compiling serde v0.8.23
[INFO] [stderr]    Compiling futures-channel-preview v0.3.0-alpha.17
[INFO] [stderr]    Compiling regex v0.2.11
[INFO] [stderr]    Compiling pin-utils v0.1.0-alpha.4
[INFO] [stderr]    Compiling futures-io-preview v0.3.0-alpha.17
[INFO] [stderr]    Compiling regex-syntax v0.5.6
[INFO] [stderr]    Compiling itoa v0.4.4
[INFO] [stderr]    Compiling linked-hash-map v0.5.2
[INFO] [stderr]    Compiling nom v4.2.3
[INFO] [stderr]    Compiling lazy_static v0.2.11
[INFO] [stderr]    Compiling aho-corasick v0.7.4
[INFO] [stderr]    Compiling quote v0.6.13
[INFO] [stderr]    Compiling rand v0.4.6
[INFO] [stderr]    Compiling num_cpus v1.10.1
[INFO] [stderr]    Compiling time v0.1.42
[INFO] [stderr]    Compiling futures-util-preview v0.3.0-alpha.17
[INFO] [stderr]    Compiling aho-corasick v0.6.10
[INFO] [stderr]    Compiling yaml-rust v0.4.3
[INFO] [stderr]    Compiling generic-array v0.12.3
[INFO] [stderr]    Compiling backtrace-sys v0.1.31
[INFO] [stderr]    Compiling iovec v0.1.2
[INFO] [stderr]    Compiling rand_pcg v0.1.2
[INFO] [stderr]    Compiling rand_chacha v0.1.1
[INFO] [stderr]    Compiling digest v0.8.1
[INFO] [stderr]    Compiling rust-ini v0.13.0
[INFO] [stderr]    Compiling uuid v0.6.5
[INFO] [stderr]    Compiling bytes v0.4.12
[INFO] [stderr]    Compiling clear_on_drop v0.2.3
[INFO] [stderr]    Compiling num-traits v0.1.43
[INFO] [stderr]    Compiling rand v0.6.5
[INFO] [stderr]    Compiling scopeguard v1.0.0
[INFO] [stderr]    Compiling smallvec v0.6.10
[INFO] [stderr]    Compiling regex v1.2.0
[INFO] [stderr]    Compiling chrono v0.4.7
[INFO] [stderr]    Compiling rand_os v0.1.3
[INFO] [stderr]    Compiling parking_lot_core v0.6.2
[INFO] [stderr]    Compiling rand_xorshift v0.1.1
[INFO] [stderr]    Compiling rand_hc v0.1.0
[INFO] [stderr]    Compiling rand_isaac v0.1.1
[INFO] [stderr]    Compiling serde_test v0.8.23
[INFO] [stderr]    Compiling rand_jitter v0.1.4
[INFO] [stderr]    Compiling rustc-demangle v0.1.15
[INFO] [stderr]    Compiling parking_lot_core v0.5.0
[INFO] [stderr]    Compiling linked-hash-map v0.3.0
[INFO] [stderr]    Compiling parking_lot v0.9.0
[INFO] [stderr]    Compiling backtrace v0.3.33
[INFO] [stderr]    Compiling failure_derive v0.1.5
[INFO] [stderr]    Compiling subtle v2.1.0
[INFO] [stderr]    Compiling lock_api v0.3.1
[INFO] [stderr]    Compiling parking_lot v0.8.0
[INFO] [stderr]    Compiling num-iter v0.1.39
[INFO] [stderr]    Compiling unicode-xid v0.0.4
[INFO] [stderr]    Compiling curve25519-dalek v1.2.1
[INFO] [stderr]    Compiling futures-executor-preview v0.3.0-alpha.17
[INFO] [stderr]    Compiling pkg-config v0.3.15
[INFO] [stderr]    Compiling block-padding v0.1.4
[INFO] [stderr]    Compiling synom v0.11.3
[INFO] [stderr]    Compiling serde-hjson v0.8.2
[INFO] [stderr]    Compiling lock_api v0.2.0
[INFO] [stderr]    Compiling futures-preview v0.3.0-alpha.17
[INFO] [stderr]    Compiling quote v0.3.15
[INFO] [stderr]    Compiling subtle v1.0.0
[INFO] [stderr]    Compiling rustc-serialize v0.3.24
[INFO] [stderr]    Compiling crypto-mac v0.7.0
[INFO] [stderr]    Compiling libsqlite3-sys v0.12.0
[INFO] [stderr]    Compiling syn v0.11.11
[INFO] [stderr]    Compiling scheduled-thread-pool v0.2.2
[INFO] [stderr]    Compiling block-buffer v0.7.3
[INFO] [stderr]    Compiling opaque-debug v0.2.2
[INFO] [stderr]    Compiling crc16 v0.3.4
[INFO] [stdout] error[E0310]: the parameter type `T` may not live long enough
[INFO] [stdout]     --> /opt/rustwide/cargo-home/registry/src/index.crates.io-6f17d22bba15001f/rustc-serialize-0.3.24/src/serialize.rs:1155:5
[INFO] [stdout]      |
[INFO] [stdout] 1155 |     fn decode<D: Decoder>(d: &mut D) -> Result<Cow<'static, T>, D::Error> {
[INFO] [stdout]      |     ^^^^^^^^^^^^^^^^^^^^^^^^^^^^^^^^^^^^^^^^^^^^^^^^^^^^^^^^^^^^^^^^^^^^^
[INFO] [stdout]      |     |
[INFO] [stdout]      |     the parameter type `T` must be valid for the static lifetime...
[INFO] [stdout]      |     ...so that the type `T` will meet its required lifetime bounds...
[INFO] [stdout]      |
[INFO] [stdout] note: ...that is required by this bound
[INFO] [stdout]     --> /rustc/0e09125c6c3c2fd70d7de961bcf0e51575235fad/library/alloc/src/borrow.rs:180:30
[INFO] [stdout] help: consider adding an explicit lifetime bound
[INFO] [stdout]      |
[INFO] [stdout] 1151 | impl<'a, T: ?Sized + 'static> Decodable for Cow<'a, T>
[INFO] [stdout]      |                    +++++++++
[INFO] [stdout] 
[INFO] [stdout] 
[INFO] [stderr]    Compiling runtime-fmt v0.3.0
[INFO] [stderr]    Compiling quick-error v1.2.2
[INFO] [stdout] error[E0432]: unresolved import `std::fmt::ArgumentV1`
[INFO] [stdout]   --> /opt/rustwide/cargo-home/registry/src/index.crates.io-6f17d22bba15001f/runtime-fmt-0.3.0/src/lib.rs:39:33
[INFO] [stdout]    |
[INFO] [stdout] 39 | use std::fmt::{self, Arguments, ArgumentV1};
[INFO] [stdout]    |                                 ^^^^^^^^^^
[INFO] [stdout]    |                                 |
[INFO] [stdout]    |                                 no `ArgumentV1` in `fmt`
[INFO] [stdout]    |                                 help: a similar name exists in the module: `Arguments`
[INFO] [stdout] 
[INFO] [stdout] 
[INFO] [stdout] error[E0432]: unresolved import `std::fmt::rt`
[INFO] [stdout]   --> /opt/rustwide/cargo-home/registry/src/index.crates.io-6f17d22bba15001f/runtime-fmt-0.3.0/src/lib.rs:40:15
[INFO] [stdout]    |
[INFO] [stdout] 40 | use std::fmt::rt::v1;
[INFO] [stdout]    |               ^^ could not find `rt` in `fmt`
[INFO] [stdout] 
[INFO] [stdout] 
[INFO] [stdout] error[E0433]: failed to resolve: could not find `ArgumentV1` in `fmt`
[INFO] [stdout]   --> /opt/rustwide/cargo-home/registry/src/index.crates.io-6f17d22bba15001f/runtime-fmt-0.3.0/src/erase.rs:54:48
[INFO] [stdout]    |
[INFO] [stdout] 54 |                               Some(f) => Ok(fmt::ArgumentV1::new(self, f)),
[INFO] [stdout]    |                                                  ^^^^^^^^^^
[INFO] [stdout]    |                                                  |
[INFO] [stdout]    |                                                  could not find `ArgumentV1` in `fmt`
[INFO] [stdout]    |                                                  help: a struct with a similar name exists: `Arguments`
[INFO] [stdout] ...
[INFO] [stdout] 85 | / traits! {
[INFO] [stdout] 86 | |     "", Display, display;
[INFO] [stdout] 87 | |     "?", Debug, debug;
[INFO] [stdout] 88 | |     "e", LowerExp, lower_exp;
[INFO] [stdout] ...  |
[INFO] [stdout] 94 | |     "X", UpperHex, upper_hex;
[INFO] [stdout] 95 | | }
[INFO] [stdout]    | |_- in this macro invocation
[INFO] [stdout]    |
[INFO] [stdout]    = note: this error originates in the macro `traits` (in Nightly builds, run with -Z macro-backtrace for more info)
[INFO] [stdout] 
[INFO] [stdout] 
[INFO] [stdout] error[E0412]: cannot find type `ArgumentV1` in module `fmt`
[INFO] [stdout]   --> /opt/rustwide/cargo-home/registry/src/index.crates.io-6f17d22bba15001f/runtime-fmt-0.3.0/src/erase.rs:42:77
[INFO] [stdout]    |
[INFO] [stdout] 42 |               fn by_name<'n>(&self, name: &'n str, idx: usize) -> Result<fmt::ArgumentV1, Error<'n>>;
[INFO] [stdout]    |                                                                               ^^^^^^^^^^ help: a struct with a similar name exists: `Arguments`
[INFO] [stdout] ...
[INFO] [stdout] 85 | / traits! {
[INFO] [stdout] 86 | |     "", Display, display;
[INFO] [stdout] 87 | |     "?", Debug, debug;
[INFO] [stdout] 88 | |     "e", LowerExp, lower_exp;
[INFO] [stdout] ...  |
[INFO] [stdout] 94 | |     "X", UpperHex, upper_hex;
[INFO] [stdout] 95 | | }
[INFO] [stdout]    | |_- in this macro invocation
[INFO] [stdout]   --> /rustc/0e09125c6c3c2fd70d7de961bcf0e51575235fad/library/core/src/fmt/mod.rs:303:1
[INFO] [stdout]    |
[INFO] [stdout]    = note: similarly named struct `Arguments` defined here
[INFO] [stdout]    |
[INFO] [stdout]    = note: this error originates in the macro `traits` (in Nightly builds, run with -Z macro-backtrace for more info)
[INFO] [stdout] 
[INFO] [stdout] 
[INFO] [stdout] error[E0412]: cannot find type `ArgumentV1` in module `fmt`
[INFO] [stdout]   --> /opt/rustwide/cargo-home/registry/src/index.crates.io-6f17d22bba15001f/runtime-fmt-0.3.0/src/erase.rs:50:77
[INFO] [stdout]    |
[INFO] [stdout] 50 |               fn by_name<'n>(&self, name: &'n str, idx: usize) -> Result<fmt::ArgumentV1, Error<'n>> {
[INFO] [stdout]    |                                                                               ^^^^^^^^^^ help: a struct with a similar name exists: `Arguments`
[INFO] [stdout] ...
[INFO] [stdout] 85 | / traits! {
[INFO] [stdout] 86 | |     "", Display, display;
[INFO] [stdout] 87 | |     "?", Debug, debug;
[INFO] [stdout] 88 | |     "e", LowerExp, lower_exp;
[INFO] [stdout] ...  |
[INFO] [stdout] 94 | |     "X", UpperHex, upper_hex;
[INFO] [stdout] 95 | | }
[INFO] [stdout]    | |_- in this macro invocation
[INFO] [stdout]   --> /rustc/0e09125c6c3c2fd70d7de961bcf0e51575235fad/library/core/src/fmt/mod.rs:303:1
[INFO] [stdout]    |
[INFO] [stdout]    = note: similarly named struct `Arguments` defined here
[INFO] [stdout]    |
[INFO] [stdout]    = note: this error originates in the macro `traits` (in Nightly builds, run with -Z macro-backtrace for more info)
[INFO] [stdout] 
[INFO] [stdout] 
[INFO] [stdout] error[E0554]: `#![feature]` may not be used on the beta release channel
[INFO] [stdout]   --> /opt/rustwide/cargo-home/registry/src/index.crates.io-6f17d22bba15001f/runtime-fmt-0.3.0/src/lib.rs:17:1
[INFO] [stdout]    |
[INFO] [stdout] 17 | #![feature(fmt_internals)]
[INFO] [stdout]    | ^^^^^^^^^^^^^^^^^^^^^^^^^^
[INFO] [stdout] 
[INFO] [stdout] 
[INFO] [stdout] error[E0554]: `#![feature]` may not be used on the beta release channel
[INFO] [stdout]   --> /opt/rustwide/cargo-home/registry/src/index.crates.io-6f17d22bba15001f/runtime-fmt-0.3.0/src/lib.rs:18:1
[INFO] [stdout]    |
[INFO] [stdout] 18 | #![feature(conservative_impl_trait)]
[INFO] [stdout]    | ^^^^^^^^^^^^^^^^^^^^^^^^^^^^^^^^^^^^ help: remove the attribute
[INFO] [stdout]    |
[INFO] [stdout]    = help: the feature `conservative_impl_trait` has been stable since `1.26.0` and no longer requires an attribute to enable
[INFO] [stdout] 
[INFO] [stdout] 
[INFO] [stdout] error[E0554]: `#![feature]` may not be used on the beta release channel
[INFO] [stdout]   --> /opt/rustwide/cargo-home/registry/src/index.crates.io-6f17d22bba15001f/runtime-fmt-0.3.0/src/lib.rs:19:1
[INFO] [stdout]    |
[INFO] [stdout] 19 | #![feature(specialization)]
[INFO] [stdout]    | ^^^^^^^^^^^^^^^^^^^^^^^^^^^
[INFO] [stdout] 
[INFO] [stdout] 
[INFO] [stdout] error[E0554]: `#![feature]` may not be used on the beta release channel
[INFO] [stdout]   --> /opt/rustwide/cargo-home/registry/src/index.crates.io-6f17d22bba15001f/runtime-fmt-0.3.0/src/lib.rs:20:1
[INFO] [stdout]    |
[INFO] [stdout] 20 | #![feature(print_internals)]
[INFO] [stdout]    | ^^^^^^^^^^^^^^^^^^^^^^^^^^^^
[INFO] [stdout] 
[INFO] [stdout] 
[INFO] [stdout] error[E0554]: `#![feature]` may not be used on the beta release channel
[INFO] [stdout]   --> /opt/rustwide/cargo-home/registry/src/index.crates.io-6f17d22bba15001f/runtime-fmt-0.3.0/src/lib.rs:21:1
[INFO] [stdout]    |
[INFO] [stdout] 21 | #![feature(rustc_private)]
[INFO] [stdout]    | ^^^^^^^^^^^^^^^^^^^^^^^^^^
[INFO] [stdout] 
[INFO] [stdout] 
[INFO] [stdout] error[E0554]: `#![feature]` may not be used on the beta release channel
[INFO] [stdout]   --> /opt/rustwide/cargo-home/registry/src/index.crates.io-6f17d22bba15001f/runtime-fmt-0.3.0/src/lib.rs:22:1
[INFO] [stdout]    |
[INFO] [stdout] 22 | #![feature(try_from)]
[INFO] [stdout]    | ^^^^^^^^^^^^^^^^^^^^^
[INFO] [stdout] 
[INFO] [stdout] 
[INFO] [stdout] error[E0554]: `#![feature]` may not be used on the beta release channel
[INFO] [stdout]   --> /opt/rustwide/cargo-home/registry/src/index.crates.io-6f17d22bba15001f/runtime-fmt-0.3.0/src/lib.rs:17:12
[INFO] [stdout]    |
[INFO] [stdout] 17 | #![feature(fmt_internals)]
[INFO] [stdout]    |            ^^^^^^^^^^^^^
[INFO] [stdout] 
[INFO] [stdout] 
[INFO] [stdout] error[E0554]: `#![feature]` may not be used on the beta release channel
[INFO] [stdout]   --> /opt/rustwide/cargo-home/registry/src/index.crates.io-6f17d22bba15001f/runtime-fmt-0.3.0/src/lib.rs:20:12
[INFO] [stdout]    |
[INFO] [stdout] 20 | #![feature(print_internals)]
[INFO] [stdout]    |            ^^^^^^^^^^^^^^^
[INFO] [stdout] 
[INFO] [stdout] 
[INFO] [stdout] error[E0554]: `#![feature]` may not be used on the beta release channel
[INFO] [stdout]   --> /opt/rustwide/cargo-home/registry/src/index.crates.io-6f17d22bba15001f/runtime-fmt-0.3.0/src/lib.rs:22:12
[INFO] [stdout]    |
[INFO] [stdout] 22 | #![feature(try_from)]
[INFO] [stdout]    |            ^^^^^^^^
[INFO] [stdout] 
[INFO] [stdout] 
[INFO] [stdout] error: aborting due to 14 previous errors
[INFO] [stdout] 
[INFO] [stdout] 
[INFO] [stdout] Some errors have detailed explanations: E0412, E0432, E0433, E0554.
[INFO] [stdout] 
[INFO] [stdout] For more information about an error, try `rustc --explain E0412`.
[INFO] [stdout] 
[INFO] [stderr]    Compiling humantime v1.2.0
[INFO] [stderr] error: could not compile `runtime-fmt` (lib) due to 15 previous errors
[INFO] [stderr] warning: build failed, waiting for other jobs to finish...
[INFO] [stdout] error: aborting due to 1 previous error
[INFO] [stdout] 
[INFO] [stdout] 
[INFO] [stdout] For more information about this error, try `rustc --explain E0310`.
[INFO] [stdout] 
[INFO] [stderr] error: could not compile `rustc-serialize` (lib) due to 2 previous errors
[INFO] running `Command { std: "docker" "inspect" "5087747791b52804763f4f12ac6d91a70381e03d70e4b78d8fbf325cb9846c70", kill_on_drop: false }`
[INFO] running `Command { std: "docker" "rm" "-f" "5087747791b52804763f4f12ac6d91a70381e03d70e4b78d8fbf325cb9846c70", kill_on_drop: false }`
[INFO] [stdout] 5087747791b52804763f4f12ac6d91a70381e03d70e4b78d8fbf325cb9846c70
