[INFO] cloning repository https://github.com/AquaEBM/one_pole
[INFO] running `Command { std: "git" "-c" "credential.helper=" "-c" "credential.helper=/workspace/cargo-home/bin/git-credential-null" "clone" "--bare" "https://github.com/AquaEBM/one_pole" "/workspace/cache/git-repos/https%3A%2F%2Fgithub.com%2FAquaEBM%2Fone_pole", kill_on_drop: false }`
[INFO] [stderr] Cloning into bare repository '/workspace/cache/git-repos/https%3A%2F%2Fgithub.com%2FAquaEBM%2Fone_pole'...
[INFO] running `Command { std: "git" "rev-parse" "HEAD", kill_on_drop: false }`
[INFO] [stdout] 1eeb08cdda13b6225030a2ee64524fbbbb5eab9e
[INFO] testing AquaEBM/one_pole against 1.75.0 for beta-1.76-1
[INFO] running `Command { std: "git" "clone" "/workspace/cache/git-repos/https%3A%2F%2Fgithub.com%2FAquaEBM%2Fone_pole" "/workspace/builds/worker-5-tc1/source", kill_on_drop: false }`
[INFO] [stderr] Cloning into '/workspace/builds/worker-5-tc1/source'...
[INFO] [stderr] done.
[INFO] validating manifest of git repo https://github.com/AquaEBM/one_pole on toolchain 1.75.0
[INFO] running `Command { std: CARGO_HOME="/workspace/cargo-home" RUSTUP_HOME="/workspace/rustup-home" "/workspace/cargo-home/bin/cargo" "+1.75.0" "metadata" "--manifest-path" "Cargo.toml" "--no-deps", kill_on_drop: false }`
[INFO] removed /workspace/builds/worker-5-tc1/source/.cargo/config.toml
[INFO] started tweaking git repo https://github.com/AquaEBM/one_pole
[INFO] finished tweaking git repo https://github.com/AquaEBM/one_pole
[INFO] tweaked toml for git repo https://github.com/AquaEBM/one_pole written to /workspace/builds/worker-5-tc1/source/Cargo.toml
[INFO] crate git repo https://github.com/AquaEBM/one_pole already has a lockfile, it will not be regenerated
[INFO] running `Command { std: CARGO_HOME="/workspace/cargo-home" RUSTUP_HOME="/workspace/rustup-home" "/workspace/cargo-home/bin/cargo" "+1.75.0" "fetch" "--manifest-path" "Cargo.toml", kill_on_drop: false }`
[INFO] [stderr]     Updating git repository `https://github.com/robbert-vdh/nih-plug.git`
[INFO] [stderr]     Updating git repository `https://github.com/AquaEBM/plugin_util.git`
[INFO] [stderr]     Updating git repository `https://github.com/RustAudio/baseview.git`
[INFO] [stderr]     Updating git repository `https://github.com/robbert-vdh/clap-sys.git`
[INFO] [stderr]     Updating crates.io index
[INFO] [stderr]     Updating git repository `https://github.com/robbert-vdh/vst3-sys.git`
[INFO] [stderr]     Updating git repository `https://github.com/rust-lang/portable-simd.git`
[INFO] [stderr]  Downloading crates ...
[INFO] [stderr]   Downloaded thiserror v1.0.51
[INFO] [stderr]   Downloaded crossbeam-queue v0.3.9
[INFO] [stderr]   Downloaded thiserror-impl v1.0.51
[INFO] [stderr]   Downloaded crossbeam-epoch v0.9.16
[INFO] [stderr]   Downloaded coremidi-sys v3.1.0
[INFO] [stderr]   Downloaded rtrb v0.2.3
[INFO] [stderr]   Downloaded midir v0.9.1
[INFO] [stderr]   Downloaded crossbeam-utils v0.8.17
[INFO] [stderr]   Downloaded anyhow v1.0.76
[INFO] [stderr]   Downloaded winnow v0.5.30
[INFO] [stderr]   Downloaded crossbeam-channel v0.5.9
[INFO] [stderr]   Downloaded coremidi v0.6.0
[INFO] [stderr]   Downloaded nih_log v0.3.1
[INFO] [stderr]   Downloaded midi-consts v0.1.0
[INFO] [stderr]   Downloaded jack-sys v0.5.1
[INFO] [stderr]   Downloaded xcb-util v0.3.0
[INFO] [stderr]   Downloaded jack v0.11.4
[INFO] running `Command { std: "docker" "create" "-v" "/var/lib/crater-agent-workspace/builds/worker-5-tc1/target:/opt/rustwide/target:rw,Z" "-v" "/var/lib/crater-agent-workspace/builds/worker-5-tc1/source:/opt/rustwide/workdir:ro,Z" "-v" "/var/lib/crater-agent-workspace/cargo-home:/opt/rustwide/cargo-home:ro,Z" "-v" "/var/lib/crater-agent-workspace/rustup-home:/opt/rustwide/rustup-home:ro,Z" "-e" "SOURCE_DIR=/opt/rustwide/workdir" "-e" "CARGO_TARGET_DIR=/opt/rustwide/target" "-e" "CARGO_HOME=/opt/rustwide/cargo-home" "-e" "RUSTUP_HOME=/opt/rustwide/rustup-home" "-w" "/opt/rustwide/workdir" "-m" "1610612736" "--user" "0:0" "--network" "none" "ghcr.io/rust-lang/crates-build-env/linux@sha256:2788e3201cd34a07e3172128adcd8b3090168a8e3bcc40d7c032b9dda1df7d1c" "/opt/rustwide/cargo-home/bin/cargo" "+1.75.0" "metadata" "--no-deps" "--format-version=1", kill_on_drop: false }`
[INFO] [stdout] 8fa2480966e8aff36b9bead1c7f4ff496adf94f2318d3058263864c51b96e168
[INFO] running `Command { std: "docker" "start" "-a" "8fa2480966e8aff36b9bead1c7f4ff496adf94f2318d3058263864c51b96e168", kill_on_drop: false }`
[INFO] running `Command { std: "docker" "inspect" "8fa2480966e8aff36b9bead1c7f4ff496adf94f2318d3058263864c51b96e168", kill_on_drop: false }`
[INFO] running `Command { std: "docker" "rm" "-f" "8fa2480966e8aff36b9bead1c7f4ff496adf94f2318d3058263864c51b96e168", kill_on_drop: false }`
[INFO] [stdout] 8fa2480966e8aff36b9bead1c7f4ff496adf94f2318d3058263864c51b96e168
[INFO] running `Command { std: "docker" "create" "-v" "/var/lib/crater-agent-workspace/builds/worker-5-tc1/target:/opt/rustwide/target:rw,Z" "-v" "/var/lib/crater-agent-workspace/builds/worker-5-tc1/source:/opt/rustwide/workdir:ro,Z" "-v" "/var/lib/crater-agent-workspace/cargo-home:/opt/rustwide/cargo-home:ro,Z" "-v" "/var/lib/crater-agent-workspace/rustup-home:/opt/rustwide/rustup-home:ro,Z" "-e" "SOURCE_DIR=/opt/rustwide/workdir" "-e" "CARGO_TARGET_DIR=/opt/rustwide/target" "-e" "CARGO_INCREMENTAL=0" "-e" "RUST_BACKTRACE=full" "-e" "RUSTFLAGS=--cap-lints=warn" "-e" "RUSTDOCFLAGS=--cap-lints=warn" "-e" "CARGO_HOME=/opt/rustwide/cargo-home" "-e" "RUSTUP_HOME=/opt/rustwide/rustup-home" "-w" "/opt/rustwide/workdir" "-m" "1610612736" "--user" "0:0" "--network" "none" "ghcr.io/rust-lang/crates-build-env/linux@sha256:2788e3201cd34a07e3172128adcd8b3090168a8e3bcc40d7c032b9dda1df7d1c" "/opt/rustwide/cargo-home/bin/cargo" "+1.75.0" "build" "--frozen" "--message-format=json", kill_on_drop: false }`
[INFO] [stdout] 0574197403d47169d46eab5bcb495394843b6338f2fab0c5aa62eb597c3f5db2
[INFO] running `Command { std: "docker" "start" "-a" "0574197403d47169d46eab5bcb495394843b6338f2fab0c5aa62eb597c3f5db2", kill_on_drop: false }`
[INFO] [stderr]    Compiling libc v0.2.151
[INFO] [stderr]    Compiling pkg-config v0.3.28
[INFO] [stderr]    Compiling proc-macro2 v1.0.71
[INFO] [stderr]    Compiling unicode-ident v1.0.12
[INFO] [stderr]    Compiling crossbeam-utils v0.8.17
[INFO] [stderr]    Compiling syn v1.0.109
[INFO] [stderr]    Compiling log v0.4.20
[INFO] [stderr]    Compiling rustix v0.38.28
[INFO] [stderr]    Compiling bitflags v2.4.1
[INFO] [stderr]    Compiling utf8parse v0.2.1
[INFO] [stderr]    Compiling linux-raw-sys v0.4.12
[INFO] [stderr]    Compiling parking_lot_core v0.9.9
[INFO] [stderr]    Compiling memoffset v0.9.0
[INFO] [stderr]    Compiling memoffset v0.6.5
[INFO] [stderr]    Compiling lock_api v0.4.11
[INFO] [stderr]    Compiling anstyle-parse v0.2.3
[INFO] [stderr]    Compiling scopeguard v1.2.0
[INFO] [stderr]    Compiling powerfmt v0.2.0
[INFO] [stderr]    Compiling smallvec v1.11.2
[INFO] [stderr]    Compiling time-core v0.1.2
[INFO] [stderr]    Compiling colorchoice v1.0.0
[INFO] [stderr]    Compiling anstyle-query v1.0.2
[INFO] [stderr]    Compiling serde v1.0.193
[INFO] [stderr]    Compiling itoa v1.0.10
[INFO] [stderr]    Compiling anstyle v1.0.4
[INFO] [stderr]    Compiling time-macros v0.2.16
[INFO] [stderr]    Compiling deranged v0.3.10
[INFO] [stderr]    Compiling libloading v0.7.4
[INFO] [stderr]    Compiling heck v0.4.1
[INFO] [stderr]    Compiling serde_json v1.0.108
[INFO] [stderr]    Compiling cty v0.2.2
[INFO] [stderr]    Compiling adler v1.0.2
[INFO] [stderr]    Compiling anstream v0.6.5
[INFO] [stderr]    Compiling jack v0.11.4
[INFO] [stderr]    Compiling gimli v0.28.1
[INFO] [stderr]    Compiling cpal v0.15.2
[INFO] [stderr]    Compiling strsim v0.10.0
[INFO] [stderr]    Compiling num_threads v0.1.6
[INFO] [stderr]    Compiling memchr v2.6.4
[INFO] [stderr]    Compiling alsa-sys v0.3.1
[INFO] [stderr]    Compiling x11 v2.21.0
[INFO] [stderr]    Compiling jack-sys v0.5.1
[INFO] [stderr]    Compiling quote v1.0.33
[INFO] [stderr]    Compiling xcb v0.9.0
[INFO] [stderr]    Compiling cc v1.0.83
[INFO] [stderr]    Compiling crossbeam-epoch v0.9.16
[INFO] [stderr]    Compiling clap_lex v0.6.0
[INFO] [stderr]    Compiling syn v2.0.42
[INFO] [stderr]    Compiling anyhow v1.0.76
[INFO] [stderr]    Compiling crossbeam-channel v0.5.9
[INFO] [stderr]    Compiling crossbeam-queue v0.3.9
[INFO] [stderr]    Compiling terminal_size v0.3.0
[INFO] [stderr]    Compiling crossbeam-deque v0.8.4
[INFO] [stderr]    Compiling object v0.32.1
[INFO] [stderr]    Compiling clap_builder v4.4.11
[INFO] [stderr]    Compiling miniz_oxide v0.7.1
[INFO] [stderr]    Compiling raw-window-handle v0.4.3
[INFO] [stderr]    Compiling keyboard-types v0.6.2
[INFO] [stderr]    Compiling cache-padded v1.3.0
[INFO] [stderr]    Compiling dasp_sample v0.11.0
[INFO] [stderr]    Compiling once_cell v1.19.0
[INFO] [stderr]    Compiling termcolor v1.4.0
[INFO] [stderr]    Compiling nix v0.24.3
[INFO] [stderr]    Compiling nix v0.22.3
[INFO] [stderr]    Compiling atty v0.2.14
[INFO] [stderr]    Compiling parking_lot v0.12.1
[INFO] [stderr]    Compiling ryu v1.0.16
[INFO] [stderr]    Compiling rustc-demangle v0.1.23
[INFO] [stderr]    Compiling alsa v0.7.1
[INFO] [stderr]    Compiling backtrace v0.3.69
[INFO] [stderr]    Compiling time v0.3.31
[INFO] [stderr]    Compiling crossbeam v0.8.2
[INFO] [stderr]    Compiling rtrb v0.2.3
[INFO] [stderr]    Compiling addr2line v0.21.0
[INFO] [stderr]    Compiling clap-sys v0.3.0 (https://github.com/robbert-vdh/clap-sys.git?branch=feature/cstr-macro#523a5f8a)
[INFO] [stderr]    Compiling atomic_refcell v0.1.13
[INFO] [stderr]    Compiling core_simd v0.1.0 (https://github.com/rust-lang/portable-simd.git#1273da65)
[INFO] [stderr]    Compiling atomic_float v0.1.0
[INFO] [stderr]    Compiling anymap v1.0.0-beta.2
[INFO] [stderr]    Compiling midi-consts v0.1.0
[INFO] [stderr]    Compiling widestring v1.0.2
[INFO] [stdout] error[E0554]: `#![feature]` may not be used on the stable release channel
[INFO] [stdout]   --> /opt/rustwide/cargo-home/git/checkouts/portable-simd-311bd65e6952a0da/1273da6/crates/core_simd/src/lib.rs:2:1
[INFO] [stdout]    |
[INFO] [stdout] 2  | / #![feature(
[INFO] [stdout] 3  | |     const_refs_to_cell,
[INFO] [stdout] 4  | |     const_maybe_uninit_as_mut_ptr,
[INFO] [stdout] 5  | |     const_mut_refs,
[INFO] [stdout] ...  |
[INFO] [stdout] 16 | |     ptr_metadata
[INFO] [stdout] 17 | | )]
[INFO] [stdout]    | |__^
[INFO] [stdout] 
[INFO] [stdout] 
[INFO] [stderr]    Compiling midir v0.9.1
[INFO] [stdout] error[E0554]: `#![feature]` may not be used on the stable release channel
[INFO] [stdout]  --> /opt/rustwide/cargo-home/git/checkouts/portable-simd-311bd65e6952a0da/1273da6/crates/core_simd/src/lib.rs:4:5
[INFO] [stdout]   |
[INFO] [stdout] 4 |     const_maybe_uninit_as_mut_ptr,
[INFO] [stdout]   |     ^^^^^^^^^^^^^^^^^^^^^^^^^^^^^
[INFO] [stdout] 
[INFO] [stdout] 
[INFO] [stdout] error[E0554]: `#![feature]` may not be used on the stable release channel
[INFO] [stdout]  --> /opt/rustwide/cargo-home/git/checkouts/portable-simd-311bd65e6952a0da/1273da6/crates/core_simd/src/lib.rs:6:5
[INFO] [stdout]   |
[INFO] [stdout] 6 |     convert_float_to_int,
[INFO] [stdout]   |     ^^^^^^^^^^^^^^^^^^^^
[INFO] [stdout] 
[INFO] [stdout] 
[INFO] [stdout] error[E0554]: `#![feature]` may not be used on the stable release channel
[INFO] [stdout]   --> /opt/rustwide/cargo-home/git/checkouts/portable-simd-311bd65e6952a0da/1273da6/crates/core_simd/src/lib.rs:14:5
[INFO] [stdout]    |
[INFO] [stdout] 14 |     stdsimd,
[INFO] [stdout]    |     ^^^^^^^
[INFO] [stdout] 
[INFO] [stdout] 
[INFO] [stdout] error[E0554]: `#![feature]` may not be used on the stable release channel
[INFO] [stdout]   --> /opt/rustwide/cargo-home/git/checkouts/portable-simd-311bd65e6952a0da/1273da6/crates/core_simd/src/lib.rs:16:5
[INFO] [stdout]    |
[INFO] [stdout] 16 |     ptr_metadata
[INFO] [stdout]    |     ^^^^^^^^^^^^
[INFO] [stdout] 
[INFO] [stdout] 
[INFO] [stderr]    Compiling nih_log v0.3.1
[INFO] [stdout] error: aborting due to 5 previous errors
[INFO] [stdout] 
[INFO] [stdout] 
[INFO] [stdout] For more information about this error, try `rustc --explain E0554`.
[INFO] [stdout] 
[INFO] [stderr] error: could not compile `core_simd` (lib) due to 6 previous errors
[INFO] [stderr] warning: build failed, waiting for other jobs to finish...
[INFO] running `Command { std: "docker" "inspect" "0574197403d47169d46eab5bcb495394843b6338f2fab0c5aa62eb597c3f5db2", kill_on_drop: false }`
[INFO] running `Command { std: "docker" "rm" "-f" "0574197403d47169d46eab5bcb495394843b6338f2fab0c5aa62eb597c3f5db2", kill_on_drop: false }`
[INFO] [stdout] 0574197403d47169d46eab5bcb495394843b6338f2fab0c5aa62eb597c3f5db2
