[INFO] cloning repository https://github.com/Appity/diesel-trivial-convert
[INFO] running `Command { std: "git" "-c" "credential.helper=" "-c" "credential.helper=/workspace/cargo-home/bin/git-credential-null" "clone" "--bare" "https://github.com/Appity/diesel-trivial-convert" "/workspace/cache/git-repos/https%3A%2F%2Fgithub.com%2FAppity%2Fdiesel-trivial-convert", kill_on_drop: false }`
[INFO] [stderr] Cloning into bare repository '/workspace/cache/git-repos/https%3A%2F%2Fgithub.com%2FAppity%2Fdiesel-trivial-convert'...
[INFO] running `Command { std: "git" "rev-parse" "HEAD", kill_on_drop: false }`
[INFO] [stdout] 0c2ffe69d063b56b8c9ceb2fa7f6be8402279628
[INFO] testing Appity/diesel-trivial-convert against 1.75.0 for beta-1.76-1
[INFO] running `Command { std: "git" "clone" "/workspace/cache/git-repos/https%3A%2F%2Fgithub.com%2FAppity%2Fdiesel-trivial-convert" "/workspace/builds/worker-5-tc1/source", kill_on_drop: false }`
[INFO] [stderr] Cloning into '/workspace/builds/worker-5-tc1/source'...
[INFO] [stderr] done.
[INFO] validating manifest of git repo https://github.com/Appity/diesel-trivial-convert on toolchain 1.75.0
[INFO] running `Command { std: CARGO_HOME="/workspace/cargo-home" RUSTUP_HOME="/workspace/rustup-home" "/workspace/cargo-home/bin/cargo" "+1.75.0" "metadata" "--manifest-path" "Cargo.toml" "--no-deps", kill_on_drop: false }`
[INFO] started tweaking git repo https://github.com/Appity/diesel-trivial-convert
[INFO] finished tweaking git repo https://github.com/Appity/diesel-trivial-convert
[INFO] tweaked toml for git repo https://github.com/Appity/diesel-trivial-convert written to /workspace/builds/worker-5-tc1/source/Cargo.toml
[INFO] crate git repo https://github.com/Appity/diesel-trivial-convert already has a lockfile, it will not be regenerated
[INFO] running `Command { std: CARGO_HOME="/workspace/cargo-home" RUSTUP_HOME="/workspace/rustup-home" "/workspace/cargo-home/bin/cargo" "+1.75.0" "fetch" "--manifest-path" "Cargo.toml", kill_on_drop: false }`
[INFO] [stderr] warning: unused manifest key: print_schema
[INFO] [stderr]     Blocking waiting for file lock on package cache
[INFO] [stderr]  Downloading crates ...
[INFO] [stderr]   Downloaded diesel_derives v2.0.1
[INFO] [stderr]   Downloaded diesel v2.0.2
[INFO] running `Command { std: "docker" "create" "-v" "/var/lib/crater-agent-workspace/builds/worker-5-tc1/target:/opt/rustwide/target:rw,Z" "-v" "/var/lib/crater-agent-workspace/builds/worker-5-tc1/source:/opt/rustwide/workdir:ro,Z" "-v" "/var/lib/crater-agent-workspace/cargo-home:/opt/rustwide/cargo-home:ro,Z" "-v" "/var/lib/crater-agent-workspace/rustup-home:/opt/rustwide/rustup-home:ro,Z" "-e" "SOURCE_DIR=/opt/rustwide/workdir" "-e" "CARGO_TARGET_DIR=/opt/rustwide/target" "-e" "CARGO_HOME=/opt/rustwide/cargo-home" "-e" "RUSTUP_HOME=/opt/rustwide/rustup-home" "-w" "/opt/rustwide/workdir" "-m" "1610612736" "--user" "0:0" "--network" "none" "ghcr.io/rust-lang/crates-build-env/linux@sha256:2788e3201cd34a07e3172128adcd8b3090168a8e3bcc40d7c032b9dda1df7d1c" "/opt/rustwide/cargo-home/bin/cargo" "+1.75.0" "metadata" "--no-deps" "--format-version=1", kill_on_drop: false }`
[INFO] [stdout] 6b9ad6a907642a2d566a9321469202f13385c8633bcadfad34dc68d56f2e1768
[INFO] running `Command { std: "docker" "start" "-a" "6b9ad6a907642a2d566a9321469202f13385c8633bcadfad34dc68d56f2e1768", kill_on_drop: false }`
[INFO] running `Command { std: "docker" "inspect" "6b9ad6a907642a2d566a9321469202f13385c8633bcadfad34dc68d56f2e1768", kill_on_drop: false }`
[INFO] running `Command { std: "docker" "rm" "-f" "6b9ad6a907642a2d566a9321469202f13385c8633bcadfad34dc68d56f2e1768", kill_on_drop: false }`
[INFO] [stdout] 6b9ad6a907642a2d566a9321469202f13385c8633bcadfad34dc68d56f2e1768
[INFO] running `Command { std: "docker" "create" "-v" "/var/lib/crater-agent-workspace/builds/worker-5-tc1/target:/opt/rustwide/target:rw,Z" "-v" "/var/lib/crater-agent-workspace/builds/worker-5-tc1/source:/opt/rustwide/workdir:ro,Z" "-v" "/var/lib/crater-agent-workspace/cargo-home:/opt/rustwide/cargo-home:ro,Z" "-v" "/var/lib/crater-agent-workspace/rustup-home:/opt/rustwide/rustup-home:ro,Z" "-e" "SOURCE_DIR=/opt/rustwide/workdir" "-e" "CARGO_TARGET_DIR=/opt/rustwide/target" "-e" "CARGO_INCREMENTAL=0" "-e" "RUST_BACKTRACE=full" "-e" "RUSTFLAGS=--cap-lints=warn" "-e" "RUSTDOCFLAGS=--cap-lints=warn" "-e" "CARGO_HOME=/opt/rustwide/cargo-home" "-e" "RUSTUP_HOME=/opt/rustwide/rustup-home" "-w" "/opt/rustwide/workdir" "-m" "1610612736" "--user" "0:0" "--network" "none" "ghcr.io/rust-lang/crates-build-env/linux@sha256:2788e3201cd34a07e3172128adcd8b3090168a8e3bcc40d7c032b9dda1df7d1c" "/opt/rustwide/cargo-home/bin/cargo" "+1.75.0" "build" "--frozen" "--message-format=json", kill_on_drop: false }`
[INFO] [stdout] 03a986b6c12826bf0d8148a1d1566d2596058233444ff6ee5d65f66886d4d887
[INFO] running `Command { std: "docker" "start" "-a" "03a986b6c12826bf0d8148a1d1566d2596058233444ff6ee5d65f66886d4d887", kill_on_drop: false }`
[INFO] [stderr] warning: unused manifest key: print_schema
[INFO] [stderr]    Compiling proc-macro2 v1.0.47
[INFO] [stderr]    Compiling pkg-config v0.3.26
[INFO] [stderr]    Compiling unicode-ident v1.0.5
[INFO] [stderr]    Compiling quote v1.0.21
[INFO] [stderr]    Compiling proc-macro-error-attr v1.0.4
[INFO] [stderr]    Compiling syn v1.0.103
[INFO] [stderr]    Compiling proc-macro-error v1.0.4
[INFO] [stderr]    Compiling vcpkg v0.2.15
[INFO] [stderr]    Compiling pq-sys v0.4.7
[INFO] [stderr]    Compiling percent-encoding v2.2.0
[INFO] [stderr]    Compiling unicode-bidi v0.3.8
[INFO] [stderr]    Compiling itoa v1.0.4
[INFO] [stderr]    Compiling dotenv v0.15.0
[INFO] [stderr]    Compiling tinyvec v1.6.0
[INFO] [stderr]    Compiling form_urlencoded v1.1.0
[INFO] [stderr]    Compiling mysqlclient-sys v0.2.5
[INFO] [stderr]    Compiling libsqlite3-sys v0.25.2
[INFO] [stderr]    Compiling unicode-normalization v0.1.22
[INFO] [stderr]    Compiling idna v0.3.0
[INFO] [stderr]    Compiling url v2.3.1
[INFO] [stderr]    Compiling diesel_derives v2.0.1
[INFO] [stderr]    Compiling diesel v2.0.2
[INFO] [stderr]    Compiling diesel-trivial-convert v0.1.0 (/opt/rustwide/workdir)
[INFO] [stdout] error[E0277]: the trait bound `(diesel::sql_types::Integer, diesel::sql_types::Text, diesel::sql_types::Nullable<diesel::sql_types::Text>, diesel::sql_types::Array<diesel::sql_types::Text>, diesel::sql_types::Nullable<diesel::sql_types::Array<diesel::sql_types::Text>>): load_dsl::private::CompatibleType<ExampleModel, Pg>` is not satisfied
[INFO] [stdout]     --> src/models/example_model.rs:34:37
[INFO] [stdout]      |
[INFO] [stdout] 34   |                 .get_result::<Self>(db)?
[INFO] [stdout]      |                  ----------         ^^ the trait `load_dsl::private::CompatibleType<ExampleModel, Pg>` is not implemented for `(diesel::sql_types::Integer, diesel::sql_types::Text, diesel::sql_types::Nullable<diesel::sql_types::Text>, diesel::sql_types::Array<diesel::sql_types::Text>, diesel::sql_types::Nullable<diesel::sql_types::Array<diesel::sql_types::Text>>)`
[INFO] [stdout]      |                  |
[INFO] [stdout]      |                  required by a bound introduced by this call
[INFO] [stdout]      |
[INFO] [stdout]      = help: the following other types implement trait `load_dsl::private::CompatibleType<U, DB>`:
[INFO] [stdout]                (ST0,)
[INFO] [stdout]                (ST0, ST1)
[INFO] [stdout]                (ST0, ST1, ST2)
[INFO] [stdout]                (ST0, ST1, ST2, ST3)
[INFO] [stdout]                (ST0, ST1, ST2, ST3, ST4)
[INFO] [stdout]                (ST0, ST1, ST2, ST3, ST4, ST5)
[INFO] [stdout]                (ST0, ST1, ST2, ST3, ST4, ST5, ST6)
[INFO] [stdout]                (ST0, ST1, ST2, ST3, ST4, ST5, ST6, ST7)
[INFO] [stdout]              and 24 others
[INFO] [stdout]      = note: required for `InsertStatement<table, ValuesClause<(ColumnInsertValue<label, Bound<Text, Label>>, ...), ...>, ..., ...>` to implement `LoadQuery<'_, _, ExampleModel>`
[INFO] [stdout]      = note: the full type name has been written to '/opt/rustwide/target/debug/deps/diesel_trivial_convert-049063fb2c763255.long-type-3429694485439484415.txt'
[INFO] [stdout] note: required by a bound in `get_result`
[INFO] [stdout]     --> /opt/rustwide/cargo-home/registry/src/index.crates.io-6f17d22bba15001f/diesel-2.0.2/src/query_dsl/mod.rs:1679:15
[INFO] [stdout]      |
[INFO] [stdout] 1677 |     fn get_result<'query, U>(self, conn: &mut Conn) -> QueryResult<U>
[INFO] [stdout]      |        ---------- required by a bound in this associated function
[INFO] [stdout] 1678 |     where
[INFO] [stdout] 1679 |         Self: LoadQuery<'query, Conn, U>,
[INFO] [stdout]      |               ^^^^^^^^^^^^^^^^^^^^^^^^^^ required by this bound in `RunQueryDsl::get_result`
[INFO] [stdout] 
[INFO] [stdout] 
[INFO] [stdout] error[E0277]: the trait bound `ExampleModel: FromSqlRow<_, Pg>` is not satisfied
[INFO] [stdout]     --> src/models/example_model.rs:34:37
[INFO] [stdout]      |
[INFO] [stdout] 34   |                 .get_result::<Self>(db)?
[INFO] [stdout]      |                  ----------         ^^ the trait `FromSqlRow<_, Pg>` is not implemented for `ExampleModel`
[INFO] [stdout]      |                  |
[INFO] [stdout]      |                  required by a bound introduced by this call
[INFO] [stdout]      |
[INFO] [stdout]      = help: the following other types implement trait `FromSqlRow<ST, DB>`:
[INFO] [stdout]                <(T1, T0) as FromSqlRow<(ST1, Untyped), __DB>>
[INFO] [stdout]                <(T1, T2, T0) as FromSqlRow<(ST1, ST2, Untyped), __DB>>
[INFO] [stdout]                <(T1, T2, T3, T0) as FromSqlRow<(ST1, ST2, ST3, Untyped), __DB>>
[INFO] [stdout]                <(T1, T2, T3, T4, T0) as FromSqlRow<(ST1, ST2, ST3, ST4, Untyped), __DB>>
[INFO] [stdout]                <(T1, T2, T3, T4, T5, T0) as FromSqlRow<(ST1, ST2, ST3, ST4, ST5, Untyped), __DB>>
[INFO] [stdout]                <(T1, T2, T3, T4, T5, T6, T0) as FromSqlRow<(ST1, ST2, ST3, ST4, ST5, ST6, Untyped), __DB>>
[INFO] [stdout]                <(T1, T2, T3, T4, T5, T6, T7, T0) as FromSqlRow<(ST1, ST2, ST3, ST4, ST5, ST6, ST7, Untyped), __DB>>
[INFO] [stdout]                <(T1, T2, T3, T4, T5, T6, T7, T8, T0) as FromSqlRow<(ST1, ST2, ST3, ST4, ST5, ST6, ST7, ST8, Untyped), __DB>>
[INFO] [stdout]              and 23 others
[INFO] [stdout]      = note: required for `InsertStatement<table, ValuesClause<(ColumnInsertValue<label, Bound<Text, Label>>, ...), ...>, ..., ...>` to implement `LoadQuery<'_, _, ExampleModel>`
[INFO] [stdout]      = note: the full type name has been written to '/opt/rustwide/target/debug/deps/diesel_trivial_convert-049063fb2c763255.long-type-3429694485439484415.txt'
[INFO] [stdout] note: required by a bound in `get_result`
[INFO] [stdout]     --> /opt/rustwide/cargo-home/registry/src/index.crates.io-6f17d22bba15001f/diesel-2.0.2/src/query_dsl/mod.rs:1679:15
[INFO] [stdout]      |
[INFO] [stdout] 1677 |     fn get_result<'query, U>(self, conn: &mut Conn) -> QueryResult<U>
[INFO] [stdout]      |        ---------- required by a bound in this associated function
[INFO] [stdout] 1678 |     where
[INFO] [stdout] 1679 |         Self: LoadQuery<'query, Conn, U>,
[INFO] [stdout]      |               ^^^^^^^^^^^^^^^^^^^^^^^^^^ required by this bound in `RunQueryDsl::get_result`
[INFO] [stdout] 
[INFO] [stdout] 
[INFO] [stdout] error[E0277]: the trait bound `Label: ToSql<diesel::sql_types::Text, Pg>` is not satisfied
[INFO] [stdout]     --> src/models/example_model.rs:34:37
[INFO] [stdout]      |
[INFO] [stdout] 34   |                 .get_result::<Self>(db)?
[INFO] [stdout]      |                  ----------         ^^ the trait `ToSql<diesel::sql_types::Text, Pg>` is not implemented for `Label`
[INFO] [stdout]      |                  |
[INFO] [stdout]      |                  required by a bound introduced by this call
[INFO] [stdout]      |
[INFO] [stdout]      = help: the trait `ToSql<diesel::sql_types::Nullable<diesel::sql_types::Text>, __DB>` is implemented for `Label`
[INFO] [stdout]      = note: required for `diesel::expression::bound::Bound<diesel::sql_types::Text, Label>` to implement `QueryFragment<Pg>`
[INFO] [stdout]      = note: 1 redundant requirement hidden
[INFO] [stdout]      = note: required for `ColumnInsertValue<columns::label, diesel::expression::bound::Bound<diesel::sql_types::Text, Label>>` to implement `QueryFragment<Pg>`
[INFO] [stdout]      = note: required for `ColumnInsertValue<columns::label, diesel::expression::bound::Bound<diesel::sql_types::Text, Label>>` to implement `InsertValues<table, Pg>`
[INFO] [stdout]      = note: 3 redundant requirements hidden
[INFO] [stdout]      = note: required for `InsertStatement<table, ValuesClause<(ColumnInsertValue<label, Bound<Text, Label>>, ...), ...>, ..., ...>` to implement `QueryFragment<Pg>`
[INFO] [stdout]      = note: the full type name has been written to '/opt/rustwide/target/debug/deps/diesel_trivial_convert-049063fb2c763255.long-type-3429694485439484415.txt'
[INFO] [stdout]      = note: required for `InsertStatement<table, ValuesClause<(ColumnInsertValue<label, Bound<Text, Label>>, ...), ...>, ..., ...>` to implement `LoadQuery<'_, _, ExampleModel>`
[INFO] [stdout]      = note: the full type name has been written to '/opt/rustwide/target/debug/deps/diesel_trivial_convert-049063fb2c763255.long-type-3429694485439484415.txt'
[INFO] [stdout] note: required by a bound in `get_result`
[INFO] [stdout]     --> /opt/rustwide/cargo-home/registry/src/index.crates.io-6f17d22bba15001f/diesel-2.0.2/src/query_dsl/mod.rs:1679:15
[INFO] [stdout]      |
[INFO] [stdout] 1677 |     fn get_result<'query, U>(self, conn: &mut Conn) -> QueryResult<U>
[INFO] [stdout]      |        ---------- required by a bound in this associated function
[INFO] [stdout] 1678 |     where
[INFO] [stdout] 1679 |         Self: LoadQuery<'query, Conn, U>,
[INFO] [stdout]      |               ^^^^^^^^^^^^^^^^^^^^^^^^^^ required by this bound in `RunQueryDsl::get_result`
[INFO] [stdout] 
[INFO] [stdout] 
[INFO] [stdout] error: aborting due to 3 previous errors
[INFO] [stdout] 
[INFO] [stdout] 
[INFO] [stdout] For more information about this error, try `rustc --explain E0277`.
[INFO] [stdout] 
[INFO] [stderr] error: could not compile `diesel-trivial-convert` (lib) due to 4 previous errors
[INFO] [stderr] warning: build failed, waiting for other jobs to finish...
[INFO] running `Command { std: "docker" "inspect" "03a986b6c12826bf0d8148a1d1566d2596058233444ff6ee5d65f66886d4d887", kill_on_drop: false }`
[INFO] running `Command { std: "docker" "rm" "-f" "03a986b6c12826bf0d8148a1d1566d2596058233444ff6ee5d65f66886d4d887", kill_on_drop: false }`
[INFO] [stdout] 03a986b6c12826bf0d8148a1d1566d2596058233444ff6ee5d65f66886d4d887
[INFO] testing Appity/diesel-trivial-convert against beta-2023-12-22 for beta-1.76-1
[INFO] running `Command { std: "git" "clone" "/workspace/cache/git-repos/https%3A%2F%2Fgithub.com%2FAppity%2Fdiesel-trivial-convert" "/workspace/builds/worker-5-tc2/source", kill_on_drop: false }`
[INFO] [stderr] Cloning into '/workspace/builds/worker-5-tc2/source'...
[INFO] [stderr] done.
[INFO] validating manifest of git repo https://github.com/Appity/diesel-trivial-convert on toolchain beta-2023-12-22
[INFO] running `Command { std: CARGO_HOME="/workspace/cargo-home" RUSTUP_HOME="/workspace/rustup-home" "/workspace/cargo-home/bin/cargo" "+beta-2023-12-22" "metadata" "--manifest-path" "Cargo.toml" "--no-deps", kill_on_drop: false }`
[INFO] started tweaking git repo https://github.com/Appity/diesel-trivial-convert
[INFO] finished tweaking git repo https://github.com/Appity/diesel-trivial-convert
[INFO] tweaked toml for git repo https://github.com/Appity/diesel-trivial-convert written to /workspace/builds/worker-5-tc2/source/Cargo.toml
[INFO] crate git repo https://github.com/Appity/diesel-trivial-convert already has a lockfile, it will not be regenerated
[INFO] running `Command { std: CARGO_HOME="/workspace/cargo-home" RUSTUP_HOME="/workspace/rustup-home" "/workspace/cargo-home/bin/cargo" "+beta-2023-12-22" "fetch" "--manifest-path" "Cargo.toml", kill_on_drop: false }`
[INFO] [stderr] warning: unused manifest key: print_schema
[INFO] running `Command { std: "docker" "create" "-v" "/var/lib/crater-agent-workspace/builds/worker-5-tc2/target:/opt/rustwide/target:rw,Z" "-v" "/var/lib/crater-agent-workspace/builds/worker-5-tc2/source:/opt/rustwide/workdir:ro,Z" "-v" "/var/lib/crater-agent-workspace/cargo-home:/opt/rustwide/cargo-home:ro,Z" "-v" "/var/lib/crater-agent-workspace/rustup-home:/opt/rustwide/rustup-home:ro,Z" "-e" "SOURCE_DIR=/opt/rustwide/workdir" "-e" "CARGO_TARGET_DIR=/opt/rustwide/target" "-e" "CARGO_HOME=/opt/rustwide/cargo-home" "-e" "RUSTUP_HOME=/opt/rustwide/rustup-home" "-w" "/opt/rustwide/workdir" "-m" "1610612736" "--user" "0:0" "--network" "none" "ghcr.io/rust-lang/crates-build-env/linux@sha256:2788e3201cd34a07e3172128adcd8b3090168a8e3bcc40d7c032b9dda1df7d1c" "/opt/rustwide/cargo-home/bin/cargo" "+beta-2023-12-22" "metadata" "--no-deps" "--format-version=1", kill_on_drop: false }`
[INFO] [stdout] 5dce9c27ed7d88fe474d91b3d947d339a3e8b49cf0a05aab73513821017371d1
[INFO] running `Command { std: "docker" "start" "-a" "5dce9c27ed7d88fe474d91b3d947d339a3e8b49cf0a05aab73513821017371d1", kill_on_drop: false }`
[INFO] running `Command { std: "docker" "inspect" "5dce9c27ed7d88fe474d91b3d947d339a3e8b49cf0a05aab73513821017371d1", kill_on_drop: false }`
[INFO] running `Command { std: "docker" "rm" "-f" "5dce9c27ed7d88fe474d91b3d947d339a3e8b49cf0a05aab73513821017371d1", kill_on_drop: false }`
[INFO] [stdout] 5dce9c27ed7d88fe474d91b3d947d339a3e8b49cf0a05aab73513821017371d1
[INFO] running `Command { std: "docker" "create" "-v" "/var/lib/crater-agent-workspace/builds/worker-5-tc2/target:/opt/rustwide/target:rw,Z" "-v" "/var/lib/crater-agent-workspace/builds/worker-5-tc2/source:/opt/rustwide/workdir:ro,Z" "-v" "/var/lib/crater-agent-workspace/cargo-home:/opt/rustwide/cargo-home:ro,Z" "-v" "/var/lib/crater-agent-workspace/rustup-home:/opt/rustwide/rustup-home:ro,Z" "-e" "SOURCE_DIR=/opt/rustwide/workdir" "-e" "CARGO_TARGET_DIR=/opt/rustwide/target" "-e" "CARGO_INCREMENTAL=0" "-e" "RUST_BACKTRACE=full" "-e" "RUSTFLAGS=--cap-lints=warn" "-e" "RUSTDOCFLAGS=--cap-lints=warn" "-e" "CARGO_HOME=/opt/rustwide/cargo-home" "-e" "RUSTUP_HOME=/opt/rustwide/rustup-home" "-w" "/opt/rustwide/workdir" "-m" "1610612736" "--user" "0:0" "--network" "none" "ghcr.io/rust-lang/crates-build-env/linux@sha256:2788e3201cd34a07e3172128adcd8b3090168a8e3bcc40d7c032b9dda1df7d1c" "/opt/rustwide/cargo-home/bin/cargo" "+beta-2023-12-22" "build" "--frozen" "--message-format=json", kill_on_drop: false }`
[INFO] [stdout] 7263b7168ed27d1874a9656c1aaffa2cdf05037cc7b415ad177f063eedbc1693
[INFO] running `Command { std: "docker" "start" "-a" "7263b7168ed27d1874a9656c1aaffa2cdf05037cc7b415ad177f063eedbc1693", kill_on_drop: false }`
[INFO] [stderr] warning: unused manifest key: print_schema
[INFO] [stderr]    Compiling proc-macro2 v1.0.47
[INFO] [stderr]    Compiling quote v1.0.21
[INFO] [stderr]    Compiling unicode-ident v1.0.5
[INFO] [stderr]    Compiling pkg-config v0.3.26
[INFO] [stderr]    Compiling proc-macro-error-attr v1.0.4
[INFO] [stderr]    Compiling syn v1.0.103
[INFO] [stderr]    Compiling proc-macro-error v1.0.4
[INFO] [stderr]    Compiling vcpkg v0.2.15
[INFO] [stderr]    Compiling unicode-bidi v0.3.8
[INFO] [stderr]    Compiling pq-sys v0.4.7
[INFO] [stderr]    Compiling percent-encoding v2.2.0
[INFO] [stderr]    Compiling itoa v1.0.4
[INFO] [stderr]    Compiling tinyvec v1.6.0
[INFO] [stderr]    Compiling dotenv v0.15.0
[INFO] [stderr]    Compiling form_urlencoded v1.1.0
[INFO] [stderr]    Compiling mysqlclient-sys v0.2.5
[INFO] [stderr]    Compiling libsqlite3-sys v0.25.2
[INFO] [stderr]    Compiling unicode-normalization v0.1.22
[INFO] [stderr]    Compiling idna v0.3.0
[INFO] [stderr]    Compiling url v2.3.1
[INFO] [stderr]    Compiling diesel_derives v2.0.1
[INFO] [stderr]    Compiling diesel v2.0.2
[INFO] [stderr]    Compiling diesel-trivial-convert v0.1.0 (/opt/rustwide/workdir)
[INFO] [stdout] error[E0277]: the trait bound `(diesel::sql_types::Integer, diesel::sql_types::Text, diesel::sql_types::Nullable<diesel::sql_types::Text>, diesel::sql_types::Array<diesel::sql_types::Text>, diesel::sql_types::Nullable<diesel::sql_types::Array<diesel::sql_types::Text>>): load_dsl::private::CompatibleType<ExampleModel, Pg>` is not satisfied
[INFO] [stdout]     --> src/models/example_model.rs:34:37
[INFO] [stdout]      |
[INFO] [stdout] 34   |                 .get_result::<Self>(db)?
[INFO] [stdout]      |                  ----------         ^^ the trait `load_dsl::private::CompatibleType<ExampleModel, Pg>` is not implemented for `(Integer, Text, Nullable<Text>, Array<Text>, Nullable<Array<Text>>)`
[INFO] [stdout]      |                  |
[INFO] [stdout]      |                  required by a bound introduced by this call
[INFO] [stdout]      |
[INFO] [stdout]      = help: the following other types implement trait `load_dsl::private::CompatibleType<U, DB>`:
[INFO] [stdout]                (ST0,)
[INFO] [stdout]                (ST0, ST1)
[INFO] [stdout]                (ST0, ST1, ST2)
[INFO] [stdout]                (ST0, ST1, ST2, ST3)
[INFO] [stdout]                (ST0, ST1, ST2, ST3, ST4)
[INFO] [stdout]                (ST0, ST1, ST2, ST3, ST4, ST5)
[INFO] [stdout]                (ST0, ST1, ST2, ST3, ST4, ST5, ST6)
[INFO] [stdout]                (ST0, ST1, ST2, ST3, ST4, ST5, ST6, ST7)
[INFO] [stdout]              and 24 others
[INFO] [stdout]      = note: required for `InsertStatement<table, ValuesClause<(ColumnInsertValue<label, Bound<Text, Label>>, ...), ...>, ..., ...>` to implement `LoadQuery<'_, _, ExampleModel>`
[INFO] [stdout]      = note: the full type name has been written to '/opt/rustwide/target/debug/deps/diesel_trivial_convert-4bdbe4584622fff6.long-type-2630610267040163647.txt'
[INFO] [stdout] note: required by a bound in `get_result`
[INFO] [stdout]     --> /opt/rustwide/cargo-home/registry/src/index.crates.io-6f17d22bba15001f/diesel-2.0.2/src/query_dsl/mod.rs:1679:15
[INFO] [stdout]      |
[INFO] [stdout] 1677 |     fn get_result<'query, U>(self, conn: &mut Conn) -> QueryResult<U>
[INFO] [stdout]      |        ---------- required by a bound in this associated function
[INFO] [stdout] 1678 |     where
[INFO] [stdout] 1679 |         Self: LoadQuery<'query, Conn, U>,
[INFO] [stdout]      |               ^^^^^^^^^^^^^^^^^^^^^^^^^^ required by this bound in `RunQueryDsl::get_result`
[INFO] [stdout] 
[INFO] [stdout] 
[INFO] [stdout] error[E0277]: the trait bound `ExampleModel: FromSqlRow<_, Pg>` is not satisfied
[INFO] [stdout]     --> src/models/example_model.rs:34:37
[INFO] [stdout]      |
[INFO] [stdout] 34   |                 .get_result::<Self>(db)?
[INFO] [stdout]      |                  ----------         ^^ the trait `FromSqlRow<_, Pg>` is not implemented for `ExampleModel`
[INFO] [stdout]      |                  |
[INFO] [stdout]      |                  required by a bound introduced by this call
[INFO] [stdout]      |
[INFO] [stdout]      = help: the following other types implement trait `FromSqlRow<ST, DB>`:
[INFO] [stdout]                <(T1, T0) as FromSqlRow<(ST1, Untyped), __DB>>
[INFO] [stdout]                <(T1, T2, T0) as FromSqlRow<(ST1, ST2, Untyped), __DB>>
[INFO] [stdout]                <(T1, T2, T3, T0) as FromSqlRow<(ST1, ST2, ST3, Untyped), __DB>>
[INFO] [stdout]                <(T1, T2, T3, T4, T0) as FromSqlRow<(ST1, ST2, ST3, ST4, Untyped), __DB>>
[INFO] [stdout]                <(T1, T2, T3, T4, T5, T0) as FromSqlRow<(ST1, ST2, ST3, ST4, ST5, Untyped), __DB>>
[INFO] [stdout]                <(T1, T2, T3, T4, T5, T6, T0) as FromSqlRow<(ST1, ST2, ST3, ST4, ST5, ST6, Untyped), __DB>>
[INFO] [stdout]                <(T1, T2, T3, T4, T5, T6, T7, T0) as FromSqlRow<(ST1, ST2, ST3, ST4, ST5, ST6, ST7, Untyped), __DB>>
[INFO] [stdout]                <(T1, T2, T3, T4, T5, T6, T7, T8, T0) as FromSqlRow<(ST1, ST2, ST3, ST4, ST5, ST6, ST7, ST8, Untyped), __DB>>
[INFO] [stdout]              and 23 others
[INFO] [stdout]      = note: required for `InsertStatement<table, ValuesClause<(ColumnInsertValue<label, Bound<Text, Label>>, ...), ...>, ..., ...>` to implement `LoadQuery<'_, _, ExampleModel>`
[INFO] [stdout]      = note: the full type name has been written to '/opt/rustwide/target/debug/deps/diesel_trivial_convert-4bdbe4584622fff6.long-type-2630610267040163647.txt'
[INFO] [stdout] note: required by a bound in `get_result`
[INFO] [stdout]     --> /opt/rustwide/cargo-home/registry/src/index.crates.io-6f17d22bba15001f/diesel-2.0.2/src/query_dsl/mod.rs:1679:15
[INFO] [stdout]      |
[INFO] [stdout] 1677 |     fn get_result<'query, U>(self, conn: &mut Conn) -> QueryResult<U>
[INFO] [stdout]      |        ---------- required by a bound in this associated function
[INFO] [stdout] 1678 |     where
[INFO] [stdout] 1679 |         Self: LoadQuery<'query, Conn, U>,
[INFO] [stdout]      |               ^^^^^^^^^^^^^^^^^^^^^^^^^^ required by this bound in `RunQueryDsl::get_result`
[INFO] [stdout] 
[INFO] [stdout] 
[INFO] [stdout] error[E0277]: the trait bound `Label: ToSql<diesel::sql_types::Text, Pg>` is not satisfied
[INFO] [stdout]     --> src/models/example_model.rs:34:37
[INFO] [stdout]      |
[INFO] [stdout] 34   |                 .get_result::<Self>(db)?
[INFO] [stdout]      |                  ----------         ^^ the trait `ToSql<diesel::sql_types::Text, Pg>` is not implemented for `Label`
[INFO] [stdout]      |                  |
[INFO] [stdout]      |                  required by a bound introduced by this call
[INFO] [stdout]      |
[INFO] [stdout]      = help: the trait `ToSql<diesel::sql_types::Nullable<diesel::sql_types::Text>, __DB>` is implemented for `Label`
[INFO] [stdout]      = note: required for `diesel::expression::bound::Bound<diesel::sql_types::Text, Label>` to implement `QueryFragment<Pg>`
[INFO] [stdout]      = note: 1 redundant requirement hidden
[INFO] [stdout]      = note: required for `ColumnInsertValue<columns::label, diesel::expression::bound::Bound<diesel::sql_types::Text, Label>>` to implement `QueryFragment<Pg>`
[INFO] [stdout]      = note: required for `ColumnInsertValue<columns::label, diesel::expression::bound::Bound<diesel::sql_types::Text, Label>>` to implement `InsertValues<table, Pg>`
[INFO] [stdout]      = note: 3 redundant requirements hidden
[INFO] [stdout]      = note: required for `InsertStatement<table, ValuesClause<(ColumnInsertValue<label, Bound<Text, Label>>, ...), ...>, ..., ...>` to implement `QueryFragment<Pg>`
[INFO] [stdout]      = note: the full type name has been written to '/opt/rustwide/target/debug/deps/diesel_trivial_convert-4bdbe4584622fff6.long-type-2630610267040163647.txt'
[INFO] [stdout]      = note: required for `InsertStatement<table, ValuesClause<(ColumnInsertValue<label, Bound<Text, Label>>, ...), ...>, ..., ...>` to implement `LoadQuery<'_, _, ExampleModel>`
[INFO] [stdout]      = note: the full type name has been written to '/opt/rustwide/target/debug/deps/diesel_trivial_convert-4bdbe4584622fff6.long-type-2630610267040163647.txt'
[INFO] [stdout] note: required by a bound in `get_result`
[INFO] [stdout]     --> /opt/rustwide/cargo-home/registry/src/index.crates.io-6f17d22bba15001f/diesel-2.0.2/src/query_dsl/mod.rs:1679:15
[INFO] [stdout]      |
[INFO] [stdout] 1677 |     fn get_result<'query, U>(self, conn: &mut Conn) -> QueryResult<U>
[INFO] [stdout]      |        ---------- required by a bound in this associated function
[INFO] [stdout] 1678 |     where
[INFO] [stdout] 1679 |         Self: LoadQuery<'query, Conn, U>,
[INFO] [stdout]      |               ^^^^^^^^^^^^^^^^^^^^^^^^^^ required by this bound in `RunQueryDsl::get_result`
[INFO] [stdout] 
[INFO] [stdout] 
[INFO] [stdout] error: aborting due to 3 previous errors
[INFO] [stdout] 
[INFO] [stdout] 
[INFO] [stdout] For more information about this error, try `rustc --explain E0277`.
[INFO] [stdout] 
[INFO] [stderr] error: could not compile `diesel-trivial-convert` (lib) due to 4 previous errors
[INFO] [stderr] warning: build failed, waiting for other jobs to finish...
[INFO] running `Command { std: "docker" "inspect" "7263b7168ed27d1874a9656c1aaffa2cdf05037cc7b415ad177f063eedbc1693", kill_on_drop: false }`
[INFO] running `Command { std: "docker" "rm" "-f" "7263b7168ed27d1874a9656c1aaffa2cdf05037cc7b415ad177f063eedbc1693", kill_on_drop: false }`
[INFO] [stdout] 7263b7168ed27d1874a9656c1aaffa2cdf05037cc7b415ad177f063eedbc1693
