[INFO] cloning repository https://github.com/AnyTimeTraveler/esp32_c6_playground
[INFO] running `Command { std: "git" "-c" "credential.helper=" "-c" "credential.helper=/workspace/cargo-home/bin/git-credential-null" "clone" "--bare" "https://github.com/AnyTimeTraveler/esp32_c6_playground" "/workspace/cache/git-repos/https%3A%2F%2Fgithub.com%2FAnyTimeTraveler%2Fesp32_c6_playground", kill_on_drop: false }`
[INFO] [stderr] Cloning into bare repository '/workspace/cache/git-repos/https%3A%2F%2Fgithub.com%2FAnyTimeTraveler%2Fesp32_c6_playground'...
[INFO] running `Command { std: "git" "rev-parse" "HEAD", kill_on_drop: false }`
[INFO] [stdout] 67c52fe35b0b83a92f6c1aee3fbfd575a6a39c38
[INFO] testing AnyTimeTraveler/esp32_c6_playground against 1.75.0 for beta-1.76-1
[INFO] running `Command { std: "git" "clone" "/workspace/cache/git-repos/https%3A%2F%2Fgithub.com%2FAnyTimeTraveler%2Fesp32_c6_playground" "/workspace/builds/worker-7-tc1/source", kill_on_drop: false }`
[INFO] [stderr] Cloning into '/workspace/builds/worker-7-tc1/source'...
[INFO] [stderr] done.
[INFO] validating manifest of git repo https://github.com/AnyTimeTraveler/esp32_c6_playground on toolchain 1.75.0
[INFO] running `Command { std: CARGO_HOME="/workspace/cargo-home" RUSTUP_HOME="/workspace/rustup-home" "/workspace/cargo-home/bin/cargo" "+1.75.0" "metadata" "--manifest-path" "Cargo.toml" "--no-deps", kill_on_drop: false }`
[INFO] removed /workspace/builds/worker-7-tc1/source/.cargo/config.toml
[INFO] removed /workspace/builds/worker-7-tc1/source/rust-toolchain.toml
[INFO] started tweaking git repo https://github.com/AnyTimeTraveler/esp32_c6_playground
[INFO] finished tweaking git repo https://github.com/AnyTimeTraveler/esp32_c6_playground
[INFO] tweaked toml for git repo https://github.com/AnyTimeTraveler/esp32_c6_playground written to /workspace/builds/worker-7-tc1/source/Cargo.toml
[INFO] crate git repo https://github.com/AnyTimeTraveler/esp32_c6_playground already has a lockfile, it will not be regenerated
[INFO] running `Command { std: CARGO_HOME="/workspace/cargo-home" RUSTUP_HOME="/workspace/rustup-home" "/workspace/cargo-home/bin/cargo" "+1.75.0" "fetch" "--manifest-path" "Cargo.toml", kill_on_drop: false }`
[INFO] [stderr]     Updating crates.io index
[INFO] [stderr]  Downloading crates ...
[INFO] [stderr]   Downloaded esp-alloc v0.3.0
[INFO] [stderr]   Downloaded riscv-atomic-emulation-trap v0.4.0
[INFO] [stderr]   Downloaded embedded-io v0.5.0
[INFO] [stderr]   Downloaded linked_list_allocator v0.10.5
[INFO] [stderr]   Downloaded esp-backtrace v0.7.0
[INFO] [stderr]   Downloaded embedded-hal-nb v1.0.0-alpha.3
[INFO] [stderr]   Downloaded riscv-rt-macros v0.2.0
[INFO] [stderr]   Downloaded basic-toml v0.1.4
[INFO] [stderr]   Downloaded embedded-hal v1.0.0-alpha.11
[INFO] [stderr]   Downloaded size v0.4.1
[INFO] [stderr]   Downloaded flagset v0.4.3
[INFO] [stderr]   Downloaded esp-riscv-rt v0.4.0
[INFO] [stderr]   Downloaded sdmmc-spi v0.1.1
[INFO] [stderr]   Downloaded esp-println v0.5.0
[INFO] [stderr]   Downloaded diskio v0.1.2
[INFO] [stderr]   Downloaded esp-hal-procmacros v0.6.0
[INFO] [stderr]   Downloaded switch-hal v0.4.0
[INFO] [stderr]   Downloaded esp32c6-hal v0.4.0
[INFO] [stderr]   Downloaded esp-hal-common v0.11.0
[INFO] [stderr]   Downloaded esp32c6 v0.6.0
[INFO] running `Command { std: "docker" "create" "-v" "/var/lib/crater-agent-workspace/builds/worker-7-tc1/target:/opt/rustwide/target:rw,Z" "-v" "/var/lib/crater-agent-workspace/builds/worker-7-tc1/source:/opt/rustwide/workdir:ro,Z" "-v" "/var/lib/crater-agent-workspace/cargo-home:/opt/rustwide/cargo-home:ro,Z" "-v" "/var/lib/crater-agent-workspace/rustup-home:/opt/rustwide/rustup-home:ro,Z" "-e" "SOURCE_DIR=/opt/rustwide/workdir" "-e" "CARGO_TARGET_DIR=/opt/rustwide/target" "-e" "CARGO_HOME=/opt/rustwide/cargo-home" "-e" "RUSTUP_HOME=/opt/rustwide/rustup-home" "-w" "/opt/rustwide/workdir" "-m" "1610612736" "--user" "0:0" "--network" "none" "ghcr.io/rust-lang/crates-build-env/linux@sha256:2788e3201cd34a07e3172128adcd8b3090168a8e3bcc40d7c032b9dda1df7d1c" "/opt/rustwide/cargo-home/bin/cargo" "+1.75.0" "metadata" "--no-deps" "--format-version=1", kill_on_drop: false }`
[INFO] [stdout] e4c1e8b64e70e870ea280c750c294dacbce99bdbfa0a133207ebfdfe54c56c7d
[INFO] running `Command { std: "docker" "start" "-a" "e4c1e8b64e70e870ea280c750c294dacbce99bdbfa0a133207ebfdfe54c56c7d", kill_on_drop: false }`
[INFO] running `Command { std: "docker" "inspect" "e4c1e8b64e70e870ea280c750c294dacbce99bdbfa0a133207ebfdfe54c56c7d", kill_on_drop: false }`
[INFO] running `Command { std: "docker" "rm" "-f" "e4c1e8b64e70e870ea280c750c294dacbce99bdbfa0a133207ebfdfe54c56c7d", kill_on_drop: false }`
[INFO] [stdout] e4c1e8b64e70e870ea280c750c294dacbce99bdbfa0a133207ebfdfe54c56c7d
[INFO] running `Command { std: "docker" "create" "-v" "/var/lib/crater-agent-workspace/builds/worker-7-tc1/target:/opt/rustwide/target:rw,Z" "-v" "/var/lib/crater-agent-workspace/builds/worker-7-tc1/source:/opt/rustwide/workdir:ro,Z" "-v" "/var/lib/crater-agent-workspace/cargo-home:/opt/rustwide/cargo-home:ro,Z" "-v" "/var/lib/crater-agent-workspace/rustup-home:/opt/rustwide/rustup-home:ro,Z" "-e" "SOURCE_DIR=/opt/rustwide/workdir" "-e" "CARGO_TARGET_DIR=/opt/rustwide/target" "-e" "CARGO_INCREMENTAL=0" "-e" "RUST_BACKTRACE=full" "-e" "RUSTFLAGS=--cap-lints=warn" "-e" "RUSTDOCFLAGS=--cap-lints=warn" "-e" "CARGO_HOME=/opt/rustwide/cargo-home" "-e" "RUSTUP_HOME=/opt/rustwide/rustup-home" "-w" "/opt/rustwide/workdir" "-m" "1610612736" "--user" "0:0" "--network" "none" "ghcr.io/rust-lang/crates-build-env/linux@sha256:2788e3201cd34a07e3172128adcd8b3090168a8e3bcc40d7c032b9dda1df7d1c" "/opt/rustwide/cargo-home/bin/cargo" "+1.75.0" "build" "--frozen" "--message-format=json", kill_on_drop: false }`
[INFO] [stdout] 0d7b31f7c9cda8fa7d92089afd57eb761a52f200258cb43dcbb18f19df11f14b
[INFO] running `Command { std: "docker" "start" "-a" "0d7b31f7c9cda8fa7d92089afd57eb761a52f200258cb43dcbb18f19df11f14b", kill_on_drop: false }`
[INFO] [stderr]    Compiling proc-macro2 v1.0.66
[INFO] [stderr]    Compiling unicode-ident v1.0.11
[INFO] [stderr]    Compiling syn v1.0.109
[INFO] [stderr]    Compiling nb v1.1.0
[INFO] [stderr]    Compiling fnv v1.0.7
[INFO] [stderr]    Compiling strsim v0.10.0
[INFO] [stderr]    Compiling ident_case v1.0.1
[INFO] [stderr]    Compiling critical-section v1.1.2
[INFO] [stderr]    Compiling void v1.0.2
[INFO] [stderr]    Compiling semver v1.0.18
[INFO] [stderr]    Compiling log v0.4.18
[INFO] [stderr]    Compiling equivalent v1.0.1
[INFO] [stderr]    Compiling hashbrown v0.14.0
[INFO] [stderr]    Compiling proc-macro-error-attr v1.0.4
[INFO] [stderr]    Compiling proc-macro-error v1.0.4
[INFO] [stderr]    Compiling serde v1.0.183
[INFO] [stderr]    Compiling nb v0.1.3
[INFO] [stderr]    Compiling thiserror v1.0.44
[INFO] [stderr]    Compiling autocfg v1.1.0
[INFO] [stderr]    Compiling rustversion v1.0.14
[INFO] [stderr]    Compiling riscv v0.10.1
[INFO] [stderr]    Compiling embedded-hal v0.2.7
[INFO] [stderr]    Compiling toml_datetime v0.6.3
[INFO] [stderr]    Compiling stable_deref_trait v1.2.0
[INFO] [stderr]    Compiling winnow v0.5.1
[INFO] [stderr]    Compiling bit_field v0.10.2
[INFO] [stderr]    Compiling esp-riscv-rt v0.4.0
[INFO] [stderr]    Compiling scopeguard v1.2.0
[INFO] [stderr]    Compiling paste v1.0.14
[INFO] [stderr]    Compiling once_cell v1.18.0
[INFO] [stderr]    Compiling esp32c6 v0.6.0
[INFO] [stderr]    Compiling defmt-macros v0.3.6
[INFO] [stderr]    Compiling heck v0.4.1
[INFO] [stderr]    Compiling vcell v0.1.3
[INFO] [stderr]    Compiling bitfield v0.14.0
[INFO] [stderr]    Compiling lock_api v0.4.10
[INFO] [stderr]    Compiling embedded-hal v1.0.0-alpha.11
[INFO] [stderr]    Compiling rustc_version v0.4.0
[INFO] [stderr]    Compiling gcd v2.3.0
[INFO] [stderr]    Compiling defmt v0.3.5
[INFO] [stderr]    Compiling indexmap v2.0.0
[INFO] [stderr]    Compiling esp-println v0.5.0
[INFO] [stderr]    Compiling fugit v0.3.7
[INFO] [stderr]    Compiling embedded-hal-nb v1.0.0-alpha.3
[INFO] [stderr]    Compiling hash32 v0.2.1
[INFO] [stderr]    Compiling quote v1.0.32
[INFO] [stderr]    Compiling embedded-dma v0.2.0
[INFO] [stderr]    Compiling embedded-can v0.4.1
[INFO] [stderr]    Compiling esp32c6-hal v0.4.0
[INFO] [stderr]    Compiling esp-backtrace v0.7.0
[INFO] [stderr]    Compiling heapless v0.7.16
[INFO] [stderr]    Compiling bitflags v1.3.2
[INFO] [stderr]    Compiling riscv-atomic-emulation-trap v0.4.0
[INFO] [stderr]    Compiling bitflags v2.3.3
[INFO] [stderr]    Compiling syn v2.0.28
[INFO] [stderr]    Compiling spin v0.9.8
[INFO] [stderr]    Compiling flagset v0.4.3
[INFO] [stderr]    Compiling diskio v0.1.2
[INFO] [stderr]    Compiling switch-hal v0.4.0
[INFO] [stderr]    Compiling no-std-net v0.5.0
[INFO] [stderr]    Compiling embedded-io v0.4.0
[INFO] [stderr]    Compiling size v0.4.1
[INFO] [stderr]    Compiling atomic-waker v1.1.1
[INFO] [stderr]    Compiling linked_list_allocator v0.10.5
[INFO] [stderr]    Compiling embedded-io v0.5.0
[INFO] [stdout] error[E0583]: file not found for module `arch`
[INFO] [stdout]  --> /opt/rustwide/cargo-home/registry/src/index.crates.io-6f17d22bba15001f/esp-backtrace-0.7.0/src/lib.rs:8:1
[INFO] [stdout]   |
[INFO] [stdout] 8 | pub mod arch;
[INFO] [stdout]   | ^^^^^^^^^^^^^
[INFO] [stdout]   |
[INFO] [stdout]   = help: to create the module `arch`, create file "/opt/rustwide/cargo-home/registry/src/index.crates.io-6f17d22bba15001f/esp-backtrace-0.7.0/src/arch.rs" or "/opt/rustwide/cargo-home/registry/src/index.crates.io-6f17d22bba15001f/esp-backtrace-0.7.0/src/arch/mod.rs"
[INFO] [stdout]   = note: if there is a `mod arch` elsewhere in the crate already, import it with `use crate::...` instead
[INFO] [stdout] 
[INFO] [stdout] 
[INFO] [stdout] error[E0425]: cannot find function `backtrace` in module `crate::arch`
[INFO] [stdout]   --> /opt/rustwide/cargo-home/registry/src/index.crates.io-6f17d22bba15001f/esp-backtrace-0.7.0/src/lib.rs:31:34
[INFO] [stdout]    |
[INFO] [stdout] 31 |     let backtrace = crate::arch::backtrace();
[INFO] [stdout]    |                                  ^^^^^^^^^ not found in `crate::arch`
[INFO] [stdout] 
[INFO] [stdout] 
[INFO] [stdout] error: aborting due to 2 previous errors
[INFO] [stdout] 
[INFO] [stdout] 
[INFO] [stdout] Some errors have detailed explanations: E0425, E0583.
[INFO] [stdout] 
[INFO] [stdout] For more information about an error, try `rustc --explain E0425`.
[INFO] [stdout] 
[INFO] [stderr] error: could not compile `esp-backtrace` (lib) due to 3 previous errors
[INFO] [stderr] warning: build failed, waiting for other jobs to finish...
[INFO] running `Command { std: "docker" "inspect" "0d7b31f7c9cda8fa7d92089afd57eb761a52f200258cb43dcbb18f19df11f14b", kill_on_drop: false }`
[INFO] running `Command { std: "docker" "rm" "-f" "0d7b31f7c9cda8fa7d92089afd57eb761a52f200258cb43dcbb18f19df11f14b", kill_on_drop: false }`
[INFO] [stdout] 0d7b31f7c9cda8fa7d92089afd57eb761a52f200258cb43dcbb18f19df11f14b
[INFO] testing AnyTimeTraveler/esp32_c6_playground against beta-2023-12-22 for beta-1.76-1
[INFO] running `Command { std: "git" "clone" "/workspace/cache/git-repos/https%3A%2F%2Fgithub.com%2FAnyTimeTraveler%2Fesp32_c6_playground" "/workspace/builds/worker-7-tc2/source", kill_on_drop: false }`
[INFO] [stderr] Cloning into '/workspace/builds/worker-7-tc2/source'...
[INFO] [stderr] done.
[INFO] validating manifest of git repo https://github.com/AnyTimeTraveler/esp32_c6_playground on toolchain beta-2023-12-22
[INFO] running `Command { std: CARGO_HOME="/workspace/cargo-home" RUSTUP_HOME="/workspace/rustup-home" "/workspace/cargo-home/bin/cargo" "+beta-2023-12-22" "metadata" "--manifest-path" "Cargo.toml" "--no-deps", kill_on_drop: false }`
[INFO] removed /workspace/builds/worker-7-tc2/source/.cargo/config.toml
[INFO] removed /workspace/builds/worker-7-tc2/source/rust-toolchain.toml
[INFO] started tweaking git repo https://github.com/AnyTimeTraveler/esp32_c6_playground
[INFO] finished tweaking git repo https://github.com/AnyTimeTraveler/esp32_c6_playground
[INFO] tweaked toml for git repo https://github.com/AnyTimeTraveler/esp32_c6_playground written to /workspace/builds/worker-7-tc2/source/Cargo.toml
[INFO] crate git repo https://github.com/AnyTimeTraveler/esp32_c6_playground already has a lockfile, it will not be regenerated
[INFO] running `Command { std: CARGO_HOME="/workspace/cargo-home" RUSTUP_HOME="/workspace/rustup-home" "/workspace/cargo-home/bin/cargo" "+beta-2023-12-22" "fetch" "--manifest-path" "Cargo.toml", kill_on_drop: false }`
[INFO] running `Command { std: "docker" "create" "-v" "/var/lib/crater-agent-workspace/builds/worker-7-tc2/target:/opt/rustwide/target:rw,Z" "-v" "/var/lib/crater-agent-workspace/builds/worker-7-tc2/source:/opt/rustwide/workdir:ro,Z" "-v" "/var/lib/crater-agent-workspace/cargo-home:/opt/rustwide/cargo-home:ro,Z" "-v" "/var/lib/crater-agent-workspace/rustup-home:/opt/rustwide/rustup-home:ro,Z" "-e" "SOURCE_DIR=/opt/rustwide/workdir" "-e" "CARGO_TARGET_DIR=/opt/rustwide/target" "-e" "CARGO_HOME=/opt/rustwide/cargo-home" "-e" "RUSTUP_HOME=/opt/rustwide/rustup-home" "-w" "/opt/rustwide/workdir" "-m" "1610612736" "--user" "0:0" "--network" "none" "ghcr.io/rust-lang/crates-build-env/linux@sha256:2788e3201cd34a07e3172128adcd8b3090168a8e3bcc40d7c032b9dda1df7d1c" "/opt/rustwide/cargo-home/bin/cargo" "+beta-2023-12-22" "metadata" "--no-deps" "--format-version=1", kill_on_drop: false }`
[INFO] [stdout] 04c6f537309224b8fe9b3575a283b45cb90a787b868d7f64c219c906a7662d2e
[INFO] running `Command { std: "docker" "start" "-a" "04c6f537309224b8fe9b3575a283b45cb90a787b868d7f64c219c906a7662d2e", kill_on_drop: false }`
[INFO] running `Command { std: "docker" "inspect" "04c6f537309224b8fe9b3575a283b45cb90a787b868d7f64c219c906a7662d2e", kill_on_drop: false }`
[INFO] running `Command { std: "docker" "rm" "-f" "04c6f537309224b8fe9b3575a283b45cb90a787b868d7f64c219c906a7662d2e", kill_on_drop: false }`
[INFO] [stdout] 04c6f537309224b8fe9b3575a283b45cb90a787b868d7f64c219c906a7662d2e
[INFO] running `Command { std: "docker" "create" "-v" "/var/lib/crater-agent-workspace/builds/worker-7-tc2/target:/opt/rustwide/target:rw,Z" "-v" "/var/lib/crater-agent-workspace/builds/worker-7-tc2/source:/opt/rustwide/workdir:ro,Z" "-v" "/var/lib/crater-agent-workspace/cargo-home:/opt/rustwide/cargo-home:ro,Z" "-v" "/var/lib/crater-agent-workspace/rustup-home:/opt/rustwide/rustup-home:ro,Z" "-e" "SOURCE_DIR=/opt/rustwide/workdir" "-e" "CARGO_TARGET_DIR=/opt/rustwide/target" "-e" "CARGO_INCREMENTAL=0" "-e" "RUST_BACKTRACE=full" "-e" "RUSTFLAGS=--cap-lints=warn" "-e" "RUSTDOCFLAGS=--cap-lints=warn" "-e" "CARGO_HOME=/opt/rustwide/cargo-home" "-e" "RUSTUP_HOME=/opt/rustwide/rustup-home" "-w" "/opt/rustwide/workdir" "-m" "1610612736" "--user" "0:0" "--network" "none" "ghcr.io/rust-lang/crates-build-env/linux@sha256:2788e3201cd34a07e3172128adcd8b3090168a8e3bcc40d7c032b9dda1df7d1c" "/opt/rustwide/cargo-home/bin/cargo" "+beta-2023-12-22" "build" "--frozen" "--message-format=json", kill_on_drop: false }`
[INFO] [stdout] d70b901c224fd1dbc86217d1bf1e685057e7fbb37d1a10665e152ea91eba2b10
[INFO] running `Command { std: "docker" "start" "-a" "d70b901c224fd1dbc86217d1bf1e685057e7fbb37d1a10665e152ea91eba2b10", kill_on_drop: false }`
[INFO] [stderr]    Compiling proc-macro2 v1.0.66
[INFO] [stderr]    Compiling unicode-ident v1.0.11
[INFO] [stderr]    Compiling syn v1.0.109
[INFO] [stderr]    Compiling nb v1.1.0
[INFO] [stderr]    Compiling ident_case v1.0.1
[INFO] [stderr]    Compiling fnv v1.0.7
[INFO] [stderr]    Compiling strsim v0.10.0
[INFO] [stderr]    Compiling critical-section v1.1.2
[INFO] [stderr]    Compiling void v1.0.2
[INFO] [stderr]    Compiling semver v1.0.18
[INFO] [stderr]    Compiling thiserror v1.0.44
[INFO] [stderr]    Compiling autocfg v1.1.0
[INFO] [stderr]    Compiling equivalent v1.0.1
[INFO] [stderr]    Compiling proc-macro-error-attr v1.0.4
[INFO] [stderr]    Compiling proc-macro-error v1.0.4
[INFO] [stderr]    Compiling serde v1.0.183
[INFO] [stderr]    Compiling nb v0.1.3
[INFO] [stderr]    Compiling log v0.4.18
[INFO] [stderr]    Compiling hashbrown v0.14.0
[INFO] [stderr]    Compiling rustversion v1.0.14
[INFO] [stderr]    Compiling embedded-hal v0.2.7
[INFO] [stderr]    Compiling riscv v0.10.1
[INFO] [stderr]    Compiling winnow v0.5.1
[INFO] [stderr]    Compiling stable_deref_trait v1.2.0
[INFO] [stderr]    Compiling toml_datetime v0.6.3
[INFO] [stderr]    Compiling bit_field v0.10.2
[INFO] [stderr]    Compiling lock_api v0.4.10
[INFO] [stderr]    Compiling defmt-macros v0.3.6
[INFO] [stderr]    Compiling scopeguard v1.2.0
[INFO] [stderr]    Compiling esp-riscv-rt v0.4.0
[INFO] [stderr]    Compiling heck v0.4.1
[INFO] [stderr]    Compiling esp32c6 v0.6.0
[INFO] [stderr]    Compiling once_cell v1.18.0
[INFO] [stderr]    Compiling paste v1.0.14
[INFO] [stderr]    Compiling vcell v0.1.3
[INFO] [stderr]    Compiling embedded-hal v1.0.0-alpha.11
[INFO] [stderr]    Compiling esp-println v0.5.0
[INFO] [stderr]    Compiling rustc_version v0.4.0
[INFO] [stderr]    Compiling bitfield v0.14.0
[INFO] [stderr]    Compiling defmt v0.3.5
[INFO] [stderr]    Compiling indexmap v2.0.0
[INFO] [stderr]    Compiling gcd v2.3.0
[INFO] [stderr]    Compiling hash32 v0.2.1
[INFO] [stderr]    Compiling embedded-hal-nb v1.0.0-alpha.3
[INFO] [stderr]    Compiling embedded-dma v0.2.0
[INFO] [stderr]    Compiling fugit v0.3.7
[INFO] [stderr]    Compiling heapless v0.7.16
[INFO] [stderr]    Compiling spin v0.9.8
[INFO] [stderr]    Compiling embedded-can v0.4.1
[INFO] [stderr]    Compiling flagset v0.4.3
[INFO] [stderr]    Compiling bitflags v1.3.2
[INFO] [stderr]    Compiling esp-backtrace v0.7.0
[INFO] [stderr]    Compiling bitflags v2.3.3
[INFO] [stderr]    Compiling esp32c6-hal v0.4.0
[INFO] [stderr]    Compiling riscv-atomic-emulation-trap v0.4.0
[INFO] [stderr]    Compiling diskio v0.1.2
[INFO] [stderr]    Compiling switch-hal v0.4.0
[INFO] [stderr]    Compiling linked_list_allocator v0.10.5
[INFO] [stderr]    Compiling quote v1.0.32
[INFO] [stderr]    Compiling embedded-io v0.4.0
[INFO] [stderr]    Compiling atomic-waker v1.1.1
[INFO] [stderr]    Compiling no-std-net v0.5.0
[INFO] [stderr]    Compiling size v0.4.1
[INFO] [stderr]    Compiling esp-alloc v0.3.0
[INFO] [stderr]    Compiling embedded-io v0.5.0
[INFO] [stderr]    Compiling syn v2.0.28
[INFO] [stdout] error[E0583]: file not found for module `arch`
[INFO] [stdout]  --> /opt/rustwide/cargo-home/registry/src/index.crates.io-6f17d22bba15001f/esp-backtrace-0.7.0/src/lib.rs:8:1
[INFO] [stdout]   |
[INFO] [stdout] 8 | pub mod arch;
[INFO] [stdout]   | ^^^^^^^^^^^^^
[INFO] [stdout]   |
[INFO] [stdout]   = help: to create the module `arch`, create file "/opt/rustwide/cargo-home/registry/src/index.crates.io-6f17d22bba15001f/esp-backtrace-0.7.0/src/arch.rs" or "/opt/rustwide/cargo-home/registry/src/index.crates.io-6f17d22bba15001f/esp-backtrace-0.7.0/src/arch/mod.rs"
[INFO] [stdout]   = note: if there is a `mod arch` elsewhere in the crate already, import it with `use crate::...` instead
[INFO] [stdout] 
[INFO] [stdout] 
[INFO] [stdout] error[E0425]: cannot find function `backtrace` in module `crate::arch`
[INFO] [stdout]   --> /opt/rustwide/cargo-home/registry/src/index.crates.io-6f17d22bba15001f/esp-backtrace-0.7.0/src/lib.rs:31:34
[INFO] [stdout]    |
[INFO] [stdout] 31 |     let backtrace = crate::arch::backtrace();
[INFO] [stdout]    |                                  ^^^^^^^^^ not found in `crate::arch`
[INFO] [stdout] 
[INFO] [stdout] 
[INFO] [stdout] error: aborting due to 2 previous errors
[INFO] [stdout] 
[INFO] [stdout] 
[INFO] [stdout] Some errors have detailed explanations: E0425, E0583.
[INFO] [stdout] 
[INFO] [stdout] For more information about an error, try `rustc --explain E0425`.
[INFO] [stdout] 
[INFO] [stderr] error: could not compile `esp-backtrace` (lib) due to 3 previous errors
[INFO] [stderr] warning: build failed, waiting for other jobs to finish...
[INFO] running `Command { std: "docker" "inspect" "d70b901c224fd1dbc86217d1bf1e685057e7fbb37d1a10665e152ea91eba2b10", kill_on_drop: false }`
[INFO] running `Command { std: "docker" "rm" "-f" "d70b901c224fd1dbc86217d1bf1e685057e7fbb37d1a10665e152ea91eba2b10", kill_on_drop: false }`
[INFO] [stdout] d70b901c224fd1dbc86217d1bf1e685057e7fbb37d1a10665e152ea91eba2b10
