[INFO] cloning repository https://github.com/AntonGorov195/sonny_macros
[INFO] running `Command { std: "git" "-c" "credential.helper=" "-c" "credential.helper=/workspace/cargo-home/bin/git-credential-null" "clone" "--bare" "https://github.com/AntonGorov195/sonny_macros" "/workspace/cache/git-repos/https%3A%2F%2Fgithub.com%2FAntonGorov195%2Fsonny_macros", kill_on_drop: false }`
[INFO] [stderr] Cloning into bare repository '/workspace/cache/git-repos/https%3A%2F%2Fgithub.com%2FAntonGorov195%2Fsonny_macros'...
[INFO] running `Command { std: "git" "rev-parse" "HEAD", kill_on_drop: false }`
[INFO] [stdout] e69661c7adba208727dfd3d82564d843b6f651ce
[INFO] testing AntonGorov195/sonny_macros against 1.75.0 for beta-1.76-1
[INFO] running `Command { std: "git" "clone" "/workspace/cache/git-repos/https%3A%2F%2Fgithub.com%2FAntonGorov195%2Fsonny_macros" "/workspace/builds/worker-1-tc1/source", kill_on_drop: false }`
[INFO] [stderr] Cloning into '/workspace/builds/worker-1-tc1/source'...
[INFO] [stderr] done.
[INFO] validating manifest of git repo https://github.com/AntonGorov195/sonny_macros on toolchain 1.75.0
[INFO] running `Command { std: CARGO_HOME="/workspace/cargo-home" RUSTUP_HOME="/workspace/rustup-home" "/workspace/cargo-home/bin/cargo" "+1.75.0" "metadata" "--manifest-path" "Cargo.toml" "--no-deps", kill_on_drop: false }`
[INFO] started tweaking git repo https://github.com/AntonGorov195/sonny_macros
[INFO] finished tweaking git repo https://github.com/AntonGorov195/sonny_macros
[INFO] tweaked toml for git repo https://github.com/AntonGorov195/sonny_macros written to /workspace/builds/worker-1-tc1/source/Cargo.toml
[INFO] crate git repo https://github.com/AntonGorov195/sonny_macros already has a lockfile, it will not be regenerated
[INFO] running `Command { std: CARGO_HOME="/workspace/cargo-home" RUSTUP_HOME="/workspace/rustup-home" "/workspace/cargo-home/bin/cargo" "+1.75.0" "fetch" "--manifest-path" "Cargo.toml", kill_on_drop: false }`
[INFO] [stderr]     Updating git repository `https://github.com/obv-mikhail/InputBot`
[INFO] [stderr]     Updating crates.io index
[INFO] [stderr]  Downloading crates ...
[INFO] [stderr]   Downloaded uinput v0.1.3
[INFO] [stderr]   Downloaded uinput-sys v0.1.7
[INFO] [stderr]   Downloaded value-bag v1.4.0
[INFO] [stderr]   Downloaded ioctl-sys v0.5.2
[INFO] [stderr]   Downloaded enum_derive v0.1.7
[INFO] [stderr]   Downloaded udev v0.6.3
[INFO] [stderr]   Downloaded input v0.7.1
[INFO] [stderr]   Downloaded nix v0.10.0
[INFO] [stderr]   Downloaded input-sys v1.17.0
[INFO] running `Command { std: "docker" "create" "-v" "/var/lib/crater-agent-workspace/builds/worker-1-tc1/target:/opt/rustwide/target:rw,Z" "-v" "/var/lib/crater-agent-workspace/builds/worker-1-tc1/source:/opt/rustwide/workdir:ro,Z" "-v" "/var/lib/crater-agent-workspace/cargo-home:/opt/rustwide/cargo-home:ro,Z" "-v" "/var/lib/crater-agent-workspace/rustup-home:/opt/rustwide/rustup-home:ro,Z" "-e" "SOURCE_DIR=/opt/rustwide/workdir" "-e" "CARGO_TARGET_DIR=/opt/rustwide/target" "-e" "CARGO_HOME=/opt/rustwide/cargo-home" "-e" "RUSTUP_HOME=/opt/rustwide/rustup-home" "-w" "/opt/rustwide/workdir" "-m" "1610612736" "--user" "0:0" "--network" "none" "ghcr.io/rust-lang/crates-build-env/linux@sha256:2788e3201cd34a07e3172128adcd8b3090168a8e3bcc40d7c032b9dda1df7d1c" "/opt/rustwide/cargo-home/bin/cargo" "+1.75.0" "metadata" "--no-deps" "--format-version=1", kill_on_drop: false }`
[INFO] [stdout] 83b13ea05c10301414b53e16e7ba1d7e9751a40952cadd70c4758ea9495a962f
[INFO] running `Command { std: "docker" "start" "-a" "83b13ea05c10301414b53e16e7ba1d7e9751a40952cadd70c4758ea9495a962f", kill_on_drop: false }`
[INFO] running `Command { std: "docker" "inspect" "83b13ea05c10301414b53e16e7ba1d7e9751a40952cadd70c4758ea9495a962f", kill_on_drop: false }`
[INFO] running `Command { std: "docker" "rm" "-f" "83b13ea05c10301414b53e16e7ba1d7e9751a40952cadd70c4758ea9495a962f", kill_on_drop: false }`
[INFO] [stdout] 83b13ea05c10301414b53e16e7ba1d7e9751a40952cadd70c4758ea9495a962f
[INFO] running `Command { std: "docker" "create" "-v" "/var/lib/crater-agent-workspace/builds/worker-1-tc1/target:/opt/rustwide/target:rw,Z" "-v" "/var/lib/crater-agent-workspace/builds/worker-1-tc1/source:/opt/rustwide/workdir:ro,Z" "-v" "/var/lib/crater-agent-workspace/cargo-home:/opt/rustwide/cargo-home:ro,Z" "-v" "/var/lib/crater-agent-workspace/rustup-home:/opt/rustwide/rustup-home:ro,Z" "-e" "SOURCE_DIR=/opt/rustwide/workdir" "-e" "CARGO_TARGET_DIR=/opt/rustwide/target" "-e" "CARGO_INCREMENTAL=0" "-e" "RUST_BACKTRACE=full" "-e" "RUSTFLAGS=--cap-lints=warn" "-e" "RUSTDOCFLAGS=--cap-lints=warn" "-e" "CARGO_HOME=/opt/rustwide/cargo-home" "-e" "RUSTUP_HOME=/opt/rustwide/rustup-home" "-w" "/opt/rustwide/workdir" "-m" "1610612736" "--user" "0:0" "--network" "none" "ghcr.io/rust-lang/crates-build-env/linux@sha256:2788e3201cd34a07e3172128adcd8b3090168a8e3bcc40d7c032b9dda1df7d1c" "/opt/rustwide/cargo-home/bin/cargo" "+1.75.0" "build" "--frozen" "--message-format=json", kill_on_drop: false }`
[INFO] [stdout] 0413130269bac2e35eec8528bec0747ecf1a86267106e26ee56a6a6c9240b7d5
[INFO] running `Command { std: "docker" "start" "-a" "0413130269bac2e35eec8528bec0747ecf1a86267106e26ee56a6a6c9240b7d5", kill_on_drop: false }`
[INFO] [stderr]    Compiling libc v0.2.146
[INFO] [stderr]    Compiling autocfg v1.1.0
[INFO] [stderr]    Compiling cfg-if v1.0.0
[INFO] [stderr]    Compiling bitflags v1.3.2
[INFO] [stderr]    Compiling pkg-config v0.3.27
[INFO] [stderr]    Compiling value-bag v1.4.0
[INFO] [stderr]    Compiling futures-core v0.3.28
[INFO] [stderr]    Compiling crossbeam-utils v0.8.16
[INFO] [stderr]    Compiling memchr v2.5.0
[INFO] [stderr]    Compiling proc-macro2 v1.0.63
[INFO] [stderr]    Compiling log v0.4.19
[INFO] [stderr]    Compiling event-listener v2.5.3
[INFO] [stderr]    Compiling slab v0.4.8
[INFO] [stderr]    Compiling waker-fn v1.1.0
[INFO] [stderr]    Compiling unicode-ident v1.0.9
[INFO] [stderr]    Compiling concurrent-queue v2.2.0
[INFO] [stderr]    Compiling futures-io v0.3.28
[INFO] [stderr]    Compiling fastrand v1.9.0
[INFO] [stderr]    Compiling pin-project-lite v0.2.9
[INFO] [stderr]    Compiling parking v2.1.0
[INFO] [stderr]    Compiling io-lifetimes v1.0.11
[INFO] [stderr]    Compiling quote v1.0.28
[INFO] [stderr]    Compiling libudev-sys v0.1.4
[INFO] [stderr]    Compiling futures-lite v1.13.0
[INFO] [stderr]    Compiling async-lock v2.7.0
[INFO] [stderr]    Compiling polling v2.8.0
[INFO] [stderr]    Compiling syn v1.0.109
[INFO] [stderr]    Compiling rustversion v1.0.12
[INFO] [stderr]    Compiling rustix v0.37.20
[INFO] [stderr]    Compiling memoffset v0.6.5
[INFO] [stderr]    Compiling async-io v1.13.0
[INFO] [stderr]    Compiling windows_x86_64_gnu v0.48.0
[INFO] [stderr]    Compiling iovec v0.1.4
[INFO] [stderr]    Compiling linux-raw-sys v0.3.8
[INFO] [stderr]    Compiling input-sys v1.17.0
[INFO] [stderr]    Compiling nix v0.10.0
[INFO] [stderr]    Compiling async-task v4.4.0
[INFO] [stderr]    Compiling bytes v0.4.12
[INFO] [stderr]    Compiling socket2 v0.4.9
[INFO] [stderr]    Compiling async-channel v1.8.0
[INFO] [stderr]    Compiling x11 v2.21.0
[INFO] [stderr]    Compiling ioctl-sys v0.5.2
[INFO] [stderr]    Compiling atomic-waker v1.1.1
[INFO] [stderr]    Compiling once_cell v1.18.0
[INFO] [stderr]    Compiling heck v0.4.1
[INFO] [stderr]    Compiling cfg-if v0.1.10
[INFO] [stderr]    Compiling void v1.0.2
[INFO] [stderr]    Compiling blocking v1.3.1
[INFO] [stderr]    Compiling uinput-sys v0.1.7
[INFO] [stderr]    Compiling async-executor v1.5.1
[INFO] [stderr]    Compiling udev v0.6.3
[INFO] [stderr]    Compiling enum_derive v0.1.7
[INFO] [stderr]    Compiling custom_derive v0.1.7
[INFO] [stderr]    Compiling windows-targets v0.48.0
[INFO] [stderr]    Compiling nix v0.24.3
[INFO] [stderr]    Compiling input v0.7.1
[INFO] [stderr]    Compiling kv-log-macro v1.0.7
[INFO] [stderr]    Compiling pin-utils v0.1.0
[INFO] [stderr]    Compiling windows v0.48.0
[INFO] [stderr]    Compiling strum_macros v0.24.3
[INFO] [stderr]    Compiling uinput v0.1.3
[INFO] [stderr]    Compiling async-global-executor v2.3.1
[INFO] [stderr]    Compiling async-std v1.12.0
[INFO] [stderr]    Compiling strum v0.24.1
[INFO] [stderr]    Compiling inputbot v0.5.0 (https://github.com/obv-mikhail/InputBot?branch=develop#f5e94cad)
[INFO] [stderr]    Compiling sonny_macros v0.1.0 (/opt/rustwide/workdir)
[INFO] [stdout] error[E0599]: no function or associated item named `pos` found for struct `MouseCursor` in the current scope
[INFO] [stdout]    --> src/sonny.rs:261:62
[INFO] [stdout]     |
[INFO] [stdout] 261 |                 let pos = self.to_window_coords(MouseCursor::pos());
[INFO] [stdout]     |                                                              ^^^ function or associated item not found in `MouseCursor`
[INFO] [stdout] 
[INFO] [stdout] 
[INFO] [stdout] error[E0599]: no function or associated item named `pos` found for struct `MouseCursor` in the current scope
[INFO] [stdout]    --> src/sonny.rs:264:34
[INFO] [stdout]     |
[INFO] [stdout] 264 |                     MouseCursor::pos(),
[INFO] [stdout]     |                                  ^^^ function or associated item not found in `MouseCursor`
[INFO] [stdout] 
[INFO] [stdout] 
[INFO] [stdout] error[E0599]: no function or associated item named `pos` found for struct `MouseCursor` in the current scope
[INFO] [stdout]    --> src/sonny.rs:265:56
[INFO] [stdout]     |
[INFO] [stdout] 265 |                     self.to_window_coords(MouseCursor::pos())
[INFO] [stdout]     |                                                        ^^^ function or associated item not found in `MouseCursor`
[INFO] [stdout] 
[INFO] [stdout] 
[INFO] [stdout] error[E0599]: no function or associated item named `pos` found for struct `MouseCursor` in the current scope
[INFO] [stdout]    --> src/sonny.rs:298:62
[INFO] [stdout]     |
[INFO] [stdout] 298 |                 let pos = self.to_window_coords(MouseCursor::pos());
[INFO] [stdout]     |                                                              ^^^ function or associated item not found in `MouseCursor`
[INFO] [stdout] 
[INFO] [stdout] 
[INFO] [stdout] error[E0599]: no function or associated item named `pos` found for struct `MouseCursor` in the current scope
[INFO] [stdout]    --> src/sonny.rs:299:69
[INFO] [stdout]     |
[INFO] [stdout] 299 |                 println!("{:?}", self.to_window_coords(MouseCursor::pos()));
[INFO] [stdout]     |                                                                     ^^^ function or associated item not found in `MouseCursor`
[INFO] [stdout] 
[INFO] [stdout] 
[INFO] [stdout] error[E0599]: no function or associated item named `pos` found for struct `MouseCursor` in the current scope
[INFO] [stdout]     --> src/sonny.rs:1172:67
[INFO] [stdout]      |
[INFO] [stdout] 1172 |                 let (_, y) = window.to_window_coords(MouseCursor::pos());
[INFO] [stdout]      |                                                                   ^^^ function or associated item not found in `MouseCursor`
[INFO] [stdout] 
[INFO] [stdout] 
[INFO] [stdout] error: aborting due to 6 previous errors
[INFO] [stdout] 
[INFO] [stdout] 
[INFO] [stdout] For more information about this error, try `rustc --explain E0599`.
[INFO] [stdout] 
[INFO] [stderr] error: could not compile `sonny_macros` (bin "sonny_macros") due to 7 previous errors
[INFO] running `Command { std: "docker" "inspect" "0413130269bac2e35eec8528bec0747ecf1a86267106e26ee56a6a6c9240b7d5", kill_on_drop: false }`
[INFO] running `Command { std: "docker" "rm" "-f" "0413130269bac2e35eec8528bec0747ecf1a86267106e26ee56a6a6c9240b7d5", kill_on_drop: false }`
[INFO] [stdout] 0413130269bac2e35eec8528bec0747ecf1a86267106e26ee56a6a6c9240b7d5
