[INFO] cloning repository https://github.com/AnthonyByansi/Rust-Guessing-Game
[INFO] running `Command { std: "git" "-c" "credential.helper=" "-c" "credential.helper=/workspace/cargo-home/bin/git-credential-null" "clone" "--bare" "https://github.com/AnthonyByansi/Rust-Guessing-Game" "/workspace/cache/git-repos/https%3A%2F%2Fgithub.com%2FAnthonyByansi%2FRust-Guessing-Game", kill_on_drop: false }`
[INFO] [stderr] Cloning into bare repository '/workspace/cache/git-repos/https%3A%2F%2Fgithub.com%2FAnthonyByansi%2FRust-Guessing-Game'...
[INFO] running `Command { std: "git" "rev-parse" "HEAD", kill_on_drop: false }`
[INFO] [stdout] c818e4fd4b37a1e5f997b414219aab2d59657d6c
[INFO] testing AnthonyByansi/Rust-Guessing-Game against 1.75.0 for beta-1.76-1
[INFO] running `Command { std: "git" "clone" "/workspace/cache/git-repos/https%3A%2F%2Fgithub.com%2FAnthonyByansi%2FRust-Guessing-Game" "/workspace/builds/worker-4-tc1/source", kill_on_drop: false }`
[INFO] [stderr] Cloning into '/workspace/builds/worker-4-tc1/source'...
[INFO] [stderr] done.
[INFO] validating manifest of git repo https://github.com/AnthonyByansi/Rust-Guessing-Game on toolchain 1.75.0
[INFO] running `Command { std: CARGO_HOME="/workspace/cargo-home" RUSTUP_HOME="/workspace/rustup-home" "/workspace/cargo-home/bin/cargo" "+1.75.0" "metadata" "--manifest-path" "Cargo.toml" "--no-deps", kill_on_drop: false }`
[INFO] started tweaking git repo https://github.com/AnthonyByansi/Rust-Guessing-Game
[INFO] finished tweaking git repo https://github.com/AnthonyByansi/Rust-Guessing-Game
[INFO] tweaked toml for git repo https://github.com/AnthonyByansi/Rust-Guessing-Game written to /workspace/builds/worker-4-tc1/source/Cargo.toml
[INFO] crate git repo https://github.com/AnthonyByansi/Rust-Guessing-Game already has a lockfile, it will not be regenerated
[INFO] running `Command { std: CARGO_HOME="/workspace/cargo-home" RUSTUP_HOME="/workspace/rustup-home" "/workspace/cargo-home/bin/cargo" "+1.75.0" "fetch" "--manifest-path" "Cargo.toml", kill_on_drop: false }`
[INFO] running `Command { std: "docker" "create" "-v" "/var/lib/crater-agent-workspace/builds/worker-4-tc1/target:/opt/rustwide/target:rw,Z" "-v" "/var/lib/crater-agent-workspace/builds/worker-4-tc1/source:/opt/rustwide/workdir:ro,Z" "-v" "/var/lib/crater-agent-workspace/cargo-home:/opt/rustwide/cargo-home:ro,Z" "-v" "/var/lib/crater-agent-workspace/rustup-home:/opt/rustwide/rustup-home:ro,Z" "-e" "SOURCE_DIR=/opt/rustwide/workdir" "-e" "CARGO_TARGET_DIR=/opt/rustwide/target" "-e" "CARGO_HOME=/opt/rustwide/cargo-home" "-e" "RUSTUP_HOME=/opt/rustwide/rustup-home" "-w" "/opt/rustwide/workdir" "-m" "1610612736" "--user" "0:0" "--network" "none" "ghcr.io/rust-lang/crates-build-env/linux@sha256:2788e3201cd34a07e3172128adcd8b3090168a8e3bcc40d7c032b9dda1df7d1c" "/opt/rustwide/cargo-home/bin/cargo" "+1.75.0" "metadata" "--no-deps" "--format-version=1", kill_on_drop: false }`
[INFO] [stdout] ad42f651a753c99ceda8a4df17dbfbdf69c21fb6f15e39f9e86bbb76362ca176
[INFO] running `Command { std: "docker" "start" "-a" "ad42f651a753c99ceda8a4df17dbfbdf69c21fb6f15e39f9e86bbb76362ca176", kill_on_drop: false }`
[INFO] running `Command { std: "docker" "inspect" "ad42f651a753c99ceda8a4df17dbfbdf69c21fb6f15e39f9e86bbb76362ca176", kill_on_drop: false }`
[INFO] running `Command { std: "docker" "rm" "-f" "ad42f651a753c99ceda8a4df17dbfbdf69c21fb6f15e39f9e86bbb76362ca176", kill_on_drop: false }`
[INFO] [stdout] ad42f651a753c99ceda8a4df17dbfbdf69c21fb6f15e39f9e86bbb76362ca176
[INFO] running `Command { std: "docker" "create" "-v" "/var/lib/crater-agent-workspace/builds/worker-4-tc1/target:/opt/rustwide/target:rw,Z" "-v" "/var/lib/crater-agent-workspace/builds/worker-4-tc1/source:/opt/rustwide/workdir:ro,Z" "-v" "/var/lib/crater-agent-workspace/cargo-home:/opt/rustwide/cargo-home:ro,Z" "-v" "/var/lib/crater-agent-workspace/rustup-home:/opt/rustwide/rustup-home:ro,Z" "-e" "SOURCE_DIR=/opt/rustwide/workdir" "-e" "CARGO_TARGET_DIR=/opt/rustwide/target" "-e" "CARGO_INCREMENTAL=0" "-e" "RUST_BACKTRACE=full" "-e" "RUSTFLAGS=--cap-lints=warn" "-e" "RUSTDOCFLAGS=--cap-lints=warn" "-e" "CARGO_HOME=/opt/rustwide/cargo-home" "-e" "RUSTUP_HOME=/opt/rustwide/rustup-home" "-w" "/opt/rustwide/workdir" "-m" "1610612736" "--user" "0:0" "--network" "none" "ghcr.io/rust-lang/crates-build-env/linux@sha256:2788e3201cd34a07e3172128adcd8b3090168a8e3bcc40d7c032b9dda1df7d1c" "/opt/rustwide/cargo-home/bin/cargo" "+1.75.0" "build" "--frozen" "--message-format=json", kill_on_drop: false }`
[INFO] [stdout] a9200d8553fa0b21c589ac96ac55be86812a1eef44f960ddda5454901058cc14
[INFO] running `Command { std: "docker" "start" "-a" "a9200d8553fa0b21c589ac96ac55be86812a1eef44f960ddda5454901058cc14", kill_on_drop: false }`
[INFO] [stderr]    Compiling libc v0.2.148
[INFO] [stderr]    Compiling getrandom v0.2.10
[INFO] [stderr]    Compiling rand_core v0.6.4
[INFO] [stderr]    Compiling rand_chacha v0.3.1
[INFO] [stderr]    Compiling rand v0.8.5
[INFO] [stderr]    Compiling guessing_game v0.1.0 (/opt/rustwide/workdir)
[INFO] [stdout] error[E0425]: cannot find value `attempts` in this scope
[INFO] [stdout]   --> src/main.rs:30:9
[INFO] [stdout]    |
[INFO] [stdout] 30 |         attempts += 1;
[INFO] [stdout]    |         ^^^^^^^^ not found in this scope
[INFO] [stdout] 
[INFO] [stdout] 
[INFO] [stdout] error[E0425]: cannot find value `attempts` in this scope
[INFO] [stdout]   --> src/main.rs:38:36
[INFO] [stdout]    |
[INFO] [stdout] 38 |                     secret_number, attempts
[INFO] [stdout]    |                                    ^^^^^^^^ not found in this scope
[INFO] [stdout] 
[INFO] [stdout] 
[INFO] [stdout] error[E0277]: the trait bound `{integer}: SampleRange<_>` is not satisfied
[INFO] [stdout]    --> src/main.rs:10:54
[INFO] [stdout]     |
[INFO] [stdout] 10  |     let secret_number = rand::thread_rng().gen_range(1, 101);
[INFO] [stdout]     |                                            --------- ^ the trait `SampleRange<_>` is not implemented for `{integer}`
[INFO] [stdout]     |                                            |
[INFO] [stdout]     |                                            required by a bound introduced by this call
[INFO] [stdout]     |
[INFO] [stdout]     = help: the following other types implement trait `SampleRange<T>`:
[INFO] [stdout]               std::ops::Range<T>
[INFO] [stdout]               RangeInclusive<T>
[INFO] [stdout] note: required by a bound in `gen_range`
[INFO] [stdout]    --> /opt/rustwide/cargo-home/registry/src/index.crates.io-6f17d22bba15001f/rand-0.8.5/src/rng.rs:132:12
[INFO] [stdout]     |
[INFO] [stdout] 129 |     fn gen_range<T, R>(&mut self, range: R) -> T
[INFO] [stdout]     |        --------- required by a bound in this associated function
[INFO] [stdout] ...
[INFO] [stdout] 132 |         R: SampleRange<T>
[INFO] [stdout]     |            ^^^^^^^^^^^^^^ required by this bound in `Rng::gen_range`
[INFO] [stdout] 
[INFO] [stdout] 
[INFO] [stdout] error[E0061]: this method takes 1 argument but 2 arguments were supplied
[INFO] [stdout]    --> src/main.rs:10:44
[INFO] [stdout]     |
[INFO] [stdout] 10  |     let secret_number = rand::thread_rng().gen_range(1, 101);
[INFO] [stdout]     |                                            ^^^^^^^^^  -----
[INFO] [stdout]     |                                                       | |
[INFO] [stdout]     |                                                       | unexpected argument of type `{integer}`
[INFO] [stdout]     |                                                       help: remove the extra argument
[INFO] [stdout]     |
[INFO] [stdout] note: method defined here
[INFO] [stdout]    --> /opt/rustwide/cargo-home/registry/src/index.crates.io-6f17d22bba15001f/rand-0.8.5/src/rng.rs:129:8
[INFO] [stdout]     |
[INFO] [stdout] 129 |     fn gen_range<T, R>(&mut self, range: R) -> T
[INFO] [stdout]     |        ^^^^^^^^^
[INFO] [stdout] 
[INFO] [stdout] 
[INFO] [stdout] error: aborting due to 4 previous errors
[INFO] [stdout] 
[INFO] [stdout] 
[INFO] [stdout] Some errors have detailed explanations: E0061, E0277, E0425.
[INFO] [stdout] 
[INFO] [stdout] For more information about an error, try `rustc --explain E0061`.
[INFO] [stdout] 
[INFO] [stderr] error: could not compile `guessing_game` (bin "guessing_game") due to 5 previous errors
[INFO] running `Command { std: "docker" "inspect" "a9200d8553fa0b21c589ac96ac55be86812a1eef44f960ddda5454901058cc14", kill_on_drop: false }`
[INFO] running `Command { std: "docker" "rm" "-f" "a9200d8553fa0b21c589ac96ac55be86812a1eef44f960ddda5454901058cc14", kill_on_drop: false }`
[INFO] [stdout] a9200d8553fa0b21c589ac96ac55be86812a1eef44f960ddda5454901058cc14
[INFO] testing AnthonyByansi/Rust-Guessing-Game against beta-2023-12-22 for beta-1.76-1
[INFO] running `Command { std: "git" "clone" "/workspace/cache/git-repos/https%3A%2F%2Fgithub.com%2FAnthonyByansi%2FRust-Guessing-Game" "/workspace/builds/worker-4-tc2/source", kill_on_drop: false }`
[INFO] [stderr] Cloning into '/workspace/builds/worker-4-tc2/source'...
[INFO] [stderr] done.
[INFO] validating manifest of git repo https://github.com/AnthonyByansi/Rust-Guessing-Game on toolchain beta-2023-12-22
[INFO] running `Command { std: CARGO_HOME="/workspace/cargo-home" RUSTUP_HOME="/workspace/rustup-home" "/workspace/cargo-home/bin/cargo" "+beta-2023-12-22" "metadata" "--manifest-path" "Cargo.toml" "--no-deps", kill_on_drop: false }`
[INFO] started tweaking git repo https://github.com/AnthonyByansi/Rust-Guessing-Game
[INFO] finished tweaking git repo https://github.com/AnthonyByansi/Rust-Guessing-Game
[INFO] tweaked toml for git repo https://github.com/AnthonyByansi/Rust-Guessing-Game written to /workspace/builds/worker-4-tc2/source/Cargo.toml
[INFO] crate git repo https://github.com/AnthonyByansi/Rust-Guessing-Game already has a lockfile, it will not be regenerated
[INFO] running `Command { std: CARGO_HOME="/workspace/cargo-home" RUSTUP_HOME="/workspace/rustup-home" "/workspace/cargo-home/bin/cargo" "+beta-2023-12-22" "fetch" "--manifest-path" "Cargo.toml", kill_on_drop: false }`
[INFO] running `Command { std: "docker" "create" "-v" "/var/lib/crater-agent-workspace/builds/worker-4-tc2/target:/opt/rustwide/target:rw,Z" "-v" "/var/lib/crater-agent-workspace/builds/worker-4-tc2/source:/opt/rustwide/workdir:ro,Z" "-v" "/var/lib/crater-agent-workspace/cargo-home:/opt/rustwide/cargo-home:ro,Z" "-v" "/var/lib/crater-agent-workspace/rustup-home:/opt/rustwide/rustup-home:ro,Z" "-e" "SOURCE_DIR=/opt/rustwide/workdir" "-e" "CARGO_TARGET_DIR=/opt/rustwide/target" "-e" "CARGO_HOME=/opt/rustwide/cargo-home" "-e" "RUSTUP_HOME=/opt/rustwide/rustup-home" "-w" "/opt/rustwide/workdir" "-m" "1610612736" "--user" "0:0" "--network" "none" "ghcr.io/rust-lang/crates-build-env/linux@sha256:2788e3201cd34a07e3172128adcd8b3090168a8e3bcc40d7c032b9dda1df7d1c" "/opt/rustwide/cargo-home/bin/cargo" "+beta-2023-12-22" "metadata" "--no-deps" "--format-version=1", kill_on_drop: false }`
[INFO] [stdout] 7f6d07ef72459afbd319e3d88e5840a1631aaa677e520edc8565d50e58dd3b07
[INFO] running `Command { std: "docker" "start" "-a" "7f6d07ef72459afbd319e3d88e5840a1631aaa677e520edc8565d50e58dd3b07", kill_on_drop: false }`
[INFO] running `Command { std: "docker" "inspect" "7f6d07ef72459afbd319e3d88e5840a1631aaa677e520edc8565d50e58dd3b07", kill_on_drop: false }`
[INFO] running `Command { std: "docker" "rm" "-f" "7f6d07ef72459afbd319e3d88e5840a1631aaa677e520edc8565d50e58dd3b07", kill_on_drop: false }`
[INFO] [stdout] 7f6d07ef72459afbd319e3d88e5840a1631aaa677e520edc8565d50e58dd3b07
[INFO] running `Command { std: "docker" "create" "-v" "/var/lib/crater-agent-workspace/builds/worker-4-tc2/target:/opt/rustwide/target:rw,Z" "-v" "/var/lib/crater-agent-workspace/builds/worker-4-tc2/source:/opt/rustwide/workdir:ro,Z" "-v" "/var/lib/crater-agent-workspace/cargo-home:/opt/rustwide/cargo-home:ro,Z" "-v" "/var/lib/crater-agent-workspace/rustup-home:/opt/rustwide/rustup-home:ro,Z" "-e" "SOURCE_DIR=/opt/rustwide/workdir" "-e" "CARGO_TARGET_DIR=/opt/rustwide/target" "-e" "CARGO_INCREMENTAL=0" "-e" "RUST_BACKTRACE=full" "-e" "RUSTFLAGS=--cap-lints=warn" "-e" "RUSTDOCFLAGS=--cap-lints=warn" "-e" "CARGO_HOME=/opt/rustwide/cargo-home" "-e" "RUSTUP_HOME=/opt/rustwide/rustup-home" "-w" "/opt/rustwide/workdir" "-m" "1610612736" "--user" "0:0" "--network" "none" "ghcr.io/rust-lang/crates-build-env/linux@sha256:2788e3201cd34a07e3172128adcd8b3090168a8e3bcc40d7c032b9dda1df7d1c" "/opt/rustwide/cargo-home/bin/cargo" "+beta-2023-12-22" "build" "--frozen" "--message-format=json", kill_on_drop: false }`
[INFO] [stdout] 7e7ad34ad08ef81c9f977fe618be9e4cbbbc04b1e5d21be83b91db818e831501
[INFO] running `Command { std: "docker" "start" "-a" "7e7ad34ad08ef81c9f977fe618be9e4cbbbc04b1e5d21be83b91db818e831501", kill_on_drop: false }`
[INFO] [stderr]    Compiling libc v0.2.148
[INFO] [stderr]    Compiling getrandom v0.2.10
[INFO] [stderr]    Compiling rand_core v0.6.4
[INFO] [stderr]    Compiling rand_chacha v0.3.1
[INFO] [stderr]    Compiling rand v0.8.5
[INFO] [stderr]    Compiling guessing_game v0.1.0 (/opt/rustwide/workdir)
[INFO] [stdout] error[E0425]: cannot find value `attempts` in this scope
[INFO] [stdout]   --> src/main.rs:30:9
[INFO] [stdout]    |
[INFO] [stdout] 30 |         attempts += 1;
[INFO] [stdout]    |         ^^^^^^^^ not found in this scope
[INFO] [stdout] 
[INFO] [stdout] 
[INFO] [stdout] error[E0425]: cannot find value `attempts` in this scope
[INFO] [stdout]   --> src/main.rs:38:36
[INFO] [stdout]    |
[INFO] [stdout] 38 |                     secret_number, attempts
[INFO] [stdout]    |                                    ^^^^^^^^ not found in this scope
[INFO] [stdout] 
[INFO] [stdout] 
[INFO] [stdout] error[E0277]: the trait bound `{integer}: SampleRange<_>` is not satisfied
[INFO] [stdout]    --> src/main.rs:10:54
[INFO] [stdout]     |
[INFO] [stdout] 10  |     let secret_number = rand::thread_rng().gen_range(1, 101);
[INFO] [stdout]     |                                            --------- ^ the trait `SampleRange<_>` is not implemented for `{integer}`
[INFO] [stdout]     |                                            |
[INFO] [stdout]     |                                            required by a bound introduced by this call
[INFO] [stdout]     |
[INFO] [stdout]     = help: the following other types implement trait `SampleRange<T>`:
[INFO] [stdout]               std::ops::Range<T>
[INFO] [stdout]               RangeInclusive<T>
[INFO] [stdout] note: required by a bound in `gen_range`
[INFO] [stdout]    --> /opt/rustwide/cargo-home/registry/src/index.crates.io-6f17d22bba15001f/rand-0.8.5/src/rng.rs:132:12
[INFO] [stdout]     |
[INFO] [stdout] 129 |     fn gen_range<T, R>(&mut self, range: R) -> T
[INFO] [stdout]     |        --------- required by a bound in this associated function
[INFO] [stdout] ...
[INFO] [stdout] 132 |         R: SampleRange<T>
[INFO] [stdout]     |            ^^^^^^^^^^^^^^ required by this bound in `Rng::gen_range`
[INFO] [stdout] 
[INFO] [stdout] 
[INFO] [stdout] error[E0061]: this method takes 1 argument but 2 arguments were supplied
[INFO] [stdout]    --> src/main.rs:10:44
[INFO] [stdout]     |
[INFO] [stdout] 10  |     let secret_number = rand::thread_rng().gen_range(1, 101);
[INFO] [stdout]     |                                            ^^^^^^^^^  -----
[INFO] [stdout]     |                                                       | |
[INFO] [stdout]     |                                                       | unexpected argument of type `{integer}`
[INFO] [stdout]     |                                                       help: remove the extra argument
[INFO] [stdout]     |
[INFO] [stdout] note: method defined here
[INFO] [stdout]    --> /opt/rustwide/cargo-home/registry/src/index.crates.io-6f17d22bba15001f/rand-0.8.5/src/rng.rs:129:8
[INFO] [stdout]     |
[INFO] [stdout] 129 |     fn gen_range<T, R>(&mut self, range: R) -> T
[INFO] [stdout]     |        ^^^^^^^^^
[INFO] [stdout] 
[INFO] [stdout] 
[INFO] [stdout] error: aborting due to 4 previous errors
[INFO] [stdout] 
[INFO] [stdout] 
[INFO] [stderr] error: could not compile `guessing_game` (bin "guessing_game") due to 5 previous errors
[INFO] [stdout] Some errors have detailed explanations: E0061, E0277, E0425.
[INFO] [stdout] 
[INFO] [stdout] For more information about an error, try `rustc --explain E0061`.
[INFO] [stdout] 
[INFO] running `Command { std: "docker" "inspect" "7e7ad34ad08ef81c9f977fe618be9e4cbbbc04b1e5d21be83b91db818e831501", kill_on_drop: false }`
[INFO] running `Command { std: "docker" "rm" "-f" "7e7ad34ad08ef81c9f977fe618be9e4cbbbc04b1e5d21be83b91db818e831501", kill_on_drop: false }`
[INFO] [stdout] 7e7ad34ad08ef81c9f977fe618be9e4cbbbc04b1e5d21be83b91db818e831501
