[INFO] cloning repository https://github.com/Anibal-Alpizar/rust-salvo-project-base
[INFO] running `Command { std: "git" "-c" "credential.helper=" "-c" "credential.helper=/workspace/cargo-home/bin/git-credential-null" "clone" "--bare" "https://github.com/Anibal-Alpizar/rust-salvo-project-base" "/workspace/cache/git-repos/https%3A%2F%2Fgithub.com%2FAnibal-Alpizar%2Frust-salvo-project-base", kill_on_drop: false }`
[INFO] [stderr] Cloning into bare repository '/workspace/cache/git-repos/https%3A%2F%2Fgithub.com%2FAnibal-Alpizar%2Frust-salvo-project-base'...
[INFO] running `Command { std: "git" "rev-parse" "HEAD", kill_on_drop: false }`
[INFO] [stdout] 0f0d96403625f9f35a5eef5a0a742916896db064
[INFO] testing Anibal-Alpizar/rust-salvo-project-base against 1.75.0 for beta-1.76-1
[INFO] running `Command { std: "git" "clone" "/workspace/cache/git-repos/https%3A%2F%2Fgithub.com%2FAnibal-Alpizar%2Frust-salvo-project-base" "/workspace/builds/worker-4-tc1/source", kill_on_drop: false }`
[INFO] [stderr] Cloning into '/workspace/builds/worker-4-tc1/source'...
[INFO] [stderr] done.
[INFO] [stderr] Updating files:  52% (1742/3318)
Updating files:  53% (1759/3318)
Updating files:  54% (1792/3318)
Updating files:  55% (1825/3318)
Updating files:  56% (1859/3318)
Updating files:  57% (1892/3318)
Updating files:  58% (1925/3318)
Updating files:  59% (1958/3318)
Updating files:  60% (1991/3318)
Updating files:  60% (1993/3318)
Updating files:  61% (2024/3318)
Updating files:  62% (2058/3318)
Updating files:  63% (2091/3318)
Updating files:  63% (2119/3318)
Updating files:  64% (2124/3318)
Updating files:  65% (2157/3318)
Updating files:  66% (2190/3318)
Updating files:  67% (2224/3318)
Updating files:  67% (2240/3318)
Updating files:  68% (2257/3318)
Updating files:  69% (2290/3318)
Updating files:  69% (2304/3318)
Updating files:  70% (2323/3318)
Updating files:  71% (2356/3318)
Updating files:  72% (2389/3318)
Updating files:  72% (2422/3318)
Updating files:  73% (2423/3318)
Updating files:  74% (2456/3318)
Updating files:  75% (2489/3318)
Updating files:  76% (2522/3318)
Updating files:  77% (2555/3318)
Updating files:  78% (2589/3318)
Updating files:  79% (2622/3318)
Updating files:  80% (2655/3318)
Updating files:  81% (2688/3318)
Updating files:  82% (2721/3318)
Updating files:  83% (2754/3318)
Updating files:  84% (2788/3318)
Updating files:  85% (2821/3318)
Updating files:  86% (2854/3318)
Updating files:  87% (2887/3318)
Updating files:  88% (2920/3318)
Updating files:  89% (2954/3318)
Updating files:  90% (2987/3318)
Updating files:  91% (3020/3318)
Updating files:  92% (3053/3318)
Updating files:  93% (3086/3318)
Updating files:  94% (3119/3318)
Updating files:  94% (3144/3318)
Updating files:  95% (3153/3318)
Updating files:  96% (3186/3318)
Updating files:  97% (3219/3318)
Updating files:  98% (3252/3318)
Updating files:  99% (3285/3318)
Updating files: 100% (3318/3318)
Updating files: 100% (3318/3318), done.
[INFO] validating manifest of git repo https://github.com/Anibal-Alpizar/rust-salvo-project-base on toolchain 1.75.0
[INFO] running `Command { std: CARGO_HOME="/workspace/cargo-home" RUSTUP_HOME="/workspace/rustup-home" "/workspace/cargo-home/bin/cargo" "+1.75.0" "metadata" "--manifest-path" "Cargo.toml" "--no-deps", kill_on_drop: false }`
[INFO] started tweaking git repo https://github.com/Anibal-Alpizar/rust-salvo-project-base
[INFO] finished tweaking git repo https://github.com/Anibal-Alpizar/rust-salvo-project-base
[INFO] tweaked toml for git repo https://github.com/Anibal-Alpizar/rust-salvo-project-base written to /workspace/builds/worker-4-tc1/source/Cargo.toml
[INFO] crate git repo https://github.com/Anibal-Alpizar/rust-salvo-project-base already has a lockfile, it will not be regenerated
[INFO] running `Command { std: CARGO_HOME="/workspace/cargo-home" RUSTUP_HOME="/workspace/rustup-home" "/workspace/cargo-home/bin/cargo" "+1.75.0" "fetch" "--manifest-path" "Cargo.toml", kill_on_drop: false }`
[INFO] [stderr]     Updating crates.io index
[INFO] [stderr]  Downloading crates ...
[INFO] [stderr]   Downloaded salvo v0.37.9
[INFO] [stderr]   Downloaded salvo_macros v0.37.9
[INFO] [stderr]   Downloaded rust-embed-impl v6.3.1
[INFO] [stderr]   Downloaded cruet v0.13.2
[INFO] [stderr]   Downloaded salvo_core v0.37.9
[INFO] [stderr]   Downloaded rust-embed v6.4.2
[INFO] [stderr]   Downloaded salvo-static v0.37.9
[INFO] running `Command { std: "docker" "create" "-v" "/var/lib/crater-agent-workspace/builds/worker-4-tc1/target:/opt/rustwide/target:rw,Z" "-v" "/var/lib/crater-agent-workspace/builds/worker-4-tc1/source:/opt/rustwide/workdir:ro,Z" "-v" "/var/lib/crater-agent-workspace/cargo-home:/opt/rustwide/cargo-home:ro,Z" "-v" "/var/lib/crater-agent-workspace/rustup-home:/opt/rustwide/rustup-home:ro,Z" "-e" "SOURCE_DIR=/opt/rustwide/workdir" "-e" "CARGO_TARGET_DIR=/opt/rustwide/target" "-e" "CARGO_HOME=/opt/rustwide/cargo-home" "-e" "RUSTUP_HOME=/opt/rustwide/rustup-home" "-w" "/opt/rustwide/workdir" "-m" "1610612736" "--user" "0:0" "--network" "none" "ghcr.io/rust-lang/crates-build-env/linux@sha256:2788e3201cd34a07e3172128adcd8b3090168a8e3bcc40d7c032b9dda1df7d1c" "/opt/rustwide/cargo-home/bin/cargo" "+1.75.0" "metadata" "--no-deps" "--format-version=1", kill_on_drop: false }`
[INFO] [stdout] b2281d217288d20932e2fd1708f5ae50e66aebf35e8fc4d87269a64e41d103e8
[INFO] running `Command { std: "docker" "start" "-a" "b2281d217288d20932e2fd1708f5ae50e66aebf35e8fc4d87269a64e41d103e8", kill_on_drop: false }`
[INFO] running `Command { std: "docker" "inspect" "b2281d217288d20932e2fd1708f5ae50e66aebf35e8fc4d87269a64e41d103e8", kill_on_drop: false }`
[INFO] running `Command { std: "docker" "rm" "-f" "b2281d217288d20932e2fd1708f5ae50e66aebf35e8fc4d87269a64e41d103e8", kill_on_drop: false }`
[INFO] [stdout] b2281d217288d20932e2fd1708f5ae50e66aebf35e8fc4d87269a64e41d103e8
[INFO] running `Command { std: "docker" "create" "-v" "/var/lib/crater-agent-workspace/builds/worker-4-tc1/target:/opt/rustwide/target:rw,Z" "-v" "/var/lib/crater-agent-workspace/builds/worker-4-tc1/source:/opt/rustwide/workdir:ro,Z" "-v" "/var/lib/crater-agent-workspace/cargo-home:/opt/rustwide/cargo-home:ro,Z" "-v" "/var/lib/crater-agent-workspace/rustup-home:/opt/rustwide/rustup-home:ro,Z" "-e" "SOURCE_DIR=/opt/rustwide/workdir" "-e" "CARGO_TARGET_DIR=/opt/rustwide/target" "-e" "CARGO_INCREMENTAL=0" "-e" "RUST_BACKTRACE=full" "-e" "RUSTFLAGS=--cap-lints=warn" "-e" "RUSTDOCFLAGS=--cap-lints=warn" "-e" "CARGO_HOME=/opt/rustwide/cargo-home" "-e" "RUSTUP_HOME=/opt/rustwide/rustup-home" "-w" "/opt/rustwide/workdir" "-m" "1610612736" "--user" "0:0" "--network" "none" "ghcr.io/rust-lang/crates-build-env/linux@sha256:2788e3201cd34a07e3172128adcd8b3090168a8e3bcc40d7c032b9dda1df7d1c" "/opt/rustwide/cargo-home/bin/cargo" "+1.75.0" "build" "--frozen" "--message-format=json", kill_on_drop: false }`
[INFO] [stdout] 157e411cb13a4e56b8036674175469b5174318a257961d5265a42dc9f3a5a4c3
[INFO] running `Command { std: "docker" "start" "-a" "157e411cb13a4e56b8036674175469b5174318a257961d5265a42dc9f3a5a4c3", kill_on_drop: false }`
[INFO] [stderr]    Compiling proc-macro2 v1.0.49
[INFO] [stderr]    Compiling syn v1.0.107
[INFO] [stderr]    Compiling bytes v1.3.0
[INFO] [stderr]    Compiling futures-core v0.3.25
[INFO] [stderr]    Compiling generic-array v0.14.6
[INFO] [stderr]    Compiling tokio v1.24.1
[INFO] [stderr]    Compiling serde v1.0.152
[INFO] [stderr]    Compiling futures-task v0.3.25
[INFO] [stderr]    Compiling cpufeatures v0.2.5
[INFO] [stderr]    Compiling unicase v2.6.0
[INFO] [stderr]    Compiling futures-util v0.3.25
[INFO] [stderr]    Compiling getrandom v0.1.16
[INFO] [stderr]    Compiling alloc-no-stdlib v2.0.4
[INFO] [stderr]    Compiling futures-io v0.3.25
[INFO] [stderr]    Compiling thiserror v1.0.38
[INFO] [stderr]    Compiling aho-corasick v0.7.20
[INFO] [stderr]    Compiling alloc-stdlib v0.2.2
[INFO] [stderr]    Compiling rand_core v0.5.1
[INFO] [stderr]    Compiling futures-sink v0.3.25
[INFO] [stderr]    Compiling time-core v0.1.0
[INFO] [stderr]    Compiling futures-channel v0.3.25
[INFO] [stderr]    Compiling regex-syntax v0.6.28
[INFO] [stderr]    Compiling rand_chacha v0.2.2
[INFO] [stderr]    Compiling miniz_oxide v0.6.2
[INFO] [stderr]    Compiling time-macros v0.2.6
[INFO] [stderr]    Compiling brotli-decompressor v2.3.4
[INFO] [stderr]    Compiling multer v2.0.4
[INFO] [stderr]    Compiling cookie v0.16.2
[INFO] [stderr]    Compiling unicode-bidi v0.3.8
[INFO] [stderr]    Compiling http v0.2.8
[INFO] [stderr]    Compiling mime_guess v2.0.4
[INFO] [stderr]    Compiling async-trait v0.1.61
[INFO] [stderr]    Compiling idna v0.3.0
[INFO] [stderr]    Compiling rand v0.7.3
[INFO] [stderr]    Compiling quote v1.0.23
[INFO] [stderr]    Compiling block-buffer v0.10.3
[INFO] [stderr]    Compiling crypto-common v0.1.6
[INFO] [stderr]    Compiling digest v0.10.6
[INFO] [stderr]    Compiling flate2 v1.0.25
[INFO] [stderr]    Compiling fastrand v1.8.0
[INFO] [stderr]    Compiling remove_dir_all v0.5.3
[INFO] [stderr]    Compiling sha2 v0.10.6
[INFO] [stderr]    Compiling sha1 v0.10.5
[INFO] [stderr]    Compiling spin v0.9.4
[INFO] [stderr]    Compiling headers-core v0.2.0
[INFO] [stderr]    Compiling http-body v0.4.5
[INFO] [stderr]    Compiling base64 v0.12.3
[INFO] [stderr]    Compiling brotli v3.3.4
[INFO] [stderr]    Compiling headers v0.3.8
[INFO] [stderr]    Compiling rust-embed-utils v7.3.0
[INFO] [stderr]    Compiling textnonce v1.0.0
[INFO] [stderr]    Compiling tempfile v3.3.0
[INFO] [stderr]    Compiling url v2.3.1
[INFO] [stderr]    Compiling base64 v0.20.0
[INFO] [stderr]    Compiling hex v0.4.3
[INFO] [stderr]    Compiling path-slash v0.2.1
[INFO] [stderr]    Compiling regex v1.7.1
[INFO] [stderr]    Compiling cruet v0.13.2
[INFO] [stderr]    Compiling toml v0.5.10
[INFO] [stderr]    Compiling darling_core v0.14.2
[INFO] [stderr]    Compiling serde_derive v1.0.152
[INFO] [stderr]    Compiling tokio-macros v1.8.2
[INFO] [stderr]    Compiling futures-macro v0.3.25
[INFO] [stderr]    Compiling tracing-attributes v0.1.23
[INFO] [stderr]    Compiling thiserror-impl v1.0.38
[INFO] [stderr]    Compiling enumflags2_derive v0.7.4
[INFO] [stderr]    Compiling rust-embed-impl v6.3.1
[INFO] [stderr]    Compiling darling_macro v0.14.2
[INFO] [stderr]    Compiling enumflags2 v0.7.5
[INFO] [stderr]    Compiling rust-embed v6.4.2
[INFO] [stderr]    Compiling proc-macro-crate v1.2.1
[INFO] [stderr]    Compiling tracing v0.1.37
[INFO] [stderr]    Compiling darling v0.14.2
[INFO] [stderr]    Compiling salvo_macros v0.37.9
[INFO] [stderr]    Compiling tokio-util v0.7.4
[INFO] [stderr]    Compiling tokio-stream v0.1.11
[INFO] [stderr]    Compiling async-compression v0.3.15
[INFO] [stderr]    Compiling h2 v0.3.15
[INFO] [stderr]    Compiling time v0.3.17
[INFO] [stderr]    Compiling serde_urlencoded v0.7.1
[INFO] [stderr]    Compiling serde_json v1.0.91
[INFO] [stderr]    Compiling multimap v0.8.3
[INFO] [stderr]    Compiling hyper v0.14.23
[INFO] [stderr]    Compiling salvo_core v0.37.9
[INFO] [stderr]    Compiling salvo-static v0.37.9
[INFO] [stderr]    Compiling salvo v0.37.9
[INFO] [stderr]    Compiling salvo-project-base v0.1.0 (/opt/rustwide/workdir)
[INFO] [stdout] error: proc-macro derive panicked
[INFO] [stdout]   --> src/main.rs:14:10
[INFO] [stdout]    |
[INFO] [stdout] 14 | #[derive(RustEmbed)]
[INFO] [stdout]    |          ^^^^^^^^^
[INFO] [stdout]    |
[INFO] [stdout]    = help: message: #[derive(RustEmbed)] folder '/opt/rustwide/workdir/client/dist' does not exist. cwd: '/opt/rustwide/workdir'
[INFO] [stdout] 
[INFO] [stdout] 
[INFO] [stdout] error[E0277]: the trait bound `Assets: RustEmbed` is not satisfied
[INFO] [stdout]   --> src/main.rs:37:58
[INFO] [stdout]    |
[INFO] [stdout] 37 |         Router::with_path("<**path>").get(static_embed::<Assets>().with_fallback("index.html"));
[INFO] [stdout]    |                                                          ^^^^^^ the trait `RustEmbed` is not implemented for `Assets`
[INFO] [stdout]    |
[INFO] [stdout] note: required by a bound in `static_embed`
[INFO] [stdout]   --> /opt/rustwide/cargo-home/registry/src/index.crates.io-6f17d22bba15001f/salvo-static-0.37.9/src/embed.rs:35:24
[INFO] [stdout]    |
[INFO] [stdout] 35 | pub fn static_embed<T: RustEmbed>() -> StaticEmbed<T> {
[INFO] [stdout]    |                        ^^^^^^^^^ required by this bound in `static_embed`
[INFO] [stdout] 
[INFO] [stdout] 
[INFO] [stdout] error[E0599]: the method `with_fallback` exists for struct `StaticEmbed<Assets>`, but its trait bounds were not satisfied
[INFO] [stdout]   --> src/main.rs:37:68
[INFO] [stdout]    |
[INFO] [stdout] 16 | struct Assets;
[INFO] [stdout]    | ------------- doesn't satisfy `Assets: RustEmbed`
[INFO] [stdout] ...
[INFO] [stdout] 37 |         Router::with_path("<**path>").get(static_embed::<Assets>().with_fallback("index.html"));
[INFO] [stdout]    |                                                                    ^^^^^^^^^^^^^ method cannot be called on `StaticEmbed<Assets>` due to unsatisfied trait bounds
[INFO] [stdout]    |
[INFO] [stdout]    = note: the following trait bounds were not satisfied:
[INFO] [stdout]            `Assets: RustEmbed`
[INFO] [stdout] note: the trait `RustEmbed` must be implemented
[INFO] [stdout]   --> /opt/rustwide/cargo-home/registry/src/index.crates.io-6f17d22bba15001f/rust-embed-6.4.2/src/lib.rs:32:1
[INFO] [stdout]    |
[INFO] [stdout] 32 | pub trait RustEmbed {
[INFO] [stdout]    | ^^^^^^^^^^^^^^^^^^^
[INFO] [stdout] 
[INFO] [stdout] 
[INFO] [stdout] error: aborting due to 3 previous errors
[INFO] [stdout] 
[INFO] [stdout] 
[INFO] [stdout] Some errors have detailed explanations: E0277, E0599.
[INFO] [stdout] 
[INFO] [stdout] For more information about an error, try `rustc --explain E0277`.
[INFO] [stdout] 
[INFO] [stderr] error: could not compile `salvo-project-base` (bin "salvo-project-base") due to 4 previous errors
[INFO] running `Command { std: "docker" "inspect" "157e411cb13a4e56b8036674175469b5174318a257961d5265a42dc9f3a5a4c3", kill_on_drop: false }`
[INFO] running `Command { std: "docker" "rm" "-f" "157e411cb13a4e56b8036674175469b5174318a257961d5265a42dc9f3a5a4c3", kill_on_drop: false }`
[INFO] [stdout] 157e411cb13a4e56b8036674175469b5174318a257961d5265a42dc9f3a5a4c3
[INFO] testing Anibal-Alpizar/rust-salvo-project-base against beta-2023-12-22 for beta-1.76-1
[INFO] running `Command { std: "git" "clone" "/workspace/cache/git-repos/https%3A%2F%2Fgithub.com%2FAnibal-Alpizar%2Frust-salvo-project-base" "/workspace/builds/worker-4-tc2/source", kill_on_drop: false }`
[INFO] [stderr] Cloning into '/workspace/builds/worker-4-tc2/source'...
[INFO] [stderr] done.
[INFO] [stderr] Updating files:  52% (1742/3318)
Updating files:  53% (1759/3318)
Updating files:  54% (1792/3318)
Updating files:  55% (1825/3318)
Updating files:  56% (1859/3318)
Updating files:  57% (1892/3318)
Updating files:  58% (1925/3318)
Updating files:  59% (1958/3318)
Updating files:  60% (1991/3318)
Updating files:  60% (1996/3318)
Updating files:  61% (2024/3318)
Updating files:  62% (2058/3318)
Updating files:  63% (2091/3318)
Updating files:  63% (2119/3318)
Updating files:  64% (2124/3318)
Updating files:  65% (2157/3318)
Updating files:  66% (2190/3318)
Updating files:  67% (2224/3318)
Updating files:  67% (2240/3318)
Updating files:  68% (2257/3318)
Updating files:  69% (2290/3318)
Updating files:  69% (2305/3318)
Updating files:  70% (2323/3318)
Updating files:  71% (2356/3318)
Updating files:  72% (2389/3318)
Updating files:  72% (2422/3318)
Updating files:  73% (2423/3318)
Updating files:  74% (2456/3318)
Updating files:  75% (2489/3318)
Updating files:  76% (2522/3318)
Updating files:  77% (2555/3318)
Updating files:  78% (2589/3318)
Updating files:  79% (2622/3318)
Updating files:  80% (2655/3318)
Updating files:  81% (2688/3318)
Updating files:  82% (2721/3318)
Updating files:  83% (2754/3318)
Updating files:  84% (2788/3318)
Updating files:  85% (2821/3318)
Updating files:  86% (2854/3318)
Updating files:  87% (2887/3318)
Updating files:  88% (2920/3318)
Updating files:  89% (2954/3318)
Updating files:  90% (2987/3318)
Updating files:  91% (3020/3318)
Updating files:  92% (3053/3318)
Updating files:  93% (3086/3318)
Updating files:  94% (3119/3318)
Updating files:  95% (3153/3318)
Updating files:  96% (3186/3318)
Updating files:  96% (3201/3318)
Updating files:  97% (3219/3318)
Updating files:  98% (3252/3318)
Updating files:  99% (3285/3318)
Updating files: 100% (3318/3318)
Updating files: 100% (3318/3318), done.
[INFO] validating manifest of git repo https://github.com/Anibal-Alpizar/rust-salvo-project-base on toolchain beta-2023-12-22
[INFO] running `Command { std: CARGO_HOME="/workspace/cargo-home" RUSTUP_HOME="/workspace/rustup-home" "/workspace/cargo-home/bin/cargo" "+beta-2023-12-22" "metadata" "--manifest-path" "Cargo.toml" "--no-deps", kill_on_drop: false }`
[INFO] started tweaking git repo https://github.com/Anibal-Alpizar/rust-salvo-project-base
[INFO] finished tweaking git repo https://github.com/Anibal-Alpizar/rust-salvo-project-base
[INFO] tweaked toml for git repo https://github.com/Anibal-Alpizar/rust-salvo-project-base written to /workspace/builds/worker-4-tc2/source/Cargo.toml
[INFO] crate git repo https://github.com/Anibal-Alpizar/rust-salvo-project-base already has a lockfile, it will not be regenerated
[INFO] running `Command { std: CARGO_HOME="/workspace/cargo-home" RUSTUP_HOME="/workspace/rustup-home" "/workspace/cargo-home/bin/cargo" "+beta-2023-12-22" "fetch" "--manifest-path" "Cargo.toml", kill_on_drop: false }`
[INFO] running `Command { std: "docker" "create" "-v" "/var/lib/crater-agent-workspace/builds/worker-4-tc2/target:/opt/rustwide/target:rw,Z" "-v" "/var/lib/crater-agent-workspace/builds/worker-4-tc2/source:/opt/rustwide/workdir:ro,Z" "-v" "/var/lib/crater-agent-workspace/cargo-home:/opt/rustwide/cargo-home:ro,Z" "-v" "/var/lib/crater-agent-workspace/rustup-home:/opt/rustwide/rustup-home:ro,Z" "-e" "SOURCE_DIR=/opt/rustwide/workdir" "-e" "CARGO_TARGET_DIR=/opt/rustwide/target" "-e" "CARGO_HOME=/opt/rustwide/cargo-home" "-e" "RUSTUP_HOME=/opt/rustwide/rustup-home" "-w" "/opt/rustwide/workdir" "-m" "1610612736" "--user" "0:0" "--network" "none" "ghcr.io/rust-lang/crates-build-env/linux@sha256:2788e3201cd34a07e3172128adcd8b3090168a8e3bcc40d7c032b9dda1df7d1c" "/opt/rustwide/cargo-home/bin/cargo" "+beta-2023-12-22" "metadata" "--no-deps" "--format-version=1", kill_on_drop: false }`
[INFO] [stdout] bbfbd53b5d5aa8d158bbb7b9bc47f46eeb5286b8f3281e4f1d27291a1b5257f5
[INFO] running `Command { std: "docker" "start" "-a" "bbfbd53b5d5aa8d158bbb7b9bc47f46eeb5286b8f3281e4f1d27291a1b5257f5", kill_on_drop: false }`
[INFO] running `Command { std: "docker" "inspect" "bbfbd53b5d5aa8d158bbb7b9bc47f46eeb5286b8f3281e4f1d27291a1b5257f5", kill_on_drop: false }`
[INFO] running `Command { std: "docker" "rm" "-f" "bbfbd53b5d5aa8d158bbb7b9bc47f46eeb5286b8f3281e4f1d27291a1b5257f5", kill_on_drop: false }`
[INFO] [stdout] bbfbd53b5d5aa8d158bbb7b9bc47f46eeb5286b8f3281e4f1d27291a1b5257f5
[INFO] running `Command { std: "docker" "create" "-v" "/var/lib/crater-agent-workspace/builds/worker-4-tc2/target:/opt/rustwide/target:rw,Z" "-v" "/var/lib/crater-agent-workspace/builds/worker-4-tc2/source:/opt/rustwide/workdir:ro,Z" "-v" "/var/lib/crater-agent-workspace/cargo-home:/opt/rustwide/cargo-home:ro,Z" "-v" "/var/lib/crater-agent-workspace/rustup-home:/opt/rustwide/rustup-home:ro,Z" "-e" "SOURCE_DIR=/opt/rustwide/workdir" "-e" "CARGO_TARGET_DIR=/opt/rustwide/target" "-e" "CARGO_INCREMENTAL=0" "-e" "RUST_BACKTRACE=full" "-e" "RUSTFLAGS=--cap-lints=warn" "-e" "RUSTDOCFLAGS=--cap-lints=warn" "-e" "CARGO_HOME=/opt/rustwide/cargo-home" "-e" "RUSTUP_HOME=/opt/rustwide/rustup-home" "-w" "/opt/rustwide/workdir" "-m" "1610612736" "--user" "0:0" "--network" "none" "ghcr.io/rust-lang/crates-build-env/linux@sha256:2788e3201cd34a07e3172128adcd8b3090168a8e3bcc40d7c032b9dda1df7d1c" "/opt/rustwide/cargo-home/bin/cargo" "+beta-2023-12-22" "build" "--frozen" "--message-format=json", kill_on_drop: false }`
[INFO] [stdout] 4d5a6374e03262b007819daa885e3ce0996767e20a7eff26a05a13031090722d
[INFO] running `Command { std: "docker" "start" "-a" "4d5a6374e03262b007819daa885e3ce0996767e20a7eff26a05a13031090722d", kill_on_drop: false }`
[INFO] [stderr]    Compiling proc-macro2 v1.0.49
[INFO] [stderr]    Compiling syn v1.0.107
[INFO] [stderr]    Compiling bytes v1.3.0
[INFO] [stderr]    Compiling futures-core v0.3.25
[INFO] [stderr]    Compiling generic-array v0.14.6
[INFO] [stderr]    Compiling tokio v1.24.1
[INFO] [stderr]    Compiling serde v1.0.152
[INFO] [stderr]    Compiling cpufeatures v0.2.5
[INFO] [stderr]    Compiling futures-task v0.3.25
[INFO] [stderr]    Compiling unicase v2.6.0
[INFO] [stderr]    Compiling futures-util v0.3.25
[INFO] [stderr]    Compiling getrandom v0.1.16
[INFO] [stderr]    Compiling futures-io v0.3.25
[INFO] [stderr]    Compiling thiserror v1.0.38
[INFO] [stderr]    Compiling alloc-no-stdlib v2.0.4
[INFO] [stderr]    Compiling aho-corasick v0.7.20
[INFO] [stderr]    Compiling alloc-stdlib v0.2.2
[INFO] [stderr]    Compiling rand_core v0.5.1
[INFO] [stderr]    Compiling futures-channel v0.3.25
[INFO] [stderr]    Compiling futures-sink v0.3.25
[INFO] [stderr]    Compiling regex-syntax v0.6.28
[INFO] [stderr]    Compiling time-core v0.1.0
[INFO] [stderr]    Compiling miniz_oxide v0.6.2
[INFO] [stderr]    Compiling brotli-decompressor v2.3.4
[INFO] [stderr]    Compiling rand_chacha v0.2.2
[INFO] [stderr]    Compiling cookie v0.16.2
[INFO] [stderr]    Compiling time-macros v0.2.6
[INFO] [stderr]    Compiling multer v2.0.4
[INFO] [stderr]    Compiling async-trait v0.1.61
[INFO] [stderr]    Compiling http v0.2.8
[INFO] [stderr]    Compiling unicode-bidi v0.3.8
[INFO] [stderr]    Compiling mime_guess v2.0.4
[INFO] [stderr]    Compiling rand v0.7.3
[INFO] [stderr]    Compiling idna v0.3.0
[INFO] [stderr]    Compiling fastrand v1.8.0
[INFO] [stderr]    Compiling quote v1.0.23
[INFO] [stderr]    Compiling crypto-common v0.1.6
[INFO] [stderr]    Compiling block-buffer v0.10.3
[INFO] [stderr]    Compiling flate2 v1.0.25
[INFO] [stderr]    Compiling digest v0.10.6
[INFO] [stderr]    Compiling base64 v0.12.3
[INFO] [stderr]    Compiling remove_dir_all v0.5.3
[INFO] [stderr]    Compiling spin v0.9.4
[INFO] [stderr]    Compiling headers-core v0.2.0
[INFO] [stderr]    Compiling sha2 v0.10.6
[INFO] [stderr]    Compiling sha1 v0.10.5
[INFO] [stderr]    Compiling http-body v0.4.5
[INFO] [stderr]    Compiling url v2.3.1
[INFO] [stderr]    Compiling brotli v3.3.4
[INFO] [stderr]    Compiling headers v0.3.8
[INFO] [stderr]    Compiling rust-embed-utils v7.3.0
[INFO] [stderr]    Compiling textnonce v1.0.0
[INFO] [stderr]    Compiling tempfile v3.3.0
[INFO] [stderr]    Compiling base64 v0.20.0
[INFO] [stderr]    Compiling path-slash v0.2.1
[INFO] [stderr]    Compiling hex v0.4.3
[INFO] [stderr]    Compiling regex v1.7.1
[INFO] [stderr]    Compiling cruet v0.13.2
[INFO] [stderr]    Compiling toml v0.5.10
[INFO] [stderr]    Compiling darling_core v0.14.2
[INFO] [stderr]    Compiling tokio-macros v1.8.2
[INFO] [stderr]    Compiling serde_derive v1.0.152
[INFO] [stderr]    Compiling tracing-attributes v0.1.23
[INFO] [stderr]    Compiling futures-macro v0.3.25
[INFO] [stderr]    Compiling thiserror-impl v1.0.38
[INFO] [stderr]    Compiling enumflags2_derive v0.7.4
[INFO] [stderr]    Compiling rust-embed-impl v6.3.1
[INFO] [stderr]    Compiling darling_macro v0.14.2
[INFO] [stderr]    Compiling rust-embed v6.4.2
[INFO] [stderr]    Compiling enumflags2 v0.7.5
[INFO] [stderr]    Compiling proc-macro-crate v1.2.1
[INFO] [stderr]    Compiling tracing v0.1.37
[INFO] [stderr]    Compiling darling v0.14.2
[INFO] [stderr]    Compiling salvo_macros v0.37.9
[INFO] [stderr]    Compiling tokio-util v0.7.4
[INFO] [stderr]    Compiling tokio-stream v0.1.11
[INFO] [stderr]    Compiling async-compression v0.3.15
[INFO] [stderr]    Compiling h2 v0.3.15
[INFO] [stderr]    Compiling time v0.3.17
[INFO] [stderr]    Compiling multimap v0.8.3
[INFO] [stderr]    Compiling serde_json v1.0.91
[INFO] [stderr]    Compiling serde_urlencoded v0.7.1
[INFO] [stderr]    Compiling hyper v0.14.23
[INFO] [stderr]    Compiling salvo_core v0.37.9
[INFO] [stderr]    Compiling salvo-static v0.37.9
[INFO] [stderr]    Compiling salvo v0.37.9
[INFO] [stderr]    Compiling salvo-project-base v0.1.0 (/opt/rustwide/workdir)
[INFO] [stdout] error: proc-macro derive panicked
[INFO] [stdout]   --> src/main.rs:14:10
[INFO] [stdout]    |
[INFO] [stdout] 14 | #[derive(RustEmbed)]
[INFO] [stdout]    |          ^^^^^^^^^
[INFO] [stdout]    |
[INFO] [stdout]    = help: message: #[derive(RustEmbed)] folder '/opt/rustwide/workdir/client/dist' does not exist. cwd: '/opt/rustwide/workdir'
[INFO] [stdout] 
[INFO] [stdout] 
[INFO] [stdout] error[E0277]: the trait bound `Assets: RustEmbed` is not satisfied
[INFO] [stdout]   --> src/main.rs:37:58
[INFO] [stdout]    |
[INFO] [stdout] 37 |         Router::with_path("<**path>").get(static_embed::<Assets>().with_fallback("index.html"));
[INFO] [stdout]    |                                                          ^^^^^^ the trait `RustEmbed` is not implemented for `Assets`
[INFO] [stdout]    |
[INFO] [stdout] note: required by a bound in `static_embed`
[INFO] [stdout]   --> /opt/rustwide/cargo-home/registry/src/index.crates.io-6f17d22bba15001f/salvo-static-0.37.9/src/embed.rs:35:24
[INFO] [stdout]    |
[INFO] [stdout] 35 | pub fn static_embed<T: RustEmbed>() -> StaticEmbed<T> {
[INFO] [stdout]    |                        ^^^^^^^^^ required by this bound in `static_embed`
[INFO] [stdout] 
[INFO] [stdout] 
[INFO] [stdout] error[E0599]: the method `with_fallback` exists for struct `StaticEmbed<Assets>`, but its trait bounds were not satisfied
[INFO] [stdout]   --> src/main.rs:37:68
[INFO] [stdout]    |
[INFO] [stdout] 16 | struct Assets;
[INFO] [stdout]    | ------------- doesn't satisfy `Assets: RustEmbed`
[INFO] [stdout] ...
[INFO] [stdout] 37 |         Router::with_path("<**path>").get(static_embed::<Assets>().with_fallback("index.html"));
[INFO] [stdout]    |                                                                    ^^^^^^^^^^^^^ method cannot be called on `StaticEmbed<Assets>` due to unsatisfied trait bounds
[INFO] [stdout]    |
[INFO] [stdout]    = note: the following trait bounds were not satisfied:
[INFO] [stdout]            `Assets: RustEmbed`
[INFO] [stdout] note: the trait `RustEmbed` must be implemented
[INFO] [stdout]   --> /opt/rustwide/cargo-home/registry/src/index.crates.io-6f17d22bba15001f/rust-embed-6.4.2/src/lib.rs:32:1
[INFO] [stdout]    |
[INFO] [stdout] 32 | pub trait RustEmbed {
[INFO] [stdout]    | ^^^^^^^^^^^^^^^^^^^
[INFO] [stdout] 
[INFO] [stdout] 
[INFO] [stdout] error: aborting due to 3 previous errors
[INFO] [stdout] 
[INFO] [stdout] 
[INFO] [stdout] Some errors have detailed explanations: E0277, E0599.
[INFO] [stdout] 
[INFO] [stdout] For more information about an error, try `rustc --explain E0277`.
[INFO] [stdout] 
[INFO] [stderr] error: could not compile `salvo-project-base` (bin "salvo-project-base") due to 4 previous errors
[INFO] running `Command { std: "docker" "inspect" "4d5a6374e03262b007819daa885e3ce0996767e20a7eff26a05a13031090722d", kill_on_drop: false }`
[INFO] running `Command { std: "docker" "rm" "-f" "4d5a6374e03262b007819daa885e3ce0996767e20a7eff26a05a13031090722d", kill_on_drop: false }`
[INFO] [stdout] 4d5a6374e03262b007819daa885e3ce0996767e20a7eff26a05a13031090722d
