[INFO] cloning repository https://github.com/AngryBeltMan/Vipro
[INFO] running `Command { std: "git" "-c" "credential.helper=" "-c" "credential.helper=/workspace/cargo-home/bin/git-credential-null" "clone" "--bare" "https://github.com/AngryBeltMan/Vipro" "/workspace/cache/git-repos/https%3A%2F%2Fgithub.com%2FAngryBeltMan%2FVipro", kill_on_drop: false }`
[INFO] [stderr] Cloning into bare repository '/workspace/cache/git-repos/https%3A%2F%2Fgithub.com%2FAngryBeltMan%2FVipro'...
[INFO] running `Command { std: "git" "rev-parse" "HEAD", kill_on_drop: false }`
[INFO] [stdout] 7aaf77eca33c24bdacce06cb15035f82292d7877
[INFO] testing AngryBeltMan/Vipro against 1.75.0 for beta-1.76-1
[INFO] running `Command { std: "git" "clone" "/workspace/cache/git-repos/https%3A%2F%2Fgithub.com%2FAngryBeltMan%2FVipro" "/workspace/builds/worker-7-tc1/source", kill_on_drop: false }`
[INFO] [stderr] Cloning into '/workspace/builds/worker-7-tc1/source'...
[INFO] [stderr] done.
[INFO] [stderr] Updating files:  63% (1201/1884)
Updating files:  64% (1206/1884)
Updating files:  65% (1225/1884)
Updating files:  66% (1244/1884)
Updating files:  67% (1263/1884)
Updating files:  68% (1282/1884)
Updating files:  69% (1300/1884)
Updating files:  70% (1319/1884)
Updating files:  71% (1338/1884)
Updating files:  72% (1357/1884)
Updating files:  73% (1376/1884)
Updating files:  74% (1395/1884)
Updating files:  75% (1413/1884)
Updating files:  76% (1432/1884)
Updating files:  77% (1451/1884)
Updating files:  78% (1470/1884)
Updating files:  79% (1489/1884)
Updating files:  80% (1508/1884)
Updating files:  81% (1527/1884)
Updating files:  82% (1545/1884)
Updating files:  83% (1564/1884)
Updating files:  84% (1583/1884)
Updating files:  85% (1602/1884)
Updating files:  86% (1621/1884)
Updating files:  87% (1640/1884)
Updating files:  88% (1658/1884)
Updating files:  89% (1677/1884)
Updating files:  90% (1696/1884)
Updating files:  91% (1715/1884)
Updating files:  92% (1734/1884)
Updating files:  93% (1753/1884)
Updating files:  94% (1771/1884)
Updating files:  95% (1790/1884)
Updating files:  96% (1809/1884)
Updating files:  97% (1828/1884)
Updating files:  98% (1847/1884)
Updating files:  99% (1866/1884)
Updating files: 100% (1884/1884)
Updating files: 100% (1884/1884), done.
[INFO] validating manifest of git repo https://github.com/AngryBeltMan/Vipro on toolchain 1.75.0
[INFO] running `Command { std: CARGO_HOME="/workspace/cargo-home" RUSTUP_HOME="/workspace/rustup-home" "/workspace/cargo-home/bin/cargo" "+1.75.0" "metadata" "--manifest-path" "Cargo.toml" "--no-deps", kill_on_drop: false }`
[INFO] started tweaking git repo https://github.com/AngryBeltMan/Vipro
[INFO] finished tweaking git repo https://github.com/AngryBeltMan/Vipro
[INFO] tweaked toml for git repo https://github.com/AngryBeltMan/Vipro written to /workspace/builds/worker-7-tc1/source/Cargo.toml
[INFO] crate git repo https://github.com/AngryBeltMan/Vipro already has a lockfile, it will not be regenerated
[INFO] running `Command { std: CARGO_HOME="/workspace/cargo-home" RUSTUP_HOME="/workspace/rustup-home" "/workspace/cargo-home/bin/cargo" "+1.75.0" "fetch" "--manifest-path" "Cargo.toml", kill_on_drop: false }`
[INFO] [stderr]     Updating crates.io index
[INFO] [stderr]  Downloading crates ...
[INFO] [stderr]   Downloaded hashmap v0.0.1
[INFO] [stderr]   Downloaded allocator-api2 v0.2.14
[INFO] running `Command { std: "docker" "create" "-v" "/var/lib/crater-agent-workspace/builds/worker-7-tc1/target:/opt/rustwide/target:rw,Z" "-v" "/var/lib/crater-agent-workspace/builds/worker-7-tc1/source:/opt/rustwide/workdir:ro,Z" "-v" "/var/lib/crater-agent-workspace/cargo-home:/opt/rustwide/cargo-home:ro,Z" "-v" "/var/lib/crater-agent-workspace/rustup-home:/opt/rustwide/rustup-home:ro,Z" "-e" "SOURCE_DIR=/opt/rustwide/workdir" "-e" "CARGO_TARGET_DIR=/opt/rustwide/target" "-e" "CARGO_HOME=/opt/rustwide/cargo-home" "-e" "RUSTUP_HOME=/opt/rustwide/rustup-home" "-w" "/opt/rustwide/workdir" "-m" "1610612736" "--user" "0:0" "--network" "none" "ghcr.io/rust-lang/crates-build-env/linux@sha256:2788e3201cd34a07e3172128adcd8b3090168a8e3bcc40d7c032b9dda1df7d1c" "/opt/rustwide/cargo-home/bin/cargo" "+1.75.0" "metadata" "--no-deps" "--format-version=1", kill_on_drop: false }`
[INFO] [stdout] e153ef6e3cf50ef51e721b44e5cc34ac94e35255dffe95984ecdaaa340e85954
[INFO] running `Command { std: "docker" "start" "-a" "e153ef6e3cf50ef51e721b44e5cc34ac94e35255dffe95984ecdaaa340e85954", kill_on_drop: false }`
[INFO] running `Command { std: "docker" "inspect" "e153ef6e3cf50ef51e721b44e5cc34ac94e35255dffe95984ecdaaa340e85954", kill_on_drop: false }`
[INFO] running `Command { std: "docker" "rm" "-f" "e153ef6e3cf50ef51e721b44e5cc34ac94e35255dffe95984ecdaaa340e85954", kill_on_drop: false }`
[INFO] [stdout] e153ef6e3cf50ef51e721b44e5cc34ac94e35255dffe95984ecdaaa340e85954
[INFO] running `Command { std: "docker" "create" "-v" "/var/lib/crater-agent-workspace/builds/worker-7-tc1/target:/opt/rustwide/target:rw,Z" "-v" "/var/lib/crater-agent-workspace/builds/worker-7-tc1/source:/opt/rustwide/workdir:ro,Z" "-v" "/var/lib/crater-agent-workspace/cargo-home:/opt/rustwide/cargo-home:ro,Z" "-v" "/var/lib/crater-agent-workspace/rustup-home:/opt/rustwide/rustup-home:ro,Z" "-e" "SOURCE_DIR=/opt/rustwide/workdir" "-e" "CARGO_TARGET_DIR=/opt/rustwide/target" "-e" "CARGO_INCREMENTAL=0" "-e" "RUST_BACKTRACE=full" "-e" "RUSTFLAGS=--cap-lints=warn" "-e" "RUSTDOCFLAGS=--cap-lints=warn" "-e" "CARGO_HOME=/opt/rustwide/cargo-home" "-e" "RUSTUP_HOME=/opt/rustwide/rustup-home" "-w" "/opt/rustwide/workdir" "-m" "1610612736" "--user" "0:0" "--network" "none" "ghcr.io/rust-lang/crates-build-env/linux@sha256:2788e3201cd34a07e3172128adcd8b3090168a8e3bcc40d7c032b9dda1df7d1c" "/opt/rustwide/cargo-home/bin/cargo" "+1.75.0" "build" "--frozen" "--message-format=json", kill_on_drop: false }`
[INFO] [stdout] 08399ca3247a4c5b07c858a60b6bc3c71c83b29402ccfc8676593ffbd79592fe
[INFO] running `Command { std: "docker" "start" "-a" "08399ca3247a4c5b07c858a60b6bc3c71c83b29402ccfc8676593ffbd79592fe", kill_on_drop: false }`
[INFO] [stderr]    Compiling proc-macro2 v1.0.60
[INFO] [stderr]    Compiling libc v0.2.146
[INFO] [stderr]    Compiling quote v1.0.28
[INFO] [stderr]    Compiling unicode-ident v1.0.9
[INFO] [stderr]    Compiling cc v1.0.79
[INFO] [stderr]    Compiling lock_api v0.4.10
[INFO] [stderr]    Compiling fs_extra v1.3.0
[INFO] [stderr]    Compiling ahash v0.8.3
[INFO] [stderr]    Compiling futures-core v0.3.28
[INFO] [stderr]    Compiling scopeguard v1.1.0
[INFO] [stderr]    Compiling anyhow v1.0.79
[INFO] [stderr]    Compiling once_cell v1.18.0
[INFO] [stderr]    Compiling allocator-api2 v0.2.14
[INFO] [stderr]    Compiling cmake v0.1.50
[INFO] [stderr]    Compiling spin v0.9.8
[INFO] [stderr]    Compiling futures-sink v0.3.28
[INFO] [stderr]    Compiling hashmap v0.0.1
[INFO] [stderr]    Compiling hashbrown v0.14.0
[INFO] [stderr]    Compiling raylib-sys v3.7.0
[INFO] [stderr]    Compiling syn v2.0.18
[INFO] [stderr]    Compiling getrandom v0.2.10
[INFO] [stderr]    Compiling nanorand v0.7.0
[INFO] [stderr]    Compiling pin-project-internal v1.1.0
[INFO] [stderr]    Compiling pin-project v1.1.0
[INFO] [stderr]    Compiling flume v0.10.14
[INFO] [stderr]    Compiling raylib v3.7.0
[INFO] [stderr]    Compiling vipro_framework v0.1.0 (/opt/rustwide/workdir/src/vipro_framework)
[INFO] [stderr]    Compiling vipro v0.1.0 (/opt/rustwide/workdir)
[INFO] [stdout] error[E0599]: no method named `unwrap` found for unit type `()` in the current scope
[INFO] [stdout]  --> src/main.rs:6:37
[INFO] [stdout]   |
[INFO] [stdout] 6 |     a.add_audio("test", "test.wav").unwrap();
[INFO] [stdout]   |                                     ^^^^^^ method not found in `()`
[INFO] [stdout]   |
[INFO] [stdout] note: method `add_audio` modifies its receiver in-place
[INFO] [stdout]  --> src/main.rs:6:7
[INFO] [stdout]   |
[INFO] [stdout] 6 |     a.add_audio("test", "test.wav").unwrap();
[INFO] [stdout]   |       ^^^^^^^^^ this call modifies `a` in-place
[INFO] [stdout] 
[INFO] [stdout] 
[INFO] [stdout] error[E0599]: no method named `send` found for struct `AudioSender` in the current scope
[INFO] [stdout]  --> src/main.rs:9:7
[INFO] [stdout]   |
[INFO] [stdout] 9 |     s.send("test").unwrap();
[INFO] [stdout]   |       ^^^^ method not found in `AudioSender`
[INFO] [stdout] 
[INFO] [stdout] 
[INFO] [stdout] error: aborting due to 2 previous errors
[INFO] [stdout] 
[INFO] [stdout] 
[INFO] [stdout] For more information about this error, try `rustc --explain E0599`.
[INFO] [stdout] 
[INFO] [stderr] error: could not compile `vipro` (bin "vipro") due to 3 previous errors
[INFO] running `Command { std: "docker" "inspect" "08399ca3247a4c5b07c858a60b6bc3c71c83b29402ccfc8676593ffbd79592fe", kill_on_drop: false }`
[INFO] running `Command { std: "docker" "rm" "-f" "08399ca3247a4c5b07c858a60b6bc3c71c83b29402ccfc8676593ffbd79592fe", kill_on_drop: false }`
[INFO] [stdout] 08399ca3247a4c5b07c858a60b6bc3c71c83b29402ccfc8676593ffbd79592fe
[INFO] testing AngryBeltMan/Vipro against beta-2023-12-22 for beta-1.76-1
[INFO] running `Command { std: "git" "clone" "/workspace/cache/git-repos/https%3A%2F%2Fgithub.com%2FAngryBeltMan%2FVipro" "/workspace/builds/worker-7-tc2/source", kill_on_drop: false }`
[INFO] [stderr] Cloning into '/workspace/builds/worker-7-tc2/source'...
[INFO] [stderr] done.
[INFO] [stderr] Updating files:  63% (1190/1884)
Updating files:  64% (1206/1884)
Updating files:  65% (1225/1884)
Updating files:  66% (1244/1884)
Updating files:  67% (1263/1884)
Updating files:  68% (1282/1884)
Updating files:  69% (1300/1884)
Updating files:  70% (1319/1884)
Updating files:  71% (1338/1884)
Updating files:  72% (1357/1884)
Updating files:  73% (1376/1884)
Updating files:  74% (1395/1884)
Updating files:  75% (1413/1884)
Updating files:  76% (1432/1884)
Updating files:  77% (1451/1884)
Updating files:  78% (1470/1884)
Updating files:  79% (1489/1884)
Updating files:  80% (1508/1884)
Updating files:  81% (1527/1884)
Updating files:  82% (1545/1884)
Updating files:  83% (1564/1884)
Updating files:  84% (1583/1884)
Updating files:  85% (1602/1884)
Updating files:  86% (1621/1884)
Updating files:  87% (1640/1884)
Updating files:  88% (1658/1884)
Updating files:  89% (1677/1884)
Updating files:  89% (1688/1884)
Updating files:  90% (1696/1884)
Updating files:  91% (1715/1884)
Updating files:  92% (1734/1884)
Updating files:  93% (1753/1884)
Updating files:  94% (1771/1884)
Updating files:  95% (1790/1884)
Updating files:  96% (1809/1884)
Updating files:  97% (1828/1884)
Updating files:  98% (1847/1884)
Updating files:  99% (1866/1884)
Updating files: 100% (1884/1884)
Updating files: 100% (1884/1884), done.
[INFO] validating manifest of git repo https://github.com/AngryBeltMan/Vipro on toolchain beta-2023-12-22
[INFO] running `Command { std: CARGO_HOME="/workspace/cargo-home" RUSTUP_HOME="/workspace/rustup-home" "/workspace/cargo-home/bin/cargo" "+beta-2023-12-22" "metadata" "--manifest-path" "Cargo.toml" "--no-deps", kill_on_drop: false }`
[INFO] started tweaking git repo https://github.com/AngryBeltMan/Vipro
[INFO] finished tweaking git repo https://github.com/AngryBeltMan/Vipro
[INFO] tweaked toml for git repo https://github.com/AngryBeltMan/Vipro written to /workspace/builds/worker-7-tc2/source/Cargo.toml
[INFO] crate git repo https://github.com/AngryBeltMan/Vipro already has a lockfile, it will not be regenerated
[INFO] running `Command { std: CARGO_HOME="/workspace/cargo-home" RUSTUP_HOME="/workspace/rustup-home" "/workspace/cargo-home/bin/cargo" "+beta-2023-12-22" "fetch" "--manifest-path" "Cargo.toml", kill_on_drop: false }`
[INFO] [stderr]     Updating crates.io index
[INFO] running `Command { std: "docker" "create" "-v" "/var/lib/crater-agent-workspace/builds/worker-7-tc2/target:/opt/rustwide/target:rw,Z" "-v" "/var/lib/crater-agent-workspace/builds/worker-7-tc2/source:/opt/rustwide/workdir:ro,Z" "-v" "/var/lib/crater-agent-workspace/cargo-home:/opt/rustwide/cargo-home:ro,Z" "-v" "/var/lib/crater-agent-workspace/rustup-home:/opt/rustwide/rustup-home:ro,Z" "-e" "SOURCE_DIR=/opt/rustwide/workdir" "-e" "CARGO_TARGET_DIR=/opt/rustwide/target" "-e" "CARGO_HOME=/opt/rustwide/cargo-home" "-e" "RUSTUP_HOME=/opt/rustwide/rustup-home" "-w" "/opt/rustwide/workdir" "-m" "1610612736" "--user" "0:0" "--network" "none" "ghcr.io/rust-lang/crates-build-env/linux@sha256:2788e3201cd34a07e3172128adcd8b3090168a8e3bcc40d7c032b9dda1df7d1c" "/opt/rustwide/cargo-home/bin/cargo" "+beta-2023-12-22" "metadata" "--no-deps" "--format-version=1", kill_on_drop: false }`
[INFO] [stdout] 0efd1a6d5fe23e3c0cd33359c1b9e549c5f70f5de37619d18306f964e39986a8
[INFO] running `Command { std: "docker" "start" "-a" "0efd1a6d5fe23e3c0cd33359c1b9e549c5f70f5de37619d18306f964e39986a8", kill_on_drop: false }`
[INFO] running `Command { std: "docker" "inspect" "0efd1a6d5fe23e3c0cd33359c1b9e549c5f70f5de37619d18306f964e39986a8", kill_on_drop: false }`
[INFO] running `Command { std: "docker" "rm" "-f" "0efd1a6d5fe23e3c0cd33359c1b9e549c5f70f5de37619d18306f964e39986a8", kill_on_drop: false }`
[INFO] [stdout] 0efd1a6d5fe23e3c0cd33359c1b9e549c5f70f5de37619d18306f964e39986a8
[INFO] running `Command { std: "docker" "create" "-v" "/var/lib/crater-agent-workspace/builds/worker-7-tc2/target:/opt/rustwide/target:rw,Z" "-v" "/var/lib/crater-agent-workspace/builds/worker-7-tc2/source:/opt/rustwide/workdir:ro,Z" "-v" "/var/lib/crater-agent-workspace/cargo-home:/opt/rustwide/cargo-home:ro,Z" "-v" "/var/lib/crater-agent-workspace/rustup-home:/opt/rustwide/rustup-home:ro,Z" "-e" "SOURCE_DIR=/opt/rustwide/workdir" "-e" "CARGO_TARGET_DIR=/opt/rustwide/target" "-e" "CARGO_INCREMENTAL=0" "-e" "RUST_BACKTRACE=full" "-e" "RUSTFLAGS=--cap-lints=warn" "-e" "RUSTDOCFLAGS=--cap-lints=warn" "-e" "CARGO_HOME=/opt/rustwide/cargo-home" "-e" "RUSTUP_HOME=/opt/rustwide/rustup-home" "-w" "/opt/rustwide/workdir" "-m" "1610612736" "--user" "0:0" "--network" "none" "ghcr.io/rust-lang/crates-build-env/linux@sha256:2788e3201cd34a07e3172128adcd8b3090168a8e3bcc40d7c032b9dda1df7d1c" "/opt/rustwide/cargo-home/bin/cargo" "+beta-2023-12-22" "build" "--frozen" "--message-format=json", kill_on_drop: false }`
[INFO] [stdout] c74c74b819939ff0628d40f71a1df3ae49feb74627ef1a3de758361b48d817c5
[INFO] running `Command { std: "docker" "start" "-a" "c74c74b819939ff0628d40f71a1df3ae49feb74627ef1a3de758361b48d817c5", kill_on_drop: false }`
[INFO] [stderr]    Compiling proc-macro2 v1.0.60
[INFO] [stderr]    Compiling unicode-ident v1.0.9
[INFO] [stderr]    Compiling libc v0.2.146
[INFO] [stderr]    Compiling quote v1.0.28
[INFO] [stderr]    Compiling cc v1.0.79
[INFO] [stderr]    Compiling fs_extra v1.3.0
[INFO] [stderr]    Compiling lock_api v0.4.10
[INFO] [stderr]    Compiling ahash v0.8.3
[INFO] [stderr]    Compiling futures-core v0.3.28
[INFO] [stderr]    Compiling scopeguard v1.1.0
[INFO] [stderr]    Compiling anyhow v1.0.79
[INFO] [stderr]    Compiling once_cell v1.18.0
[INFO] [stderr]    Compiling futures-sink v0.3.28
[INFO] [stderr]    Compiling allocator-api2 v0.2.14
[INFO] [stderr]    Compiling cmake v0.1.50
[INFO] [stderr]    Compiling spin v0.9.8
[INFO] [stderr]    Compiling hashmap v0.0.1
[INFO] [stderr]    Compiling hashbrown v0.14.0
[INFO] [stderr]    Compiling syn v2.0.18
[INFO] [stderr]    Compiling getrandom v0.2.10
[INFO] [stderr]    Compiling raylib-sys v3.7.0
[INFO] [stderr]    Compiling nanorand v0.7.0
[INFO] [stderr]    Compiling pin-project-internal v1.1.0
[INFO] [stderr]    Compiling pin-project v1.1.0
[INFO] [stderr]    Compiling flume v0.10.14
[INFO] [stderr]    Compiling raylib v3.7.0
[INFO] [stderr]    Compiling vipro_framework v0.1.0 (/opt/rustwide/workdir/src/vipro_framework)
[INFO] [stderr]    Compiling vipro v0.1.0 (/opt/rustwide/workdir)
[INFO] [stdout] error[E0599]: no method named `unwrap` found for unit type `()` in the current scope
[INFO] [stdout]  --> src/main.rs:6:37
[INFO] [stdout]   |
[INFO] [stdout] 6 |     a.add_audio("test", "test.wav").unwrap();
[INFO] [stdout]   |                                     ^^^^^^ method not found in `()`
[INFO] [stdout]   |
[INFO] [stdout] note: method `add_audio` modifies its receiver in-place
[INFO] [stdout]  --> src/main.rs:6:7
[INFO] [stdout]   |
[INFO] [stdout] 6 |     a.add_audio("test", "test.wav").unwrap();
[INFO] [stdout]   |       ^^^^^^^^^ this call modifies `a` in-place
[INFO] [stdout] 
[INFO] [stdout] 
[INFO] [stdout] error[E0599]: no method named `send` found for struct `AudioSender` in the current scope
[INFO] [stdout]  --> src/main.rs:9:7
[INFO] [stdout]   |
[INFO] [stdout] 9 |     s.send("test").unwrap();
[INFO] [stdout]   |       ^^^^ method not found in `AudioSender`
[INFO] [stdout] 
[INFO] [stdout] 
[INFO] [stdout] error: aborting due to 2 previous errors
[INFO] [stdout] 
[INFO] [stdout] 
[INFO] [stdout] For more information about this error, try `rustc --explain E0599`.
[INFO] [stdout] 
[INFO] [stderr] error: could not compile `vipro` (bin "vipro") due to 3 previous errors
[INFO] running `Command { std: "docker" "inspect" "c74c74b819939ff0628d40f71a1df3ae49feb74627ef1a3de758361b48d817c5", kill_on_drop: false }`
[INFO] running `Command { std: "docker" "rm" "-f" "c74c74b819939ff0628d40f71a1df3ae49feb74627ef1a3de758361b48d817c5", kill_on_drop: false }`
[INFO] [stdout] c74c74b819939ff0628d40f71a1df3ae49feb74627ef1a3de758361b48d817c5
