[INFO] cloning repository https://github.com/Angramme/moolang
[INFO] running `Command { std: "git" "-c" "credential.helper=" "-c" "credential.helper=/workspace/cargo-home/bin/git-credential-null" "clone" "--bare" "https://github.com/Angramme/moolang" "/workspace/cache/git-repos/https%3A%2F%2Fgithub.com%2FAngramme%2Fmoolang", kill_on_drop: false }`
[INFO] [stderr] Cloning into bare repository '/workspace/cache/git-repos/https%3A%2F%2Fgithub.com%2FAngramme%2Fmoolang'...
[INFO] running `Command { std: "git" "rev-parse" "HEAD", kill_on_drop: false }`
[INFO] [stdout] 31ce78061e2daf434169740881a20e7e22e21a90
[INFO] testing Angramme/moolang against 1.75.0 for beta-1.76-1
[INFO] running `Command { std: "git" "clone" "/workspace/cache/git-repos/https%3A%2F%2Fgithub.com%2FAngramme%2Fmoolang" "/workspace/builds/worker-7-tc1/source", kill_on_drop: false }`
[INFO] [stderr] Cloning into '/workspace/builds/worker-7-tc1/source'...
[INFO] [stderr] done.
[INFO] validating manifest of git repo https://github.com/Angramme/moolang on toolchain 1.75.0
[INFO] running `Command { std: CARGO_HOME="/workspace/cargo-home" RUSTUP_HOME="/workspace/rustup-home" "/workspace/cargo-home/bin/cargo" "+1.75.0" "metadata" "--manifest-path" "Cargo.toml" "--no-deps", kill_on_drop: false }`
[INFO] started tweaking git repo https://github.com/Angramme/moolang
[INFO] finished tweaking git repo https://github.com/Angramme/moolang
[INFO] tweaked toml for git repo https://github.com/Angramme/moolang written to /workspace/builds/worker-7-tc1/source/Cargo.toml
[INFO] crate git repo https://github.com/Angramme/moolang already has a lockfile, it will not be regenerated
[INFO] running `Command { std: CARGO_HOME="/workspace/cargo-home" RUSTUP_HOME="/workspace/rustup-home" "/workspace/cargo-home/bin/cargo" "+1.75.0" "fetch" "--manifest-path" "Cargo.toml", kill_on_drop: false }`
[INFO] [stderr]  Downloading crates ...
[INFO] [stderr]   Downloaded fallible-iterator v0.3.0
[INFO] [stderr]   Downloaded clap v4.4.11
[INFO] [stderr]   Downloaded wasmtime-jit-icache-coherence v15.0.1
[INFO] [stderr]   Downloaded cranelift-entity v0.102.1
[INFO] [stderr]   Downloaded anstyle-query v1.0.1
[INFO] [stderr]   Downloaded slice-group-by v0.3.1
[INFO] [stderr]   Downloaded clap_builder v4.4.11
[INFO] [stderr]   Downloaded target-lexicon v0.12.12
[INFO] [stderr]   Downloaded regalloc2 v0.9.3
[INFO] [stderr]   Downloaded cranelift-native v0.102.1
[INFO] [stderr]   Downloaded cranelift v0.102.1
[INFO] [stderr]   Downloaded cranelift-control v0.102.1
[INFO] [stderr]   Downloaded cranelift-codegen-shared v0.102.1
[INFO] [stderr]   Downloaded cranelift-module v0.102.1
[INFO] [stderr]   Downloaded cranelift-frontend v0.102.1
[INFO] [stderr]   Downloaded cranelift-bforest v0.102.1
[INFO] [stderr]   Downloaded cranelift-jit v0.102.1
[INFO] [stderr]   Downloaded cranelift-isle v0.102.1
[INFO] [stderr]   Downloaded cranelift-codegen-meta v0.102.1
[INFO] [stderr]   Downloaded cranelift-codegen v0.102.1
[INFO] running `Command { std: "docker" "create" "-v" "/var/lib/crater-agent-workspace/builds/worker-7-tc1/target:/opt/rustwide/target:rw,Z" "-v" "/var/lib/crater-agent-workspace/builds/worker-7-tc1/source:/opt/rustwide/workdir:ro,Z" "-v" "/var/lib/crater-agent-workspace/cargo-home:/opt/rustwide/cargo-home:ro,Z" "-v" "/var/lib/crater-agent-workspace/rustup-home:/opt/rustwide/rustup-home:ro,Z" "-e" "SOURCE_DIR=/opt/rustwide/workdir" "-e" "CARGO_TARGET_DIR=/opt/rustwide/target" "-e" "CARGO_HOME=/opt/rustwide/cargo-home" "-e" "RUSTUP_HOME=/opt/rustwide/rustup-home" "-w" "/opt/rustwide/workdir" "-m" "1610612736" "--user" "0:0" "--network" "none" "ghcr.io/rust-lang/crates-build-env/linux@sha256:2788e3201cd34a07e3172128adcd8b3090168a8e3bcc40d7c032b9dda1df7d1c" "/opt/rustwide/cargo-home/bin/cargo" "+1.75.0" "metadata" "--no-deps" "--format-version=1", kill_on_drop: false }`
[INFO] [stdout] 858f5ab4092f55711bea872ed9174864404c88b7a8fb2a793552658a6a1f0783
[INFO] running `Command { std: "docker" "start" "-a" "858f5ab4092f55711bea872ed9174864404c88b7a8fb2a793552658a6a1f0783", kill_on_drop: false }`
[INFO] running `Command { std: "docker" "inspect" "858f5ab4092f55711bea872ed9174864404c88b7a8fb2a793552658a6a1f0783", kill_on_drop: false }`
[INFO] running `Command { std: "docker" "rm" "-f" "858f5ab4092f55711bea872ed9174864404c88b7a8fb2a793552658a6a1f0783", kill_on_drop: false }`
[INFO] [stdout] 858f5ab4092f55711bea872ed9174864404c88b7a8fb2a793552658a6a1f0783
[INFO] running `Command { std: "docker" "create" "-v" "/var/lib/crater-agent-workspace/builds/worker-7-tc1/target:/opt/rustwide/target:rw,Z" "-v" "/var/lib/crater-agent-workspace/builds/worker-7-tc1/source:/opt/rustwide/workdir:ro,Z" "-v" "/var/lib/crater-agent-workspace/cargo-home:/opt/rustwide/cargo-home:ro,Z" "-v" "/var/lib/crater-agent-workspace/rustup-home:/opt/rustwide/rustup-home:ro,Z" "-e" "SOURCE_DIR=/opt/rustwide/workdir" "-e" "CARGO_TARGET_DIR=/opt/rustwide/target" "-e" "CARGO_INCREMENTAL=0" "-e" "RUST_BACKTRACE=full" "-e" "RUSTFLAGS=--cap-lints=warn" "-e" "RUSTDOCFLAGS=--cap-lints=warn" "-e" "CARGO_HOME=/opt/rustwide/cargo-home" "-e" "RUSTUP_HOME=/opt/rustwide/rustup-home" "-w" "/opt/rustwide/workdir" "-m" "1610612736" "--user" "0:0" "--network" "none" "ghcr.io/rust-lang/crates-build-env/linux@sha256:2788e3201cd34a07e3172128adcd8b3090168a8e3bcc40d7c032b9dda1df7d1c" "/opt/rustwide/cargo-home/bin/cargo" "+1.75.0" "build" "--frozen" "--message-format=json", kill_on_drop: false }`
[INFO] [stdout] 90b40348e7bd8874cfd6760839c13f66469e4072e55d2c13034d04a0409cc83b
[INFO] running `Command { std: "docker" "start" "-a" "90b40348e7bd8874cfd6760839c13f66469e4072e55d2c13034d04a0409cc83b", kill_on_drop: false }`
[INFO] [stderr]    Compiling ahash v0.8.6
[INFO] [stderr]    Compiling cranelift-isle v0.102.1
[INFO] [stderr]    Compiling cranelift-codegen-shared v0.102.1
[INFO] [stderr]    Compiling zerocopy v0.7.31
[INFO] [stderr]    Compiling once_cell v1.19.0
[INFO] [stderr]    Compiling target-lexicon v0.12.12
[INFO] [stderr]    Compiling equivalent v1.0.1
[INFO] [stderr]    Compiling hashbrown v0.14.3
[INFO] [stderr]    Compiling log v0.4.20
[INFO] [stderr]    Compiling rustc-hash v1.1.0
[INFO] [stderr]    Compiling smallvec v1.11.2
[INFO] [stderr]    Compiling arbitrary v1.3.2
[INFO] [stderr]    Compiling slice-group-by v0.3.1
[INFO] [stderr]    Compiling cranelift-entity v0.102.1
[INFO] [stderr]    Compiling bumpalo v3.14.0
[INFO] [stderr]    Compiling proc-macro2 v1.0.70
[INFO] [stderr]    Compiling cranelift-codegen-meta v0.102.1
[INFO] [stderr]    Compiling libc v0.2.151
[INFO] [stderr]    Compiling utf8parse v0.2.1
[INFO] [stderr]    Compiling anyhow v1.0.75
[INFO] [stderr]    Compiling anstyle-parse v0.2.3
[INFO] [stderr]    Compiling anstyle v1.0.4
[INFO] [stderr]    Compiling cranelift-bforest v0.102.1
[INFO] [stderr]    Compiling anstyle-query v1.0.1
[INFO] [stderr]    Compiling colorchoice v1.0.0
[INFO] [stderr]    Compiling clap_lex v0.6.0
[INFO] [stderr]    Compiling strsim v0.10.0
[INFO] [stderr]    Compiling heck v0.4.1
[INFO] [stderr]    Compiling anstream v0.6.5
[INFO] [stderr]    Compiling either v1.9.0
[INFO] [stderr]    Compiling owo-colors v3.5.0
[INFO] [stderr]    Compiling itertools v0.12.0
[INFO] [stderr]    Compiling hashbrown v0.13.2
[INFO] [stderr]    Compiling clap_builder v4.4.11
[INFO] [stderr]    Compiling indexmap v2.1.0
[INFO] [stderr]    Compiling quote v1.0.33
[INFO] [stderr]    Compiling cranelift-control v0.102.1
[INFO] [stderr]    Compiling syn v2.0.39
[INFO] [stderr]    Compiling regalloc2 v0.9.3
[INFO] [stderr]    Compiling region v2.2.0
[INFO] [stderr]    Compiling wasmtime-jit-icache-coherence v15.0.1
[INFO] [stderr]    Compiling gimli v0.28.1
[INFO] [stderr]    Compiling cranelift-codegen v0.102.1
[INFO] [stderr]    Compiling clap_derive v4.4.7
[INFO] [stderr]    Compiling clap v4.4.11
[INFO] [stderr]    Compiling cranelift-frontend v0.102.1
[INFO] [stderr]    Compiling cranelift-module v0.102.1
[INFO] [stderr]    Compiling cranelift-native v0.102.1
[INFO] [stderr]    Compiling cranelift-jit v0.102.1
[INFO] [stderr]    Compiling cranelift v0.102.1
[INFO] [stderr]    Compiling moolang v0.1.0 (/opt/rustwide/workdir)
[INFO] [stdout] warning: unused imports: `AST`, `Type`
[INFO] [stdout]  --> src/codegen.rs:2:28
[INFO] [stdout]   |
[INFO] [stdout] 2 | use crate::frontend::ast::{AST, Type};
[INFO] [stdout]   |                            ^^^  ^^^^
[INFO] [stdout]   |
[INFO] [stdout]   = note: `#[warn(unused_imports)]` on by default
[INFO] [stdout] 
[INFO] [stdout] 
[INFO] [stdout] warning: unused import: `crate::frontend::*`
[INFO] [stdout]  --> src/jit.rs:4:5
[INFO] [stdout]   |
[INFO] [stdout] 4 | use crate::frontend::*;
[INFO] [stdout]   |     ^^^^^^^^^^^^^^^^^^
[INFO] [stdout] 
[INFO] [stdout] 
[INFO] [stdout] warning: unused import: `Display`
[INFO] [stdout]  --> src/errors.rs:4:32
[INFO] [stdout]   |
[INFO] [stdout] 4 | use std::path::{Path, PathBuf, Display};
[INFO] [stdout]   |                                ^^^^^^^
[INFO] [stdout] 
[INFO] [stdout] 
[INFO] [stdout] warning: unused import: `LocalizedSourcedError`
[INFO] [stdout]   --> src/main.rs:16:14
[INFO] [stdout]    |
[INFO] [stdout] 16 | use errors::{LocalizedSourcedError, LocalizableError};
[INFO] [stdout]    |              ^^^^^^^^^^^^^^^^^^^^^
[INFO] [stdout] 
[INFO] [stdout] 
[INFO] [stdout] error[E0433]: failed to resolve: use of undeclared crate or module `parser`
[INFO] [stdout]   --> src/jit.rs:60:13
[INFO] [stdout]    |
[INFO] [stdout] 60 |             parser::function(input).map_err(|e| e.to_string())?;
[INFO] [stdout]    |             ^^^^^^ use of undeclared crate or module `parser`
[INFO] [stdout] 
[INFO] [stdout] 
[INFO] [stdout] error[E0277]: the size for values of type `str` cannot be known at compilation time
[INFO] [stdout]   --> src/jit.rs:59:14
[INFO] [stdout]    |
[INFO] [stdout] 59 |         let (name, params, the_return, stmts) =
[INFO] [stdout]    |              ^^^^ doesn't have a size known at compile-time
[INFO] [stdout]    |
[INFO] [stdout]    = help: the trait `Sized` is not implemented for `str`
[INFO] [stdout]    = note: all local variables must have a statically known size
[INFO] [stdout]    = help: unsized locals are gated as an unstable feature
[INFO] [stdout] 
[INFO] [stdout] 
[INFO] [stdout] error[E0599]: no associated item named `Assign` found for struct `AST` in the current scope
[INFO] [stdout]    --> src/jit.rs:444:14
[INFO] [stdout]     |
[INFO] [stdout] 444 |         AST::Assign(ref name, _) => {
[INFO] [stdout]     |              ^^^^^^ associated item not found in `AST`
[INFO] [stdout]     |
[INFO] [stdout]    ::: src/frontend/ast.rs:10:1
[INFO] [stdout]     |
[INFO] [stdout] 10  | pub struct  AST {
[INFO] [stdout]     | --------------- associated item `Assign` not found for this struct
[INFO] [stdout] 
[INFO] [stdout] 
[INFO] [stdout] error[E0599]: no associated item named `IfElse` found for struct `AST` in the current scope
[INFO] [stdout]    --> src/jit.rs:447:14
[INFO] [stdout]     |
[INFO] [stdout] 447 |         AST::IfElse(ref _condition, ref then_body, ref else_body) => {
[INFO] [stdout]     |              ^^^^^^ associated item not found in `AST`
[INFO] [stdout]     |
[INFO] [stdout]    ::: src/frontend/ast.rs:10:1
[INFO] [stdout]     |
[INFO] [stdout] 10  | pub struct  AST {
[INFO] [stdout]     | --------------- associated item `IfElse` not found for this struct
[INFO] [stdout] 
[INFO] [stdout] 
[INFO] [stdout] error[E0599]: no associated item named `WhileLoop` found for struct `AST` in the current scope
[INFO] [stdout]    --> src/jit.rs:455:14
[INFO] [stdout]     |
[INFO] [stdout] 455 |         AST::WhileLoop(ref _condition, ref loop_body) => {
[INFO] [stdout]     |              ^^^^^^^^^ associated item not found in `AST`
[INFO] [stdout]     |
[INFO] [stdout]    ::: src/frontend/ast.rs:10:1
[INFO] [stdout]     |
[INFO] [stdout] 10  | pub struct  AST {
[INFO] [stdout]     | --------------- associated item `WhileLoop` not found for this struct
[INFO] [stdout] 
[INFO] [stdout] 
[INFO] [stdout] error: aborting due to 5 previous errors; 4 warnings emitted
[INFO] [stdout] 
[INFO] [stdout] 
[INFO] [stdout] Some errors have detailed explanations: E0277, E0433, E0599.
[INFO] [stdout] 
[INFO] [stdout] For more information about an error, try `rustc --explain E0277`.
[INFO] [stdout] 
[INFO] [stderr] error: could not compile `moolang` (bin "moolang") due to 6 previous errors; 4 warnings emitted
[INFO] running `Command { std: "docker" "inspect" "90b40348e7bd8874cfd6760839c13f66469e4072e55d2c13034d04a0409cc83b", kill_on_drop: false }`
[INFO] running `Command { std: "docker" "rm" "-f" "90b40348e7bd8874cfd6760839c13f66469e4072e55d2c13034d04a0409cc83b", kill_on_drop: false }`
[INFO] [stdout] 90b40348e7bd8874cfd6760839c13f66469e4072e55d2c13034d04a0409cc83b
