[INFO] cloning repository https://github.com/Ange-FE/Ginkou-aAsset-contracts
[INFO] running `Command { std: "git" "-c" "credential.helper=" "-c" "credential.helper=/workspace/cargo-home/bin/git-credential-null" "clone" "--bare" "https://github.com/Ange-FE/Ginkou-aAsset-contracts" "/workspace/cache/git-repos/https%3A%2F%2Fgithub.com%2FAnge-FE%2FGinkou-aAsset-contracts", kill_on_drop: false }`
[INFO] [stderr] Cloning into bare repository '/workspace/cache/git-repos/https%3A%2F%2Fgithub.com%2FAnge-FE%2FGinkou-aAsset-contracts'...
[INFO] running `Command { std: "git" "rev-parse" "HEAD", kill_on_drop: false }`
[INFO] [stdout] d24f3321347d39ff45d603db6bb6f9cc21b376f6
[INFO] testing Ange-FE/Ginkou-aAsset-contracts against 1.75.0 for beta-1.76-1
[INFO] running `Command { std: "git" "clone" "/workspace/cache/git-repos/https%3A%2F%2Fgithub.com%2FAnge-FE%2FGinkou-aAsset-contracts" "/workspace/builds/worker-7-tc1/source", kill_on_drop: false }`
[INFO] [stderr] Cloning into '/workspace/builds/worker-7-tc1/source'...
[INFO] [stderr] done.
[INFO] validating manifest of git repo https://github.com/Ange-FE/Ginkou-aAsset-contracts on toolchain 1.75.0
[INFO] running `Command { std: CARGO_HOME="/workspace/cargo-home" RUSTUP_HOME="/workspace/rustup-home" "/workspace/cargo-home/bin/cargo" "+1.75.0" "metadata" "--manifest-path" "Cargo.toml" "--no-deps", kill_on_drop: false }`
[INFO] started tweaking git repo https://github.com/Ange-FE/Ginkou-aAsset-contracts
[INFO] finished tweaking git repo https://github.com/Ange-FE/Ginkou-aAsset-contracts
[INFO] tweaked toml for git repo https://github.com/Ange-FE/Ginkou-aAsset-contracts written to /workspace/builds/worker-7-tc1/source/Cargo.toml
[INFO] crate git repo https://github.com/Ange-FE/Ginkou-aAsset-contracts already has a lockfile, it will not be regenerated
[INFO] running `Command { std: CARGO_HOME="/workspace/cargo-home" RUSTUP_HOME="/workspace/rustup-home" "/workspace/cargo-home/bin/cargo" "+1.75.0" "fetch" "--manifest-path" "Cargo.toml", kill_on_drop: false }`
[INFO] [stderr] warning: profiles for the non root package will be ignored, specify profiles at the workspace root:
[INFO] [stderr] package:   /workspace/builds/worker-7-tc1/source/contracts/anchor_basset_hub/Cargo.toml
[INFO] [stderr] workspace: /workspace/builds/worker-7-tc1/source/Cargo.toml
[INFO] [stderr] warning: profiles for the non root package will be ignored, specify profiles at the workspace root:
[INFO] [stderr] package:   /workspace/builds/worker-7-tc1/source/contracts/anchor_basset_token/Cargo.toml
[INFO] [stderr] workspace: /workspace/builds/worker-7-tc1/source/Cargo.toml
[INFO] [stderr] warning: profiles for the non root package will be ignored, specify profiles at the workspace root:
[INFO] [stderr] package:   /workspace/builds/worker-7-tc1/source/packages/basset/Cargo.toml
[INFO] [stderr] workspace: /workspace/builds/worker-7-tc1/source/Cargo.toml
[INFO] [stderr] warning: profiles for the non root package will be ignored, specify profiles at the workspace root:
[INFO] [stderr] package:   /workspace/builds/worker-7-tc1/source/contracts/lido_terra_validators_registry/Cargo.toml
[INFO] [stderr] workspace: /workspace/builds/worker-7-tc1/source/Cargo.toml
[INFO] [stderr] warning: profiles for the non root package will be ignored, specify profiles at the workspace root:
[INFO] [stderr] package:   /workspace/builds/worker-7-tc1/source/packages/signed_integers/Cargo.toml
[INFO] [stderr] workspace: /workspace/builds/worker-7-tc1/source/Cargo.toml
[INFO] [stderr] warning: profiles for the non root package will be ignored, specify profiles at the workspace root:
[INFO] [stderr] package:   /workspace/builds/worker-7-tc1/source/contracts/anchor_basset_reward/Cargo.toml
[INFO] [stderr] workspace: /workspace/builds/worker-7-tc1/source/Cargo.toml
[INFO] [stderr]     Updating crates.io index
[INFO] [stderr]  Downloading crates ...
[INFO] [stderr]   Downloaded serde-json-wasm v0.3.1
[INFO] [stderr]   Downloaded terra-cosmwasm v2.2.0
[INFO] [stderr]   Downloaded spki v0.4.0
[INFO] [stderr]   Downloaded darling_core v0.13.0
[INFO] [stderr]   Downloaded cw2 v0.8.0
[INFO] [stderr]   Downloaded wasmer-object v2.0.0
[INFO] [stderr]   Downloaded cosmwasm-derive v0.16.0
[INFO] [stderr]   Downloaded enumset_derive v0.5.5
[INFO] [stderr]   Downloaded wasmer-compiler v2.0.0
[INFO] [stderr]   Downloaded backtrace v0.3.60
[INFO] [stderr]   Downloaded regalloc v0.0.31
[INFO] [stderr]   Downloaded cw20-legacy v0.2.0
[INFO] [stderr]   Downloaded dynasmrt v1.1.0
[INFO] [stderr]   Downloaded cranelift-entity v0.74.0
[INFO] [stderr]   Downloaded cosmwasm-storage v0.16.0
[INFO] [stderr]   Downloaded wasmer-vm v2.0.0
[INFO] [stderr]   Downloaded cw-storage-plus v0.8.0
[INFO] [stderr]   Downloaded cosmwasm-crypto v0.16.0
[INFO] [stderr]   Downloaded schemars v0.8.3
[INFO] [stderr]   Downloaded object v0.25.3
[INFO] [stderr]   Downloaded const-oid v0.6.0
[INFO] [stderr]   Downloaded pkcs8 v0.7.5
[INFO] [stderr]   Downloaded cosmwasm-std v0.16.0
[INFO] [stderr]   Downloaded schemars_derive v0.8.3
[INFO] [stderr]   Downloaded wasmer-engine-universal v2.0.0
[INFO] [stderr]   Downloaded darling v0.13.0
[INFO] [stderr]   Downloaded cosmwasm-vm v0.16.0
[INFO] [stderr]   Downloaded enumset v1.0.7
[INFO] [stderr]   Downloaded target-lexicon v0.12.1
[INFO] [stderr]   Downloaded wasmparser v0.78.2
[INFO] [stderr]   Downloaded wasmer v2.0.0
[INFO] [stderr]   Downloaded rkyv v0.6.7
[INFO] [stderr]   Downloaded clru v0.4.0
[INFO] [stderr]   Downloaded cranelift-bforest v0.74.0
[INFO] [stderr]   Downloaded cranelift-codegen-meta v0.74.0
[INFO] [stderr]   Downloaded cranelift-codegen-shared v0.74.0
[INFO] [stderr]   Downloaded cranelift-codegen v0.74.0
[INFO] [stderr]   Downloaded cranelift-frontend v0.74.0
[INFO] [stderr]   Downloaded wasmer-compiler-cranelift v2.0.0
[INFO] [stderr]   Downloaded dynasm v1.1.0
[INFO] [stderr]   Downloaded wasmer-compiler-singlepass v2.0.0
[INFO] [stderr]   Downloaded leb128 v0.2.4
[INFO] [stderr]   Downloaded cw20 v0.8.0
[INFO] [stderr]   Downloaded wasmer-types v2.0.0
[INFO] [stderr]   Downloaded wasmer-engine v2.0.0
[INFO] [stderr]   Downloaded rkyv_derive v0.6.7
[INFO] [stderr]   Downloaded cw20-base v0.8.0
[INFO] [stderr]   Downloaded wasmer-engine-dylib v2.0.0
[INFO] [stderr]   Downloaded crypto-bigint v0.2.2
[INFO] [stderr]   Downloaded cosmwasm-bignumber v2.2.0
[INFO] [stderr]   Downloaded cosmwasm-schema v0.16.0
[INFO] [stderr]   Downloaded darling_macro v0.13.0
[INFO] [stderr]   Downloaded more-asserts v0.2.1
[INFO] [stderr]   Downloaded wasmer-middlewares v2.0.0
[INFO] [stderr]   Downloaded wasmer-derive v2.0.0
[INFO] [stderr]   Downloaded cw0 v0.8.0
[INFO] [stderr]   Downloaded ecdsa v0.12.3
[INFO] [stderr]   Downloaded der v0.4.1
[INFO] [stderr]   Downloaded ff v0.10.0
[INFO] [stderr]   Downloaded elliptic-curve v0.10.5
[INFO] running `Command { std: "docker" "create" "-v" "/var/lib/crater-agent-workspace/builds/worker-7-tc1/target:/opt/rustwide/target:rw,Z" "-v" "/var/lib/crater-agent-workspace/builds/worker-7-tc1/source:/opt/rustwide/workdir:ro,Z" "-v" "/var/lib/crater-agent-workspace/cargo-home:/opt/rustwide/cargo-home:ro,Z" "-v" "/var/lib/crater-agent-workspace/rustup-home:/opt/rustwide/rustup-home:ro,Z" "-e" "SOURCE_DIR=/opt/rustwide/workdir" "-e" "CARGO_TARGET_DIR=/opt/rustwide/target" "-e" "CARGO_HOME=/opt/rustwide/cargo-home" "-e" "RUSTUP_HOME=/opt/rustwide/rustup-home" "-w" "/opt/rustwide/workdir" "-m" "1610612736" "--user" "0:0" "--network" "none" "ghcr.io/rust-lang/crates-build-env/linux@sha256:2788e3201cd34a07e3172128adcd8b3090168a8e3bcc40d7c032b9dda1df7d1c" "/opt/rustwide/cargo-home/bin/cargo" "+1.75.0" "metadata" "--no-deps" "--format-version=1", kill_on_drop: false }`
[INFO] [stdout] 2ca7fa6d80d766af4afd7af52b0356eb9a7cc96302f7d09f9034d55423d2d3c3
[INFO] running `Command { std: "docker" "start" "-a" "2ca7fa6d80d766af4afd7af52b0356eb9a7cc96302f7d09f9034d55423d2d3c3", kill_on_drop: false }`
[INFO] running `Command { std: "docker" "inspect" "2ca7fa6d80d766af4afd7af52b0356eb9a7cc96302f7d09f9034d55423d2d3c3", kill_on_drop: false }`
[INFO] running `Command { std: "docker" "rm" "-f" "2ca7fa6d80d766af4afd7af52b0356eb9a7cc96302f7d09f9034d55423d2d3c3", kill_on_drop: false }`
[INFO] [stdout] 2ca7fa6d80d766af4afd7af52b0356eb9a7cc96302f7d09f9034d55423d2d3c3
[INFO] running `Command { std: "docker" "create" "-v" "/var/lib/crater-agent-workspace/builds/worker-7-tc1/target:/opt/rustwide/target:rw,Z" "-v" "/var/lib/crater-agent-workspace/builds/worker-7-tc1/source:/opt/rustwide/workdir:ro,Z" "-v" "/var/lib/crater-agent-workspace/cargo-home:/opt/rustwide/cargo-home:ro,Z" "-v" "/var/lib/crater-agent-workspace/rustup-home:/opt/rustwide/rustup-home:ro,Z" "-e" "SOURCE_DIR=/opt/rustwide/workdir" "-e" "CARGO_TARGET_DIR=/opt/rustwide/target" "-e" "CARGO_INCREMENTAL=0" "-e" "RUST_BACKTRACE=full" "-e" "RUSTFLAGS=--cap-lints=warn" "-e" "RUSTDOCFLAGS=--cap-lints=warn" "-e" "CARGO_HOME=/opt/rustwide/cargo-home" "-e" "RUSTUP_HOME=/opt/rustwide/rustup-home" "-w" "/opt/rustwide/workdir" "-m" "1610612736" "--user" "0:0" "--network" "none" "ghcr.io/rust-lang/crates-build-env/linux@sha256:2788e3201cd34a07e3172128adcd8b3090168a8e3bcc40d7c032b9dda1df7d1c" "/opt/rustwide/cargo-home/bin/cargo" "+1.75.0" "build" "--frozen" "--message-format=json", kill_on_drop: false }`
[INFO] [stdout] 5d4fcc777c05a04529b7d5f338054713787a93a37e88f6773f90c65bec58bc8c
[INFO] running `Command { std: "docker" "start" "-a" "5d4fcc777c05a04529b7d5f338054713787a93a37e88f6773f90c65bec58bc8c", kill_on_drop: false }`
[INFO] [stderr] warning: profiles for the non root package will be ignored, specify profiles at the workspace root:
[INFO] [stderr] package:   /opt/rustwide/workdir/contracts/anchor_basset_hub/Cargo.toml
[INFO] [stderr] workspace: /opt/rustwide/workdir/Cargo.toml
[INFO] [stderr] warning: profiles for the non root package will be ignored, specify profiles at the workspace root:
[INFO] [stderr] package:   /opt/rustwide/workdir/contracts/anchor_basset_token/Cargo.toml
[INFO] [stderr] workspace: /opt/rustwide/workdir/Cargo.toml
[INFO] [stderr] warning: profiles for the non root package will be ignored, specify profiles at the workspace root:
[INFO] [stderr] package:   /opt/rustwide/workdir/packages/basset/Cargo.toml
[INFO] [stderr] workspace: /opt/rustwide/workdir/Cargo.toml
[INFO] [stderr] warning: profiles for the non root package will be ignored, specify profiles at the workspace root:
[INFO] [stderr] package:   /opt/rustwide/workdir/contracts/lido_terra_validators_registry/Cargo.toml
[INFO] [stderr] workspace: /opt/rustwide/workdir/Cargo.toml
[INFO] [stderr] warning: profiles for the non root package will be ignored, specify profiles at the workspace root:
[INFO] [stderr] package:   /opt/rustwide/workdir/packages/signed_integers/Cargo.toml
[INFO] [stderr] workspace: /opt/rustwide/workdir/Cargo.toml
[INFO] [stderr] warning: profiles for the non root package will be ignored, specify profiles at the workspace root:
[INFO] [stderr] package:   /opt/rustwide/workdir/contracts/anchor_basset_reward/Cargo.toml
[INFO] [stderr] workspace: /opt/rustwide/workdir/Cargo.toml
[INFO] [stderr]    Compiling proc-macro2 v1.0.28
[INFO] [stderr]    Compiling unicode-xid v0.2.2
[INFO] [stderr]    Compiling syn v1.0.74
[INFO] [stderr]    Compiling libc v0.2.98
[INFO] [stderr]    Compiling version_check v0.9.3
[INFO] [stderr]    Compiling typenum v1.13.0
[INFO] [stderr]    Compiling subtle v2.4.1
[INFO] [stderr]    Compiling serde_derive v1.0.126
[INFO] [stderr]    Compiling serde v1.0.126
[INFO] [stderr]    Compiling const-oid v0.6.0
[INFO] [stderr]    Compiling zeroize v1.4.1
[INFO] [stderr]    Compiling getrandom v0.1.16
[INFO] [stderr]    Compiling byteorder v1.4.3
[INFO] [stderr]    Compiling ryu v1.0.5
[INFO] [stderr]    Compiling cpufeatures v0.1.5
[INFO] [stderr]    Compiling opaque-debug v0.3.0
[INFO] [stderr]    Compiling serde_json v1.0.64
[INFO] [stderr]    Compiling crunchy v0.2.2
[INFO] [stderr]    Compiling der v0.4.1
[INFO] [stderr]    Compiling itoa v0.4.7
[INFO] [stderr]    Compiling schemars v0.8.3
[INFO] [stderr]    Compiling dyn-clone v1.0.4
[INFO] [stderr]    Compiling static_assertions v1.1.0
[INFO] [stderr]    Compiling generic-array v0.14.4
[INFO] [stderr]    Compiling rustversion v1.0.5
[INFO] [stderr]    Compiling heck v0.4.1
[INFO] [stderr]    Compiling doc-comment v0.3.3
[INFO] [stderr]    Compiling strum v0.24.1
[INFO] [stderr]    Compiling crunchy v0.1.6
[INFO] [stderr]    Compiling rand_core v0.4.2
[INFO] [stderr]    Compiling uint v0.9.1
[INFO] [stderr]    Compiling rand_core v0.3.1
[INFO] [stderr]    Compiling spki v0.4.0
[INFO] [stderr]    Compiling quote v1.0.9
[INFO] [stderr]    Compiling bigint v4.4.3
[INFO] [stderr]    Compiling pkcs8 v0.7.5
[INFO] [stderr]    Compiling getrandom v0.2.3
[INFO] [stderr]    Compiling rand v0.5.6
[INFO] [stderr]    Compiling rand_core v0.6.3
[INFO] [stderr]    Compiling rand_core v0.5.1
[INFO] [stderr]    Compiling ff v0.10.0
[INFO] [stderr]    Compiling group v0.10.0
[INFO] [stderr]    Compiling digest v0.9.0
[INFO] [stderr]    Compiling crypto-bigint v0.2.2
[INFO] [stderr]    Compiling block-buffer v0.9.0
[INFO] [stderr]    Compiling crypto-mac v0.11.1
[INFO] [stderr]    Compiling sha2 v0.9.5
[INFO] [stderr]    Compiling signature v1.3.1
[INFO] [stderr]    Compiling curve25519-dalek v3.1.0
[INFO] [stderr]    Compiling hmac v0.11.0
[INFO] [stderr]    Compiling elliptic-curve v0.10.5
[INFO] [stderr]    Compiling ecdsa v0.12.3
[INFO] [stderr]    Compiling k256 v0.9.6
[INFO] [stderr]    Compiling serde_derive_internals v0.25.0
[INFO] [stderr]    Compiling thiserror-impl v1.0.26
[INFO] [stderr]    Compiling schemars_derive v0.8.3
[INFO] [stderr]    Compiling cosmwasm-derive v0.16.0
[INFO] [stderr]    Compiling strum_macros v0.24.3
[INFO] [stderr]    Compiling snafu-derive v0.6.10
[INFO] [stderr]    Compiling thiserror v1.0.26
[INFO] [stderr]    Compiling snafu v0.6.10
[INFO] [stderr]    Compiling ed25519-zebra v2.2.0
[INFO] [stderr]    Compiling serde-json-wasm v0.3.1
[INFO] [stderr]    Compiling cosmwasm-crypto v0.16.0
[INFO] [stderr]    Compiling cosmwasm-std v0.16.0
[INFO] [stderr]    Compiling cosmwasm-schema v0.16.0
[INFO] [stderr]    Compiling cw0 v0.8.0
[INFO] [stderr]    Compiling cosmwasm-storage v0.16.0
[INFO] [stderr]    Compiling cw-storage-plus v0.8.0
[INFO] [stderr]    Compiling terra-cosmwasm v2.2.0
[INFO] [stderr]    Compiling cosmwasm-bignumber v2.2.0
[INFO] [stderr]    Compiling cw20 v0.8.0
[INFO] [stderr]    Compiling cw2 v0.8.0
[INFO] [stderr]    Compiling basset v0.1.0 (/opt/rustwide/workdir/packages/basset)
[INFO] [stderr]    Compiling signed_integer v0.1.0 (/opt/rustwide/workdir/packages/signed_integers)
[INFO] [stdout] warning: unused import: `Decimal`
[INFO] [stdout]  --> packages/basset/src/tax_querier.rs:1:26
[INFO] [stdout]   |
[INFO] [stdout] 1 | use cosmwasm_std::{Coin, Decimal, QuerierWrapper, StdResult, Uint128};
[INFO] [stdout]   |                          ^^^^^^^
[INFO] [stdout]   |
[INFO] [stdout]   = note: `#[warn(unused_imports)]` on by default
[INFO] [stdout] 
[INFO] [stdout] 
[INFO] [stderr]    Compiling cw20-base v0.8.0
[INFO] [stdout] warning: unused variable: `querier`
[INFO] [stdout]  --> packages/basset/src/tax_querier.rs:7:20
[INFO] [stdout]   |
[INFO] [stdout] 7 | pub fn compute_tax(querier: &QuerierWrapper, coin: &Coin) -> StdResult<Uint128> {
[INFO] [stdout]   |                    ^^^^^^^ help: if this is intentional, prefix it with an underscore: `_querier`
[INFO] [stdout]   |
[INFO] [stdout]   = note: `#[warn(unused_variables)]` on by default
[INFO] [stdout] 
[INFO] [stdout] 
[INFO] [stdout] warning: unused variable: `coin`
[INFO] [stdout]  --> packages/basset/src/tax_querier.rs:7:46
[INFO] [stdout]   |
[INFO] [stdout] 7 | pub fn compute_tax(querier: &QuerierWrapper, coin: &Coin) -> StdResult<Uint128> {
[INFO] [stdout]   |                                              ^^^^ help: if this is intentional, prefix it with an underscore: `_coin`
[INFO] [stdout] 
[INFO] [stdout] 
[INFO] [stdout] warning: 3 warnings emitted
[INFO] [stdout] 
[INFO] [stdout] 
[INFO] [stderr]    Compiling lido_terra_validators_registry v1.1.0 (/opt/rustwide/workdir/contracts/lido_terra_validators_registry)
[INFO] [stderr]    Compiling anchor_basset_reward v1.0.0 (/opt/rustwide/workdir/contracts/anchor_basset_reward)
[INFO] [stdout] error[E0432]: unresolved import `cosmwasm_std::Decimal256`
[INFO] [stdout]   --> contracts/anchor_basset_reward/src/contract.rs:14:24
[INFO] [stdout]    |
[INFO] [stdout] 14 |     to_binary, Binary, Decimal256, Deps, DepsMut, Env, MessageInfo, Response, StdResult, Uint128,
[INFO] [stdout]    |                        ^^^^^^^^^^
[INFO] [stdout]    |                        |
[INFO] [stdout]    |                        no `Decimal256` in the root
[INFO] [stdout]    |                        help: a similar name exists in the module: `Decimal`
[INFO] [stdout]    |
[INFO] [stdout]    = help: consider importing this struct instead:
[INFO] [stdout]            cosmwasm_bignumber::Decimal256
[INFO] [stdout] 
[INFO] [stdout] 
[INFO] [stdout] error[E0432]: unresolved import `cosmwasm_std::Decimal256`
[INFO] [stdout]  --> contracts/anchor_basset_reward/src/state.rs:2:41
[INFO] [stdout]   |
[INFO] [stdout] 2 | use cosmwasm_std::{Addr, CanonicalAddr, Decimal256, Deps, Order, StdResult, Storage, Uint128};
[INFO] [stdout]   |                                         ^^^^^^^^^^
[INFO] [stdout]   |                                         |
[INFO] [stdout]   |                                         no `Decimal256` in the root
[INFO] [stdout]   |                                         help: a similar name exists in the module: `Decimal`
[INFO] [stdout]   |
[INFO] [stdout]   = help: consider importing this struct instead:
[INFO] [stdout]           cosmwasm_bignumber::Decimal256
[INFO] [stdout] 
[INFO] [stdout] 
[INFO] [stdout] error[E0432]: unresolved import `crate::math`
[INFO] [stdout]  --> contracts/anchor_basset_reward/src/global.rs:3:12
[INFO] [stdout]   |
[INFO] [stdout] 3 | use crate::math::decimal_summation_in_256;
[INFO] [stdout]   |            ^^^^ could not find `math` in the crate root
[INFO] [stdout] 
[INFO] [stdout] 
[INFO] [stdout] error[E0432]: unresolved import `cosmwasm_std::Decimal256`
[INFO] [stdout]  --> contracts/anchor_basset_reward/src/global.rs:6:22
[INFO] [stdout]   |
[INFO] [stdout] 6 |     attr, CosmosMsg, Decimal256, DepsMut, Env, MessageInfo, Response, StdError, StdResult,
[INFO] [stdout]   |                      ^^^^^^^^^^
[INFO] [stdout]   |                      |
[INFO] [stdout]   |                      no `Decimal256` in the root
[INFO] [stdout]   |                      help: a similar name exists in the module: `Decimal`
[INFO] [stdout]   |
[INFO] [stdout]   = help: consider importing this struct instead:
[INFO] [stdout]           cosmwasm_bignumber::Decimal256
[INFO] [stdout] 
[INFO] [stdout] 
[INFO] [stdout] error[E0432]: unresolved imports `cosmwasm_std::Decimal256`, `cosmwasm_std::Uint256`
[INFO] [stdout]   --> contracts/anchor_basset_reward/src/user.rs:9:37
[INFO] [stdout]    |
[INFO] [stdout] 9  |     attr, BankMsg, Coin, CosmosMsg, Decimal256, Deps, DepsMut, Env, MessageInfo, Response, StdError,
[INFO] [stdout]    |                                     ^^^^^^^^^^
[INFO] [stdout]    |                                     |
[INFO] [stdout]    |                                     no `Decimal256` in the root
[INFO] [stdout]    |                                     help: a similar name exists in the module: `Decimal`
[INFO] [stdout] 10 |     StdResult, Uint128, Uint256
[INFO] [stdout]    |                         ^^^^^^^ no `Uint256` in the root
[INFO] [stdout]    |
[INFO] [stdout]    = help: consider importing this struct instead:
[INFO] [stdout]            cosmwasm_bignumber::Decimal256
[INFO] [stdout]    = help: consider importing this struct instead:
[INFO] [stdout]            cosmwasm_bignumber::Uint256
[INFO] [stdout] 
[INFO] [stdout] 
[INFO] [stdout] error[E0432]: unresolved import `basset::dex_router`
[INFO] [stdout]  --> contracts/anchor_basset_reward/src/swap.rs:2:13
[INFO] [stdout]   |
[INFO] [stdout] 2 | use basset::dex_router::{
[INFO] [stdout]   |             ^^^^^^^^^^ could not find `dex_router` in `basset`
[INFO] [stdout] 
[INFO] [stdout] 
[INFO] [stdout] error[E0432]: unresolved import `strum`
[INFO] [stdout]   --> contracts/anchor_basset_reward/src/swap.rs:10:5
[INFO] [stdout]    |
[INFO] [stdout] 10 | use strum::IntoEnumIterator;
[INFO] [stdout]    |     ^^^^^ use of undeclared crate or module `strum`
[INFO] [stdout] 
[INFO] [stdout] 
[INFO] [stdout] error[E0432]: unresolved import `cosmwasm_schema`
[INFO] [stdout]  --> contracts/anchor_basset_reward/src/state.rs:1:5
[INFO] [stdout]   |
[INFO] [stdout] 1 | use cosmwasm_schema::cw_serde;
[INFO] [stdout]   |     ^^^^^^^^^^^^^^^ use of undeclared crate or module `cosmwasm_schema`
[INFO] [stdout]   |
[INFO] [stdout] help: there is a crate or module with a similar name
[INFO] [stdout]   |
[INFO] [stdout] 1 | use cosmwasm_std::cw_serde;
[INFO] [stdout]   |     ~~~~~~~~~~~~
[INFO] [stdout] 
[INFO] [stdout] 
[INFO] [stdout] error: cannot determine resolution for the attribute macro `cw_serde`
[INFO] [stdout]   --> contracts/anchor_basset_reward/src/state.rs:17:3
[INFO] [stdout]    |
[INFO] [stdout] 17 | #[cw_serde]
[INFO] [stdout]    |   ^^^^^^^^
[INFO] [stdout]    |
[INFO] [stdout]    = note: import resolution is stuck, try simplifying macro imports
[INFO] [stdout] 
[INFO] [stdout] 
[INFO] [stdout] error[E0433]: failed to resolve: use of undeclared type `Decimal`
[INFO] [stdout]   --> contracts/anchor_basset_reward/src/contract.rs:37:27
[INFO] [stdout]    |
[INFO] [stdout] 37 |             global_index: Decimal::zero(),
[INFO] [stdout]    |                           ^^^^^^^ use of undeclared type `Decimal`
[INFO] [stdout]    |
[INFO] [stdout] help: consider importing this struct
[INFO] [stdout]    |
[INFO] [stdout] 1  + use cosmwasm_std::Decimal;
[INFO] [stdout]    |
[INFO] [stdout] 
[INFO] [stdout] 
[INFO] [stdout] warning: unused import: `std::str::FromStr`
[INFO] [stdout]   --> contracts/anchor_basset_reward/src/user.rs:14:5
[INFO] [stdout]    |
[INFO] [stdout] 14 | use std::str::FromStr;
[INFO] [stdout]    |     ^^^^^^^^^^^^^^^^^
[INFO] [stdout]    |
[INFO] [stdout]    = note: `#[warn(unused_imports)]` on by default
[INFO] [stdout] 
[INFO] [stdout] 
[INFO] [stdout] error[E0599]: the method `save` exists for struct `Item<'static, SwapConfig>`, but its trait bounds were not satisfied
[INFO] [stdout]    --> contracts/anchor_basset_reward/src/contract.rs:43:17
[INFO] [stdout]     |
[INFO] [stdout] 43  |     SWAP_CONFIG.save(
[INFO] [stdout]     |     ------------^^^^ method cannot be called on `Item<'static, SwapConfig>` due to unsatisfied trait bounds
[INFO] [stdout]     |
[INFO] [stdout]    ::: contracts/anchor_basset_reward/src/state.rs:18:1
[INFO] [stdout]     |
[INFO] [stdout] 18  | pub struct SwapConfig {
[INFO] [stdout]     | ---------------------
[INFO] [stdout]     | |
[INFO] [stdout]     | doesn't satisfy `SwapConfig: Deserialize<'de>`
[INFO] [stdout]     | doesn't satisfy `SwapConfig: DeserializeOwned`
[INFO] [stdout]     | doesn't satisfy `SwapConfig: Serialize`
[INFO] [stdout]     |
[INFO] [stdout]     = note: the following trait bounds were not satisfied:
[INFO] [stdout]             `SwapConfig: Serialize`
[INFO] [stdout]             `SwapConfig: DeserializeOwned`
[INFO] [stdout]             `SwapConfig: Deserialize<'de>`
[INFO] [stdout]             which is required by `SwapConfig: DeserializeOwned`
[INFO] [stdout] note: the traits `DeserializeOwned` and `Serialize` must be implemented
[INFO] [stdout]    --> /opt/rustwide/cargo-home/registry/src/index.crates.io-6f17d22bba15001f/serde-1.0.126/src/de/mod.rs:602:1
[INFO] [stdout]     |
[INFO] [stdout] 602 | pub trait DeserializeOwned: for<'de> Deserialize<'de> {}
[INFO] [stdout]     | ^^^^^^^^^^^^^^^^^^^^^^^^^^^^^^^^^^^^^^^^^^^^^^^^^^^^^
[INFO] [stdout]     |
[INFO] [stdout]    ::: /opt/rustwide/cargo-home/registry/src/index.crates.io-6f17d22bba15001f/serde-1.0.126/src/ser/mod.rs:216:1
[INFO] [stdout]     |
[INFO] [stdout] 216 | pub trait Serialize {
[INFO] [stdout]     | ^^^^^^^^^^^^^^^^^^^
[INFO] [stdout] 
[INFO] [stdout] 
[INFO] [stdout] error[E0599]: no method named `as_slice` found for reference `&Addr` in the current scope
[INFO] [stdout]   --> contracts/anchor_basset_reward/src/state.rs:67:42
[INFO] [stdout]    |
[INFO] [stdout] 67 |     HOLDERS.save(storage, holder_address.as_slice(), holder)
[INFO] [stdout]    |                                          ^^^^^^^^ method not found in `&Addr`
[INFO] [stdout] 
[INFO] [stdout] 
[INFO] [stdout] error[E0599]: no variant or associated item named `ExclusiveRaw` found for enum `cw_storage_plus::Bound` in the current scope
[INFO] [stdout]   --> contracts/anchor_basset_reward/src/state.rs:91:44
[INFO] [stdout]    |
[INFO] [stdout] 91 |     let start = start_after.map(|s| Bound::ExclusiveRaw(s.into_bytes()));
[INFO] [stdout]    |                                            ^^^^^^^^^^^^ variant or associated item not found in `Bound`
[INFO] [stdout]    |
[INFO] [stdout] note: if you're trying to build a new `cw_storage_plus::Bound` consider using one of the following associated functions:
[INFO] [stdout]       cw_storage_plus::Bound::inclusive
[INFO] [stdout]       cw_storage_plus::Bound::exclusive
[INFO] [stdout]       cw_storage_plus::Bound::inclusive_int
[INFO] [stdout]       cw_storage_plus::Bound::exclusive_int
[INFO] [stdout]   --> /opt/rustwide/cargo-home/registry/src/index.crates.io-6f17d22bba15001f/cw-storage-plus-0.8.0/src/prefix.rs:25:5
[INFO] [stdout]    |
[INFO] [stdout] 25 |     pub fn inclusive<T: Into<Vec<u8>>>(limit: T) -> Self {
[INFO] [stdout]    |     ^^^^^^^^^^^^^^^^^^^^^^^^^^^^^^^^^^^^^^^^^^^^^^^^^^^^
[INFO] [stdout] ...
[INFO] [stdout] 30 |     pub fn exclusive<T: Into<Vec<u8>>>(limit: T) -> Self {
[INFO] [stdout]    |     ^^^^^^^^^^^^^^^^^^^^^^^^^^^^^^^^^^^^^^^^^^^^^^^^^^^^
[INFO] [stdout] ...
[INFO] [stdout] 35 |     pub fn inclusive_int<T: Endian>(limit: T) -> Self {
[INFO] [stdout]    |     ^^^^^^^^^^^^^^^^^^^^^^^^^^^^^^^^^^^^^^^^^^^^^^^^^
[INFO] [stdout] ...
[INFO] [stdout] 40 |     pub fn exclusive_int<T: Endian>(limit: T) -> Self {
[INFO] [stdout]    |     ^^^^^^^^^^^^^^^^^^^^^^^^^^^^^^^^^^^^^^^^^^^^^^^^^
[INFO] [stdout] help: there is a variant with a similar name
[INFO] [stdout]    |
[INFO] [stdout] 91 |     let start = start_after.map(|s| Bound::Exclusive(s.into_bytes()));
[INFO] [stdout]    |                                            ~~~~~~~~~
[INFO] [stdout] help: there is an associated function with a similar name
[INFO] [stdout]    |
[INFO] [stdout] 91 |     let start = start_after.map(|s| Bound::exclusive(s.into_bytes()));
[INFO] [stdout]    |                                            ~~~~~~~~~
[INFO] [stdout] 
[INFO] [stdout] 
[INFO] [stdout] error[E0599]: `std::vec::Vec<u8>` doesn't implement `std::fmt::Display`
[INFO] [stdout]   --> contracts/anchor_basset_reward/src/state.rs:98:37
[INFO] [stdout]    |
[INFO] [stdout] 98 |             let address: String = k.to_string();
[INFO] [stdout]    |                                     ^^^^^^^^^ `std::vec::Vec<u8>` cannot be formatted with the default formatter
[INFO] [stdout]   --> /rustc/82e1608dfa6e0b5569232559e3d385fea5a93112/library/alloc/src/vec/mod.rs:396:1
[INFO] [stdout]    |
[INFO] [stdout]    = note: doesn't satisfy `std::vec::Vec<u8>: ToString`
[INFO] [stdout]    |
[INFO] [stdout]    = note: doesn't satisfy `std::vec::Vec<u8>: std::fmt::Display`
[INFO] [stdout]    |
[INFO] [stdout]    = note: the following trait bounds were not satisfied:
[INFO] [stdout]            `std::vec::Vec<u8>: std::fmt::Display`
[INFO] [stdout]            which is required by `std::vec::Vec<u8>: ToString`
[INFO] [stdout]            `[u8]: std::fmt::Display`
[INFO] [stdout]            which is required by `[u8]: ToString`
[INFO] [stdout] 
[INFO] [stdout] 
[INFO] [stdout] error[E0599]: the method `load` exists for struct `Item<'static, SwapConfig>`, but its trait bounds were not satisfied
[INFO] [stdout]    --> contracts/anchor_basset_reward/src/swap.rs:104:35
[INFO] [stdout]     |
[INFO] [stdout] 104 |     let swap_config = SWAP_CONFIG.load(deps.storage)?;
[INFO] [stdout]     |                                   ^^^^ method cannot be called on `Item<'static, SwapConfig>` due to unsatisfied trait bounds
[INFO] [stdout]     |
[INFO] [stdout]    ::: contracts/anchor_basset_reward/src/state.rs:18:1
[INFO] [stdout]     |
[INFO] [stdout] 18  | pub struct SwapConfig {
[INFO] [stdout]     | ---------------------
[INFO] [stdout]     | |
[INFO] [stdout]     | doesn't satisfy `SwapConfig: Deserialize<'de>`
[INFO] [stdout]     | doesn't satisfy `SwapConfig: DeserializeOwned`
[INFO] [stdout]     | doesn't satisfy `SwapConfig: Serialize`
[INFO] [stdout]     |
[INFO] [stdout]     = note: the following trait bounds were not satisfied:
[INFO] [stdout]             `SwapConfig: Serialize`
[INFO] [stdout]             `SwapConfig: DeserializeOwned`
[INFO] [stdout]             `SwapConfig: Deserialize<'de>`
[INFO] [stdout]             which is required by `SwapConfig: DeserializeOwned`
[INFO] [stdout] note: the traits `DeserializeOwned` and `Serialize` must be implemented
[INFO] [stdout]    --> /opt/rustwide/cargo-home/registry/src/index.crates.io-6f17d22bba15001f/serde-1.0.126/src/de/mod.rs:602:1
[INFO] [stdout]     |
[INFO] [stdout] 602 | pub trait DeserializeOwned: for<'de> Deserialize<'de> {}
[INFO] [stdout]     | ^^^^^^^^^^^^^^^^^^^^^^^^^^^^^^^^^^^^^^^^^^^^^^^^^^^^^
[INFO] [stdout]     |
[INFO] [stdout]    ::: /opt/rustwide/cargo-home/registry/src/index.crates.io-6f17d22bba15001f/serde-1.0.126/src/ser/mod.rs:216:1
[INFO] [stdout]     |
[INFO] [stdout] 216 | pub trait Serialize {
[INFO] [stdout]     | ^^^^^^^^^^^^^^^^^^^
[INFO] [stdout] 
[INFO] [stdout] 
[INFO] [stdout] error: aborting due to 15 previous errors; 1 warning emitted
[INFO] [stdout] 
[INFO] [stdout] 
[INFO] [stdout] Some errors have detailed explanations: E0432, E0433, E0599.
[INFO] [stdout] 
[INFO] [stdout] For more information about an error, try `rustc --explain E0432`.
[INFO] [stdout] 
[INFO] [stderr] error: could not compile `anchor_basset_reward` (lib) due to 16 previous errors; 1 warning emitted
[INFO] [stderr] warning: build failed, waiting for other jobs to finish...
[INFO] running `Command { std: "docker" "inspect" "5d4fcc777c05a04529b7d5f338054713787a93a37e88f6773f90c65bec58bc8c", kill_on_drop: false }`
[INFO] running `Command { std: "docker" "rm" "-f" "5d4fcc777c05a04529b7d5f338054713787a93a37e88f6773f90c65bec58bc8c", kill_on_drop: false }`
[INFO] [stdout] 5d4fcc777c05a04529b7d5f338054713787a93a37e88f6773f90c65bec58bc8c
[INFO] testing Ange-FE/Ginkou-aAsset-contracts against beta-2023-12-22 for beta-1.76-1
[INFO] running `Command { std: "git" "clone" "/workspace/cache/git-repos/https%3A%2F%2Fgithub.com%2FAnge-FE%2FGinkou-aAsset-contracts" "/workspace/builds/worker-7-tc2/source", kill_on_drop: false }`
[INFO] [stderr] Cloning into '/workspace/builds/worker-7-tc2/source'...
[INFO] [stderr] done.
[INFO] validating manifest of git repo https://github.com/Ange-FE/Ginkou-aAsset-contracts on toolchain beta-2023-12-22
[INFO] running `Command { std: CARGO_HOME="/workspace/cargo-home" RUSTUP_HOME="/workspace/rustup-home" "/workspace/cargo-home/bin/cargo" "+beta-2023-12-22" "metadata" "--manifest-path" "Cargo.toml" "--no-deps", kill_on_drop: false }`
[INFO] started tweaking git repo https://github.com/Ange-FE/Ginkou-aAsset-contracts
[INFO] finished tweaking git repo https://github.com/Ange-FE/Ginkou-aAsset-contracts
[INFO] tweaked toml for git repo https://github.com/Ange-FE/Ginkou-aAsset-contracts written to /workspace/builds/worker-7-tc2/source/Cargo.toml
[INFO] crate git repo https://github.com/Ange-FE/Ginkou-aAsset-contracts already has a lockfile, it will not be regenerated
[INFO] running `Command { std: CARGO_HOME="/workspace/cargo-home" RUSTUP_HOME="/workspace/rustup-home" "/workspace/cargo-home/bin/cargo" "+beta-2023-12-22" "fetch" "--manifest-path" "Cargo.toml", kill_on_drop: false }`
[INFO] [stderr] warning: profiles for the non root package will be ignored, specify profiles at the workspace root:
[INFO] [stderr] package:   /workspace/builds/worker-7-tc2/source/contracts/anchor_basset_hub/Cargo.toml
[INFO] [stderr] workspace: /workspace/builds/worker-7-tc2/source/Cargo.toml
[INFO] [stderr] warning: profiles for the non root package will be ignored, specify profiles at the workspace root:
[INFO] [stderr] package:   /workspace/builds/worker-7-tc2/source/contracts/anchor_basset_token/Cargo.toml
[INFO] [stderr] workspace: /workspace/builds/worker-7-tc2/source/Cargo.toml
[INFO] [stderr] warning: profiles for the non root package will be ignored, specify profiles at the workspace root:
[INFO] [stderr] package:   /workspace/builds/worker-7-tc2/source/packages/basset/Cargo.toml
[INFO] [stderr] workspace: /workspace/builds/worker-7-tc2/source/Cargo.toml
[INFO] [stderr] warning: profiles for the non root package will be ignored, specify profiles at the workspace root:
[INFO] [stderr] package:   /workspace/builds/worker-7-tc2/source/contracts/lido_terra_validators_registry/Cargo.toml
[INFO] [stderr] workspace: /workspace/builds/worker-7-tc2/source/Cargo.toml
[INFO] [stderr] warning: profiles for the non root package will be ignored, specify profiles at the workspace root:
[INFO] [stderr] package:   /workspace/builds/worker-7-tc2/source/packages/signed_integers/Cargo.toml
[INFO] [stderr] workspace: /workspace/builds/worker-7-tc2/source/Cargo.toml
[INFO] [stderr] warning: profiles for the non root package will be ignored, specify profiles at the workspace root:
[INFO] [stderr] package:   /workspace/builds/worker-7-tc2/source/contracts/anchor_basset_reward/Cargo.toml
[INFO] [stderr] workspace: /workspace/builds/worker-7-tc2/source/Cargo.toml
[INFO] running `Command { std: "docker" "create" "-v" "/var/lib/crater-agent-workspace/builds/worker-7-tc2/target:/opt/rustwide/target:rw,Z" "-v" "/var/lib/crater-agent-workspace/builds/worker-7-tc2/source:/opt/rustwide/workdir:ro,Z" "-v" "/var/lib/crater-agent-workspace/cargo-home:/opt/rustwide/cargo-home:ro,Z" "-v" "/var/lib/crater-agent-workspace/rustup-home:/opt/rustwide/rustup-home:ro,Z" "-e" "SOURCE_DIR=/opt/rustwide/workdir" "-e" "CARGO_TARGET_DIR=/opt/rustwide/target" "-e" "CARGO_HOME=/opt/rustwide/cargo-home" "-e" "RUSTUP_HOME=/opt/rustwide/rustup-home" "-w" "/opt/rustwide/workdir" "-m" "1610612736" "--user" "0:0" "--network" "none" "ghcr.io/rust-lang/crates-build-env/linux@sha256:2788e3201cd34a07e3172128adcd8b3090168a8e3bcc40d7c032b9dda1df7d1c" "/opt/rustwide/cargo-home/bin/cargo" "+beta-2023-12-22" "metadata" "--no-deps" "--format-version=1", kill_on_drop: false }`
[INFO] [stdout] c71e7f7a77c0f0de60685b783a8869926bb6e4d3891e5bce8b32339f62ebcda4
[INFO] running `Command { std: "docker" "start" "-a" "c71e7f7a77c0f0de60685b783a8869926bb6e4d3891e5bce8b32339f62ebcda4", kill_on_drop: false }`
[INFO] running `Command { std: "docker" "inspect" "c71e7f7a77c0f0de60685b783a8869926bb6e4d3891e5bce8b32339f62ebcda4", kill_on_drop: false }`
[INFO] running `Command { std: "docker" "rm" "-f" "c71e7f7a77c0f0de60685b783a8869926bb6e4d3891e5bce8b32339f62ebcda4", kill_on_drop: false }`
[INFO] [stdout] c71e7f7a77c0f0de60685b783a8869926bb6e4d3891e5bce8b32339f62ebcda4
[INFO] running `Command { std: "docker" "create" "-v" "/var/lib/crater-agent-workspace/builds/worker-7-tc2/target:/opt/rustwide/target:rw,Z" "-v" "/var/lib/crater-agent-workspace/builds/worker-7-tc2/source:/opt/rustwide/workdir:ro,Z" "-v" "/var/lib/crater-agent-workspace/cargo-home:/opt/rustwide/cargo-home:ro,Z" "-v" "/var/lib/crater-agent-workspace/rustup-home:/opt/rustwide/rustup-home:ro,Z" "-e" "SOURCE_DIR=/opt/rustwide/workdir" "-e" "CARGO_TARGET_DIR=/opt/rustwide/target" "-e" "CARGO_INCREMENTAL=0" "-e" "RUST_BACKTRACE=full" "-e" "RUSTFLAGS=--cap-lints=warn" "-e" "RUSTDOCFLAGS=--cap-lints=warn" "-e" "CARGO_HOME=/opt/rustwide/cargo-home" "-e" "RUSTUP_HOME=/opt/rustwide/rustup-home" "-w" "/opt/rustwide/workdir" "-m" "1610612736" "--user" "0:0" "--network" "none" "ghcr.io/rust-lang/crates-build-env/linux@sha256:2788e3201cd34a07e3172128adcd8b3090168a8e3bcc40d7c032b9dda1df7d1c" "/opt/rustwide/cargo-home/bin/cargo" "+beta-2023-12-22" "build" "--frozen" "--message-format=json", kill_on_drop: false }`
[INFO] [stdout] f24ed5f2b08df5fda9760d7cbf12177c657416b83399691fc74c0010d375284d
[INFO] running `Command { std: "docker" "start" "-a" "f24ed5f2b08df5fda9760d7cbf12177c657416b83399691fc74c0010d375284d", kill_on_drop: false }`
[INFO] [stderr] warning: profiles for the non root package will be ignored, specify profiles at the workspace root:
[INFO] [stderr] package:   /opt/rustwide/workdir/contracts/anchor_basset_hub/Cargo.toml
[INFO] [stderr] workspace: /opt/rustwide/workdir/Cargo.toml
[INFO] [stderr] warning: profiles for the non root package will be ignored, specify profiles at the workspace root:
[INFO] [stderr] package:   /opt/rustwide/workdir/contracts/anchor_basset_token/Cargo.toml
[INFO] [stderr] workspace: /opt/rustwide/workdir/Cargo.toml
[INFO] [stderr] warning: profiles for the non root package will be ignored, specify profiles at the workspace root:
[INFO] [stderr] package:   /opt/rustwide/workdir/packages/basset/Cargo.toml
[INFO] [stderr] workspace: /opt/rustwide/workdir/Cargo.toml
[INFO] [stderr] warning: profiles for the non root package will be ignored, specify profiles at the workspace root:
[INFO] [stderr] package:   /opt/rustwide/workdir/contracts/lido_terra_validators_registry/Cargo.toml
[INFO] [stderr] workspace: /opt/rustwide/workdir/Cargo.toml
[INFO] [stderr] warning: profiles for the non root package will be ignored, specify profiles at the workspace root:
[INFO] [stderr] package:   /opt/rustwide/workdir/packages/signed_integers/Cargo.toml
[INFO] [stderr] workspace: /opt/rustwide/workdir/Cargo.toml
[INFO] [stderr] warning: profiles for the non root package will be ignored, specify profiles at the workspace root:
[INFO] [stderr] package:   /opt/rustwide/workdir/contracts/anchor_basset_reward/Cargo.toml
[INFO] [stderr] workspace: /opt/rustwide/workdir/Cargo.toml
[INFO] [stderr]    Compiling proc-macro2 v1.0.28
[INFO] [stderr]    Compiling unicode-xid v0.2.2
[INFO] [stderr]    Compiling syn v1.0.74
[INFO] [stderr]    Compiling libc v0.2.98
[INFO] [stderr]    Compiling typenum v1.13.0
[INFO] [stderr]    Compiling version_check v0.9.3
[INFO] [stderr]    Compiling subtle v2.4.1
[INFO] [stderr]    Compiling serde_derive v1.0.126
[INFO] [stderr]    Compiling serde v1.0.126
[INFO] [stderr]    Compiling const-oid v0.6.0
[INFO] [stderr]    Compiling zeroize v1.4.1
[INFO] [stderr]    Compiling getrandom v0.1.16
[INFO] [stderr]    Compiling ryu v1.0.5
[INFO] [stderr]    Compiling byteorder v1.4.3
[INFO] [stderr]    Compiling serde_json v1.0.64
[INFO] [stderr]    Compiling opaque-debug v0.3.0
[INFO] [stderr]    Compiling cpufeatures v0.1.5
[INFO] [stderr]    Compiling itoa v0.4.7
[INFO] [stderr]    Compiling schemars v0.8.3
[INFO] [stderr]    Compiling crunchy v0.2.2
[INFO] [stderr]    Compiling der v0.4.1
[INFO] [stderr]    Compiling dyn-clone v1.0.4
[INFO] [stderr]    Compiling static_assertions v1.1.0
[INFO] [stderr]    Compiling rustversion v1.0.5
[INFO] [stderr]    Compiling heck v0.4.1
[INFO] [stderr]    Compiling doc-comment v0.3.3
[INFO] [stderr]    Compiling strum v0.24.1
[INFO] [stderr]    Compiling generic-array v0.14.4
[INFO] [stderr]    Compiling crunchy v0.1.6
[INFO] [stderr]    Compiling rand_core v0.4.2
[INFO] [stderr]    Compiling uint v0.9.1
[INFO] [stderr]    Compiling rand_core v0.3.1
[INFO] [stderr]    Compiling bigint v4.4.3
[INFO] [stderr]    Compiling spki v0.4.0
[INFO] [stderr]    Compiling pkcs8 v0.7.5
[INFO] [stderr]    Compiling quote v1.0.9
[INFO] [stderr]    Compiling getrandom v0.2.3
[INFO] [stderr]    Compiling rand v0.5.6
[INFO] [stderr]    Compiling rand_core v0.6.3
[INFO] [stderr]    Compiling rand_core v0.5.1
[INFO] [stderr]    Compiling ff v0.10.0
[INFO] [stderr]    Compiling group v0.10.0
[INFO] [stderr]    Compiling digest v0.9.0
[INFO] [stderr]    Compiling crypto-bigint v0.2.2
[INFO] [stderr]    Compiling crypto-mac v0.11.1
[INFO] [stderr]    Compiling block-buffer v0.9.0
[INFO] [stderr]    Compiling signature v1.3.1
[INFO] [stderr]    Compiling sha2 v0.9.5
[INFO] [stderr]    Compiling curve25519-dalek v3.1.0
[INFO] [stderr]    Compiling hmac v0.11.0
[INFO] [stderr]    Compiling elliptic-curve v0.10.5
[INFO] [stderr]    Compiling ecdsa v0.12.3
[INFO] [stderr]    Compiling k256 v0.9.6
[INFO] [stderr]    Compiling serde_derive_internals v0.25.0
[INFO] [stderr]    Compiling thiserror-impl v1.0.26
[INFO] [stderr]    Compiling schemars_derive v0.8.3
[INFO] [stderr]    Compiling cosmwasm-derive v0.16.0
[INFO] [stderr]    Compiling strum_macros v0.24.3
[INFO] [stderr]    Compiling snafu-derive v0.6.10
[INFO] [stderr]    Compiling thiserror v1.0.26
[INFO] [stderr]    Compiling snafu v0.6.10
[INFO] [stderr]    Compiling ed25519-zebra v2.2.0
[INFO] [stderr]    Compiling serde-json-wasm v0.3.1
[INFO] [stderr]    Compiling cosmwasm-crypto v0.16.0
[INFO] [stderr]    Compiling cosmwasm-std v0.16.0
[INFO] [stderr]    Compiling cosmwasm-schema v0.16.0
[INFO] [stderr]    Compiling cw0 v0.8.0
[INFO] [stderr]    Compiling cw-storage-plus v0.8.0
[INFO] [stderr]    Compiling cosmwasm-storage v0.16.0
[INFO] [stderr]    Compiling terra-cosmwasm v2.2.0
[INFO] [stderr]    Compiling cosmwasm-bignumber v2.2.0
[INFO] [stderr]    Compiling cw20 v0.8.0
[INFO] [stderr]    Compiling cw2 v0.8.0
[INFO] [stderr]    Compiling basset v0.1.0 (/opt/rustwide/workdir/packages/basset)
[INFO] [stderr]    Compiling signed_integer v0.1.0 (/opt/rustwide/workdir/packages/signed_integers)
[INFO] [stdout] warning: unused import: `Decimal`
[INFO] [stdout]  --> packages/basset/src/tax_querier.rs:1:26
[INFO] [stdout]   |
[INFO] [stdout] 1 | use cosmwasm_std::{Coin, Decimal, QuerierWrapper, StdResult, Uint128};
[INFO] [stdout]   |                          ^^^^^^^
[INFO] [stdout]   |
[INFO] [stdout]   = note: `#[warn(unused_imports)]` on by default
[INFO] [stdout] 
[INFO] [stdout] 
[INFO] [stderr]    Compiling cw20-base v0.8.0
[INFO] [stdout] warning: unused variable: `querier`
[INFO] [stdout]  --> packages/basset/src/tax_querier.rs:7:20
[INFO] [stdout]   |
[INFO] [stdout] 7 | pub fn compute_tax(querier: &QuerierWrapper, coin: &Coin) -> StdResult<Uint128> {
[INFO] [stdout]   |                    ^^^^^^^ help: if this is intentional, prefix it with an underscore: `_querier`
[INFO] [stdout]   |
[INFO] [stdout]   = note: `#[warn(unused_variables)]` on by default
[INFO] [stdout] 
[INFO] [stdout] 
[INFO] [stdout] warning: unused variable: `coin`
[INFO] [stdout]  --> packages/basset/src/tax_querier.rs:7:46
[INFO] [stdout]   |
[INFO] [stdout] 7 | pub fn compute_tax(querier: &QuerierWrapper, coin: &Coin) -> StdResult<Uint128> {
[INFO] [stdout]   |                                              ^^^^ help: if this is intentional, prefix it with an underscore: `_coin`
[INFO] [stdout] 
[INFO] [stdout] 
[INFO] [stdout] warning: 3 warnings emitted
[INFO] [stdout] 
[INFO] [stdout] 
[INFO] [stderr]    Compiling lido_terra_validators_registry v1.1.0 (/opt/rustwide/workdir/contracts/lido_terra_validators_registry)
[INFO] [stderr]    Compiling anchor_basset_reward v1.0.0 (/opt/rustwide/workdir/contracts/anchor_basset_reward)
[INFO] [stdout] error[E0432]: unresolved import `cosmwasm_std::Decimal256`
[INFO] [stdout]   --> contracts/anchor_basset_reward/src/contract.rs:14:24
[INFO] [stdout]    |
[INFO] [stdout] 14 |     to_binary, Binary, Decimal256, Deps, DepsMut, Env, MessageInfo, Response, StdResult, Uint128,
[INFO] [stdout]    |                        ^^^^^^^^^^
[INFO] [stdout]    |                        |
[INFO] [stdout]    |                        no `Decimal256` in the root
[INFO] [stdout]    |                        help: a similar name exists in the module: `Decimal`
[INFO] [stdout]    |
[INFO] [stdout]    = help: consider importing this struct instead:
[INFO] [stdout]            cosmwasm_bignumber::Decimal256
[INFO] [stdout] 
[INFO] [stdout] 
[INFO] [stdout] error[E0432]: unresolved import `cosmwasm_std::Decimal256`
[INFO] [stdout]  --> contracts/anchor_basset_reward/src/state.rs:2:41
[INFO] [stdout]   |
[INFO] [stdout] 2 | use cosmwasm_std::{Addr, CanonicalAddr, Decimal256, Deps, Order, StdResult, Storage, Uint128};
[INFO] [stdout]   |                                         ^^^^^^^^^^
[INFO] [stdout]   |                                         |
[INFO] [stdout]   |                                         no `Decimal256` in the root
[INFO] [stdout]   |                                         help: a similar name exists in the module: `Decimal`
[INFO] [stdout]   |
[INFO] [stdout]   = help: consider importing this struct instead:
[INFO] [stdout]           cosmwasm_bignumber::Decimal256
[INFO] [stdout] 
[INFO] [stdout] 
[INFO] [stdout] error[E0432]: unresolved import `crate::math`
[INFO] [stdout]  --> contracts/anchor_basset_reward/src/global.rs:3:12
[INFO] [stdout]   |
[INFO] [stdout] 3 | use crate::math::decimal_summation_in_256;
[INFO] [stdout]   |            ^^^^ could not find `math` in the crate root
[INFO] [stdout] 
[INFO] [stdout] 
[INFO] [stdout] error[E0432]: unresolved import `cosmwasm_std::Decimal256`
[INFO] [stdout]  --> contracts/anchor_basset_reward/src/global.rs:6:22
[INFO] [stdout]   |
[INFO] [stdout] 6 |     attr, CosmosMsg, Decimal256, DepsMut, Env, MessageInfo, Response, StdError, StdResult,
[INFO] [stdout]   |                      ^^^^^^^^^^
[INFO] [stdout]   |                      |
[INFO] [stdout]   |                      no `Decimal256` in the root
[INFO] [stdout]   |                      help: a similar name exists in the module: `Decimal`
[INFO] [stdout]   |
[INFO] [stdout]   = help: consider importing this struct instead:
[INFO] [stdout]           cosmwasm_bignumber::Decimal256
[INFO] [stdout] 
[INFO] [stdout] 
[INFO] [stdout] error[E0432]: unresolved imports `cosmwasm_std::Decimal256`, `cosmwasm_std::Uint256`
[INFO] [stdout]   --> contracts/anchor_basset_reward/src/user.rs:9:37
[INFO] [stdout]    |
[INFO] [stdout] 9  |     attr, BankMsg, Coin, CosmosMsg, Decimal256, Deps, DepsMut, Env, MessageInfo, Response, StdError,
[INFO] [stdout]    |                                     ^^^^^^^^^^
[INFO] [stdout]    |                                     |
[INFO] [stdout]    |                                     no `Decimal256` in the root
[INFO] [stdout]    |                                     help: a similar name exists in the module: `Decimal`
[INFO] [stdout] 10 |     StdResult, Uint128, Uint256
[INFO] [stdout]    |                         ^^^^^^^ no `Uint256` in the root
[INFO] [stdout]    |
[INFO] [stdout]    = help: consider importing this struct instead:
[INFO] [stdout]            cosmwasm_bignumber::Decimal256
[INFO] [stdout]    = help: consider importing this struct instead:
[INFO] [stdout]            cosmwasm_bignumber::Uint256
[INFO] [stdout] 
[INFO] [stdout] 
[INFO] [stdout] error[E0432]: unresolved import `basset::dex_router`
[INFO] [stdout]  --> contracts/anchor_basset_reward/src/swap.rs:2:13
[INFO] [stdout]   |
[INFO] [stdout] 2 | use basset::dex_router::{
[INFO] [stdout]   |             ^^^^^^^^^^ could not find `dex_router` in `basset`
[INFO] [stdout] 
[INFO] [stdout] 
[INFO] [stdout] error[E0432]: unresolved import `strum`
[INFO] [stdout]   --> contracts/anchor_basset_reward/src/swap.rs:10:5
[INFO] [stdout]    |
[INFO] [stdout] 10 | use strum::IntoEnumIterator;
[INFO] [stdout]    |     ^^^^^ use of undeclared crate or module `strum`
[INFO] [stdout] 
[INFO] [stdout] 
[INFO] [stdout] error[E0432]: unresolved import `cosmwasm_schema`
[INFO] [stdout]  --> contracts/anchor_basset_reward/src/state.rs:1:5
[INFO] [stdout]   |
[INFO] [stdout] 1 | use cosmwasm_schema::cw_serde;
[INFO] [stdout]   |     ^^^^^^^^^^^^^^^ use of undeclared crate or module `cosmwasm_schema`
[INFO] [stdout]   |
[INFO] [stdout] help: there is a crate or module with a similar name
[INFO] [stdout]   |
[INFO] [stdout] 1 | use cosmwasm_std::cw_serde;
[INFO] [stdout]   |     ~~~~~~~~~~~~
[INFO] [stdout] 
[INFO] [stdout] 
[INFO] [stdout] error: cannot determine resolution for the attribute macro `cw_serde`
[INFO] [stdout]   --> contracts/anchor_basset_reward/src/state.rs:17:3
[INFO] [stdout]    |
[INFO] [stdout] 17 | #[cw_serde]
[INFO] [stdout]    |   ^^^^^^^^
[INFO] [stdout]    |
[INFO] [stdout]    = note: import resolution is stuck, try simplifying macro imports
[INFO] [stdout] 
[INFO] [stdout] 
[INFO] [stdout] error[E0433]: failed to resolve: use of undeclared type `Decimal`
[INFO] [stdout]   --> contracts/anchor_basset_reward/src/contract.rs:37:27
[INFO] [stdout]    |
[INFO] [stdout] 37 |             global_index: Decimal::zero(),
[INFO] [stdout]    |                           ^^^^^^^ use of undeclared type `Decimal`
[INFO] [stdout]    |
[INFO] [stdout] help: consider importing this struct
[INFO] [stdout]    |
[INFO] [stdout] 1  + use cosmwasm_std::Decimal;
[INFO] [stdout]    |
[INFO] [stdout] 
[INFO] [stdout] 
[INFO] [stdout] warning: unused import: `std::str::FromStr`
[INFO] [stdout]   --> contracts/anchor_basset_reward/src/user.rs:14:5
[INFO] [stdout]    |
[INFO] [stdout] 14 | use std::str::FromStr;
[INFO] [stdout]    |     ^^^^^^^^^^^^^^^^^
[INFO] [stdout]    |
[INFO] [stdout]    = note: `#[warn(unused_imports)]` on by default
[INFO] [stdout] 
[INFO] [stdout] 
[INFO] [stdout] error[E0599]: the method `save` exists for struct `Item<'static, SwapConfig>`, but its trait bounds were not satisfied
[INFO] [stdout]    --> contracts/anchor_basset_reward/src/contract.rs:43:17
[INFO] [stdout]     |
[INFO] [stdout] 43  |     SWAP_CONFIG.save(
[INFO] [stdout]     |     ------------^^^^ method cannot be called on `Item<'static, SwapConfig>` due to unsatisfied trait bounds
[INFO] [stdout]     |
[INFO] [stdout]    ::: contracts/anchor_basset_reward/src/state.rs:18:1
[INFO] [stdout]     |
[INFO] [stdout] 18  | pub struct SwapConfig {
[INFO] [stdout]     | ---------------------
[INFO] [stdout]     | |
[INFO] [stdout]     | doesn't satisfy `SwapConfig: Deserialize<'de>`
[INFO] [stdout]     | doesn't satisfy `SwapConfig: DeserializeOwned`
[INFO] [stdout]     | doesn't satisfy `SwapConfig: Serialize`
[INFO] [stdout]     |
[INFO] [stdout]     = note: the following trait bounds were not satisfied:
[INFO] [stdout]             `SwapConfig: Serialize`
[INFO] [stdout]             `SwapConfig: DeserializeOwned`
[INFO] [stdout]             `SwapConfig: Deserialize<'de>`
[INFO] [stdout]             which is required by `SwapConfig: DeserializeOwned`
[INFO] [stdout] note: the traits `DeserializeOwned` and `Serialize` must be implemented
[INFO] [stdout]    --> /opt/rustwide/cargo-home/registry/src/index.crates.io-6f17d22bba15001f/serde-1.0.126/src/de/mod.rs:602:1
[INFO] [stdout]     |
[INFO] [stdout] 602 | pub trait DeserializeOwned: for<'de> Deserialize<'de> {}
[INFO] [stdout]     | ^^^^^^^^^^^^^^^^^^^^^^^^^^^^^^^^^^^^^^^^^^^^^^^^^^^^^
[INFO] [stdout]     |
[INFO] [stdout]    ::: /opt/rustwide/cargo-home/registry/src/index.crates.io-6f17d22bba15001f/serde-1.0.126/src/ser/mod.rs:216:1
[INFO] [stdout]     |
[INFO] [stdout] 216 | pub trait Serialize {
[INFO] [stdout]     | ^^^^^^^^^^^^^^^^^^^
[INFO] [stdout] 
[INFO] [stdout] 
[INFO] [stdout] error[E0599]: no method named `as_slice` found for reference `&Addr` in the current scope
[INFO] [stdout]   --> contracts/anchor_basset_reward/src/state.rs:67:42
[INFO] [stdout]    |
[INFO] [stdout] 67 |     HOLDERS.save(storage, holder_address.as_slice(), holder)
[INFO] [stdout]    |                                          ^^^^^^^^ method not found in `&Addr`
[INFO] [stdout] 
[INFO] [stdout] 
[INFO] [stdout] error[E0599]: no variant or associated item named `ExclusiveRaw` found for enum `cw_storage_plus::Bound` in the current scope
[INFO] [stdout]   --> contracts/anchor_basset_reward/src/state.rs:91:44
[INFO] [stdout]    |
[INFO] [stdout] 91 |     let start = start_after.map(|s| Bound::ExclusiveRaw(s.into_bytes()));
[INFO] [stdout]    |                                            ^^^^^^^^^^^^ variant or associated item not found in `Bound`
[INFO] [stdout]    |
[INFO] [stdout] note: if you're trying to build a new `cw_storage_plus::Bound` consider using one of the following associated functions:
[INFO] [stdout]       cw_storage_plus::Bound::inclusive
[INFO] [stdout]       cw_storage_plus::Bound::exclusive
[INFO] [stdout]       cw_storage_plus::Bound::inclusive_int
[INFO] [stdout]       cw_storage_plus::Bound::exclusive_int
[INFO] [stdout]   --> /opt/rustwide/cargo-home/registry/src/index.crates.io-6f17d22bba15001f/cw-storage-plus-0.8.0/src/prefix.rs:25:5
[INFO] [stdout]    |
[INFO] [stdout] 25 |     pub fn inclusive<T: Into<Vec<u8>>>(limit: T) -> Self {
[INFO] [stdout]    |     ^^^^^^^^^^^^^^^^^^^^^^^^^^^^^^^^^^^^^^^^^^^^^^^^^^^^
[INFO] [stdout] ...
[INFO] [stdout] 30 |     pub fn exclusive<T: Into<Vec<u8>>>(limit: T) -> Self {
[INFO] [stdout]    |     ^^^^^^^^^^^^^^^^^^^^^^^^^^^^^^^^^^^^^^^^^^^^^^^^^^^^
[INFO] [stdout] ...
[INFO] [stdout] 35 |     pub fn inclusive_int<T: Endian>(limit: T) -> Self {
[INFO] [stdout]    |     ^^^^^^^^^^^^^^^^^^^^^^^^^^^^^^^^^^^^^^^^^^^^^^^^^
[INFO] [stdout] ...
[INFO] [stdout] 40 |     pub fn exclusive_int<T: Endian>(limit: T) -> Self {
[INFO] [stdout]    |     ^^^^^^^^^^^^^^^^^^^^^^^^^^^^^^^^^^^^^^^^^^^^^^^^^
[INFO] [stdout] help: there is a variant with a similar name
[INFO] [stdout]    |
[INFO] [stdout] 91 |     let start = start_after.map(|s| Bound::Exclusive(s.into_bytes()));
[INFO] [stdout]    |                                            ~~~~~~~~~
[INFO] [stdout] help: there is an associated function with a similar name
[INFO] [stdout]    |
[INFO] [stdout] 91 |     let start = start_after.map(|s| Bound::exclusive(s.into_bytes()));
[INFO] [stdout]    |                                            ~~~~~~~~~
[INFO] [stdout] 
[INFO] [stdout] 
[INFO] [stdout] error[E0599]: `std::vec::Vec<u8>` doesn't implement `std::fmt::Display`
[INFO] [stdout]   --> contracts/anchor_basset_reward/src/state.rs:98:37
[INFO] [stdout]    |
[INFO] [stdout] 98 |             let address: String = k.to_string();
[INFO] [stdout]    |                                     ^^^^^^^^^ `std::vec::Vec<u8>` cannot be formatted with the default formatter
[INFO] [stdout]   --> /rustc/0e09125c6c3c2fd70d7de961bcf0e51575235fad/library/alloc/src/vec/mod.rs:398:1
[INFO] [stdout]    |
[INFO] [stdout]    = note: doesn't satisfy `std::vec::Vec<u8>: ToString`
[INFO] [stdout]    |
[INFO] [stdout]    = note: doesn't satisfy `std::vec::Vec<u8>: std::fmt::Display`
[INFO] [stdout]    |
[INFO] [stdout]    = note: the following trait bounds were not satisfied:
[INFO] [stdout]            `std::vec::Vec<u8>: std::fmt::Display`
[INFO] [stdout]            which is required by `std::vec::Vec<u8>: ToString`
[INFO] [stdout]            `[u8]: std::fmt::Display`
[INFO] [stdout]            which is required by `[u8]: ToString`
[INFO] [stdout] 
[INFO] [stdout] 
[INFO] [stdout] error[E0599]: the method `load` exists for struct `Item<'static, SwapConfig>`, but its trait bounds were not satisfied
[INFO] [stdout]    --> contracts/anchor_basset_reward/src/swap.rs:104:35
[INFO] [stdout]     |
[INFO] [stdout] 104 |     let swap_config = SWAP_CONFIG.load(deps.storage)?;
[INFO] [stdout]     |                                   ^^^^ method cannot be called on `Item<'static, SwapConfig>` due to unsatisfied trait bounds
[INFO] [stdout]     |
[INFO] [stdout]    ::: contracts/anchor_basset_reward/src/state.rs:18:1
[INFO] [stdout]     |
[INFO] [stdout] 18  | pub struct SwapConfig {
[INFO] [stdout]     | ---------------------
[INFO] [stdout]     | |
[INFO] [stdout]     | doesn't satisfy `SwapConfig: Deserialize<'de>`
[INFO] [stdout]     | doesn't satisfy `SwapConfig: DeserializeOwned`
[INFO] [stdout]     | doesn't satisfy `SwapConfig: Serialize`
[INFO] [stdout]     |
[INFO] [stdout]     = note: the following trait bounds were not satisfied:
[INFO] [stdout]             `SwapConfig: Serialize`
[INFO] [stdout]             `SwapConfig: DeserializeOwned`
[INFO] [stdout]             `SwapConfig: Deserialize<'de>`
[INFO] [stdout]             which is required by `SwapConfig: DeserializeOwned`
[INFO] [stdout] note: the traits `DeserializeOwned` and `Serialize` must be implemented
[INFO] [stdout]    --> /opt/rustwide/cargo-home/registry/src/index.crates.io-6f17d22bba15001f/serde-1.0.126/src/de/mod.rs:602:1
[INFO] [stdout]     |
[INFO] [stdout] 602 | pub trait DeserializeOwned: for<'de> Deserialize<'de> {}
[INFO] [stdout]     | ^^^^^^^^^^^^^^^^^^^^^^^^^^^^^^^^^^^^^^^^^^^^^^^^^^^^^
[INFO] [stdout]     |
[INFO] [stdout]    ::: /opt/rustwide/cargo-home/registry/src/index.crates.io-6f17d22bba15001f/serde-1.0.126/src/ser/mod.rs:216:1
[INFO] [stdout]     |
[INFO] [stdout] 216 | pub trait Serialize {
[INFO] [stdout]     | ^^^^^^^^^^^^^^^^^^^
[INFO] [stdout] 
[INFO] [stdout] 
[INFO] [stdout] error: aborting due to 15 previous errors; 1 warning emitted
[INFO] [stdout] 
[INFO] [stdout] 
[INFO] [stdout] Some errors have detailed explanations: E0432, E0433, E0599.
[INFO] [stdout] 
[INFO] [stdout] For more information about an error, try `rustc --explain E0432`.
[INFO] [stdout] 
[INFO] [stderr] error: could not compile `anchor_basset_reward` (lib) due to 16 previous errors; 1 warning emitted
[INFO] [stderr] warning: build failed, waiting for other jobs to finish...
[INFO] running `Command { std: "docker" "inspect" "f24ed5f2b08df5fda9760d7cbf12177c657416b83399691fc74c0010d375284d", kill_on_drop: false }`
[INFO] running `Command { std: "docker" "rm" "-f" "f24ed5f2b08df5fda9760d7cbf12177c657416b83399691fc74c0010d375284d", kill_on_drop: false }`
[INFO] [stdout] f24ed5f2b08df5fda9760d7cbf12177c657416b83399691fc74c0010d375284d
