[INFO] cloning repository https://github.com/AndyLnd/xkcli
[INFO] running `Command { std: "git" "-c" "credential.helper=" "-c" "credential.helper=/workspace/cargo-home/bin/git-credential-null" "clone" "--bare" "https://github.com/AndyLnd/xkcli" "/workspace/cache/git-repos/https%3A%2F%2Fgithub.com%2FAndyLnd%2Fxkcli", kill_on_drop: false }`
[INFO] [stderr] Cloning into bare repository '/workspace/cache/git-repos/https%3A%2F%2Fgithub.com%2FAndyLnd%2Fxkcli'...
[INFO] running `Command { std: "git" "rev-parse" "HEAD", kill_on_drop: false }`
[INFO] [stdout] 82b6d14e44d990650f0711813a87f327f1b838c2
[INFO] testing AndyLnd/xkcli against 1.75.0 for beta-1.76-1
[INFO] running `Command { std: "git" "clone" "/workspace/cache/git-repos/https%3A%2F%2Fgithub.com%2FAndyLnd%2Fxkcli" "/workspace/builds/worker-5-tc1/source", kill_on_drop: false }`
[INFO] [stderr] Cloning into '/workspace/builds/worker-5-tc1/source'...
[INFO] [stderr] done.
[INFO] validating manifest of git repo https://github.com/AndyLnd/xkcli on toolchain 1.75.0
[INFO] running `Command { std: CARGO_HOME="/workspace/cargo-home" RUSTUP_HOME="/workspace/rustup-home" "/workspace/cargo-home/bin/cargo" "+1.75.0" "metadata" "--manifest-path" "Cargo.toml" "--no-deps", kill_on_drop: false }`
[INFO] started tweaking git repo https://github.com/AndyLnd/xkcli
[INFO] finished tweaking git repo https://github.com/AndyLnd/xkcli
[INFO] tweaked toml for git repo https://github.com/AndyLnd/xkcli written to /workspace/builds/worker-5-tc1/source/Cargo.toml
[INFO] crate git repo https://github.com/AndyLnd/xkcli already has a lockfile, it will not be regenerated
[INFO] running `Command { std: CARGO_HOME="/workspace/cargo-home" RUSTUP_HOME="/workspace/rustup-home" "/workspace/cargo-home/bin/cargo" "+1.75.0" "fetch" "--manifest-path" "Cargo.toml", kill_on_drop: false }`
[INFO] [stderr]  Downloading crates ...
[INFO] [stderr]   Downloaded dtoa v0.4.3
[INFO] [stderr]   Downloaded itoa v0.4.3
[INFO] [stderr]   Downloaded core-foundation-sys v0.5.1
[INFO] [stderr]   Downloaded crossbeam-deque v0.6.1
[INFO] [stderr]   Downloaded arrayvec v0.4.7
[INFO] [stderr]   Downloaded phf_shared v0.7.23
[INFO] [stderr]   Downloaded crossbeam-epoch v0.5.2
[INFO] [stderr]   Downloaded core-foundation v0.5.1
[INFO] [stderr]   Downloaded serde_urlencoded v0.5.3
[INFO] [stderr]   Downloaded lazycell v1.2.0
[INFO] [stderr]   Downloaded schannel v0.1.14
[INFO] [stderr]   Downloaded smallvec v0.6.5
[INFO] [stderr]   Downloaded rayon v1.0.2
[INFO] [stderr]   Downloaded encoding_rs v0.8.10
[INFO] [stderr]   Downloaded syn v0.15.12
[INFO] [stderr]   Downloaded deflate v0.7.19
[INFO] [stderr]   Downloaded tiff v0.2.1
[INFO] [stderr]   Downloaded http v0.1.13
[INFO] [stderr]   Downloaded mio v0.6.16
[INFO] [stderr]   Downloaded unicode-normalization v0.1.7
[INFO] [stderr]   Downloaded tokio-timer v0.2.7
[INFO] [stderr]   Downloaded tokio v0.1.11
[INFO] [stderr]   Downloaded bytes v0.4.10
[INFO] [stderr]   Downloaded futures v0.1.25
[INFO] [stderr]   Downloaded tokio-io v0.1.9
[INFO] [stderr]   Downloaded serde v1.0.80
[INFO] [stderr]   Downloaded openssl-sys v0.9.38
[INFO] [stderr]   Downloaded url v1.7.1
[INFO] [stderr]   Downloaded serde_json v1.0.32
[INFO] [stderr]   Downloaded serde_derive v1.0.80
[INFO] [stderr]   Downloaded num-rational v0.2.1
[INFO] [stderr]   Downloaded rayon-core v1.4.1
[INFO] [stderr]   Downloaded time v0.1.40
[INFO] [stderr]   Downloaded cc v1.0.25
[INFO] [stderr]   Downloaded tokio-threadpool v0.1.7
[INFO] [stderr]   Downloaded tokio-executor v0.1.5
[INFO] [stderr]   Downloaded hyper-tls v0.3.1
[INFO] [stderr]   Downloaded gif v0.10.1
[INFO] [stderr]   Downloaded either v1.5.0
[INFO] [stderr]   Downloaded jpeg-decoder v0.1.15
[INFO] [stderr]   Downloaded inflate v0.4.3
[INFO] [stderr]   Downloaded num-iter v0.1.37
[INFO] [stderr]   Downloaded num-derive v0.2.3
[INFO] [stderr]   Downloaded indexmap v1.0.1
[INFO] [stderr]   Downloaded unicase v2.2.0
[INFO] [stderr]   Downloaded security-framework v0.2.1
[INFO] [stderr]   Downloaded lazy_static v1.1.0
[INFO] [stderr]   Downloaded tokio-reactor v0.1.6
[INFO] [stderr]   Downloaded proc-macro2 v0.4.20
[INFO] [stderr]   Downloaded ryu v0.2.6
[INFO] [stderr]   Downloaded reqwest v0.9.2
[INFO] [stderr]   Downloaded mime v0.3.12
[INFO] [stderr]   Downloaded tokio-fs v0.1.3
[INFO] [stderr]   Downloaded tokio-udp v0.1.2
[INFO] [stderr]   Downloaded num_cpus v1.8.0
[INFO] [stderr]   Downloaded lock_api v0.1.4
[INFO] [stderr]   Downloaded slab v0.4.1
[INFO] [stderr]   Downloaded safemem v0.3.0
[INFO] [stderr]   Downloaded string v0.1.1
[INFO] [stderr]   Downloaded crossbeam-utils v0.5.0
[INFO] [stderr]   Downloaded phf v0.7.23
[INFO] [stderr]   Downloaded security-framework-sys v0.2.1
[INFO] [stderr]   Downloaded uuid v0.7.1
[INFO] [stderr]   Downloaded tempfile v3.0.4
[INFO] [stderr]   Downloaded tokio-current-thread v0.1.3
[INFO] [stderr]   Downloaded phf_generator v0.7.23
[INFO] [stderr]   Downloaded tokio-tcp v0.1.2
[INFO] [stderr]   Downloaded phf_codegen v0.7.23
[INFO] [stderr]   Downloaded tokio-uds v0.2.2
[INFO] [stderr]   Downloaded h2 v0.1.13
[INFO] [stderr]   Downloaded nodrop v0.1.12
[INFO] [stderr]   Downloaded libflate v0.1.18
[INFO] [stderr]   Downloaded native-tls v0.2.1
[INFO] [stderr]   Downloaded hyper v0.12.12
[INFO] [stderr]   Downloaded openssl v0.10.13
[INFO] [stderr]   Downloaded image v0.20.0
[INFO] running `Command { std: "docker" "create" "-v" "/var/lib/crater-agent-workspace/builds/worker-5-tc1/target:/opt/rustwide/target:rw,Z" "-v" "/var/lib/crater-agent-workspace/builds/worker-5-tc1/source:/opt/rustwide/workdir:ro,Z" "-v" "/var/lib/crater-agent-workspace/cargo-home:/opt/rustwide/cargo-home:ro,Z" "-v" "/var/lib/crater-agent-workspace/rustup-home:/opt/rustwide/rustup-home:ro,Z" "-e" "SOURCE_DIR=/opt/rustwide/workdir" "-e" "CARGO_TARGET_DIR=/opt/rustwide/target" "-e" "CARGO_HOME=/opt/rustwide/cargo-home" "-e" "RUSTUP_HOME=/opt/rustwide/rustup-home" "-w" "/opt/rustwide/workdir" "-m" "1610612736" "--user" "0:0" "--network" "none" "ghcr.io/rust-lang/crates-build-env/linux@sha256:2788e3201cd34a07e3172128adcd8b3090168a8e3bcc40d7c032b9dda1df7d1c" "/opt/rustwide/cargo-home/bin/cargo" "+1.75.0" "metadata" "--no-deps" "--format-version=1", kill_on_drop: false }`
[INFO] [stdout] 18179939d98b15e57a30f16a56995c993ed3ca866b3a8810f6b54e937068229a
[INFO] running `Command { std: "docker" "start" "-a" "18179939d98b15e57a30f16a56995c993ed3ca866b3a8810f6b54e937068229a", kill_on_drop: false }`
[INFO] running `Command { std: "docker" "inspect" "18179939d98b15e57a30f16a56995c993ed3ca866b3a8810f6b54e937068229a", kill_on_drop: false }`
[INFO] running `Command { std: "docker" "rm" "-f" "18179939d98b15e57a30f16a56995c993ed3ca866b3a8810f6b54e937068229a", kill_on_drop: false }`
[INFO] [stdout] 18179939d98b15e57a30f16a56995c993ed3ca866b3a8810f6b54e937068229a
[INFO] running `Command { std: "docker" "create" "-v" "/var/lib/crater-agent-workspace/builds/worker-5-tc1/target:/opt/rustwide/target:rw,Z" "-v" "/var/lib/crater-agent-workspace/builds/worker-5-tc1/source:/opt/rustwide/workdir:ro,Z" "-v" "/var/lib/crater-agent-workspace/cargo-home:/opt/rustwide/cargo-home:ro,Z" "-v" "/var/lib/crater-agent-workspace/rustup-home:/opt/rustwide/rustup-home:ro,Z" "-e" "SOURCE_DIR=/opt/rustwide/workdir" "-e" "CARGO_TARGET_DIR=/opt/rustwide/target" "-e" "CARGO_INCREMENTAL=0" "-e" "RUST_BACKTRACE=full" "-e" "RUSTFLAGS=--cap-lints=warn" "-e" "RUSTDOCFLAGS=--cap-lints=warn" "-e" "CARGO_HOME=/opt/rustwide/cargo-home" "-e" "RUSTUP_HOME=/opt/rustwide/rustup-home" "-w" "/opt/rustwide/workdir" "-m" "1610612736" "--user" "0:0" "--network" "none" "ghcr.io/rust-lang/crates-build-env/linux@sha256:2788e3201cd34a07e3172128adcd8b3090168a8e3bcc40d7c032b9dda1df7d1c" "/opt/rustwide/cargo-home/bin/cargo" "+1.75.0" "build" "--frozen" "--message-format=json", kill_on_drop: false }`
[INFO] [stdout] e3e162a8ec0f4619296611be905e2732596ed946ce4d6e895d966f4d20835b31
[INFO] running `Command { std: "docker" "start" "-a" "e3e162a8ec0f4619296611be905e2732596ed946ce4d6e895d966f4d20835b31", kill_on_drop: false }`
[INFO] [stderr]    Compiling libc v0.2.43
[INFO] [stderr]    Compiling version_check v0.1.5
[INFO] [stderr]    Compiling cfg-if v0.1.5
[INFO] [stderr]    Compiling byteorder v1.2.6
[INFO] [stderr]    Compiling scopeguard v0.3.3
[INFO] [stderr]    Compiling rand_core v0.3.0
[INFO] [stderr]    Compiling futures v0.1.25
[INFO] [stderr]    Compiling nodrop v0.1.12
[INFO] [stderr]    Compiling log v0.4.5
[INFO] [stderr]    Compiling arrayvec v0.4.7
[INFO] [stderr]    Compiling memoffset v0.2.1
[INFO] [stderr]    Compiling rand_core v0.2.2
[INFO] [stderr]    Compiling semver-parser v0.7.0
[INFO] [stderr]    Compiling lazy_static v1.1.0
[INFO] [stderr]    Compiling crossbeam-utils v0.5.0
[INFO] [stderr]    Compiling slab v0.4.1
[INFO] [stderr]    Compiling semver v0.9.0
[INFO] [stderr]    Compiling void v1.0.2
[INFO] [stderr]    Compiling stable_deref_trait v1.1.1
[INFO] [stderr]    Compiling unreachable v1.0.0
[INFO] [stderr]    Compiling rand v0.5.5
[INFO] [stderr]    Compiling iovec v0.1.2
[INFO] [stderr]    Compiling num_cpus v1.8.0
[INFO] [stderr]    Compiling rustc_version v0.2.3
[INFO] [stderr]    Compiling smallvec v0.6.5
[INFO] [stderr]    Compiling bytes v0.4.10
[INFO] [stderr]    Compiling owning_ref v0.3.3
[INFO] [stderr]    Compiling net2 v0.2.33
[INFO] [stderr]    Compiling unicase v1.4.2
[INFO] [stderr]    Compiling lazycell v1.2.0
[INFO] [stderr]    Compiling parking_lot_core v0.3.1
[INFO] [stderr]    Compiling lock_api v0.1.4
[INFO] [stderr]    Compiling num-traits v0.2.6
[INFO] [stderr]    Compiling tokio-executor v0.1.5
[INFO] [stderr]    Compiling tokio-io v0.1.9
[INFO] [stderr]    Compiling mio v0.6.16
[INFO] [stderr]    Compiling cc v1.0.25
[INFO] [stderr]    Compiling pkg-config v0.3.14
[INFO] [stderr]    Compiling siphasher v0.2.3
[INFO] [stderr]    Compiling proc-macro2 v0.4.20
[INFO] [stderr]    Compiling phf_shared v0.7.23
[INFO] [stderr]    Compiling parking_lot v0.6.4
[INFO] [stderr]    Compiling crossbeam-epoch v0.5.2
[INFO] [stderr]    Compiling tokio-reactor v0.1.6
[INFO] [stderr]    Compiling unicode-xid v0.1.0
[INFO] [stderr]    Compiling bitflags v1.0.4
[INFO] [stderr]    Compiling itoa v0.4.3
[INFO] [stderr]    Compiling crossbeam-deque v0.6.1
[INFO] [stderr]    Compiling openssl-sys v0.9.38
[INFO] [stderr]    Compiling crossbeam-utils v0.2.2
[INFO] [stderr]    Compiling adler32 v1.0.3
[INFO] [stderr]    Compiling rayon-core v1.4.1
[INFO] [stderr]    Compiling num-integer v0.1.39
[INFO] [stderr]    Compiling crossbeam-epoch v0.3.1
[INFO] [stderr]    Compiling tokio-threadpool v0.1.7
[INFO] [stderr]    Compiling mio-uds v0.6.7
[INFO] [stderr]    Compiling quote v0.6.8
[INFO] [stderr]    Compiling phf_generator v0.7.23
[INFO] [stderr]    Compiling tokio-codec v0.1.1
[INFO] [stderr]    Compiling unicase v2.2.0
[INFO] [stderr]    Compiling httparse v1.3.3
[INFO] [stderr]    Compiling build_const v0.2.1
[INFO] [stderr]    Compiling openssl v0.10.13
[INFO] [stderr]    Compiling matches v0.1.8
[INFO] [stderr]    Compiling fnv v1.0.6
[INFO] [stderr]    Compiling serde v1.0.80
[INFO] [stderr]    Compiling foreign-types-shared v0.1.1
[INFO] [stderr]    Compiling foreign-types v0.3.2
[INFO] [stderr]    Compiling http v0.1.13
[INFO] [stderr] The following warnings were emitted during compilation:
[INFO] [stderr] 
[INFO] [stderr] warning: openssl-sys@0.9.38: /opt/rustwide/target/debug/build/openssl-sys-1f83bdd68bb48800/out/expando.c:4:24: error: pasting "RUST_VERSION_OPENSSL_" and "(" does not give a valid preprocessing token
[INFO] [stderr] warning: openssl-sys@0.9.38:     4 | #define VERSION2(n, v) RUST_VERSION_ ## n ## _ ## v
[INFO] [stderr] warning: openssl-sys@0.9.38:       |                        ^~~~~~~~~~~~~
[INFO] [stderr] warning: openssl-sys@0.9.38: /opt/rustwide/target/debug/build/openssl-sys-1f83bdd68bb48800/out/expando.c:5:23: note: in expansion of macro 'VERSION2'
[INFO] [stderr] warning: openssl-sys@0.9.38:     5 | #define VERSION(n, v) VERSION2(n, v)
[INFO] [stderr] warning: openssl-sys@0.9.38:       |                       ^~~~~~~~
[INFO] [stderr] warning: openssl-sys@0.9.38: /opt/rustwide/target/debug/build/openssl-sys-1f83bdd68bb48800/out/expando.c:7:1: note: in expansion of macro 'VERSION'
[INFO] [stderr] warning: openssl-sys@0.9.38:     7 | VERSION(OPENSSL, OPENSSL_VERSION_NUMBER)
[INFO] [stderr] warning: openssl-sys@0.9.38:       | ^~~~~~~
[INFO] [stderr] 
[INFO] [stderr] error: failed to run custom build command for `openssl-sys v0.9.38`
[INFO] [stderr] note: To improve backtraces for build dependencies, set the CARGO_PROFILE_DEV_BUILD_OVERRIDE_DEBUG=true environment variable to enable debug information generation.
[INFO] [stderr] 
[INFO] [stderr] Caused by:
[INFO] [stderr]   process didn't exit successfully: `/opt/rustwide/target/debug/build/openssl-sys-a0e696e6ffbd378f/build-script-main` (exit status: 101)
[INFO] [stderr]   --- stdout
[INFO] [stderr]   cargo:rerun-if-env-changed=X86_64_UNKNOWN_LINUX_GNU_OPENSSL_LIB_DIR
[INFO] [stderr]   cargo:rerun-if-env-changed=OPENSSL_LIB_DIR
[INFO] [stderr]   cargo:rerun-if-env-changed=X86_64_UNKNOWN_LINUX_GNU_OPENSSL_INCLUDE_DIR
[INFO] [stderr]   cargo:rerun-if-env-changed=OPENSSL_INCLUDE_DIR
[INFO] [stderr]   cargo:rerun-if-env-changed=X86_64_UNKNOWN_LINUX_GNU_OPENSSL_DIR
[INFO] [stderr]   cargo:rerun-if-env-changed=OPENSSL_DIR
[INFO] [stderr]   cargo:rustc-link-lib=ssl
[INFO] [stderr]   cargo:rustc-link-lib=crypto
[INFO] [stderr]   OPT_LEVEL = Some("0")
[INFO] [stderr]   TARGET = Some("x86_64-unknown-linux-gnu")
[INFO] [stderr]   HOST = Some("x86_64-unknown-linux-gnu")
[INFO] [stderr]   CC_x86_64-unknown-linux-gnu = None
[INFO] [stderr]   CC_x86_64_unknown_linux_gnu = None
[INFO] [stderr]   HOST_CC = None
[INFO] [stderr]   CC = None
[INFO] [stderr]   CFLAGS_x86_64-unknown-linux-gnu = None
[INFO] [stderr]   CFLAGS_x86_64_unknown_linux_gnu = None
[INFO] [stderr]   HOST_CFLAGS = None
[INFO] [stderr]   CFLAGS = None
[INFO] [stderr]   DEBUG = Some("true")
[INFO] [stderr]   running: "cc" "-O0" "-ffunction-sections" "-fdata-sections" "-fPIC" "-g" "-fno-omit-frame-pointer" "-m64" "-Wall" "-Wextra" "-E" "/opt/rustwide/target/debug/build/openssl-sys-1f83bdd68bb48800/out/expando.c"
[INFO] [stderr]   cargo:warning=/opt/rustwide/target/debug/build/openssl-sys-1f83bdd68bb48800/out/expando.c:4:24: error: pasting "RUST_VERSION_OPENSSL_" and "(" does not give a valid preprocessing token
[INFO] [stderr]   cargo:warning=    4 | #define VERSION2(n, v) RUST_VERSION_ ## n ## _ ## v
[INFO] [stderr]   cargo:warning=      |                        ^~~~~~~~~~~~~
[INFO] [stderr]   cargo:warning=/opt/rustwide/target/debug/build/openssl-sys-1f83bdd68bb48800/out/expando.c:5:23: note: in expansion of macro 'VERSION2'
[INFO] [stderr]   cargo:warning=    5 | #define VERSION(n, v) VERSION2(n, v)
[INFO] [stderr]   cargo:warning=      |                       ^~~~~~~~
[INFO] [stderr]   cargo:warning=/opt/rustwide/target/debug/build/openssl-sys-1f83bdd68bb48800/out/expando.c:7:1: note: in expansion of macro 'VERSION'
[INFO] [stderr]   cargo:warning=    7 | VERSION(OPENSSL, OPENSSL_VERSION_NUMBER)
[INFO] [stderr]   cargo:warning=      | ^~~~~~~
[INFO] [stderr]   exit status: 1
[INFO] [stderr] 
[INFO] [stderr]   --- stderr
[INFO] [stderr]   thread 'main' panicked at /opt/rustwide/cargo-home/registry/src/index.crates.io-6f17d22bba15001f/openssl-sys-0.9.38/build/main.rs:429:13:
[INFO] [stderr] 
[INFO] [stderr]   Header expansion error:
[INFO] [stderr]   Error { kind: ToolExecError, message: "Command \"cc\" \"-O0\" \"-ffunction-sections\" \"-fdata-sections\" \"-fPIC\" \"-g\" \"-fno-omit-frame-pointer\" \"-m64\" \"-Wall\" \"-Wextra\" \"-E\" \"/opt/rustwide/target/debug/build/openssl-sys-1f83bdd68bb48800/out/expando.c\" with args \"cc\" did not execute successfully (status code exit status: 1)." }
[INFO] [stderr] 
[INFO] [stderr]   Failed to find OpenSSL development headers.
[INFO] [stderr] 
[INFO] [stderr]   You can try fixing this setting the `OPENSSL_DIR` environment variable
[INFO] [stderr]   pointing to your OpenSSL installation or installing OpenSSL headers package
[INFO] [stderr]   specific to your distribution:
[INFO] [stderr] 
[INFO] [stderr]       # On Ubuntu
[INFO] [stderr]       sudo apt-get install libssl-dev
[INFO] [stderr]       # On Arch Linux
[INFO] [stderr]       sudo pacman -S openssl
[INFO] [stderr]       # On Fedora
[INFO] [stderr]       sudo dnf install openssl-devel
[INFO] [stderr] 
[INFO] [stderr]   See rust-openssl README for more information:
[INFO] [stderr] 
[INFO] [stderr]       https://github.com/sfackler/rust-openssl#linux
[INFO] [stderr] 
[INFO] [stderr]   stack backtrace:
[INFO] [stderr]      0:     0x55ccbf87b8ec - std::backtrace_rs::backtrace::libunwind::trace::ha637c64ce894333a
[INFO] [stderr]                                  at /rustc/82e1608dfa6e0b5569232559e3d385fea5a93112/library/std/src/../../backtrace/src/backtrace/libunwind.rs:104:5
[INFO] [stderr]      1:     0x55ccbf87b8ec - std::backtrace_rs::backtrace::trace_unsynchronized::h47f62dea28e0c88d
[INFO] [stderr]                                  at /rustc/82e1608dfa6e0b5569232559e3d385fea5a93112/library/std/src/../../backtrace/src/backtrace/mod.rs:66:5
[INFO] [stderr]      2:     0x55ccbf87b8ec - std::sys_common::backtrace::_print_fmt::h9eef0abe20ede486
[INFO] [stderr]                                  at /rustc/82e1608dfa6e0b5569232559e3d385fea5a93112/library/std/src/sys_common/backtrace.rs:67:5
[INFO] [stderr]      3:     0x55ccbf87b8ec - <std::sys_common::backtrace::_print::DisplayBacktrace as core::fmt::Display>::fmt::hed7f999df88cc644
[INFO] [stderr]                                  at /rustc/82e1608dfa6e0b5569232559e3d385fea5a93112/library/std/src/sys_common/backtrace.rs:44:22
[INFO] [stderr]      4:     0x55ccbf8a1a20 - core::fmt::rt::Argument::fmt::h1539a9308b8d058d
[INFO] [stderr]                                  at /rustc/82e1608dfa6e0b5569232559e3d385fea5a93112/library/core/src/fmt/rt.rs:142:9
[INFO] [stderr]      5:     0x55ccbf8a1a20 - core::fmt::write::h3a39390d8560d9c9
[INFO] [stderr]                                  at /rustc/82e1608dfa6e0b5569232559e3d385fea5a93112/library/core/src/fmt/mod.rs:1120:17
[INFO] [stderr]      6:     0x55ccbf87922f - std::io::Write::write_fmt::h5fc9997dfe05f882
[INFO] [stderr]                                  at /rustc/82e1608dfa6e0b5569232559e3d385fea5a93112/library/std/src/io/mod.rs:1762:15
[INFO] [stderr]      7:     0x55ccbf87b6d4 - std::sys_common::backtrace::_print::h894006fb5c6f3d45
[INFO] [stderr]                                  at /rustc/82e1608dfa6e0b5569232559e3d385fea5a93112/library/std/src/sys_common/backtrace.rs:47:5
[INFO] [stderr]      8:     0x55ccbf87b6d4 - std::sys_common::backtrace::print::h23a2d212c6fff936
[INFO] [stderr]                                  at /rustc/82e1608dfa6e0b5569232559e3d385fea5a93112/library/std/src/sys_common/backtrace.rs:34:9
[INFO] [stderr]      9:     0x55ccbf87cee7 - std::panicking::default_hook::{{closure}}::h8a1d2ee00185001a
[INFO] [stderr]     10:     0x55ccbf87cc4f - std::panicking::default_hook::h6038f2eba384e475
[INFO] [stderr]                                  at /rustc/82e1608dfa6e0b5569232559e3d385fea5a93112/library/std/src/panicking.rs:292:9
[INFO] [stderr]     11:     0x55ccbf87d368 - std::panicking::rust_panic_with_hook::h2b5517d590cab22e
[INFO] [stderr]                                  at /rustc/82e1608dfa6e0b5569232559e3d385fea5a93112/library/std/src/panicking.rs:779:13
[INFO] [stderr]     12:     0x55ccbf87d24e - std::panicking::begin_panic_handler::{{closure}}::h233112c06e0ef43e
[INFO] [stderr]                                  at /rustc/82e1608dfa6e0b5569232559e3d385fea5a93112/library/std/src/panicking.rs:657:13
[INFO] [stderr]     13:     0x55ccbf87bdb6 - std::sys_common::backtrace::__rust_end_short_backtrace::h6e893f24d7ebbff8
[INFO] [stderr]                                  at /rustc/82e1608dfa6e0b5569232559e3d385fea5a93112/library/std/src/sys_common/backtrace.rs:170:18
[INFO] [stderr]     14:     0x55ccbf87cfb2 - rust_begin_unwind
[INFO] [stderr]                                  at /rustc/82e1608dfa6e0b5569232559e3d385fea5a93112/library/std/src/panicking.rs:645:5
[INFO] [stderr]     15:     0x55ccbf7fb685 - core::panicking::panic_fmt::hbf0e066aabfa482c
[INFO] [stderr]                                  at /rustc/82e1608dfa6e0b5569232559e3d385fea5a93112/library/core/src/panicking.rs:72:14
[INFO] [stderr]     16:     0x55ccbf80391b - build_script_main::validate_headers::h09ca916aa16e396f
[INFO] [stderr]     17:     0x55ccbf801d9f - build_script_main::imp::try_pkg_config::h9bb2195e24293095
[INFO] [stderr]     18:     0x55ccbf800c64 - build_script_main::imp::find_openssl_dir::h0e4e883bcc9a9783
[INFO] [stderr]     19:     0x55ccbf800b02 - build_script_main::imp::get_openssl::{{closure}}::h62e52d13d9beff1d
[INFO] [stderr]     20:     0x55ccbf806de9 - core::option::Option<T>::unwrap_or_else::hda1685656911114d
[INFO] [stderr]     21:     0x55ccbf800901 - build_script_main::imp::get_openssl::h3d7292d3e0041ee6
[INFO] [stderr]     22:     0x55ccbf7ff750 - build_script_main::main::hf8a1495f512c052f
[INFO] [stderr]     23:     0x55ccbf805bb3 - core::ops::function::FnOnce::call_once::h19ec4ad310f8c5b5
[INFO] [stderr]     24:     0x55ccbf805086 - std::sys_common::backtrace::__rust_begin_short_backtrace::hd985b797139b5602
[INFO] [stderr]     25:     0x55ccbf7fc639 - std::rt::lang_start::{{closure}}::hf55fd2299bddf53d
[INFO] [stderr]     26:     0x55ccbf875777 - core::ops::function::impls::<impl core::ops::function::FnOnce<A> for &F>::call_once::hd95060ecd5e1ca24
[INFO] [stderr]                                  at /rustc/82e1608dfa6e0b5569232559e3d385fea5a93112/library/core/src/ops/function.rs:284:13
[INFO] [stderr]     27:     0x55ccbf875777 - std::panicking::try::do_call::h6e8cf51db32a6e4b
[INFO] [stderr]                                  at /rustc/82e1608dfa6e0b5569232559e3d385fea5a93112/library/std/src/panicking.rs:552:40
[INFO] [stderr]     28:     0x55ccbf875777 - std::panicking::try::h3a52eefe24fe3c29
[INFO] [stderr]                                  at /rustc/82e1608dfa6e0b5569232559e3d385fea5a93112/library/std/src/panicking.rs:516:19
[INFO] [stderr]     29:     0x55ccbf875777 - std::panic::catch_unwind::h24c28c23c02c3841
[INFO] [stderr]                                  at /rustc/82e1608dfa6e0b5569232559e3d385fea5a93112/library/std/src/panic.rs:142:14
[INFO] [stderr]     30:     0x55ccbf875777 - std::rt::lang_start_internal::{{closure}}::h705d3c9cbc06ef47
[INFO] [stderr]                                  at /rustc/82e1608dfa6e0b5569232559e3d385fea5a93112/library/std/src/rt.rs:148:48
[INFO] [stderr]     31:     0x55ccbf875777 - std::panicking::try::do_call::ha21f52ba13158470
[INFO] [stderr]                                  at /rustc/82e1608dfa6e0b5569232559e3d385fea5a93112/library/std/src/panicking.rs:552:40
[INFO] [stderr]     32:     0x55ccbf875777 - std::panicking::try::h5581346bf6aeb1f8
[INFO] [stderr]                                  at /rustc/82e1608dfa6e0b5569232559e3d385fea5a93112/library/std/src/panicking.rs:516:19
[INFO] [stderr]     33:     0x55ccbf875777 - std::panic::catch_unwind::h7919645a6b72e25b
[INFO] [stderr]                                  at /rustc/82e1608dfa6e0b5569232559e3d385fea5a93112/library/std/src/panic.rs:142:14
[INFO] [stderr]     34:     0x55ccbf875777 - std::rt::lang_start_internal::h12de51168669836e
[INFO] [stderr]                                  at /rustc/82e1608dfa6e0b5569232559e3d385fea5a93112/library/std/src/rt.rs:148:20
[INFO] [stderr]     35:     0x55ccbf7fc617 - std::rt::lang_start::h093e701dee9943a4
[INFO] [stderr]     36:     0x55ccbf804845 - main
[INFO] [stderr]     37:     0x7fb6b3ec3d90 - <unknown>
[INFO] [stderr]     38:     0x7fb6b3ec3e40 - __libc_start_main
[INFO] [stderr]     39:     0x55ccbf7fbe95 - _start
[INFO] [stderr]     40:                0x0 - <unknown>
[INFO] [stderr] warning: build failed, waiting for other jobs to finish...
[INFO] running `Command { std: "docker" "inspect" "e3e162a8ec0f4619296611be905e2732596ed946ce4d6e895d966f4d20835b31", kill_on_drop: false }`
[INFO] running `Command { std: "docker" "rm" "-f" "e3e162a8ec0f4619296611be905e2732596ed946ce4d6e895d966f4d20835b31", kill_on_drop: false }`
[INFO] [stdout] e3e162a8ec0f4619296611be905e2732596ed946ce4d6e895d966f4d20835b31
