[INFO] cloning repository https://github.com/AndyLeezard/bmb_rs_server
[INFO] running `Command { std: "git" "-c" "credential.helper=" "-c" "credential.helper=/workspace/cargo-home/bin/git-credential-null" "clone" "--bare" "https://github.com/AndyLeezard/bmb_rs_server" "/workspace/cache/git-repos/https%3A%2F%2Fgithub.com%2FAndyLeezard%2Fbmb_rs_server", kill_on_drop: false }`
[INFO] [stderr] Cloning into bare repository '/workspace/cache/git-repos/https%3A%2F%2Fgithub.com%2FAndyLeezard%2Fbmb_rs_server'...
[INFO] running `Command { std: "git" "rev-parse" "HEAD", kill_on_drop: false }`
[INFO] [stdout] b3cd2e52b816427eedfbf778fafa6d53579b8ca6
[INFO] testing AndyLeezard/bmb_rs_server against 1.75.0 for beta-1.76-1
[INFO] running `Command { std: "git" "clone" "/workspace/cache/git-repos/https%3A%2F%2Fgithub.com%2FAndyLeezard%2Fbmb_rs_server" "/workspace/builds/worker-5-tc1/source", kill_on_drop: false }`
[INFO] [stderr] Cloning into '/workspace/builds/worker-5-tc1/source'...
[INFO] [stderr] done.
[INFO] validating manifest of git repo https://github.com/AndyLeezard/bmb_rs_server on toolchain 1.75.0
[INFO] running `Command { std: CARGO_HOME="/workspace/cargo-home" RUSTUP_HOME="/workspace/rustup-home" "/workspace/cargo-home/bin/cargo" "+1.75.0" "metadata" "--manifest-path" "Cargo.toml" "--no-deps", kill_on_drop: false }`
[INFO] started tweaking git repo https://github.com/AndyLeezard/bmb_rs_server
[INFO] finished tweaking git repo https://github.com/AndyLeezard/bmb_rs_server
[INFO] tweaked toml for git repo https://github.com/AndyLeezard/bmb_rs_server written to /workspace/builds/worker-5-tc1/source/Cargo.toml
[INFO] crate git repo https://github.com/AndyLeezard/bmb_rs_server already has a lockfile, it will not be regenerated
[INFO] running `Command { std: CARGO_HOME="/workspace/cargo-home" RUSTUP_HOME="/workspace/rustup-home" "/workspace/cargo-home/bin/cargo" "+1.75.0" "fetch" "--manifest-path" "Cargo.toml", kill_on_drop: false }`
[INFO] [stderr]     Updating git repository `https://github.com/lawliet89/rocket_cors`
[INFO] [stderr]     Updating crates.io index
[INFO] [stderr]  Downloading crates ...
[INFO] [stderr]   Downloaded pear_codegen v0.2.3
[INFO] [stderr]   Downloaded rocket_codegen v0.5.0-rc.2
[INFO] [stderr]   Downloaded devise v0.3.1
[INFO] [stderr]   Downloaded devise_core v0.3.1
[INFO] [stderr]   Downloaded ref-cast-impl v1.0.14
[INFO] [stderr]   Downloaded ref-cast v1.0.14
[INFO] [stderr]   Downloaded rquickjs v0.1.7
[INFO] [stderr]   Downloaded jsonwebtoken v8.2.0
[INFO] [stderr]   Downloaded dmp v0.1.1
[INFO] [stderr]   Downloaded lexical-sort v0.3.1
[INFO] [stderr]   Downloaded any_ascii v0.1.7
[INFO] [stderr]   Downloaded rquickjs-sys v0.1.7
[INFO] [stderr]   Downloaded zstd-sys v2.0.6+zstd.1.5.2
[INFO] [stderr]   Downloaded rocket v0.5.0-rc.2
[INFO] [stderr]   Downloaded geo v0.23.1
[INFO] [stderr]   Downloaded imbl v1.0.1
[INFO] [stderr]   Downloaded geographiclib-rs v0.2.2
[INFO] [stderr]   Downloaded spinning_top v0.2.4
[INFO] [stderr]   Downloaded rocket_http v0.5.0-rc.2
[INFO] [stderr]   Downloaded rquickjs-core v0.1.7
[INFO] [stderr]   Downloaded pear v0.2.3
[INFO] [stderr]   Downloaded rquickjs-macro v0.1.7
[INFO] [stderr]   Downloaded rstar v0.9.3
[INFO] [stderr]   Downloaded echodb v0.3.0
[INFO] [stderr]   Downloaded relative-path v1.7.3
[INFO] [stderr]   Downloaded storekey v0.3.0
[INFO] [stderr]   Downloaded geo-types v0.7.8
[INFO] [stderr]   Downloaded devise_codegen v0.3.1
[INFO] [stderr]   Downloaded surrealdb-derive v0.4.0
[INFO] [stderr]   Downloaded trice v0.1.0
[INFO] [stderr]   Downloaded surrealdb v1.0.0-beta.8
[INFO] running `Command { std: "docker" "create" "-v" "/var/lib/crater-agent-workspace/builds/worker-5-tc1/target:/opt/rustwide/target:rw,Z" "-v" "/var/lib/crater-agent-workspace/builds/worker-5-tc1/source:/opt/rustwide/workdir:ro,Z" "-v" "/var/lib/crater-agent-workspace/cargo-home:/opt/rustwide/cargo-home:ro,Z" "-v" "/var/lib/crater-agent-workspace/rustup-home:/opt/rustwide/rustup-home:ro,Z" "-e" "SOURCE_DIR=/opt/rustwide/workdir" "-e" "CARGO_TARGET_DIR=/opt/rustwide/target" "-e" "CARGO_HOME=/opt/rustwide/cargo-home" "-e" "RUSTUP_HOME=/opt/rustwide/rustup-home" "-w" "/opt/rustwide/workdir" "-m" "1610612736" "--user" "0:0" "--network" "none" "ghcr.io/rust-lang/crates-build-env/linux@sha256:2788e3201cd34a07e3172128adcd8b3090168a8e3bcc40d7c032b9dda1df7d1c" "/opt/rustwide/cargo-home/bin/cargo" "+1.75.0" "metadata" "--no-deps" "--format-version=1", kill_on_drop: false }`
[INFO] [stdout] 5292b0c9b39b6b81708b3ec02eae6ec2278a5a1ef32d9f7209cd3a4fa1d5190f
[INFO] running `Command { std: "docker" "start" "-a" "5292b0c9b39b6b81708b3ec02eae6ec2278a5a1ef32d9f7209cd3a4fa1d5190f", kill_on_drop: false }`
[INFO] running `Command { std: "docker" "inspect" "5292b0c9b39b6b81708b3ec02eae6ec2278a5a1ef32d9f7209cd3a4fa1d5190f", kill_on_drop: false }`
[INFO] running `Command { std: "docker" "rm" "-f" "5292b0c9b39b6b81708b3ec02eae6ec2278a5a1ef32d9f7209cd3a4fa1d5190f", kill_on_drop: false }`
[INFO] [stdout] 5292b0c9b39b6b81708b3ec02eae6ec2278a5a1ef32d9f7209cd3a4fa1d5190f
[INFO] running `Command { std: "docker" "create" "-v" "/var/lib/crater-agent-workspace/builds/worker-5-tc1/target:/opt/rustwide/target:rw,Z" "-v" "/var/lib/crater-agent-workspace/builds/worker-5-tc1/source:/opt/rustwide/workdir:ro,Z" "-v" "/var/lib/crater-agent-workspace/cargo-home:/opt/rustwide/cargo-home:ro,Z" "-v" "/var/lib/crater-agent-workspace/rustup-home:/opt/rustwide/rustup-home:ro,Z" "-e" "SOURCE_DIR=/opt/rustwide/workdir" "-e" "CARGO_TARGET_DIR=/opt/rustwide/target" "-e" "CARGO_INCREMENTAL=0" "-e" "RUST_BACKTRACE=full" "-e" "RUSTFLAGS=--cap-lints=warn" "-e" "RUSTDOCFLAGS=--cap-lints=warn" "-e" "CARGO_HOME=/opt/rustwide/cargo-home" "-e" "RUSTUP_HOME=/opt/rustwide/rustup-home" "-w" "/opt/rustwide/workdir" "-m" "1610612736" "--user" "0:0" "--network" "none" "ghcr.io/rust-lang/crates-build-env/linux@sha256:2788e3201cd34a07e3172128adcd8b3090168a8e3bcc40d7c032b9dda1df7d1c" "/opt/rustwide/cargo-home/bin/cargo" "+1.75.0" "build" "--frozen" "--message-format=json", kill_on_drop: false }`
[INFO] [stdout] 5f77d8e4347eb6e4de39630ada74e1bed7ba5e9379adf9dfede4c015fc1afc99
[INFO] running `Command { std: "docker" "start" "-a" "5f77d8e4347eb6e4de39630ada74e1bed7ba5e9379adf9dfede4c015fc1afc99", kill_on_drop: false }`
[INFO] [stderr]    Compiling libc v0.2.139
[INFO] [stderr]    Compiling proc-macro2 v1.0.51
[INFO] [stderr]    Compiling quote v1.0.23
[INFO] [stderr]    Compiling unicode-ident v1.0.6
[INFO] [stderr]    Compiling syn v1.0.107
[INFO] [stderr]    Compiling once_cell v1.17.0
[INFO] [stderr]    Compiling futures-core v0.3.26
[INFO] [stderr]    Compiling serde_derive v1.0.152
[INFO] [stderr]    Compiling serde v1.0.152
[INFO] [stderr]    Compiling generic-array v0.14.6
[INFO] [stderr]    Compiling value-bag v1.0.0-alpha.9
[INFO] [stderr]    Compiling log v0.4.17
[INFO] [stderr]    Compiling cpufeatures v0.2.5
[INFO] [stderr]    Compiling futures-io v0.3.26
[INFO] [stderr]    Compiling itoa v1.0.5
[INFO] [stderr]    Compiling indexmap v1.9.2
[INFO] [stderr]    Compiling slab v0.4.7
[INFO] [stderr]    Compiling futures-sink v0.3.26
[INFO] [stderr]    Compiling glob v0.3.1
[INFO] [stderr]    Compiling futures-channel v0.3.26
[INFO] [stderr]    Compiling bitflags v1.3.2
[INFO] [stderr]    Compiling tracing-core v0.1.30
[INFO] [stderr]    Compiling either v1.8.1
[INFO] [stderr]    Compiling fastrand v1.8.0
[INFO] [stderr]    Compiling aho-corasick v0.7.20
[INFO] [stderr]    Compiling strsim v0.10.0
[INFO] [stderr]    Compiling http v0.2.8
[INFO] [stderr]    Compiling crossbeam-utils v0.8.14
[INFO] [stderr]    Compiling parking v2.0.0
[INFO] [stderr]    Compiling proc-macro2-diagnostics v0.9.1
[INFO] [stderr]    Compiling futures-task v0.3.26
[INFO] [stderr]    Compiling termcolor v1.2.0
[INFO] [stderr]    Compiling futures-lite v1.12.0
[INFO] [stderr]    Compiling os_str_bytes v6.4.1
[INFO] [stderr]    Compiling regex-syntax v0.6.28
[INFO] [stderr]    Compiling nom v7.1.3
[INFO] [stderr]    Compiling clang-sys v1.4.0
[INFO] [stderr]    Compiling tokio v1.25.0
[INFO] [stderr]    Compiling clap_lex v0.2.4
[INFO] [stderr]    Compiling libloading v0.7.4
[INFO] [stderr]    Compiling humantime v2.1.0
[INFO] [stderr]    Compiling getrandom v0.2.8
[INFO] [stderr]    Compiling jobserver v0.1.25
[INFO] [stderr]    Compiling block-buffer v0.10.3
[INFO] [stderr]    Compiling socket2 v0.4.7
[INFO] [stderr]    Compiling inout v0.1.3
[INFO] [stderr]    Compiling atty v0.2.14
[INFO] [stderr]    Compiling rand_core v0.6.4
[INFO] [stderr]    Compiling concurrent-queue v2.1.0
[INFO] [stderr]    Compiling parking_lot_core v0.9.7
[INFO] [stderr]    Compiling cc v1.0.79
[INFO] [stderr]    Compiling yansi v0.5.1
[INFO] [stderr]    Compiling futures-util v0.3.26
[INFO] [stderr]    Compiling crypto-common v0.1.6
[INFO] [stderr]    Compiling rand_chacha v0.3.1
[INFO] [stderr]    Compiling digest v0.10.6
[INFO] [stderr]    Compiling cipher v0.4.3
[INFO] [stderr]    Compiling bindgen v0.60.1
[INFO] [stderr]    Compiling textwrap v0.16.0
[INFO] [stderr]    Compiling thiserror v1.0.38
[INFO] [stderr]    Compiling parking_lot v0.12.1
[INFO] [stderr]    Compiling signal-hook-registry v1.4.0
[INFO] [stderr]    Compiling which v4.4.0
[INFO] [stderr]    Compiling num_cpus v1.15.0
[INFO] [stderr]    Compiling rand v0.8.5
[INFO] [stderr]    Compiling clap v3.2.23
[INFO] [stderr]    Compiling spin v0.9.4
[INFO] [stderr]    Compiling time-core v0.1.0
[INFO] [stderr]    Compiling rustc-hash v1.1.0
[INFO] [stderr]    Compiling peeking_take_while v0.1.2
[INFO] [stderr]    Compiling shlex v1.1.0
[INFO] [stderr]    Compiling lazycell v1.3.0
[INFO] [stderr]    Compiling time-macros v0.2.6
[INFO] [stderr]    Compiling standback v0.2.17
[INFO] [stderr]    Compiling async-task v4.3.0
[INFO] [stderr]    Compiling semver v1.0.16
[INFO] [stderr]    Compiling proc-macro-hack v0.5.20+deprecated
[INFO] [stderr]    Compiling wasm-bindgen-shared v0.2.84
[INFO] [stderr]    Compiling async-lock v2.6.0
[INFO] [stderr]    Compiling async-channel v1.8.0
[INFO] [stderr]    Compiling cipher v0.2.5
[INFO] [stderr]    Compiling polling v2.5.2
[INFO] [stderr]    Compiling unicase v2.6.0
[INFO] [stderr]    Compiling ryu v1.0.12
[INFO] [stderr]    Compiling unicode-bidi v0.3.10
[INFO] [stderr]    Compiling regex v1.7.1
[INFO] [stderr]    Compiling serde_json v1.0.92
[INFO] [stderr]    Compiling libz-sys v1.1.8
[INFO] [stderr]    Compiling libnghttp2-sys v0.1.7+1.45.0
[INFO] [stderr]    Compiling openssl-sys v0.9.80
[INFO] [stderr]    Compiling cexpr v0.6.0
[INFO] [stderr]    Compiling curl-sys v0.4.59+curl-7.86.0
[INFO] [stderr]    Compiling idna v0.3.0
[INFO] [stderr]    Compiling hmac v0.12.1
[INFO] [stderr]    Compiling universal-hash v0.5.0
[INFO] [stderr]    Compiling universal-hash v0.4.1
[INFO] [stderr]    Compiling digest v0.9.0
[INFO] [stderr]    Compiling async-io v1.12.0
[INFO] [stderr]    Compiling cookie v0.16.2
[INFO] [stderr]    Compiling cpuid-bool v0.2.0
[INFO] [stderr]    Compiling const_fn v0.4.9
[INFO] [stderr]    Compiling bumpalo v3.12.0
[INFO] [stderr]    Compiling polyval v0.4.5
[INFO] [stderr]    Compiling polyval v0.6.0
[INFO] [stderr]    Compiling time v0.3.17
[INFO] [stderr]    Compiling rustc_version v0.4.0
[INFO] [stderr]    Compiling env_logger v0.9.3
[INFO] [stderr]    Compiling getrandom v0.1.16
[INFO] [stderr]    Compiling aes-soft v0.6.4
[INFO] [stderr]    Compiling sha2 v0.10.6
[INFO] [stderr]    Compiling http-body v0.4.5
[INFO] [stderr]    Compiling crypto-mac v0.10.1
[INFO] [stderr]    Compiling time v0.2.27
[INFO] [stderr]    Compiling async-trait v0.1.64
[INFO] [stderr]    Compiling httpdate v1.0.2
[INFO] [stderr]    Compiling inlinable_string v0.1.15
[INFO] [stderr]    Compiling atomic-waker v1.1.0
[INFO] [stderr]    Compiling ref-cast v1.0.14
[INFO] [stderr]    Compiling base64 v0.20.0
[INFO] [stderr]    Compiling blocking v1.3.0
[INFO] [stderr]    Compiling heapless v0.7.16
[INFO] [stderr]    Compiling aes v0.6.0
[INFO] [stderr]    Compiling hmac v0.10.1
[INFO] [stderr]    Compiling rand_core v0.5.1
[INFO] [stderr]    Compiling ghash v0.5.0
[INFO] [stderr]    Compiling ghash v0.3.1
[INFO] [stderr]    Compiling ctr v0.9.2
[INFO] [stderr]    Compiling aes v0.8.2
[INFO] [stderr]    Compiling bzip2-sys v0.1.11+1.0.8
[INFO] [stderr]    Compiling zstd-sys v2.0.6+zstd.1.5.2
[INFO] [stderr]    Compiling rquickjs-sys v0.1.7
[INFO] [stderr]    Compiling ctr v0.6.0
[INFO] [stderr]    Compiling async-executor v1.5.0
[INFO] [stderr]    Compiling aead v0.5.1
[INFO] [stderr]    Compiling block-buffer v0.9.0
[INFO] [stderr]    Compiling aead v0.3.2
[INFO] [stderr]    Compiling mio v0.8.5
[INFO] [stderr]    Compiling cookie v0.14.4
[INFO] [stderr]    Compiling uncased v0.9.7
[INFO] [stderr]    Compiling wasm-bindgen v0.2.84
[INFO] [stderr]    Compiling anyhow v1.0.69
[INFO] [stderr]    Compiling wasm-bindgen-backend v0.2.84
[INFO] [stderr]    Compiling mime v0.3.16
[INFO] [stderr]    Compiling curl v0.4.44
[INFO] [stderr]    Compiling devise_core v0.3.1
[INFO] [stderr]    Compiling darling_core v0.14.2
[INFO] [stderr]    Compiling aes-gcm v0.8.0
[INFO] [stderr]    Compiling aes-gcm v0.10.1
[INFO] [stderr]    Compiling sha2 v0.9.9
[INFO] [stderr]    Compiling hkdf v0.12.3
[INFO] [stderr]    Compiling rand_chacha v0.2.2
[INFO] [stderr]    Compiling hkdf v0.10.0
[INFO] [stderr]    Compiling wasm-bindgen-macro-support v0.2.84
[INFO] [stderr]    Compiling want v0.3.0
[INFO] [stderr]    Compiling tracing v0.1.37
[INFO] [stderr]    Compiling spinning_top v0.2.4
[INFO] [stderr]    Compiling nom8 v0.2.0
[INFO] [stderr]    Compiling stable-pattern v0.1.0
[INFO] [stderr]    Compiling encoding_rs v0.8.32
[INFO] [stderr]    Compiling paste v1.0.11
[INFO] [stderr]    Compiling http-types v2.12.0
[INFO] [stderr]    Compiling state v0.5.3
[INFO] [stderr]    Compiling base64ct v1.5.3
[INFO] [stderr]    Compiling isahc v0.9.14
[INFO] [stderr]    Compiling relative-path v1.7.3
[INFO] [stderr]    Compiling toml_datetime v0.5.1
[INFO] [stderr]    Compiling password-hash v0.4.2
[INFO] [stderr]    Compiling futures v0.3.26
[INFO] [stderr]    Compiling flume v0.9.2
[INFO] [stderr]    Compiling rand v0.7.3
[INFO] [stderr]    Compiling proc-macro-error-attr v1.0.4
[INFO] [stderr]    Compiling mime_guess v2.0.4
[INFO] [stderr]    Compiling sluice v0.5.5
[INFO] [stderr]    Compiling nanorand v0.7.0
[INFO] [stderr]    Compiling bitmaps v2.1.0
[INFO] [stderr]    Compiling figment v0.10.8
[INFO] [stderr]    Compiling atomic v0.5.1
[INFO] [stderr]    Compiling multer v2.0.4
[INFO] [stderr]    Compiling bytes v0.5.6
[INFO] [stderr]    Compiling infer v0.2.3
[INFO] [stderr]    Compiling hyper v0.14.24
[INFO] [stderr]    Compiling proc-macro-error v1.0.4
[INFO] [stderr]    Compiling rstar v0.9.3
[INFO] [stderr]    Compiling sized-chunks v0.6.5
[INFO] [stderr]    Compiling ring v0.16.20
[INFO] [stderr]    Compiling rand_xoshiro v0.6.0
[INFO] [stderr]    Compiling ctor v0.1.26
[INFO] [stderr]    Compiling tracing-attributes v0.1.23
[INFO] [stderr]    Compiling thiserror-impl v1.0.38
[INFO] [stderr]    Compiling futures-macro v0.3.26
[INFO] [stderr]    Compiling tokio-macros v1.8.2
[INFO] [stderr]    Compiling pin-project-internal v1.0.12
[INFO] [stderr]    Compiling pear_codegen v0.2.3
[INFO] [stderr]    Compiling time-macros-impl v0.1.2
[INFO] [stderr]    Compiling ref-cast-impl v1.0.14
[INFO] [stderr]    Compiling wasm-bindgen-macro v0.2.84
[INFO] [stderr]    Compiling toml_edit v0.18.1
[INFO] [stderr]    Compiling darling_macro v0.14.2
[INFO] [stderr]    Compiling time-macros v0.1.1
[INFO] [stderr]    Compiling pear v0.2.3
[INFO] [stderr]    Compiling kv-log-macro v1.0.7
[INFO] [stderr]    Compiling devise_codegen v0.3.1
[INFO] [stderr]    Compiling pin-project v1.0.12
[INFO] [stderr]    Compiling async-global-executor v2.3.1
[INFO] [stderr]    Compiling rocket_http v0.5.0-rc.2
[INFO] [stderr]    Compiling tracing-futures v0.2.5
[INFO] [stderr]    Compiling async-std v1.12.0
[INFO] [stderr]    Compiling darling v0.14.2
[INFO] [stderr]    Compiling js-sys v0.3.61
[INFO] [stderr]    Compiling proc-macro-crate v1.3.0
[INFO] [stderr]    Compiling flume v0.10.14
[INFO] [stderr]    Compiling devise v0.3.1
[INFO] [stderr]    Compiling librocksdb-sys v0.8.0+7.4.4
[INFO] [stderr]    Compiling async-stream-impl v0.3.3
[INFO] [stderr]    Compiling approx v0.5.1
[INFO] [stderr]    Compiling rocket v0.5.0-rc.2
[INFO] [stderr]    Compiling unicode-xid v0.2.4
[INFO] [stderr]    Compiling remove_dir_all v0.5.3
[INFO] [stderr]    Compiling tempfile v3.3.0
[INFO] [stderr]    Compiling rmp v0.8.11
[INFO] [stderr]    Compiling imbl v1.0.1
[INFO] [stderr]    Compiling pbkdf2 v0.11.0
[INFO] [stderr]    Compiling blowfish v0.9.1
[INFO] [stderr]    Compiling salsa20 v0.10.2
[INFO] [stderr]    Compiling blake2 v0.10.6
[INFO] [stderr]    Compiling time v0.1.45
[INFO] [stderr]    Compiling geographiclib-rs v0.2.2
[INFO] [stderr]    Compiling async-stream v0.3.3
[INFO] [stderr]    Compiling float_next_after v0.1.5
[INFO] [stderr]    Compiling thread_local v1.1.4
[INFO] [stderr]    Compiling binascii v0.1.4
[INFO] [stderr]    Compiling futures-executor v0.3.26
[INFO] [stderr]    Compiling iana-time-zone v0.1.53
[INFO] [stderr]    Compiling any_ascii v0.1.7
[INFO] [stderr]    Compiling zeroize v1.5.7
[INFO] [stderr]    Compiling web-sys v0.3.61
[INFO] [stderr]    Compiling bcrypt v0.13.0
[INFO] [stderr]    Compiling lexical-sort v0.3.1
[INFO] [stderr]    Compiling fuzzy-matcher v0.3.7
[INFO] [stderr]    Compiling dmp v0.1.1
[INFO] [stderr]    Compiling argon2 v0.4.1
[INFO] [stderr]    Compiling scrypt v0.10.0
[INFO] [stderr]    Compiling simple_asn1 v0.6.2
[INFO] [stderr]    Compiling async-recursion v1.0.2
[INFO] [stderr]    Compiling surrealdb-derive v0.4.0
[INFO] [stderr]    Compiling rocket_codegen v0.5.0-rc.2
[INFO] [stderr]    Compiling pem v1.1.1
[INFO] [stderr]    Compiling nanoid v0.4.0
[INFO] [stderr]    Compiling sha-1 v0.10.1
[INFO] [stderr]    Compiling md-5 v0.10.5
[INFO] [stderr]    Compiling sha1 v0.10.5
[INFO] [stderr]    Compiling trice v0.1.0
[INFO] [stderr]    Compiling deunicode v1.3.3
[INFO] [stderr]    Compiling tokio-util v0.7.4
[INFO] [stderr]    Compiling tokio-stream v0.1.11
[INFO] [stderr]    Compiling echodb v0.3.0
[INFO] [stderr]    Compiling url v2.3.1
[INFO] [stderr]    Compiling serde_urlencoded v0.7.1
[INFO] [stderr]    Compiling serde_qs v0.8.5
[INFO] [stderr]    Compiling toml v0.5.11
[INFO] [stderr]    Compiling ubyte v0.10.3
[INFO] [stderr]    Compiling geo-types v0.7.8
[INFO] [stderr]    Compiling storekey v0.3.0
[INFO] [stderr]    Compiling h2 v0.3.15
[INFO] [stderr]    Compiling unicase_serde v0.1.0
[INFO] [stderr]    Compiling uuid v1.3.0
[INFO] [stderr]    Compiling bigdecimal v0.3.0
[INFO] [stderr]    Compiling geo v0.23.1
[INFO] [stderr]    Compiling chrono v0.4.23
[INFO] [stderr]    Compiling rmp-serde v1.1.1
[INFO] [stderr]    Compiling jsonwebtoken v8.2.0
[INFO] [stderr]    Compiling tungstenite v0.18.0
[INFO] [stderr]    Compiling http-client v6.5.3
[INFO] [stderr]    Compiling surf v2.3.2
[INFO] [stderr]    Compiling rquickjs-core v0.1.7
[INFO] [stderr] error: could not compile `hyper` (lib)
[INFO] [stderr] 
[INFO] [stderr] Caused by:
[INFO] [stderr]   process didn't exit successfully: `/opt/rustwide/rustup-home/toolchains/1.75.0-x86_64-unknown-linux-gnu/bin/rustc --crate-name hyper --edition=2018 /opt/rustwide/cargo-home/registry/src/index.crates.io-6f17d22bba15001f/hyper-0.14.24/src/lib.rs --error-format=json --json=diagnostic-rendered-ansi,artifacts,future-incompat --crate-type lib --emit=dep-info,metadata,link -C embed-bitcode=no -C debuginfo=2 --cfg 'feature="h2"' --cfg 'feature="http1"' --cfg 'feature="http2"' --cfg 'feature="runtime"' --cfg 'feature="server"' --cfg 'feature="socket2"' --cfg 'feature="stream"' --cfg 'feature="tcp"' -C metadata=ed3439ed6620759a -C extra-filename=-ed3439ed6620759a --out-dir /opt/rustwide/target/debug/deps -L dependency=/opt/rustwide/target/debug/deps --extern bytes=/opt/rustwide/target/debug/deps/libbytes-3fc98b508f6e4a28.rmeta --extern futures_channel=/opt/rustwide/target/debug/deps/libfutures_channel-1c189f2e72ff8c58.rmeta --extern futures_core=/opt/rustwide/target/debug/deps/libfutures_core-8976716e982e838e.rmeta --extern futures_util=/opt/rustwide/target/debug/deps/libfutures_util-74e87f4759cca0a1.rmeta --extern h2=/opt/rustwide/target/debug/deps/libh2-468a09f798f5465a.rmeta --extern http=/opt/rustwide/target/debug/deps/libhttp-48d102f5c6df5449.rmeta --extern http_body=/opt/rustwide/target/debug/deps/libhttp_body-fb6cc64468baa1ac.rmeta --extern httparse=/opt/rustwide/target/debug/deps/libhttparse-64f1ffbeda450424.rmeta --extern httpdate=/opt/rustwide/target/debug/deps/libhttpdate-07ccb2bff48c32b9.rmeta --extern itoa=/opt/rustwide/target/debug/deps/libitoa-a6ef745b0a0d98d5.rmeta --extern pin_project_lite=/opt/rustwide/target/debug/deps/libpin_project_lite-cead9f5d94689600.rmeta --extern socket2=/opt/rustwide/target/debug/deps/libsocket2-94cd4cb9801767fa.rmeta --extern tokio=/opt/rustwide/target/debug/deps/libtokio-309031015b57283e.rmeta --extern tower_service=/opt/rustwide/target/debug/deps/libtower_service-104d6e83d5ce383d.rmeta --extern tracing=/opt/rustwide/target/debug/deps/libtracing-250113fe02c4f0f7.rmeta --extern want=/opt/rustwide/target/debug/deps/libwant-be3cb9d191aaeb1c.rmeta --cap-lints allow --cap-lints=warn` (signal: 9, SIGKILL: kill)
[INFO] [stderr] warning: build failed, waiting for other jobs to finish...
[INFO] [stderr] The following warnings were emitted during compilation:
[INFO] [stderr] 
[INFO] [stderr] warning: rquickjs-sys@0.1.7: cc: fatal error: Killed signal terminated program cc1
[INFO] [stderr] warning: rquickjs-sys@0.1.7: compilation terminated.
[INFO] [stderr] 
[INFO] [stderr] error: failed to run custom build command for `rquickjs-sys v0.1.7`
[INFO] [stderr] note: To improve backtraces for build dependencies, set the CARGO_PROFILE_DEV_BUILD_OVERRIDE_DEBUG=true environment variable to enable debug information generation.
[INFO] [stderr] 
[INFO] [stderr] Caused by:
[INFO] [stderr]   process didn't exit successfully: `/opt/rustwide/target/debug/build/rquickjs-sys-44508830d8a077a7/build-script-build` (exit status: 1)
[INFO] [stderr]   --- stdout
[INFO] [stderr]   cargo:rerun-if-changed=build.rs
[INFO] [stderr]   cargo:rerun-if-env-changed=CARGO_FEATURE_EXPORTS
[INFO] [stderr]   cargo:rerun-if-env-changed=CARGO_FEATURE_BINDGEN
[INFO] [stderr]   cargo:rerun-if-env-changed=CARGO_FEATURE_UPDATE_BINDINGS
[INFO] [stderr]   cargo:rerun-if-env-changed=CARGO_FEATURE_DUMP_BYTECODE
[INFO] [stderr]   cargo:rerun-if-env-changed=CARGO_FEATURE_DUMP_GC
[INFO] [stderr]   cargo:rerun-if-env-changed=CARGO_FEATURE_DUMP_GC_FREE
[INFO] [stderr]   cargo:rerun-if-env-changed=CARGO_FEATURE_DUMP_FREE
[INFO] [stderr]   cargo:rerun-if-env-changed=CARGO_FEATURE_DUMP_LEAKS
[INFO] [stderr]   cargo:rerun-if-env-changed=CARGO_FEATURE_DUMP_MEM
[INFO] [stderr]   cargo:rerun-if-env-changed=CARGO_FEATURE_DUMP_OBJECTS
[INFO] [stderr]   cargo:rerun-if-env-changed=CARGO_FEATURE_DUMP_ATOMS
[INFO] [stderr]   cargo:rerun-if-env-changed=CARGO_FEATURE_DUMP_SHAPES
[INFO] [stderr]   cargo:rerun-if-env-changed=CARGO_FEATURE_DUMP_MODULE_RESOLVE
[INFO] [stderr]   cargo:rerun-if-env-changed=CARGO_FEATURE_DUMP_PROMISE
[INFO] [stderr]   cargo:rerun-if-env-changed=CARGO_FEATURE_DUMP_READ_OBJECT
[INFO] [stderr]   Appliyng patch patches/check_stack_overflow.patch
[INFO] [stderr]   patching file quickjs.c
[INFO] [stderr]   Appliyng patch patches/infinity_handling.patch
[INFO] [stderr]   patching file quickjs.c
[INFO] [stderr]   Hunk #1 succeeded at 10235 (offset 44 lines).
[INFO] [stderr]   Hunk #2 succeeded at 41732 (offset 168 lines).
[INFO] [stderr]   Hunk #3 succeeded at 47839 (offset 168 lines).
[INFO] [stderr]   Appliyng patch patches/atomic_new_class_id.patch
[INFO] [stderr]   patching file quickjs.c
[INFO] [stderr]   Hunk #1 succeeded at 3371 (offset 18 lines).
[INFO] [stderr]   Appliyng patch patches/read_module_exports.patch
[INFO] [stderr]   patching file quickjs.c
[INFO] [stderr]   Hunk #1 succeeded at 27254 (offset 93 lines).
[INFO] [stderr]   patching file quickjs.h
[INFO] [stderr]   Hunk #1 succeeded at 1039 (offset 4 lines).
[INFO] [stderr]   TARGET = Some("x86_64-unknown-linux-gnu")
[INFO] [stderr]   OPT_LEVEL = Some("0")
[INFO] [stderr]   HOST = Some("x86_64-unknown-linux-gnu")
[INFO] [stderr]   cargo:rerun-if-env-changed=CC_x86_64-unknown-linux-gnu
[INFO] [stderr]   CC_x86_64-unknown-linux-gnu = None
[INFO] [stderr]   cargo:rerun-if-env-changed=CC_x86_64_unknown_linux_gnu
[INFO] [stderr]   CC_x86_64_unknown_linux_gnu = None
[INFO] [stderr]   cargo:rerun-if-env-changed=HOST_CC
[INFO] [stderr]   HOST_CC = None
[INFO] [stderr]   cargo:rerun-if-env-changed=CC
[INFO] [stderr]   CC = None
[INFO] [stderr]   cargo:rerun-if-env-changed=CFLAGS_x86_64-unknown-linux-gnu
[INFO] [stderr]   CFLAGS_x86_64-unknown-linux-gnu = None
[INFO] [stderr]   cargo:rerun-if-env-changed=CFLAGS_x86_64_unknown_linux_gnu
[INFO] [stderr]   CFLAGS_x86_64_unknown_linux_gnu = None
[INFO] [stderr]   cargo:rerun-if-env-changed=HOST_CFLAGS
[INFO] [stderr]   HOST_CFLAGS = None
[INFO] [stderr]   cargo:rerun-if-env-changed=CFLAGS
[INFO] [stderr]   CFLAGS = None
[INFO] [stderr]   cargo:rerun-if-env-changed=CRATE_CC_NO_DEFAULTS
[INFO] [stderr]   CRATE_CC_NO_DEFAULTS = None
[INFO] [stderr]   DEBUG = Some("true")
[INFO] [stderr]   CARGO_CFG_TARGET_FEATURE = Some("fxsr,sse,sse2")
[INFO] [stderr]   running: "cc" "-O0" "-ffunction-sections" "-fdata-sections" "-fPIC" "-gdwarf-4" "-fno-omit-frame-pointer" "-m64" "-Wall" "-D_GNU_SOURCE" "-DCONFIG_VERSION=\"2020-01-19\"" "-DCONFIG_BIGNUM" "-DCONFIG_MODULE_EXPORTS" "-o" "/opt/rustwide/target/debug/build/rquickjs-sys-aa8dc2b5876341ae/out/fe7ae8f8e48b58ec-libregexp.o" "-c" "/opt/rustwide/target/debug/build/rquickjs-sys-aa8dc2b5876341ae/out/libregexp.c"
[INFO] [stderr]   running: "cc" "-O0" "-ffunction-sections" "-fdata-sections" "-fPIC" "-gdwarf-4" "-fno-omit-frame-pointer" "-m64" "-Wall" "-D_GNU_SOURCE" "-DCONFIG_VERSION=\"2020-01-19\"" "-DCONFIG_BIGNUM" "-DCONFIG_MODULE_EXPORTS" "-o" "/opt/rustwide/target/debug/build/rquickjs-sys-aa8dc2b5876341ae/out/fe7ae8f8e48b58ec-libunicode.o" "-c" "/opt/rustwide/target/debug/build/rquickjs-sys-aa8dc2b5876341ae/out/libunicode.c"
[INFO] [stderr]   exit status: 0
[INFO] [stderr]   running: "cc" "-O0" "-ffunction-sections" "-fdata-sections" "-fPIC" "-gdwarf-4" "-fno-omit-frame-pointer" "-m64" "-Wall" "-D_GNU_SOURCE" "-DCONFIG_VERSION=\"2020-01-19\"" "-DCONFIG_BIGNUM" "-DCONFIG_MODULE_EXPORTS" "-o" "/opt/rustwide/target/debug/build/rquickjs-sys-aa8dc2b5876341ae/out/fe7ae8f8e48b58ec-cutils.o" "-c" "/opt/rustwide/target/debug/build/rquickjs-sys-aa8dc2b5876341ae/out/cutils.c"
[INFO] [stderr]   exit status: 0
[INFO] [stderr]   exit status: 0
[INFO] [stderr]   running: "cc" "-O0" "-ffunction-sections" "-fdata-sections" "-fPIC" "-gdwarf-4" "-fno-omit-frame-pointer" "-m64" "-Wall" "-D_GNU_SOURCE" "-DCONFIG_VERSION=\"2020-01-19\"" "-DCONFIG_BIGNUM" "-DCONFIG_MODULE_EXPORTS" "-o" "/opt/rustwide/target/debug/build/rquickjs-sys-aa8dc2b5876341ae/out/fe7ae8f8e48b58ec-quickjs.o" "-c" "/opt/rustwide/target/debug/build/rquickjs-sys-aa8dc2b5876341ae/out/quickjs.c"
[INFO] [stderr]   running: "cc" "-O0" "-ffunction-sections" "-fdata-sections" "-fPIC" "-gdwarf-4" "-fno-omit-frame-pointer" "-m64" "-Wall" "-D_GNU_SOURCE" "-DCONFIG_VERSION=\"2020-01-19\"" "-DCONFIG_BIGNUM" "-DCONFIG_MODULE_EXPORTS" "-o" "/opt/rustwide/target/debug/build/rquickjs-sys-aa8dc2b5876341ae/out/fe7ae8f8e48b58ec-libbf.o" "-c" "/opt/rustwide/target/debug/build/rquickjs-sys-aa8dc2b5876341ae/out/libbf.c"
[INFO] [stderr]   exit status: 0
[INFO] [stderr]   cargo:warning=cc: fatal error: Killed signal terminated program cc1
[INFO] [stderr]   cargo:warning=compilation terminated.
[INFO] [stderr]   exit status: 1
[INFO] [stderr] 
[INFO] [stderr]   --- stderr
[INFO] [stderr]   Ubuntu clang version 14.0.0-1ubuntu1.1
[INFO] [stderr]   Target: x86_64-unknown-linux-gnu
[INFO] [stderr]   Thread model: posix
[INFO] [stderr]   InstalledDir: 
[INFO] [stderr]   Found candidate GCC installation: /../lib/gcc/x86_64-linux-gnu/10
[INFO] [stderr]   Found candidate GCC installation: /../lib/gcc/x86_64-linux-gnu/11
[INFO] [stderr]   Found candidate GCC installation: /../lib/gcc/x86_64-linux-gnu/9
[INFO] [stderr]   Selected GCC installation: /../lib/gcc/x86_64-linux-gnu/11
[INFO] [stderr]   Candidate multilib: .;@m64
[INFO] [stderr]   Candidate multilib: 32;@m32
[INFO] [stderr]   Candidate multilib: x32;@mx32
[INFO] [stderr]   Selected multilib: .;@m64
[INFO] [stderr]   ignoring nonexistent directory "/../lib/gcc/x86_64-linux-gnu/11/../../../../x86_64-linux-gnu/include"
[INFO] [stderr]   ignoring nonexistent directory "/include"
[INFO] [stderr]   ignoring duplicate directory "/usr/lib/llvm-14/lib/clang/14.0.0/include"
[INFO] [stderr]   ignoring duplicate directory "/usr/local/include"
[INFO] [stderr]   ignoring duplicate directory "/usr/include/x86_64-linux-gnu"
[INFO] [stderr]   ignoring duplicate directory "/usr/include"
[INFO] [stderr]   #include "..." search starts here:
[INFO] [stderr]   #include <...> search starts here:
[INFO] [stderr]    /usr/lib/llvm-14/lib/clang/14.0.0/include
[INFO] [stderr]    /usr/local/include
[INFO] [stderr]    /usr/include/x86_64-linux-gnu
[INFO] [stderr]    /usr/include
[INFO] [stderr]   End of search list.
[INFO] [stderr]   error: 'rustfmt' is not installed for the toolchain '1.75.0-x86_64-unknown-linux-gnu'
[INFO] [stderr]   To install, run `rustup component add rustfmt --toolchain 1.75.0-x86_64-unknown-linux-gnu`
[INFO] [stderr]   Failed to run rustfmt: Internal rustfmt error (non-fatal, continuing)
[INFO] [stderr] 
[INFO] [stderr] 
[INFO] [stderr]   error occurred: Command "cc" "-O0" "-ffunction-sections" "-fdata-sections" "-fPIC" "-gdwarf-4" "-fno-omit-frame-pointer" "-m64" "-Wall" "-D_GNU_SOURCE" "-DCONFIG_VERSION=\"2020-01-19\"" "-DCONFIG_BIGNUM" "-DCONFIG_MODULE_EXPORTS" "-o" "/opt/rustwide/target/debug/build/rquickjs-sys-aa8dc2b5876341ae/out/fe7ae8f8e48b58ec-quickjs.o" "-c" "/opt/rustwide/target/debug/build/rquickjs-sys-aa8dc2b5876341ae/out/quickjs.c" with args "cc" did not execute successfully (status code exit status: 1).
[INFO] [stderr] 
[INFO] [stderr] 
[INFO] [stderr] error: could not compile `rquickjs-core` (lib)
[INFO] [stderr] 
[INFO] [stderr] Caused by:
[INFO] [stderr]   process didn't exit successfully: `/opt/rustwide/rustup-home/toolchains/1.75.0-x86_64-unknown-linux-gnu/bin/rustc --crate-name rquickjs_core --edition=2018 /opt/rustwide/cargo-home/registry/src/index.crates.io-6f17d22bba15001f/rquickjs-core-0.1.7/src/lib.rs --error-format=json --json=diagnostic-rendered-ansi,artifacts,future-incompat --crate-type lib --emit=dep-info,metadata,link -C embed-bitcode=no --cfg 'feature="default"' --cfg 'feature="loader"' --cfg 'feature="relative-path"' -C metadata=37d45e7c3c413e5f -C extra-filename=-37d45e7c3c413e5f --out-dir /opt/rustwide/target/debug/deps -L dependency=/opt/rustwide/target/debug/deps --extern relative_path=/opt/rustwide/target/debug/deps/librelative_path-26b624c50392f77f.rmeta --extern rquickjs_sys=/opt/rustwide/target/debug/deps/librquickjs_sys-a446bd60e53dcb54.rmeta --cap-lints allow --cap-lints=warn -L native=/opt/rustwide/target/debug/build/rquickjs-sys-8a34ae370d97d068/out` (signal: 9, SIGKILL: kill)
[ERROR] error running command: no output for 300 seconds
[INFO] running `Command { std: "docker" "inspect" "5f77d8e4347eb6e4de39630ada74e1bed7ba5e9379adf9dfede4c015fc1afc99", kill_on_drop: false }`
[INFO] running `Command { std: "docker" "rm" "-f" "5f77d8e4347eb6e4de39630ada74e1bed7ba5e9379adf9dfede4c015fc1afc99", kill_on_drop: false }`
[INFO] [stdout] 5f77d8e4347eb6e4de39630ada74e1bed7ba5e9379adf9dfede4c015fc1afc99
