[INFO] cloning repository https://github.com/Andy-Waine/rust-actix
[INFO] running `Command { std: "git" "-c" "credential.helper=" "-c" "credential.helper=/workspace/cargo-home/bin/git-credential-null" "clone" "--bare" "https://github.com/Andy-Waine/rust-actix" "/workspace/cache/git-repos/https%3A%2F%2Fgithub.com%2FAndy-Waine%2Frust-actix", kill_on_drop: false }`
[INFO] [stderr] Cloning into bare repository '/workspace/cache/git-repos/https%3A%2F%2Fgithub.com%2FAndy-Waine%2Frust-actix'...
[INFO] running `Command { std: "git" "rev-parse" "HEAD", kill_on_drop: false }`
[INFO] [stdout] f5e130496f0d884207854488d2cbe5419d18bb06
[INFO] testing Andy-Waine/rust-actix against 1.75.0 for beta-1.76-1
[INFO] running `Command { std: "git" "clone" "/workspace/cache/git-repos/https%3A%2F%2Fgithub.com%2FAndy-Waine%2Frust-actix" "/workspace/builds/worker-4-tc1/source", kill_on_drop: false }`
[INFO] [stderr] Cloning into '/workspace/builds/worker-4-tc1/source'...
[INFO] [stderr] done.
[INFO] [stderr] Updating files:  75% (1093/1442)
Updating files:  76% (1096/1442)
Updating files:  77% (1111/1442)
Updating files:  78% (1125/1442)
Updating files:  79% (1140/1442)
Updating files:  80% (1154/1442)
Updating files:  80% (1168/1442)
Updating files:  81% (1169/1442)
Updating files:  82% (1183/1442)
Updating files:  83% (1197/1442)
Updating files:  84% (1212/1442)
Updating files:  85% (1226/1442)
Updating files:  86% (1241/1442)
Updating files:  87% (1255/1442)
Updating files:  88% (1269/1442)
Updating files:  89% (1284/1442)
Updating files:  90% (1298/1442)
Updating files:  91% (1313/1442)
Updating files:  91% (1324/1442)
Updating files:  92% (1327/1442)
Updating files:  93% (1342/1442)
Updating files:  94% (1356/1442)
Updating files:  95% (1370/1442)
Updating files:  96% (1385/1442)
Updating files:  97% (1399/1442)
Updating files:  98% (1414/1442)
Updating files:  99% (1428/1442)
Updating files: 100% (1442/1442)
Updating files: 100% (1442/1442), done.
[INFO] validating manifest of git repo https://github.com/Andy-Waine/rust-actix on toolchain 1.75.0
[INFO] running `Command { std: CARGO_HOME="/workspace/cargo-home" RUSTUP_HOME="/workspace/rustup-home" "/workspace/cargo-home/bin/cargo" "+1.75.0" "metadata" "--manifest-path" "Cargo.toml" "--no-deps", kill_on_drop: false }`
[INFO] started tweaking git repo https://github.com/Andy-Waine/rust-actix
[INFO] finished tweaking git repo https://github.com/Andy-Waine/rust-actix
[INFO] tweaked toml for git repo https://github.com/Andy-Waine/rust-actix written to /workspace/builds/worker-4-tc1/source/Cargo.toml
[INFO] crate git repo https://github.com/Andy-Waine/rust-actix already has a lockfile, it will not be regenerated
[INFO] running `Command { std: CARGO_HOME="/workspace/cargo-home" RUSTUP_HOME="/workspace/rustup-home" "/workspace/cargo-home/bin/cargo" "+1.75.0" "fetch" "--manifest-path" "Cargo.toml", kill_on_drop: false }`
[INFO] running `Command { std: "docker" "create" "-v" "/var/lib/crater-agent-workspace/builds/worker-4-tc1/target:/opt/rustwide/target:rw,Z" "-v" "/var/lib/crater-agent-workspace/builds/worker-4-tc1/source:/opt/rustwide/workdir:ro,Z" "-v" "/var/lib/crater-agent-workspace/cargo-home:/opt/rustwide/cargo-home:ro,Z" "-v" "/var/lib/crater-agent-workspace/rustup-home:/opt/rustwide/rustup-home:ro,Z" "-e" "SOURCE_DIR=/opt/rustwide/workdir" "-e" "CARGO_TARGET_DIR=/opt/rustwide/target" "-e" "CARGO_HOME=/opt/rustwide/cargo-home" "-e" "RUSTUP_HOME=/opt/rustwide/rustup-home" "-w" "/opt/rustwide/workdir" "-m" "1610612736" "--user" "0:0" "--network" "none" "ghcr.io/rust-lang/crates-build-env/linux@sha256:2788e3201cd34a07e3172128adcd8b3090168a8e3bcc40d7c032b9dda1df7d1c" "/opt/rustwide/cargo-home/bin/cargo" "+1.75.0" "metadata" "--no-deps" "--format-version=1", kill_on_drop: false }`
[INFO] [stdout] 685364807ae9119245a4e274078c3c53306f647bbd004f1a7d836d4f229b1f25
[INFO] running `Command { std: "docker" "start" "-a" "685364807ae9119245a4e274078c3c53306f647bbd004f1a7d836d4f229b1f25", kill_on_drop: false }`
[INFO] running `Command { std: "docker" "inspect" "685364807ae9119245a4e274078c3c53306f647bbd004f1a7d836d4f229b1f25", kill_on_drop: false }`
[INFO] running `Command { std: "docker" "rm" "-f" "685364807ae9119245a4e274078c3c53306f647bbd004f1a7d836d4f229b1f25", kill_on_drop: false }`
[INFO] [stdout] 685364807ae9119245a4e274078c3c53306f647bbd004f1a7d836d4f229b1f25
[INFO] running `Command { std: "docker" "create" "-v" "/var/lib/crater-agent-workspace/builds/worker-4-tc1/target:/opt/rustwide/target:rw,Z" "-v" "/var/lib/crater-agent-workspace/builds/worker-4-tc1/source:/opt/rustwide/workdir:ro,Z" "-v" "/var/lib/crater-agent-workspace/cargo-home:/opt/rustwide/cargo-home:ro,Z" "-v" "/var/lib/crater-agent-workspace/rustup-home:/opt/rustwide/rustup-home:ro,Z" "-e" "SOURCE_DIR=/opt/rustwide/workdir" "-e" "CARGO_TARGET_DIR=/opt/rustwide/target" "-e" "CARGO_INCREMENTAL=0" "-e" "RUST_BACKTRACE=full" "-e" "RUSTFLAGS=--cap-lints=warn" "-e" "RUSTDOCFLAGS=--cap-lints=warn" "-e" "CARGO_HOME=/opt/rustwide/cargo-home" "-e" "RUSTUP_HOME=/opt/rustwide/rustup-home" "-w" "/opt/rustwide/workdir" "-m" "1610612736" "--user" "0:0" "--network" "none" "ghcr.io/rust-lang/crates-build-env/linux@sha256:2788e3201cd34a07e3172128adcd8b3090168a8e3bcc40d7c032b9dda1df7d1c" "/opt/rustwide/cargo-home/bin/cargo" "+1.75.0" "build" "--frozen" "--message-format=json", kill_on_drop: false }`
[INFO] [stdout] fb50cdab6268897e7f4b29cbf615e0f32b371a6a1e4edac22db73c277eea6d34
[INFO] running `Command { std: "docker" "start" "-a" "fb50cdab6268897e7f4b29cbf615e0f32b371a6a1e4edac22db73c277eea6d34", kill_on_drop: false }`
[INFO] [stderr]    Compiling libc v0.2.141
[INFO] [stderr]    Compiling syn v1.0.109
[INFO] [stderr]    Compiling memchr v2.5.0
[INFO] [stderr]    Compiling log v0.4.17
[INFO] [stderr]    Compiling futures-channel v0.3.28
[INFO] [stderr]    Compiling futures-task v0.3.28
[INFO] [stderr]    Compiling futures-util v0.3.28
[INFO] [stderr]    Compiling bytes v0.5.6
[INFO] [stderr]    Compiling pin-project-lite v0.1.12
[INFO] [stderr]    Compiling futures-io v0.3.28
[INFO] [stderr]    Compiling pin-project-internal v0.4.30
[INFO] [stderr]    Compiling syn v2.0.13
[INFO] [stderr]    Compiling parking_lot_core v0.8.6
[INFO] [stderr]    Compiling instant v0.1.12
[INFO] [stderr]    Compiling getrandom v0.1.16
[INFO] [stderr]    Compiling unicode-normalization v0.1.22
[INFO] [stderr]    Compiling standback v0.2.17
[INFO] [stderr]    Compiling typenum v1.16.0
[INFO] [stderr]    Compiling copyless v0.1.5
[INFO] [stderr]    Compiling proc-macro-hack v0.5.20+deprecated
[INFO] [stderr]    Compiling generic-array v0.14.7
[INFO] [stderr]    Compiling ppv-lite86 v0.2.17
[INFO] [stderr]    Compiling quick-error v1.2.3
[INFO] [stderr]    Compiling async-trait v0.1.68
[INFO] [stderr]    Compiling either v1.8.1
[INFO] [stderr]    Compiling thiserror v1.0.40
[INFO] [stderr]    Compiling match_cfg v0.1.0
[INFO] [stderr]    Compiling const_fn v0.4.9
[INFO] [stderr]    Compiling matches v0.1.10
[INFO] [stderr]    Compiling tracing-core v0.1.30
[INFO] [stderr]    Compiling time v0.2.27
[INFO] [stderr]    Compiling indexmap v1.9.3
[INFO] [stderr]    Compiling regex-syntax v0.6.29
[INFO] [stderr]    Compiling idna v0.3.0
[INFO] [stderr]    Compiling idna v0.2.3
[INFO] [stderr]    Compiling alloc-no-stdlib v2.0.4
[INFO] [stderr]    Compiling linked-hash-map v0.5.6
[INFO] [stderr]    Compiling alloc-stdlib v0.2.2
[INFO] [stderr]    Compiling cookie v0.14.4
[INFO] [stderr]    Compiling aho-corasick v0.7.20
[INFO] [stderr]    Compiling serde_json v1.0.95
[INFO] [stderr]    Compiling lru-cache v0.1.2
[INFO] [stderr]    Compiling miniz_oxide v0.6.2
[INFO] [stderr]    Compiling tracing v0.1.37
[INFO] [stderr]    Compiling iovec v0.1.4
[INFO] [stderr]    Compiling net2 v0.2.38
[INFO] [stderr]    Compiling signal-hook-registry v1.4.1
[INFO] [stderr]    Compiling num_cpus v1.15.0
[INFO] [stderr]    Compiling mio v0.6.23
[INFO] [stderr]    Compiling threadpool v1.8.1
[INFO] [stderr]    Compiling parking_lot v0.11.2
[INFO] [stderr]    Compiling url v2.3.1
[INFO] [stderr]    Compiling rand_core v0.5.1
[INFO] [stderr]    Compiling hostname v0.3.1
[INFO] [stderr]    Compiling brotli-decompressor v2.3.4
[INFO] [stderr]    Compiling cpufeatures v0.2.6
[INFO] [stderr]    Compiling resolv-conf v0.7.0
[INFO] [stderr]    Compiling byteorder v1.4.3
[INFO] [stderr]    Compiling flate2 v1.0.25
[INFO] [stderr]    Compiling rand_chacha v0.2.2
[INFO] [stderr]    Compiling socket2 v0.3.19
[INFO] [stderr]    Compiling base64 v0.13.1
[INFO] [stderr]    Compiling language-tags v0.2.2
[INFO] [stderr]    Compiling block-buffer v0.9.0
[INFO] [stderr]    Compiling mio-uds v0.6.8
[INFO] [stderr]    Compiling rand v0.7.3
[INFO] [stderr]    Compiling digest v0.9.0
[INFO] [stderr]    Compiling sha-1 v0.9.8
[INFO] [stderr]    Compiling tokio v0.2.25
[INFO] [stderr]    Compiling fxhash v0.2.1
[INFO] [stderr]    Compiling itoa v0.4.8
[INFO] [stderr]    Compiling bytestring v1.3.0
[INFO] [stderr]    Compiling atty v0.2.14
[INFO] [stderr]    Compiling humantime v1.3.0
[INFO] [stderr]    Compiling termcolor v1.2.0
[INFO] [stderr]    Compiling regex v1.7.3
[INFO] [stderr]    Compiling brotli v3.3.4
[INFO] [stderr]    Compiling env_logger v0.7.1
[INFO] [stderr]    Compiling futures-macro v0.3.28
[INFO] [stderr]    Compiling thiserror-impl v1.0.40
[INFO] [stderr]    Compiling serde_derive v1.0.159
[INFO] [stderr]    Compiling tokio-util v0.3.1
[INFO] [stderr]    Compiling derive_more v0.99.17
[INFO] [stderr]    Compiling actix-macros v0.1.3
[INFO] [stderr]    Compiling time-macros-impl v0.1.2
[INFO] [stderr]    Compiling pin-project-internal v1.0.12
[INFO] [stderr]    Compiling enum-as-inner v0.3.4
[INFO] [stderr]    Compiling actix-web-codegen v0.4.0
[INFO] [stderr]    Compiling time-macros v0.1.1
[INFO] [stderr]    Compiling pin-project v1.0.12
[INFO] [stderr]    Compiling tracing-futures v0.2.5
[INFO] [stderr]    Compiling pin-project v0.4.30
[INFO] [stderr]    Compiling actix-codec v0.3.0
[INFO] [stderr]    Compiling serde v1.0.159
[INFO] [stderr]    Compiling actix-service v1.0.6
[INFO] [stderr]    Compiling futures v0.3.28
[INFO] [stderr]    Compiling h2 v0.2.7
[INFO] [stderr]    Compiling trust-dns-proto v0.19.7
[INFO] [stderr]    Compiling actix-threadpool v0.3.3
[INFO] [stderr]    Compiling actix-rt v1.1.1
[INFO] [stderr]    Compiling actix-utils v2.0.0
[INFO] [stderr]    Compiling actix-server v1.0.4
[INFO] [stderr]    Compiling actix-tls v2.0.0
[INFO] [stderr]    Compiling trust-dns-resolver v0.19.7
[INFO] [stderr]    Compiling actix-testing v1.0.1
[INFO] [stderr]    Compiling actix-connect v2.0.0
[INFO] [stderr]    Compiling serde_urlencoded v0.7.1
[INFO] [stderr]    Compiling actix-router v0.2.7
[INFO] [stderr]    Compiling actix-http v2.2.2
[INFO] [stderr]    Compiling awc v2.0.3
[INFO] [stderr]    Compiling actix-web v3.3.3
[INFO] [stderr]    Compiling ActixWebTaskService v0.1.0 (/opt/rustwide/workdir)
[INFO] [stdout] error[E0433]: failed to resolve: use of undeclared crate or module `controllers`
[INFO] [stdout]  --> src/routes.rs:7:35
[INFO] [stdout]   |
[INFO] [stdout] 7 |             .route(web::post().to(controllers::game_controller::start_game))
[INFO] [stdout]   |                                   ^^^^^^^^^^^ use of undeclared crate or module `controllers`
[INFO] [stdout] 
[INFO] [stdout] 
[INFO] [stdout] error[E0433]: failed to resolve: use of undeclared crate or module `controllers`
[INFO] [stdout]  --> src/routes.rs:8:34
[INFO] [stdout]   |
[INFO] [stdout] 8 |             .route(web::get().to(controllers::game_controller::get_game_state))
[INFO] [stdout]   |                                  ^^^^^^^^^^^ use of undeclared crate or module `controllers`
[INFO] [stdout] 
[INFO] [stdout] 
[INFO] [stdout] error[E0433]: failed to resolve: use of undeclared crate or module `controllers`
[INFO] [stdout]  --> src/routes.rs:9:34
[INFO] [stdout]   |
[INFO] [stdout] 9 |             .route(web::put().to(controllers::game_controller::make_move))
[INFO] [stdout]   |                                  ^^^^^^^^^^^ use of undeclared crate or module `controllers`
[INFO] [stdout] 
[INFO] [stdout] 
[INFO] [stdout] error[E0433]: failed to resolve: use of undeclared crate or module `controllers`
[INFO] [stdout]   --> src/routes.rs:10:37
[INFO] [stdout]    |
[INFO] [stdout] 10 |             .route(web::delete().to(controllers::game_controller::end_game)),
[INFO] [stdout]    |                                     ^^^^^^^^^^^ use of undeclared crate or module `controllers`
[INFO] [stdout] 
[INFO] [stdout] 
[INFO] [stdout] error[E0422]: cannot find struct, variant or union type `Card` in this scope
[INFO] [stdout]   --> src/blackjack_controller.rs:18:32
[INFO] [stdout]    |
[INFO] [stdout] 18 |                     let card = Card{
[INFO] [stdout]    |                                ^^^^ not found in this scope
[INFO] [stdout]    |
[INFO] [stdout] help: consider importing this struct
[INFO] [stdout]    |
[INFO] [stdout] 1  + use crate::models::Card;
[INFO] [stdout]    |
[INFO] [stdout] 
[INFO] [stdout] 
[INFO] [stdout] error[E0422]: cannot find struct, variant or union type `Card` in this scope
[INFO] [stdout]   --> src/blackjack_controller.rs:25:32
[INFO] [stdout]    |
[INFO] [stdout] 25 |                     let card = Card{
[INFO] [stdout]    |                                ^^^^ not found in this scope
[INFO] [stdout]    |
[INFO] [stdout] help: consider importing this struct
[INFO] [stdout]    |
[INFO] [stdout] 1  + use crate::models::Card;
[INFO] [stdout]    |
[INFO] [stdout] 
[INFO] [stdout] 
[INFO] [stdout] error[E0422]: cannot find struct, variant or union type `Card` in this scope
[INFO] [stdout]   --> src/blackjack_controller.rs:32:32
[INFO] [stdout]    |
[INFO] [stdout] 32 |                     let card = Card{
[INFO] [stdout]    |                                ^^^^ not found in this scope
[INFO] [stdout]    |
[INFO] [stdout] help: consider importing this struct
[INFO] [stdout]    |
[INFO] [stdout] 1  + use crate::models::Card;
[INFO] [stdout]    |
[INFO] [stdout] 
[INFO] [stdout] 
[INFO] [stdout] error[E0422]: cannot find struct, variant or union type `Card` in this scope
[INFO] [stdout]   --> src/blackjack_controller.rs:39:32
[INFO] [stdout]    |
[INFO] [stdout] 39 |                     let card = Card{
[INFO] [stdout]    |                                ^^^^ not found in this scope
[INFO] [stdout]    |
[INFO] [stdout] help: consider importing this struct
[INFO] [stdout]    |
[INFO] [stdout] 1  + use crate::models::Card;
[INFO] [stdout]    |
[INFO] [stdout] 
[INFO] [stdout] 
[INFO] [stdout] error[E0425]: cannot find function `thread_rng` in this scope
[INFO] [stdout]   --> src/blackjack_controller.rs:51:23
[INFO] [stdout]    |
[INFO] [stdout] 51 |     deck.shuffle(&mut thread_rng());
[INFO] [stdout]    |                       ^^^^^^^^^^ not found in this scope
[INFO] [stdout]    |
[INFO] [stdout] help: consider importing this function
[INFO] [stdout]    |
[INFO] [stdout] 1  + use rand::thread_rng;
[INFO] [stdout]    |
[INFO] [stdout] 
[INFO] [stdout] 
[INFO] [stdout] error[E0412]: cannot find type `Player` in this scope
[INFO] [stdout]   --> src/routes.rs:28:63
[INFO] [stdout]    |
[INFO] [stdout] 28 | pub fn make_move(state: web::Data<GameState>, data: web::Json<Player>) -> HttpResponse {
[INFO] [stdout]    |                                                               ^^^^^^ not found in this scope
[INFO] [stdout]    |
[INFO] [stdout] help: consider importing this struct
[INFO] [stdout]    |
[INFO] [stdout] 1  + use crate::models::Player;
[INFO] [stdout]    |
[INFO] [stdout] 
[INFO] [stdout] 
[INFO] [stdout] error[E0433]: failed to resolve: use of undeclared crate or module `middleware`
[INFO] [stdout]  --> src/server.rs:6:19
[INFO] [stdout]   |
[INFO] [stdout] 6 |             .wrap(middleware::Logger::default())
[INFO] [stdout]   |                   ^^^^^^^^^^ use of undeclared crate or module `middleware`
[INFO] [stdout]   |
[INFO] [stdout] help: consider importing one of these items
[INFO] [stdout]   |
[INFO] [stdout] 1 + use actix_web::middleware::Logger;
[INFO] [stdout]   |
[INFO] [stdout] 1 + use env_logger::Logger;
[INFO] [stdout]   |
[INFO] [stdout] help: if you import `Logger`, refer to it directly
[INFO] [stdout]   |
[INFO] [stdout] 6 -             .wrap(middleware::Logger::default())
[INFO] [stdout] 6 +             .wrap(Logger::default())
[INFO] [stdout]   |
[INFO] [stdout] 
[INFO] [stdout] 
[INFO] [stdout] error[E0433]: failed to resolve: use of undeclared crate or module `routes`
[INFO] [stdout]  --> src/server.rs:7:24
[INFO] [stdout]   |
[INFO] [stdout] 7 |             .configure(routes::game_routes)
[INFO] [stdout]   |                        ^^^^^^ use of undeclared crate or module `routes`
[INFO] [stdout]   |
[INFO] [stdout] help: consider importing this module
[INFO] [stdout]   |
[INFO] [stdout] 1 + use crate::routes;
[INFO] [stdout]   |
[INFO] [stdout] 
[INFO] [stdout] 
[INFO] [stdout] error[E0433]: failed to resolve: use of undeclared crate or module `env`
[INFO] [stdout]   --> src/server.rs:10:31
[INFO] [stdout]    |
[INFO] [stdout] 10 |     server = if let Some(l) = env::var("LISTEN_ADDRESS").ok() {
[INFO] [stdout]    |                               ^^^ use of undeclared crate or module `env`
[INFO] [stdout]    |
[INFO] [stdout] help: consider importing this module
[INFO] [stdout]    |
[INFO] [stdout] 1  + use std::env;
[INFO] [stdout]    |
[INFO] [stdout] 
[INFO] [stdout] 
[INFO] [stdout] error[E0433]: failed to resolve: use of undeclared crate or module `web`
[INFO] [stdout]  --> src/lib.rs:6:35
[INFO] [stdout]   |
[INFO] [stdout] 6 | pub fn blackjack_routes(cfg: &mut web::ServiceConfig) {
[INFO] [stdout]   |                                   ^^^ use of undeclared crate or module `web`
[INFO] [stdout]   |
[INFO] [stdout] help: consider importing this module
[INFO] [stdout]   |
[INFO] [stdout] 1 + use actix_web::web;
[INFO] [stdout]   |
[INFO] [stdout] 
[INFO] [stdout] 
[INFO] [stdout] error[E0433]: failed to resolve: use of undeclared crate or module `web`
[INFO] [stdout]  --> src/lib.rs:8:9
[INFO] [stdout]   |
[INFO] [stdout] 8 |         web::resource("/blackjack")
[INFO] [stdout]   |         ^^^ use of undeclared crate or module `web`
[INFO] [stdout]   |
[INFO] [stdout] help: consider importing this module
[INFO] [stdout]   |
[INFO] [stdout] 1 + use actix_web::web;
[INFO] [stdout]   |
[INFO] [stdout] 
[INFO] [stdout] 
[INFO] [stdout] error[E0433]: failed to resolve: use of undeclared crate or module `web`
[INFO] [stdout]  --> src/lib.rs:9:20
[INFO] [stdout]   |
[INFO] [stdout] 9 |             .route(web::post().to(blackjack_controller::start_game))
[INFO] [stdout]   |                    ^^^ use of undeclared crate or module `web`
[INFO] [stdout]   |
[INFO] [stdout] help: consider importing this module
[INFO] [stdout]   |
[INFO] [stdout] 1 + use actix_web::web;
[INFO] [stdout]   |
[INFO] [stdout] 
[INFO] [stdout] 
[INFO] [stdout] error[E0433]: failed to resolve: use of undeclared crate or module `web`
[INFO] [stdout]   --> src/lib.rs:10:20
[INFO] [stdout]    |
[INFO] [stdout] 10 |             .route(web::get().to(blackjack_controller::get_game_state))
[INFO] [stdout]    |                    ^^^ use of undeclared crate or module `web`
[INFO] [stdout]    |
[INFO] [stdout] help: consider importing this module
[INFO] [stdout]    |
[INFO] [stdout] 1  + use actix_web::web;
[INFO] [stdout]    |
[INFO] [stdout] 
[INFO] [stdout] 
[INFO] [stdout] error[E0433]: failed to resolve: use of undeclared crate or module `web`
[INFO] [stdout]   --> src/lib.rs:11:20
[INFO] [stdout]    |
[INFO] [stdout] 11 |             .route(web::put().to(blackjack_controller::make_move)),
[INFO] [stdout]    |                    ^^^ use of undeclared crate or module `web`
[INFO] [stdout]    |
[INFO] [stdout] help: consider importing this module
[INFO] [stdout]    |
[INFO] [stdout] 1  + use actix_web::web;
[INFO] [stdout]    |
[INFO] [stdout] 
[INFO] [stdout] 
[INFO] [stdout] error[E0277]: the trait bound `GameState: serde::ser::Serialize` is not satisfied
[INFO] [stdout]    --> src/blackjack_controller.rs:65:29
[INFO] [stdout]     |
[INFO] [stdout] 65  |     HttpResponse::Ok().json(game_state)
[INFO] [stdout]     |                        ---- ^^^^^^^^^^ the trait `serde::ser::Serialize` is not implemented for `GameState`
[INFO] [stdout]     |                        |
[INFO] [stdout]     |                        required by a bound introduced by this call
[INFO] [stdout]     |
[INFO] [stdout]     = help: the following other types implement trait `serde::ser::Serialize`:
[INFO] [stdout]               bool
[INFO] [stdout]               char
[INFO] [stdout]               isize
[INFO] [stdout]               i8
[INFO] [stdout]               i16
[INFO] [stdout]               i32
[INFO] [stdout]               i64
[INFO] [stdout]               i128
[INFO] [stdout]             and 127 others
[INFO] [stdout] note: required by a bound in `HttpResponseBuilder::json`
[INFO] [stdout]    --> /opt/rustwide/cargo-home/registry/src/index.crates.io-6f17d22bba15001f/actix-http-2.2.2/src/response.rs:647:20
[INFO] [stdout]     |
[INFO] [stdout] 647 |     pub fn json<T: Serialize>(&mut self, value: T) -> Response {
[INFO] [stdout]     |                    ^^^^^^^^^ required by this bound in `HttpResponseBuilder::json`
[INFO] [stdout] 
[INFO] [stdout] 
[INFO] [stdout] error[E0277]: the trait bound `Data<GameState>: serde::ser::Serialize` is not satisfied
[INFO] [stdout]    --> src/blackjack_controller.rs:69:29
[INFO] [stdout]     |
[INFO] [stdout] 69  |     HttpResponse::Ok().json(state)
[INFO] [stdout]     |                        ---- ^^^^^ the trait `serde::ser::Serialize` is not implemented for `Data<GameState>`
[INFO] [stdout]     |                        |
[INFO] [stdout]     |                        required by a bound introduced by this call
[INFO] [stdout]     |
[INFO] [stdout]     = help: the following other types implement trait `serde::ser::Serialize`:
[INFO] [stdout]               bool
[INFO] [stdout]               char
[INFO] [stdout]               isize
[INFO] [stdout]               i8
[INFO] [stdout]               i16
[INFO] [stdout]               i32
[INFO] [stdout]               i64
[INFO] [stdout]               i128
[INFO] [stdout]             and 127 others
[INFO] [stdout] note: required by a bound in `HttpResponseBuilder::json`
[INFO] [stdout]    --> /opt/rustwide/cargo-home/registry/src/index.crates.io-6f17d22bba15001f/actix-http-2.2.2/src/response.rs:647:20
[INFO] [stdout]     |
[INFO] [stdout] 647 |     pub fn json<T: Serialize>(&mut self, value: T) -> Response {
[INFO] [stdout]     |                    ^^^^^^^^^ required by this bound in `HttpResponseBuilder::json`
[INFO] [stdout] 
[INFO] [stdout] 
[INFO] [stdout] error[E0277]: the trait bound `Data<GameState>: serde::ser::Serialize` is not satisfied
[INFO] [stdout]    --> src/blackjack_controller.rs:96:29
[INFO] [stdout]     |
[INFO] [stdout] 96  |     HttpResponse::Ok().json(state)
[INFO] [stdout]     |                        ---- ^^^^^ the trait `serde::ser::Serialize` is not implemented for `Data<GameState>`
[INFO] [stdout]     |                        |
[INFO] [stdout]     |                        required by a bound introduced by this call
[INFO] [stdout]     |
[INFO] [stdout]     = help: the following other types implement trait `serde::ser::Serialize`:
[INFO] [stdout]               bool
[INFO] [stdout]               char
[INFO] [stdout]               isize
[INFO] [stdout]               i8
[INFO] [stdout]               i16
[INFO] [stdout]               i32
[INFO] [stdout]               i64
[INFO] [stdout]               i128
[INFO] [stdout]             and 127 others
[INFO] [stdout] note: required by a bound in `HttpResponseBuilder::json`
[INFO] [stdout]    --> /opt/rustwide/cargo-home/registry/src/index.crates.io-6f17d22bba15001f/actix-http-2.2.2/src/response.rs:647:20
[INFO] [stdout]     |
[INFO] [stdout] 647 |     pub fn json<T: Serialize>(&mut self, value: T) -> Response {
[INFO] [stdout]     |                    ^^^^^^^^^ required by this bound in `HttpResponseBuilder::json`
[INFO] [stdout] 
[INFO] [stdout] 
[INFO] [stdout] error[E0277]: the trait bound `GameState: serde::ser::Serialize` is not satisfied
[INFO] [stdout]    --> src/routes.rs:21:29
[INFO] [stdout]     |
[INFO] [stdout] 21  |     HttpResponse::Ok().json(state)
[INFO] [stdout]     |                        ---- ^^^^^ the trait `serde::ser::Serialize` is not implemented for `GameState`
[INFO] [stdout]     |                        |
[INFO] [stdout]     |                        required by a bound introduced by this call
[INFO] [stdout]     |
[INFO] [stdout]     = help: the following other types implement trait `serde::ser::Serialize`:
[INFO] [stdout]               bool
[INFO] [stdout]               char
[INFO] [stdout]               isize
[INFO] [stdout]               i8
[INFO] [stdout]               i16
[INFO] [stdout]               i32
[INFO] [stdout]               i64
[INFO] [stdout]               i128
[INFO] [stdout]             and 127 others
[INFO] [stdout] note: required by a bound in `HttpResponseBuilder::json`
[INFO] [stdout]    --> /opt/rustwide/cargo-home/registry/src/index.crates.io-6f17d22bba15001f/actix-http-2.2.2/src/response.rs:647:20
[INFO] [stdout]     |
[INFO] [stdout] 647 |     pub fn json<T: Serialize>(&mut self, value: T) -> Response {
[INFO] [stdout]     |                    ^^^^^^^^^ required by this bound in `HttpResponseBuilder::json`
[INFO] [stdout] 
[INFO] [stdout] 
[INFO] [stdout] error[E0277]: the trait bound `Data<GameState>: serde::ser::Serialize` is not satisfied
[INFO] [stdout]    --> src/routes.rs:25:29
[INFO] [stdout]     |
[INFO] [stdout] 25  |     HttpResponse::Ok().json(state)
[INFO] [stdout]     |                        ---- ^^^^^ the trait `serde::ser::Serialize` is not implemented for `Data<GameState>`
[INFO] [stdout]     |                        |
[INFO] [stdout]     |                        required by a bound introduced by this call
[INFO] [stdout]     |
[INFO] [stdout]     = help: the following other types implement trait `serde::ser::Serialize`:
[INFO] [stdout]               bool
[INFO] [stdout]               char
[INFO] [stdout]               isize
[INFO] [stdout]               i8
[INFO] [stdout]               i16
[INFO] [stdout]               i32
[INFO] [stdout]               i64
[INFO] [stdout]               i128
[INFO] [stdout]             and 127 others
[INFO] [stdout] note: required by a bound in `HttpResponseBuilder::json`
[INFO] [stdout]    --> /opt/rustwide/cargo-home/registry/src/index.crates.io-6f17d22bba15001f/actix-http-2.2.2/src/response.rs:647:20
[INFO] [stdout]     |
[INFO] [stdout] 647 |     pub fn json<T: Serialize>(&mut self, value: T) -> Response {
[INFO] [stdout]     |                    ^^^^^^^^^ required by this bound in `HttpResponseBuilder::json`
[INFO] [stdout] 
[INFO] [stdout] 
[INFO] [stdout] error[E0277]: the trait bound `Data<GameState>: serde::ser::Serialize` is not satisfied
[INFO] [stdout]    --> src/routes.rs:51:29
[INFO] [stdout]     |
[INFO] [stdout] 51  |     HttpResponse::Ok().json(state)
[INFO] [stdout]     |                        ---- ^^^^^ the trait `serde::ser::Serialize` is not implemented for `Data<GameState>`
[INFO] [stdout]     |                        |
[INFO] [stdout]     |                        required by a bound introduced by this call
[INFO] [stdout]     |
[INFO] [stdout]     = help: the following other types implement trait `serde::ser::Serialize`:
[INFO] [stdout]               bool
[INFO] [stdout]               char
[INFO] [stdout]               isize
[INFO] [stdout]               i8
[INFO] [stdout]               i16
[INFO] [stdout]               i32
[INFO] [stdout]               i64
[INFO] [stdout]               i128
[INFO] [stdout]             and 127 others
[INFO] [stdout] note: required by a bound in `HttpResponseBuilder::json`
[INFO] [stdout]    --> /opt/rustwide/cargo-home/registry/src/index.crates.io-6f17d22bba15001f/actix-http-2.2.2/src/response.rs:647:20
[INFO] [stdout]     |
[INFO] [stdout] 647 |     pub fn json<T: Serialize>(&mut self, value: T) -> Response {
[INFO] [stdout]     |                    ^^^^^^^^^ required by this bound in `HttpResponseBuilder::json`
[INFO] [stdout] 
[INFO] [stdout] 
[INFO] [stdout] error: aborting due to 24 previous errors
[INFO] [stdout] 
[INFO] [stdout] 
[INFO] [stdout] Some errors have detailed explanations: E0277, E0412, E0422, E0425, E0433.
[INFO] [stdout] 
[INFO] [stdout] For more information about an error, try `rustc --explain E0277`.
[INFO] [stdout] 
[INFO] [stderr] error: could not compile `ActixWebTaskService` (lib) due to 25 previous errors
[INFO] [stderr] warning: build failed, waiting for other jobs to finish...
[INFO] running `Command { std: "docker" "inspect" "fb50cdab6268897e7f4b29cbf615e0f32b371a6a1e4edac22db73c277eea6d34", kill_on_drop: false }`
[INFO] running `Command { std: "docker" "rm" "-f" "fb50cdab6268897e7f4b29cbf615e0f32b371a6a1e4edac22db73c277eea6d34", kill_on_drop: false }`
[INFO] [stdout] fb50cdab6268897e7f4b29cbf615e0f32b371a6a1e4edac22db73c277eea6d34
