[INFO] cloning repository https://github.com/AndrewJiao/excel_parser
[INFO] running `Command { std: "git" "-c" "credential.helper=" "-c" "credential.helper=/workspace/cargo-home/bin/git-credential-null" "clone" "--bare" "https://github.com/AndrewJiao/excel_parser" "/workspace/cache/git-repos/https%3A%2F%2Fgithub.com%2FAndrewJiao%2Fexcel_parser", kill_on_drop: false }`
[INFO] [stderr] Cloning into bare repository '/workspace/cache/git-repos/https%3A%2F%2Fgithub.com%2FAndrewJiao%2Fexcel_parser'...
[INFO] running `Command { std: "git" "rev-parse" "HEAD", kill_on_drop: false }`
[INFO] [stdout] 017dea54b4038027c3476b5290f3075c6677a5d8
[INFO] testing AndrewJiao/excel_parser against 1.75.0 for beta-1.76-1
[INFO] running `Command { std: "git" "clone" "/workspace/cache/git-repos/https%3A%2F%2Fgithub.com%2FAndrewJiao%2Fexcel_parser" "/workspace/builds/worker-3-tc1/source", kill_on_drop: false }`
[INFO] [stderr] Cloning into '/workspace/builds/worker-3-tc1/source'...
[INFO] [stderr] done.
[INFO] validating manifest of git repo https://github.com/AndrewJiao/excel_parser on toolchain 1.75.0
[INFO] running `Command { std: CARGO_HOME="/workspace/cargo-home" RUSTUP_HOME="/workspace/rustup-home" "/workspace/cargo-home/bin/cargo" "+1.75.0" "metadata" "--manifest-path" "Cargo.toml" "--no-deps", kill_on_drop: false }`
[INFO] started tweaking git repo https://github.com/AndrewJiao/excel_parser
[INFO] finished tweaking git repo https://github.com/AndrewJiao/excel_parser
[INFO] tweaked toml for git repo https://github.com/AndrewJiao/excel_parser written to /workspace/builds/worker-3-tc1/source/Cargo.toml
[INFO] crate git repo https://github.com/AndrewJiao/excel_parser already has a lockfile, it will not be regenerated
[INFO] running `Command { std: CARGO_HOME="/workspace/cargo-home" RUSTUP_HOME="/workspace/rustup-home" "/workspace/cargo-home/bin/cargo" "+1.75.0" "fetch" "--manifest-path" "Cargo.toml", kill_on_drop: false }`
[INFO] [stderr]     Updating crates.io index
[INFO] [stderr]  Downloading crates ...
[INFO] [stderr]   Downloaded jsonpath v0.1.1
[INFO] [stderr]   Downloaded pest_derive v1.0.8
[INFO] [stderr]   Downloaded codepage v0.1.1
[INFO] [stderr]   Downloaded pest v1.0.6
[INFO] [stderr]   Downloaded calamine v0.22.1
[INFO] running `Command { std: "docker" "create" "-v" "/var/lib/crater-agent-workspace/builds/worker-3-tc1/target:/opt/rustwide/target:rw,Z" "-v" "/var/lib/crater-agent-workspace/builds/worker-3-tc1/source:/opt/rustwide/workdir:ro,Z" "-v" "/var/lib/crater-agent-workspace/cargo-home:/opt/rustwide/cargo-home:ro,Z" "-v" "/var/lib/crater-agent-workspace/rustup-home:/opt/rustwide/rustup-home:ro,Z" "-e" "SOURCE_DIR=/opt/rustwide/workdir" "-e" "CARGO_TARGET_DIR=/opt/rustwide/target" "-e" "CARGO_HOME=/opt/rustwide/cargo-home" "-e" "RUSTUP_HOME=/opt/rustwide/rustup-home" "-w" "/opt/rustwide/workdir" "-m" "1610612736" "--user" "0:0" "--network" "none" "ghcr.io/rust-lang/crates-build-env/linux@sha256:2788e3201cd34a07e3172128adcd8b3090168a8e3bcc40d7c032b9dda1df7d1c" "/opt/rustwide/cargo-home/bin/cargo" "+1.75.0" "metadata" "--no-deps" "--format-version=1", kill_on_drop: false }`
[INFO] [stdout] b47af90fb50704fb035199f33b5d49a482432440dee0486f655a5729a0c91e6d
[INFO] running `Command { std: "docker" "start" "-a" "b47af90fb50704fb035199f33b5d49a482432440dee0486f655a5729a0c91e6d", kill_on_drop: false }`
[INFO] running `Command { std: "docker" "inspect" "b47af90fb50704fb035199f33b5d49a482432440dee0486f655a5729a0c91e6d", kill_on_drop: false }`
[INFO] running `Command { std: "docker" "rm" "-f" "b47af90fb50704fb035199f33b5d49a482432440dee0486f655a5729a0c91e6d", kill_on_drop: false }`
[INFO] [stdout] b47af90fb50704fb035199f33b5d49a482432440dee0486f655a5729a0c91e6d
[INFO] running `Command { std: "docker" "create" "-v" "/var/lib/crater-agent-workspace/builds/worker-3-tc1/target:/opt/rustwide/target:rw,Z" "-v" "/var/lib/crater-agent-workspace/builds/worker-3-tc1/source:/opt/rustwide/workdir:ro,Z" "-v" "/var/lib/crater-agent-workspace/cargo-home:/opt/rustwide/cargo-home:ro,Z" "-v" "/var/lib/crater-agent-workspace/rustup-home:/opt/rustwide/rustup-home:ro,Z" "-e" "SOURCE_DIR=/opt/rustwide/workdir" "-e" "CARGO_TARGET_DIR=/opt/rustwide/target" "-e" "CARGO_INCREMENTAL=0" "-e" "RUST_BACKTRACE=full" "-e" "RUSTFLAGS=--cap-lints=warn" "-e" "RUSTDOCFLAGS=--cap-lints=warn" "-e" "CARGO_HOME=/opt/rustwide/cargo-home" "-e" "RUSTUP_HOME=/opt/rustwide/rustup-home" "-w" "/opt/rustwide/workdir" "-m" "1610612736" "--user" "0:0" "--network" "none" "ghcr.io/rust-lang/crates-build-env/linux@sha256:2788e3201cd34a07e3172128adcd8b3090168a8e3bcc40d7c032b9dda1df7d1c" "/opt/rustwide/cargo-home/bin/cargo" "+1.75.0" "build" "--frozen" "--message-format=json", kill_on_drop: false }`
[INFO] [stdout] 803305ef20c2d6d11382eb55a69717c02e6358a859cc4cce404c40f76097a60c
[INFO] running `Command { std: "docker" "start" "-a" "803305ef20c2d6d11382eb55a69717c02e6358a859cc4cce404c40f76097a60c", kill_on_drop: false }`
[INFO] [stderr]    Compiling memchr v2.6.4
[INFO] [stderr]    Compiling libc v0.2.150
[INFO] [stderr]    Compiling proc-macro2 v1.0.69
[INFO] [stderr]    Compiling unicode-ident v1.0.12
[INFO] [stderr]    Compiling miniz_oxide v0.7.1
[INFO] [stderr]    Compiling serde v1.0.192
[INFO] [stderr]    Compiling gimli v0.28.0
[INFO] [stderr]    Compiling unicode-xid v0.0.4
[INFO] [stderr]    Compiling num-traits v0.2.17
[INFO] [stderr]    Compiling synom v0.11.3
[INFO] [stderr]    Compiling encoding_rs v0.8.33
[INFO] [stderr]    Compiling serde_json v1.0.108
[INFO] [stderr]    Compiling rustc-demangle v0.1.23
[INFO] [stderr]    Compiling quote v1.0.33
[INFO] [stderr]    Compiling cc v1.0.83
[INFO] [stderr]    Compiling object v0.32.1
[INFO] [stderr]    Compiling quote v0.3.15
[INFO] [stderr]    Compiling syn v2.0.39
[INFO] [stderr]    Compiling syn v0.11.11
[INFO] [stderr]    Compiling aho-corasick v1.1.2
[INFO] [stderr]    Compiling backtrace v0.3.69
[INFO] [stderr]    Compiling addr2line v0.21.0
[INFO] [stderr]    Compiling flate2 v1.0.28
[INFO] [stderr]    Compiling regex-syntax v0.8.2
[INFO] [stderr]    Compiling ryu v1.0.15
[INFO] [stderr]    Compiling itoa v1.0.9
[INFO] [stderr]    Compiling thiserror v1.0.50
[INFO] [stderr]    Compiling pest v1.0.6
[INFO] [stderr]    Compiling byteorder v1.5.0
[INFO] [stderr]    Compiling zip v0.6.6
[INFO] [stderr]    Compiling pest_derive v1.0.8
[INFO] [stderr]    Compiling thiserror-impl v1.0.50
[INFO] [stderr]    Compiling codepage v0.1.1
[INFO] [stderr]    Compiling quick-xml v0.30.0
[INFO] [stderr]    Compiling iana-time-zone v0.1.58
[INFO] [stderr]    Compiling regex-automata v0.4.3
[INFO] [stderr]    Compiling error-chain v0.11.0
[INFO] [stderr]    Compiling log v0.4.20
[INFO] [stderr]    Compiling calamine v0.22.1
[INFO] [stderr]    Compiling chrono v0.4.31
[INFO] [stderr]    Compiling dotenv v0.15.0
[INFO] [stderr]    Compiling jsonpath v0.1.1
[INFO] [stderr]    Compiling regex v1.10.2
[INFO] [stderr]    Compiling excel_parser v0.1.0 (/opt/rustwide/workdir)
[INFO] [stdout] warning: unused import: `std::any::Any`
[INFO] [stdout]  --> src/main.rs:1:5
[INFO] [stdout]   |
[INFO] [stdout] 1 | use std::any::Any;
[INFO] [stdout]   |     ^^^^^^^^^^^^^
[INFO] [stdout]   |
[INFO] [stdout]   = note: `#[warn(unused_imports)]` on by default
[INFO] [stdout] 
[INFO] [stdout] 
[INFO] [stdout] warning: unused import: `std::collections::HashMap`
[INFO] [stdout]  --> src/bin/parser_star.rs:3:5
[INFO] [stdout]   |
[INFO] [stdout] 3 | use std::collections::HashMap;
[INFO] [stdout]   |     ^^^^^^^^^^^^^^^^^^^^^^^^^
[INFO] [stdout]   |
[INFO] [stdout]   = note: `#[warn(unused_imports)]` on by default
[INFO] [stdout] 
[INFO] [stdout] 
[INFO] [stdout] warning: unused import: `std::error::Error`
[INFO] [stdout]  --> src/bin/parser_star.rs:5:5
[INFO] [stdout]   |
[INFO] [stdout] 5 | use std::error::Error;
[INFO] [stdout]   |     ^^^^^^^^^^^^^^^^^
[INFO] [stdout] 
[INFO] [stdout] 
[INFO] [stdout] warning: unused import: `crate::template::excel::ExcelParser`
[INFO] [stdout]  --> src/bin/parser_star.rs:9:5
[INFO] [stdout]   |
[INFO] [stdout] 9 | use crate::template::excel::ExcelParser;
[INFO] [stdout]   |     ^^^^^^^^^^^^^^^^^^^^^^^^^^^^^^^^^^^
[INFO] [stdout] 
[INFO] [stdout] 
[INFO] [stdout] warning: unused import: `crate::template::template_trait::Parser`
[INFO] [stdout]   --> src/bin/parser_star.rs:10:5
[INFO] [stdout]    |
[INFO] [stdout] 10 | use crate::template::template_trait::Parser;
[INFO] [stdout]    |     ^^^^^^^^^^^^^^^^^^^^^^^^^^^^^^^^^^^^^^^
[INFO] [stdout] 
[INFO] [stdout] 
[INFO] [stdout] warning: unused import: `std::ops::Deref`
[INFO] [stdout]  --> src/bin/../template/json_template.rs:5:5
[INFO] [stdout]   |
[INFO] [stdout] 5 | use std::ops::Deref;
[INFO] [stdout]   |     ^^^^^^^^^^^^^^^
[INFO] [stdout] 
[INFO] [stdout] 
[INFO] [stdout] warning: unused import: `std::ptr::addr_of`
[INFO] [stdout]  --> src/bin/../template/json_template.rs:6:5
[INFO] [stdout]   |
[INFO] [stdout] 6 | use std::ptr::addr_of;
[INFO] [stdout]   |     ^^^^^^^^^^^^^^^^^
[INFO] [stdout] 
[INFO] [stdout] 
[INFO] [stdout] warning: unused import: `serde_json::ser::Formatter`
[INFO] [stdout]   --> src/bin/../template/json_template.rs:10:5
[INFO] [stdout]    |
[INFO] [stdout] 10 | use serde_json::ser::Formatter;
[INFO] [stdout]    |     ^^^^^^^^^^^^^^^^^^^^^^^^^^
[INFO] [stdout] 
[INFO] [stdout] 
[INFO] [stdout] warning: unnecessary parentheses around pattern
[INFO] [stdout]    --> src/bin/../template/json_template.rs:209:13
[INFO] [stdout]     |
[INFO] [stdout] 209 |         for (head_value_map) in data {
[INFO] [stdout]     |             ^              ^
[INFO] [stdout]     |
[INFO] [stdout]     = note: `#[warn(unused_parens)]` on by default
[INFO] [stdout] help: remove these parentheses
[INFO] [stdout]     |
[INFO] [stdout] 209 -         for (head_value_map) in data {
[INFO] [stdout] 209 +         for head_value_map in data {
[INFO] [stdout]     |
[INFO] [stdout] 
[INFO] [stdout] 
[INFO] [stdout] warning: unused import: `Display`
[INFO] [stdout]  --> src/bin/../template/template_trait.rs:2:23
[INFO] [stdout]   |
[INFO] [stdout] 2 | use std::fmt::{Debug, Display};
[INFO] [stdout]   |                       ^^^^^^^
[INFO] [stdout] 
[INFO] [stdout] 
[INFO] [stdout] warning: unused import: `std::hash::Hash`
[INFO] [stdout]  --> src/bin/../template/excel.rs:2:5
[INFO] [stdout]   |
[INFO] [stdout] 2 | use std::hash::Hash;
[INFO] [stdout]   |     ^^^^^^^^^^^^^^^
[INFO] [stdout] 
[INFO] [stdout] 
[INFO] [stdout] error[E0277]: can't compare `Sun` with `i32`
[INFO] [stdout]   --> src/main.rs:12:33
[INFO] [stdout]    |
[INFO] [stdout] 12 |     let zero = call_on_ref_zero(sun);
[INFO] [stdout]    |                ---------------- ^^^ the trait `for<'a> PartialEq<&'a i32>` is not implemented for `&'a _`
[INFO] [stdout]    |                |
[INFO] [stdout]    |                required by a bound introduced by this call
[INFO] [stdout]    |
[INFO] [stdout]    = note: the trait bound `for<'a> &'a _: PartialEq<&'a i32>` is not satisfied
[INFO] [stdout]    = note: required for `&'a Sun` to implement `for<'a> PartialEq<&'a i32>`
[INFO] [stdout] note: required by a bound in `call_on_ref_zero`
[INFO] [stdout]   --> src/main.rs:23:16
[INFO] [stdout]    |
[INFO] [stdout] 21 | fn call_on_ref_zero<F>(f: F) -> bool
[INFO] [stdout]    |    ---------------- required by a bound in this function
[INFO] [stdout] 22 |     where for <'a>
[INFO] [stdout] 23 |         &'a F: PartialEq<&'a i32>
[INFO] [stdout]    |                ^^^^^^^^^^^^^^^^^^ required by this bound in `call_on_ref_zero`
[INFO] [stdout] help: consider borrowing here
[INFO] [stdout]    |
[INFO] [stdout] 12 |     let zero = call_on_ref_zero(&sun);
[INFO] [stdout]    |                                 +
[INFO] [stdout] 12 |     let zero = call_on_ref_zero(&mut sun);
[INFO] [stdout]    |                                 ++++
[INFO] [stdout] 
[INFO] [stdout] 
[INFO] [stdout] error: aborting due to previous error; 1 warning emitted
[INFO] [stdout] 
[INFO] [stdout] 
[INFO] [stdout] For more information about this error, try `rustc --explain E0277`.
[INFO] [stdout] 
[INFO] [stderr] error: could not compile `excel_parser` (bin "excel_parser") due to 2 previous errors; 1 warning emitted
[INFO] [stderr] warning: build failed, waiting for other jobs to finish...
[INFO] [stdout] warning: value assigned to `current_path` is never read
[INFO] [stdout]   --> src/bin/../template/json_template.rs:26:17
[INFO] [stdout]    |
[INFO] [stdout] 26 |         let mut current_path: String = "".to_string();
[INFO] [stdout]    |                 ^^^^^^^^^^^^
[INFO] [stdout]    |
[INFO] [stdout]    = help: maybe it is overwritten before being read?
[INFO] [stdout]    = note: `#[warn(unused_assignments)]` on by default
[INFO] [stdout] 
[INFO] [stdout] 
[INFO] [stdout] warning: unused variable: `caps`
[INFO] [stdout]   --> src/bin/../template/json_template.rs:97:17
[INFO] [stdout]    |
[INFO] [stdout] 97 |     if let Some(caps) = regex.captures(json) {
[INFO] [stdout]    |                 ^^^^ help: if this is intentional, prefix it with an underscore: `_caps`
[INFO] [stdout]    |
[INFO] [stdout]    = note: `#[warn(unused_variables)]` on by default
[INFO] [stdout] 
[INFO] [stdout] 
[INFO] [stdout] error[E0161]: cannot move a value of type `dyn BaseModel`
[INFO] [stdout]    --> src/bin/../template/json_template.rs:144:23
[INFO] [stdout]     |
[INFO] [stdout] 144 |             .map(|e | e.to_any().downcast::<ObjectModel>().unwrap())
[INFO] [stdout]     |                       ^ the size of `dyn BaseModel` cannot be statically determined
[INFO] [stdout] 
[INFO] [stdout] 
[INFO] [stdout] error[E0597]: `json_template` does not live long enough
[INFO] [stdout]    --> src/bin/../template/json_template.rs:179:63
[INFO] [stdout]     |
[INFO] [stdout] 177 |         let json_template: Map<String, Value> = serde_json::from_slice(context.as_bytes()).unwrap();
[INFO] [stdout]     |             ------------- binding `json_template` declared here
[INFO] [stdout] 178 |
[INFO] [stdout] 179 |         if let Some(sub_model) = try_extract_object_model("", &json_template) {
[INFO] [stdout]     |                                  -----------------------------^^^^^^^^^^^^^^-
[INFO] [stdout]     |                                  |                            |
[INFO] [stdout]     |                                  |                            borrowed value does not live long enough
[INFO] [stdout]     |                                  argument requires that `json_template` is borrowed for `'static`
[INFO] [stdout] ...
[INFO] [stdout] 188 |     }
[INFO] [stdout]     |     - `json_template` dropped here while still borrowed
[INFO] [stdout] 
[INFO] [stdout] 
[INFO] [stdout] error[E0505]: cannot move out of `json_template` because it is borrowed
[INFO] [stdout]    --> src/bin/../template/json_template.rs:181:17
[INFO] [stdout]     |
[INFO] [stdout] 177 |         let json_template: Map<String, Value> = serde_json::from_slice(context.as_bytes()).unwrap();
[INFO] [stdout]     |             ------------- binding `json_template` declared here
[INFO] [stdout] 178 |
[INFO] [stdout] 179 |         if let Some(sub_model) = try_extract_object_model("", &json_template) {
[INFO] [stdout]     |                                  --------------------------------------------
[INFO] [stdout]     |                                  |                            |
[INFO] [stdout]     |                                  |                            borrow of `json_template` occurs here
[INFO] [stdout]     |                                  argument requires that `json_template` is borrowed for `'static`
[INFO] [stdout] 180 |             Some(Box::new(RootModel {
[INFO] [stdout] 181 |                 json_template,
[INFO] [stdout]     |                 ^^^^^^^^^^^^^ move out of `json_template` occurs here
[INFO] [stdout] 
[INFO] [stdout] 
[INFO] [stdout] warning: unused variable: `sub`
[INFO] [stdout]   --> src/bin/../template/excel.rs:17:17
[INFO] [stdout]    |
[INFO] [stdout] 17 |             for sub in 1..range.height() {
[INFO] [stdout]    |                 ^^^ help: if this is intentional, prefix it with an underscore: `_sub`
[INFO] [stdout] 
[INFO] [stdout] 
[INFO] [stdout] warning: variable does not need to be mutable
[INFO] [stdout]   --> src/bin/../template/excel.rs:31:30
[INFO] [stdout]    |
[INFO] [stdout] 31 | fn contribute_head_value_map(mut cells: Vec<String>, headers: &[&str]) -> HashMap<String, String> {
[INFO] [stdout]    |                              ----^^^^^
[INFO] [stdout]    |                              |
[INFO] [stdout]    |                              help: remove this `mut`
[INFO] [stdout]    |
[INFO] [stdout]    = note: `#[warn(unused_mut)]` on by default
[INFO] [stdout] 
[INFO] [stdout] 
[INFO] [stdout] warning: unused variable: `excel_path`
[INFO] [stdout]   --> src/bin/parser_star.rs:17:9
[INFO] [stdout]    |
[INFO] [stdout] 17 |     let excel_path = env::var("EXCEL_SOURCE").expect("no source");
[INFO] [stdout]    |         ^^^^^^^^^^ help: if this is intentional, prefix it with an underscore: `_excel_path`
[INFO] [stdout] 
[INFO] [stdout] 
[INFO] [stdout] warning: unused variable: `pattern_model`
[INFO] [stdout]   --> src/bin/parser_star.rs:20:13
[INFO] [stdout]    |
[INFO] [stdout] 20 |     let mut pattern_model = json_template::parse(&template_path).unwrap();
[INFO] [stdout]    |             ^^^^^^^^^^^^^ help: if this is intentional, prefix it with an underscore: `_pattern_model`
[INFO] [stdout] 
[INFO] [stdout] 
[INFO] [stdout] warning: variable does not need to be mutable
[INFO] [stdout]   --> src/bin/parser_star.rs:20:9
[INFO] [stdout]    |
[INFO] [stdout] 20 |     let mut pattern_model = json_template::parse(&template_path).unwrap();
[INFO] [stdout]    |         ----^^^^^^^^^^^^^
[INFO] [stdout]    |         |
[INFO] [stdout]    |         help: remove this `mut`
[INFO] [stdout] 
[INFO] [stdout] 
[INFO] [stdout] error: aborting due to 3 previous errors; 17 warnings emitted
[INFO] [stdout] 
[INFO] [stdout] 
[INFO] [stdout] Some errors have detailed explanations: E0161, E0505, E0597.
[INFO] [stdout] 
[INFO] [stdout] For more information about an error, try `rustc --explain E0161`.
[INFO] [stdout] 
[INFO] [stderr] error: could not compile `excel_parser` (bin "parser_star") due to 4 previous errors; 17 warnings emitted
[INFO] running `Command { std: "docker" "inspect" "803305ef20c2d6d11382eb55a69717c02e6358a859cc4cce404c40f76097a60c", kill_on_drop: false }`
[INFO] running `Command { std: "docker" "rm" "-f" "803305ef20c2d6d11382eb55a69717c02e6358a859cc4cce404c40f76097a60c", kill_on_drop: false }`
[INFO] [stdout] 803305ef20c2d6d11382eb55a69717c02e6358a859cc4cce404c40f76097a60c
