[INFO] cloning repository https://github.com/AndreasSchroeder/rust_game_project
[INFO] running `Command { std: "git" "-c" "credential.helper=" "-c" "credential.helper=/workspace/cargo-home/bin/git-credential-null" "clone" "--bare" "https://github.com/AndreasSchroeder/rust_game_project" "/workspace/cache/git-repos/https%3A%2F%2Fgithub.com%2FAndreasSchroeder%2Frust_game_project", kill_on_drop: false }`
[INFO] [stderr] Cloning into bare repository '/workspace/cache/git-repos/https%3A%2F%2Fgithub.com%2FAndreasSchroeder%2Frust_game_project'...
[INFO] running `Command { std: "git" "rev-parse" "HEAD", kill_on_drop: false }`
[INFO] [stdout] 4950816ea81a26e7dba27f9d89ce790eaef715b4
[INFO] testing AndreasSchroeder/rust_game_project against 1.75.0 for beta-1.76-1
[INFO] running `Command { std: "git" "clone" "/workspace/cache/git-repos/https%3A%2F%2Fgithub.com%2FAndreasSchroeder%2Frust_game_project" "/workspace/builds/worker-1-tc1/source", kill_on_drop: false }`
[INFO] [stderr] Cloning into '/workspace/builds/worker-1-tc1/source'...
[INFO] [stderr] done.
[INFO] validating manifest of git repo https://github.com/AndreasSchroeder/rust_game_project on toolchain 1.75.0
[INFO] running `Command { std: CARGO_HOME="/workspace/cargo-home" RUSTUP_HOME="/workspace/rustup-home" "/workspace/cargo-home/bin/cargo" "+1.75.0" "metadata" "--manifest-path" "Cargo.toml" "--no-deps", kill_on_drop: false }`
[INFO] started tweaking git repo https://github.com/AndreasSchroeder/rust_game_project
[INFO] finished tweaking git repo https://github.com/AndreasSchroeder/rust_game_project
[INFO] tweaked toml for git repo https://github.com/AndreasSchroeder/rust_game_project written to /workspace/builds/worker-1-tc1/source/Cargo.toml
[INFO] crate git repo https://github.com/AndreasSchroeder/rust_game_project already has a lockfile, it will not be regenerated
[INFO] running `Command { std: CARGO_HOME="/workspace/cargo-home" RUSTUP_HOME="/workspace/rustup-home" "/workspace/cargo-home/bin/cargo" "+1.75.0" "fetch" "--manifest-path" "Cargo.toml", kill_on_drop: false }`
[INFO] [stderr]  Downloading crates ...
[INFO] [stderr]   Downloaded vecmath v0.3.0
[INFO] [stderr]   Downloaded redox_syscall v0.1.16
[INFO] [stderr]   Downloaded pistoncore-event_loop v0.28.0
[INFO] [stderr]   Downloaded piston-shaders_graphics2d v0.2.1
[INFO] [stderr]   Downloaded nodrop v0.1.8
[INFO] [stderr]   Downloaded lazy_static v0.2.2
[INFO] [stderr]   Downloaded shader_version v0.2.1
[INFO] [stderr]   Downloaded pistoncore-window v0.25.0
[INFO] [stderr]   Downloaded gif v0.9.0
[INFO] [stderr]   Downloaded deque v0.3.1
[INFO] [stderr]   Downloaded stb_truetype v0.2.0
[INFO] [stderr]   Downloaded rustc-serialize v0.3.22
[INFO] [stderr]   Downloaded piston2d-graphics v0.20.1
[INFO] [stderr]   Downloaded rusttype v0.2.1
[INFO] [stderr]   Downloaded rayon v0.6.0
[INFO] [stderr]   Downloaded libc v0.2.20
[INFO] [stderr]   Downloaded odds v0.2.25
[INFO] [stderr]   Downloaded wayland-kbd v0.6.2
[INFO] [stderr]   Downloaded rand v0.3.15
[INFO] [stderr]   Downloaded x11-dl v2.12.0
[INFO] [stderr]   Downloaded libloading v0.3.1
[INFO] [stderr]   Downloaded time v0.1.36
[INFO] [stderr]   Downloaded byteorder v1.0.0
[INFO] [stderr]   Downloaded jpeg-decoder v0.1.11
[INFO] [stderr]   Downloaded linked-hash-map v0.0.10
[INFO] [stderr]   Downloaded scoped_threadpool v0.1.7
[INFO] [stderr]   Downloaded siphasher v0.2.1
[INFO] [stderr]   Downloaded tempfile v2.1.5
[INFO] [stderr]   Downloaded pistoncore-input v0.16.0
[INFO] [stderr]   Downloaded arrayvec v0.3.20
[INFO] [stderr]   Downloaded piston-gfx_texture v0.21.1
[INFO] [stderr]   Downloaded num_cpus v1.2.1
[INFO] [stderr]   Downloaded xml-rs v0.3.5
[INFO] [stderr]   Downloaded wayland-scanner v0.7.7
[INFO] [stderr]   Downloaded adler32 v0.3.0
[INFO] [stderr]   Downloaded wayland-window v0.4.3
[INFO] [stderr]   Downloaded gfx_device_gl v0.13.0
[INFO] [stderr]   Downloaded wayland-sys v0.7.7
[INFO] [stderr]   Downloaded wayland-client v0.7.7
[INFO] [stderr]   Downloaded gfx v0.14.0
[INFO] [stderr]   Downloaded gfx_core v0.6.0
[INFO] [stderr]   Downloaded pistoncore-glutin_window v0.34.1
[INFO] [stderr]   Downloaded piston v0.28.0
[INFO] [stderr]   Downloaded image v0.12.2
[INFO] [stderr]   Downloaded piston2d-gfx_graphics v0.36.0
[INFO] [stderr]   Downloaded deflate v0.7.4
[INFO] [stderr]   Downloaded winit v0.5.10
[INFO] [stderr]   Downloaded piston_window v0.62.0
[INFO] running `Command { std: "docker" "create" "-v" "/var/lib/crater-agent-workspace/builds/worker-1-tc1/target:/opt/rustwide/target:rw,Z" "-v" "/var/lib/crater-agent-workspace/builds/worker-1-tc1/source:/opt/rustwide/workdir:ro,Z" "-v" "/var/lib/crater-agent-workspace/cargo-home:/opt/rustwide/cargo-home:ro,Z" "-v" "/var/lib/crater-agent-workspace/rustup-home:/opt/rustwide/rustup-home:ro,Z" "-e" "SOURCE_DIR=/opt/rustwide/workdir" "-e" "CARGO_TARGET_DIR=/opt/rustwide/target" "-e" "CARGO_HOME=/opt/rustwide/cargo-home" "-e" "RUSTUP_HOME=/opt/rustwide/rustup-home" "-w" "/opt/rustwide/workdir" "-m" "1610612736" "--user" "0:0" "--network" "none" "ghcr.io/rust-lang/crates-build-env/linux@sha256:2788e3201cd34a07e3172128adcd8b3090168a8e3bcc40d7c032b9dda1df7d1c" "/opt/rustwide/cargo-home/bin/cargo" "+1.75.0" "metadata" "--no-deps" "--format-version=1", kill_on_drop: false }`
[INFO] [stdout] 9ced2e4388bb29f24c999906590aefb73af90b351a63bab5382ea52fd2245a2f
[INFO] running `Command { std: "docker" "start" "-a" "9ced2e4388bb29f24c999906590aefb73af90b351a63bab5382ea52fd2245a2f", kill_on_drop: false }`
[INFO] running `Command { std: "docker" "inspect" "9ced2e4388bb29f24c999906590aefb73af90b351a63bab5382ea52fd2245a2f", kill_on_drop: false }`
[INFO] running `Command { std: "docker" "rm" "-f" "9ced2e4388bb29f24c999906590aefb73af90b351a63bab5382ea52fd2245a2f", kill_on_drop: false }`
[INFO] [stdout] 9ced2e4388bb29f24c999906590aefb73af90b351a63bab5382ea52fd2245a2f
[INFO] running `Command { std: "docker" "create" "-v" "/var/lib/crater-agent-workspace/builds/worker-1-tc1/target:/opt/rustwide/target:rw,Z" "-v" "/var/lib/crater-agent-workspace/builds/worker-1-tc1/source:/opt/rustwide/workdir:ro,Z" "-v" "/var/lib/crater-agent-workspace/cargo-home:/opt/rustwide/cargo-home:ro,Z" "-v" "/var/lib/crater-agent-workspace/rustup-home:/opt/rustwide/rustup-home:ro,Z" "-e" "SOURCE_DIR=/opt/rustwide/workdir" "-e" "CARGO_TARGET_DIR=/opt/rustwide/target" "-e" "CARGO_INCREMENTAL=0" "-e" "RUST_BACKTRACE=full" "-e" "RUSTFLAGS=--cap-lints=warn" "-e" "RUSTDOCFLAGS=--cap-lints=warn" "-e" "CARGO_HOME=/opt/rustwide/cargo-home" "-e" "RUSTUP_HOME=/opt/rustwide/rustup-home" "-w" "/opt/rustwide/workdir" "-m" "1610612736" "--user" "0:0" "--network" "none" "ghcr.io/rust-lang/crates-build-env/linux@sha256:2788e3201cd34a07e3172128adcd8b3090168a8e3bcc40d7c032b9dda1df7d1c" "/opt/rustwide/cargo-home/bin/cargo" "+1.75.0" "build" "--frozen" "--message-format=json", kill_on_drop: false }`
[INFO] [stdout] 7f1254e1716f844dd04a3619850ff3521c7a85b9d3943495c5a0d212899c1812
[INFO] running `Command { std: "docker" "start" "-a" "7f1254e1716f844dd04a3619850ff3521c7a85b9d3943495c5a0d212899c1812", kill_on_drop: false }`
[INFO] [stderr]    Compiling libc v0.2.20
[INFO] [stderr]    Compiling bitflags v0.7.0
[INFO] [stderr]    Compiling num-traits v0.1.36
[INFO] [stderr]    Compiling siphasher v0.2.1
[INFO] [stderr]    Compiling log v0.3.6
[INFO] [stderr]    Compiling lazy_static v0.2.2
[INFO] [stderr]    Compiling dtoa v0.2.2
[INFO] [stderr]    Compiling itoa v0.1.1
[INFO] [stderr]    Compiling serde v0.8.23
[INFO] [stderr]    Compiling khronos_api v1.0.0
[INFO] [stderr]    Compiling piston-float v0.3.0
[INFO] [stderr]    Compiling winapi-build v0.1.1
[INFO] [stderr]    Compiling semver v0.1.20
[INFO] [stderr]    Compiling winapi v0.2.8
[INFO] [stderr]    Compiling byteorder v1.0.0
[INFO] [stderr]    Compiling bitflags v0.6.0
[INFO] [stderr]    Compiling xml-rs v0.3.5
[INFO] [stderr]    Compiling pkg-config v0.3.9
[INFO] [stderr]    Compiling draw_state v0.6.0
[INFO] [stderr]    Compiling piston-viewport v0.3.0
[INFO] [stderr]    Compiling shader_version v0.2.1
[INFO] [stderr]    Compiling adler32 v0.3.0
[INFO] [stderr]    Compiling phf_shared v0.7.21
[INFO] [stderr]    Compiling kernel32-sys v0.2.2
[INFO] [stderr]    Compiling rustc-serialize v0.3.22
[INFO] [stderr]    Compiling color_quant v1.0.0
[INFO] [stderr]    Compiling byteorder v0.5.3
[INFO] [stderr]    Compiling lzw v0.10.0
[INFO] [stderr]    Compiling inflate v0.1.1
[INFO] [stderr]    Compiling phf v0.7.21
[INFO] [stderr]    Compiling rand v0.3.15
[INFO] [stderr]    Compiling rustc_version v0.1.7
[INFO] [stderr]    Compiling num_cpus v1.2.1
[INFO] [stderr]    Compiling gfx_core v0.6.0
[INFO] [stderr]    Compiling deflate v0.7.4
[INFO] [stderr]    Compiling shared_library v0.1.5
[INFO] [stderr]    Compiling odds v0.2.25
[INFO] [stderr]    Compiling num-integer v0.1.32
[INFO] [stderr]    Compiling enum_primitive v0.1.1
[INFO] [stderr]    Compiling gif v0.9.0
[INFO] [stderr]    Compiling tempfile v2.1.5
[INFO] [stderr]    Compiling x11-dl v2.12.0
[INFO] [stderr]    Compiling fs2 v0.2.5
[INFO] [stderr]    Compiling scoped_threadpool v0.1.7
[INFO] [stderr]    Compiling gl_generator v0.5.2
[INFO] [stderr]    Compiling wayland-scanner v0.7.7
[INFO] [stderr]    Compiling memmap v0.4.0
[INFO] [stderr]    Compiling num-iter v0.1.32
[INFO] [stderr]    Compiling phf_generator v0.7.21
[INFO] [stderr]    Compiling deque v0.3.1
[INFO] [stderr]    Compiling phf_codegen v0.7.21
[INFO] [stderr]    Compiling rayon v0.6.0
[INFO] [stderr]    Compiling nodrop v0.1.8
[INFO] [stderr]    Compiling num-rational v0.1.35
[INFO] [stderr]    Compiling glob v0.2.11
[INFO] [stderr]    Compiling byteorder v0.4.2
[INFO] [stderr]    Compiling piston-texture v0.5.0
[INFO] [stderr]    Compiling png v0.6.2
[INFO] [stderr]    Compiling arrayvec v0.3.20
[INFO] [stderr]    Compiling target_build_utils v0.1.2
[INFO] [stderr]    Compiling stb_truetype v0.2.0
[INFO] [stderr]    Compiling osmesa-sys v0.1.2
[INFO] [stderr]    Compiling time v0.1.36
[INFO] [stderr]    Compiling vecmath v0.3.0
[INFO] [stderr]    Compiling gfx v0.14.0
[INFO] [stderr]    Compiling interpolation v0.1.0
[INFO] [stderr]    Compiling jpeg-decoder v0.1.11
[INFO] [stderr]    Compiling linked-hash-map v0.0.10
[INFO] [stderr]    Compiling read_color v0.1.0
[INFO] [stderr]    Compiling rusttype v0.2.1
[INFO] [stderr]    Compiling ears v0.4.0
[INFO] [stderr]    Compiling piston-shaders_graphics2d v0.2.1
[INFO] [stderr]    Compiling find_folder v0.3.0
[INFO] [stderr]    Compiling piston2d-graphics v0.20.1
[INFO] [stderr]    Compiling wayland-client v0.7.7
[INFO] [stderr]    Compiling glutin v0.7.4
[INFO] [stderr]    Compiling gfx_gl v0.3.1
[INFO] [stderr]    Compiling gl v0.6.1
[INFO] [stderr]    Compiling image v0.12.2
[INFO] [stderr]    Compiling serde_json v0.8.6
[INFO] [stdout] error[E0311]: the parameter type `K` may not live long enough
[INFO] [stdout]   --> /opt/rustwide/cargo-home/registry/src/index.crates.io-6f17d22bba15001f/rusttype-0.2.1/src/support/bst/map.rs:81:19
[INFO] [stdout]    |
[INFO] [stdout] 78 |                 node: node::NodeRef<marker::Immut, K, V, marker::LeafOrInternal>)
[INFO] [stdout]    |                                     ------------- the parameter type `K` must be valid for the anonymous lifetime defined here...
[INFO] [stdout] ...
[INFO] [stdout] 81 |             match node.force() {
[INFO] [stdout]    |                   ^^^^ ...so that the type `K` will meet its required lifetime bounds
[INFO] [stdout]    |
[INFO] [stdout] help: consider adding an explicit lifetime bound
[INFO] [stdout]    |
[INFO] [stdout] 77 ~         fn clone_subtree<'a, K: Clone + 'a, V: Clone>(
[INFO] [stdout] 78 ~                 node: node::NodeRef<marker::Immut<'a>, K, V, marker::LeafOrInternal>)
[INFO] [stdout]    |
[INFO] [stdout] 
[INFO] [stdout] 
[INFO] [stdout] error[E0311]: the parameter type `V` may not live long enough
[INFO] [stdout]   --> /opt/rustwide/cargo-home/registry/src/index.crates.io-6f17d22bba15001f/rusttype-0.2.1/src/support/bst/map.rs:81:19
[INFO] [stdout]    |
[INFO] [stdout] 78 |                 node: node::NodeRef<marker::Immut, K, V, marker::LeafOrInternal>)
[INFO] [stdout]    |                                     ------------- the parameter type `V` must be valid for the anonymous lifetime defined here...
[INFO] [stdout] ...
[INFO] [stdout] 81 |             match node.force() {
[INFO] [stdout]    |                   ^^^^ ...so that the type `V` will meet its required lifetime bounds
[INFO] [stdout]    |
[INFO] [stdout] help: consider adding an explicit lifetime bound
[INFO] [stdout]    |
[INFO] [stdout] 77 ~         fn clone_subtree<'a, K: Clone, V: Clone + 'a>(
[INFO] [stdout] 78 ~                 node: node::NodeRef<marker::Immut<'a>, K, V, marker::LeafOrInternal>)
[INFO] [stdout]    |
[INFO] [stdout] 
[INFO] [stdout] 
[INFO] [stdout] error: aborting due to 2 previous errors
[INFO] [stdout] 
[INFO] [stdout] 
[INFO] [stdout] For more information about this error, try `rustc --explain E0311`.
[INFO] [stdout] 
[INFO] [stderr]    Compiling pistoncore-input v0.16.0
[INFO] [stderr] error: could not compile `rusttype` (lib) due to 3 previous errors
[INFO] [stderr] warning: build failed, waiting for other jobs to finish...
[INFO] [stdout] error: linking with `cc` failed: exit status: 1
[INFO] [stdout]   |
[INFO] [stdout]   = note: LC_ALL="C" PATH="/opt/rustwide/rustup-home/toolchains/1.75.0-x86_64-unknown-linux-gnu/lib/rustlib/x86_64-unknown-linux-gnu/bin:/opt/rustwide/cargo-home/bin:/usr/local/sbin:/usr/local/bin:/usr/sbin:/usr/bin:/sbin:/bin" VSLANG="1033" "cc" "-Wl,--version-script=/tmp/rustcSlrO7o/list" "-Wl,--no-undefined-version" "-m64" "/tmp/rustcSlrO7o/symbols.o" "/opt/rustwide/target/debug/deps/ears-f99e477cad8edfea.ears.e9b18272e95b9276-cgu.00.rcgu.o" "/opt/rustwide/target/debug/deps/ears-f99e477cad8edfea.ears.e9b18272e95b9276-cgu.01.rcgu.o" "/opt/rustwide/target/debug/deps/ears-f99e477cad8edfea.ears.e9b18272e95b9276-cgu.02.rcgu.o" "/opt/rustwide/target/debug/deps/ears-f99e477cad8edfea.ears.e9b18272e95b9276-cgu.03.rcgu.o" "/opt/rustwide/target/debug/deps/ears-f99e477cad8edfea.ears.e9b18272e95b9276-cgu.04.rcgu.o" "/opt/rustwide/target/debug/deps/ears-f99e477cad8edfea.ears.e9b18272e95b9276-cgu.05.rcgu.o" "/opt/rustwide/target/debug/deps/ears-f99e477cad8edfea.ears.e9b18272e95b9276-cgu.06.rcgu.o" "/opt/rustwide/target/debug/deps/ears-f99e477cad8edfea.ears.e9b18272e95b9276-cgu.07.rcgu.o" "/opt/rustwide/target/debug/deps/ears-f99e477cad8edfea.ears.e9b18272e95b9276-cgu.08.rcgu.o" "/opt/rustwide/target/debug/deps/ears-f99e477cad8edfea.ears.e9b18272e95b9276-cgu.09.rcgu.o" "/opt/rustwide/target/debug/deps/ears-f99e477cad8edfea.ears.e9b18272e95b9276-cgu.10.rcgu.o" "/opt/rustwide/target/debug/deps/ears-f99e477cad8edfea.ears.e9b18272e95b9276-cgu.11.rcgu.o" "/opt/rustwide/target/debug/deps/ears-f99e477cad8edfea.ears.e9b18272e95b9276-cgu.12.rcgu.o" "/opt/rustwide/target/debug/deps/ears-f99e477cad8edfea.ears.e9b18272e95b9276-cgu.13.rcgu.o" "/opt/rustwide/target/debug/deps/ears-f99e477cad8edfea.ears.e9b18272e95b9276-cgu.14.rcgu.o" "/opt/rustwide/target/debug/deps/ears-f99e477cad8edfea.ears.e9b18272e95b9276-cgu.15.rcgu.o" "/opt/rustwide/target/debug/deps/ears-f99e477cad8edfea.50fu0uhxar5davyp.rcgu.rmeta" "-Wl,--as-needed" "-L" "/opt/rustwide/target/debug/deps" "-L" "/usr/local/opt/openal-soft/lib" "-L" "/usr/local/lib" "-L" "/opt/rustwide/rustup-home/toolchains/1.75.0-x86_64-unknown-linux-gnu/lib/rustlib/x86_64-unknown-linux-gnu/lib" "-Wl,-Bdynamic" "-lopenal" "-lsndfile" "-Wl,-Bstatic" "/opt/rustwide/target/debug/deps/liblazy_static-5ca513c449e371e1.rlib" "/opt/rustwide/target/debug/deps/liblibc-b65531af5ac90e21.rlib" "-L" "/opt/rustwide/rustup-home/toolchains/1.75.0-x86_64-unknown-linux-gnu/lib/rustlib/x86_64-unknown-linux-gnu/lib" "-Wl,-Bdynamic" "-lstd-90f6ddbf82de36ec" "-Wl,-Bstatic" "/opt/rustwide/rustup-home/toolchains/1.75.0-x86_64-unknown-linux-gnu/lib/rustlib/x86_64-unknown-linux-gnu/lib/libcompiler_builtins-8e138eaf26ebb4a8.rlib" "-Wl,-Bdynamic" "-lutil" "-lgcc_s" "-lutil" "-lrt" "-lpthread" "-lm" "-ldl" "-lc" "-Wl,--eh-frame-hdr" "-Wl,-z,noexecstack" "-L" "/opt/rustwide/rustup-home/toolchains/1.75.0-x86_64-unknown-linux-gnu/lib/rustlib/x86_64-unknown-linux-gnu/lib" "-o" "/opt/rustwide/target/debug/deps/libears-f99e477cad8edfea.so" "-shared" "-Wl,-z,relro,-z,now" "-nodefaultlibs"
[INFO] [stdout]   = note: /usr/bin/ld: cannot find -lsndfile: No such file or directory
[INFO] [stdout]           collect2: error: ld returned 1 exit status
[INFO] [stdout]           
[INFO] [stdout] 
[INFO] [stdout] 
[INFO] [stdout] error: aborting due to previous error
[INFO] [stdout] 
[INFO] [stdout] 
[INFO] [stderr] error: could not compile `ears` (lib) due to 2 previous errors
[INFO] running `Command { std: "docker" "inspect" "7f1254e1716f844dd04a3619850ff3521c7a85b9d3943495c5a0d212899c1812", kill_on_drop: false }`
[INFO] running `Command { std: "docker" "rm" "-f" "7f1254e1716f844dd04a3619850ff3521c7a85b9d3943495c5a0d212899c1812", kill_on_drop: false }`
[INFO] [stdout] 7f1254e1716f844dd04a3619850ff3521c7a85b9d3943495c5a0d212899c1812
[INFO] testing AndreasSchroeder/rust_game_project against beta-2023-12-22 for beta-1.76-1
[INFO] running `Command { std: "git" "clone" "/workspace/cache/git-repos/https%3A%2F%2Fgithub.com%2FAndreasSchroeder%2Frust_game_project" "/workspace/builds/worker-1-tc2/source", kill_on_drop: false }`
[INFO] [stderr] Cloning into '/workspace/builds/worker-1-tc2/source'...
[INFO] [stderr] done.
[INFO] validating manifest of git repo https://github.com/AndreasSchroeder/rust_game_project on toolchain beta-2023-12-22
[INFO] running `Command { std: CARGO_HOME="/workspace/cargo-home" RUSTUP_HOME="/workspace/rustup-home" "/workspace/cargo-home/bin/cargo" "+beta-2023-12-22" "metadata" "--manifest-path" "Cargo.toml" "--no-deps", kill_on_drop: false }`
[INFO] started tweaking git repo https://github.com/AndreasSchroeder/rust_game_project
[INFO] finished tweaking git repo https://github.com/AndreasSchroeder/rust_game_project
[INFO] tweaked toml for git repo https://github.com/AndreasSchroeder/rust_game_project written to /workspace/builds/worker-1-tc2/source/Cargo.toml
[INFO] crate git repo https://github.com/AndreasSchroeder/rust_game_project already has a lockfile, it will not be regenerated
[INFO] running `Command { std: CARGO_HOME="/workspace/cargo-home" RUSTUP_HOME="/workspace/rustup-home" "/workspace/cargo-home/bin/cargo" "+beta-2023-12-22" "fetch" "--manifest-path" "Cargo.toml", kill_on_drop: false }`
[INFO] running `Command { std: "docker" "create" "-v" "/var/lib/crater-agent-workspace/builds/worker-1-tc2/target:/opt/rustwide/target:rw,Z" "-v" "/var/lib/crater-agent-workspace/builds/worker-1-tc2/source:/opt/rustwide/workdir:ro,Z" "-v" "/var/lib/crater-agent-workspace/cargo-home:/opt/rustwide/cargo-home:ro,Z" "-v" "/var/lib/crater-agent-workspace/rustup-home:/opt/rustwide/rustup-home:ro,Z" "-e" "SOURCE_DIR=/opt/rustwide/workdir" "-e" "CARGO_TARGET_DIR=/opt/rustwide/target" "-e" "CARGO_HOME=/opt/rustwide/cargo-home" "-e" "RUSTUP_HOME=/opt/rustwide/rustup-home" "-w" "/opt/rustwide/workdir" "-m" "1610612736" "--user" "0:0" "--network" "none" "ghcr.io/rust-lang/crates-build-env/linux@sha256:2788e3201cd34a07e3172128adcd8b3090168a8e3bcc40d7c032b9dda1df7d1c" "/opt/rustwide/cargo-home/bin/cargo" "+beta-2023-12-22" "metadata" "--no-deps" "--format-version=1", kill_on_drop: false }`
[INFO] [stdout] 80978348f2cf7539aa1cb83aff6df3c8ae69d5d79c838a170fb6a3be3f2a5558
[INFO] running `Command { std: "docker" "start" "-a" "80978348f2cf7539aa1cb83aff6df3c8ae69d5d79c838a170fb6a3be3f2a5558", kill_on_drop: false }`
[INFO] running `Command { std: "docker" "inspect" "80978348f2cf7539aa1cb83aff6df3c8ae69d5d79c838a170fb6a3be3f2a5558", kill_on_drop: false }`
[INFO] running `Command { std: "docker" "rm" "-f" "80978348f2cf7539aa1cb83aff6df3c8ae69d5d79c838a170fb6a3be3f2a5558", kill_on_drop: false }`
[INFO] [stdout] 80978348f2cf7539aa1cb83aff6df3c8ae69d5d79c838a170fb6a3be3f2a5558
[INFO] running `Command { std: "docker" "create" "-v" "/var/lib/crater-agent-workspace/builds/worker-1-tc2/target:/opt/rustwide/target:rw,Z" "-v" "/var/lib/crater-agent-workspace/builds/worker-1-tc2/source:/opt/rustwide/workdir:ro,Z" "-v" "/var/lib/crater-agent-workspace/cargo-home:/opt/rustwide/cargo-home:ro,Z" "-v" "/var/lib/crater-agent-workspace/rustup-home:/opt/rustwide/rustup-home:ro,Z" "-e" "SOURCE_DIR=/opt/rustwide/workdir" "-e" "CARGO_TARGET_DIR=/opt/rustwide/target" "-e" "CARGO_INCREMENTAL=0" "-e" "RUST_BACKTRACE=full" "-e" "RUSTFLAGS=--cap-lints=warn" "-e" "RUSTDOCFLAGS=--cap-lints=warn" "-e" "CARGO_HOME=/opt/rustwide/cargo-home" "-e" "RUSTUP_HOME=/opt/rustwide/rustup-home" "-w" "/opt/rustwide/workdir" "-m" "1610612736" "--user" "0:0" "--network" "none" "ghcr.io/rust-lang/crates-build-env/linux@sha256:2788e3201cd34a07e3172128adcd8b3090168a8e3bcc40d7c032b9dda1df7d1c" "/opt/rustwide/cargo-home/bin/cargo" "+beta-2023-12-22" "build" "--frozen" "--message-format=json", kill_on_drop: false }`
[INFO] [stdout] 9345a2bb4e2920f43133f763bdce39f0b4d8256d5ec61391d7c23005b1cf7d14
[INFO] running `Command { std: "docker" "start" "-a" "9345a2bb4e2920f43133f763bdce39f0b4d8256d5ec61391d7c23005b1cf7d14", kill_on_drop: false }`
[INFO] [stderr]    Compiling libc v0.2.20
[INFO] [stderr]    Compiling bitflags v0.7.0
[INFO] [stderr]    Compiling num-traits v0.1.36
[INFO] [stderr]    Compiling siphasher v0.2.1
[INFO] [stderr]    Compiling log v0.3.6
[INFO] [stderr]    Compiling itoa v0.1.1
[INFO] [stderr]    Compiling lazy_static v0.2.2
[INFO] [stderr]    Compiling serde v0.8.23
[INFO] [stderr]    Compiling dtoa v0.2.2
[INFO] [stderr]    Compiling khronos_api v1.0.0
[INFO] [stderr]    Compiling winapi-build v0.1.1
[INFO] [stderr]    Compiling piston-float v0.3.0
[INFO] [stderr]    Compiling semver v0.1.20
[INFO] [stderr]    Compiling winapi v0.2.8
[INFO] [stderr]    Compiling byteorder v1.0.0
[INFO] [stderr]    Compiling pkg-config v0.3.9
[INFO] [stderr]    Compiling xml-rs v0.3.5
[INFO] [stderr]    Compiling bitflags v0.6.0
[INFO] [stderr]    Compiling rustc-serialize v0.3.22
[INFO] [stderr]    Compiling piston-viewport v0.3.0
[INFO] [stderr]    Compiling draw_state v0.6.0
[INFO] [stderr]    Compiling kernel32-sys v0.2.2
[INFO] [stderr]    Compiling shader_version v0.2.1
[INFO] [stderr]    Compiling phf_shared v0.7.21
[INFO] [stderr]    Compiling adler32 v0.3.0
[INFO] [stderr]    Compiling odds v0.2.25
[INFO] [stderr]    Compiling inflate v0.1.1
[INFO] [stderr]    Compiling lzw v0.10.0
[INFO] [stderr]    Compiling phf v0.7.21
[INFO] [stderr]    Compiling rustc_version v0.1.7
[INFO] [stderr]    Compiling byteorder v0.5.3
[INFO] [stderr]    Compiling rand v0.3.15
[INFO] [stderr]    Compiling num_cpus v1.2.1
[INFO] [stderr]    Compiling num-integer v0.1.32
[INFO] [stderr]    Compiling gfx_core v0.6.0
[INFO] [stdout] error[E0310]: the parameter type `T` may not live long enough
[INFO] [stdout]     --> /opt/rustwide/cargo-home/registry/src/index.crates.io-6f17d22bba15001f/rustc-serialize-0.3.22/src/serialize.rs:1155:5
[INFO] [stdout]      |
[INFO] [stdout] 1155 |     fn decode<D: Decoder>(d: &mut D) -> Result<Cow<'static, T>, D::Error> {
[INFO] [stdout]      |     ^^^^^^^^^^^^^^^^^^^^^^^^^^^^^^^^^^^^^^^^^^^^^^^^^^^^^^^^^^^^^^^^^^^^^
[INFO] [stdout]      |     |
[INFO] [stdout]      |     the parameter type `T` must be valid for the static lifetime...
[INFO] [stdout]      |     ...so that the type `T` will meet its required lifetime bounds...
[INFO] [stdout]      |
[INFO] [stdout] note: ...that is required by this bound
[INFO] [stdout]     --> /rustc/0e09125c6c3c2fd70d7de961bcf0e51575235fad/library/alloc/src/borrow.rs:180:30
[INFO] [stdout] help: consider adding an explicit lifetime bound
[INFO] [stdout]      |
[INFO] [stdout] 1151 | impl<'a, T: ?Sized + 'static> Decodable for Cow<'a, T>
[INFO] [stdout]      |                    +++++++++
[INFO] [stdout] 
[INFO] [stdout] 
[INFO] [stderr]    Compiling shared_library v0.1.5
[INFO] [stderr]    Compiling tempfile v2.1.5
[INFO] [stderr]    Compiling deflate v0.7.4
[INFO] [stderr]    Compiling color_quant v1.0.0
[INFO] [stderr]    Compiling x11-dl v2.12.0
[INFO] [stderr]    Compiling fs2 v0.2.5
[INFO] [stderr]    Compiling num-iter v0.1.32
[INFO] [stderr]    Compiling num-rational v0.1.35
[INFO] [stderr]    Compiling gl_generator v0.5.2
[INFO] [stderr]    Compiling wayland-scanner v0.7.7
[INFO] [stderr]    Compiling memmap v0.4.0
[INFO] [stderr]    Compiling gif v0.9.0
[INFO] [stderr]    Compiling nodrop v0.1.8
[INFO] [stderr]    Compiling enum_primitive v0.1.1
[INFO] [stderr]    Compiling byteorder v0.4.2
[INFO] [stderr]    Compiling scoped_threadpool v0.1.7
[INFO] [stderr]    Compiling piston-texture v0.5.0
[INFO] [stderr]    Compiling glob v0.2.11
[INFO] [stderr]    Compiling stb_truetype v0.2.0
[INFO] [stderr]    Compiling arrayvec v0.3.20
[INFO] [stderr]    Compiling phf_generator v0.7.21
[INFO] [stderr]    Compiling phf_codegen v0.7.21
[INFO] [stderr]    Compiling deque v0.3.1
[INFO] [stderr]    Compiling png v0.6.2
[INFO] [stderr]    Compiling osmesa-sys v0.1.2
[INFO] [stderr]    Compiling rayon v0.6.0
[INFO] [stderr]    Compiling time v0.1.36
[INFO] [stderr]    Compiling vecmath v0.3.0
[INFO] [stdout] error: aborting due to 1 previous error
[INFO] [stdout] 
[INFO] [stdout] 
[INFO] [stdout] For more information about this error, try `rustc --explain E0310`.
[INFO] [stdout] 
[INFO] [stderr] error: could not compile `rustc-serialize` (lib) due to 2 previous errors
[INFO] [stderr] warning: build failed, waiting for other jobs to finish...
[INFO] running `Command { std: "docker" "inspect" "9345a2bb4e2920f43133f763bdce39f0b4d8256d5ec61391d7c23005b1cf7d14", kill_on_drop: false }`
[INFO] running `Command { std: "docker" "rm" "-f" "9345a2bb4e2920f43133f763bdce39f0b4d8256d5ec61391d7c23005b1cf7d14", kill_on_drop: false }`
[INFO] [stdout] 9345a2bb4e2920f43133f763bdce39f0b4d8256d5ec61391d7c23005b1cf7d14
